AnyEvent v7.17 Perl 5 v5.41.8 MSWin32-x64-multi-thread

Status
Fail
From
twata
Dist
AnyEvent v7.17
Platform
Perl 5 v5.41.8 MSWin32-x64-multi-thread
Date
2025-02-23 23:16:40
ID
6fe2706e-6d76-1014-8f3f-f7151750fd7f
This distribution has been tested as part of the CPAN Testers
project, supporting the Perl programming language.  See
http://wiki.cpantesters.org/ for more information or email
questions to cpan-testers-discuss@perl.org


--
Dear Marc A. Lehmann,

This is a computer-generated report for AnyEvent-7.17
on perl 5.41.8, created by CPAN-Reporter-1.2020.

Thank you for uploading your work to CPAN.  However, there was a problem
testing your distribution.

If you think this report is invalid, please consult the CPAN Testers Wiki
for suggestions on how to avoid getting FAIL reports for missing library
or binary dependencies, unsupported operating systems, and so on:

http://wiki.cpantesters.org/wiki/CPANAuthorNotes

Sections of this report:

    * Tester comments
    * Program output
    * Prerequisites
    * Environment and other context

------------------------------
TESTER COMMENTS
------------------------------

Additional comments from tester:

none provided

------------------------------
PROGRAM OUTPUT
------------------------------

Output from 'C:\winlibs-x86_64-posix-seh-gcc-14.2.0-llvm-19.1.1-mingw-w64msvcrt-12.0.0-r2\mingw64\bin\gmake.EXE test':

"C:\WinLibs\Perl-5.41.8\bin\perl.exe" "-Iblib\arch" "-Iblib\lib" constants.pl.PL constants.pl 
"C:\WinLibs\Perl-5.41.8\bin\perl.exe" "-MExtUtils::Command::MM" "-MTest::Harness" "-e" "undef *Test::Harness::Switches; test_harness(0, 'blib\lib', 'blib\arch')" t/*.t t/handle/*.t
t/00_load.t ................ ok
t/01_basic.t ............... ok
t/02_signals.t ............. skipped: Broken perl detected, skipping tests.
t/03_child.t ............... skipped: Your perl interpreter is badly BROKEN. Child watchers will not work, ever. Try upgrading to a newer perl or a working perl (cygwin's perl is known to work). If that is not an option, you should be able to use the remaining functionality of AnyEvent, but child watchers WILL NOT WORK.
t/04_condvar.t ............. ok
t/05_dns.t ................. ok
t/06_socket.t .............. ok
t/07_io.t .................. ok
t/08_idna.t ................ ok
t/09_multi.t ............... skipped: Your perl interpreter is badly BROKEN. Child watchers will not work, ever. Try upgrading to a newer perl or a working perl (cygwin's perl is known to work). If that is not an option, you should be able to use the remaining functionality of AnyEvent, but child watchers WILL NOT WORK.
t/10_loadall.t ............. ok
t/11_io_perl.t ............. ok
t/12_io_ioaio.t ............ skipped: AnyEvent::IO::IOAIO not loadable
t/13_weaken.t .............. ok
t/61_fltk_01_basic.t ....... skipped: PERL_ANYEVENT_LOOP_TESTS not true
t/61_fltk_02_signals.t ..... skipped: Broken perl detected, skipping tests.
t/61_fltk_03_child.t ....... skipped: Your perl interpreter is badly BROKEN. Child watchers will not work, ever. Try upgrading to a newer perl or a working perl (cygwin's perl is known to work). If that is not an option, you should be able to use the remaining functionality of AnyEvent, but child watchers WILL NOT WORK.
t/61_fltk_04_condvar.t ..... skipped: PERL_ANYEVENT_LOOP_TESTS not true
t/61_fltk_05_dns.t ......... skipped: PERL_ANYEVENT_LOOP_TESTS not true
t/61_fltk_07_io.t .......... skipped: PERL_ANYEVENT_LOOP_TESTS not true
t/61_fltk_09_multi.t ....... skipped: Your perl interpreter is badly BROKEN. Child watchers will not work, ever. Try upgrading to a newer perl or a working perl (cygwin's perl is known to work). If that is not an option, you should be able to use the remaining functionality of AnyEvent, but child watchers WILL NOT WORK.
t/62_cocoa_01_basic.t ...... skipped: PERL_ANYEVENT_LOOP_TESTS not true
t/62_cocoa_02_signals.t .... skipped: Broken perl detected, skipping tests.
t/62_cocoa_03_child.t ...... skipped: Your perl interpreter is badly BROKEN. Child watchers will not work, ever. Try upgrading to a newer perl or a working perl (cygwin's perl is known to work). If that is not an option, you should be able to use the remaining functionality of AnyEvent, but child watchers WILL NOT WORK.
t/62_cocoa_04_condvar.t .... skipped: PERL_ANYEVENT_LOOP_TESTS not true
t/62_cocoa_05_dns.t ........ skipped: PERL_ANYEVENT_LOOP_TESTS not true
t/62_cocoa_07_io.t ......... skipped: PERL_ANYEVENT_LOOP_TESTS not true
t/62_cocoa_09_multi.t ...... skipped: Your perl interpreter is badly BROKEN. Child watchers will not work, ever. Try upgrading to a newer perl or a working perl (cygwin's perl is known to work). If that is not an option, you should be able to use the remaining functionality of AnyEvent, but child watchers WILL NOT WORK.
t/64_glib_01_basic.t ....... skipped: PERL_ANYEVENT_LOOP_TESTS not true
t/64_glib_02_signals.t ..... skipped: Broken perl detected, skipping tests.
t/64_glib_03_child.t ....... skipped: Your perl interpreter is badly BROKEN. Child watchers will not work, ever. Try upgrading to a newer perl or a working perl (cygwin's perl is known to work). If that is not an option, you should be able to use the remaining functionality of AnyEvent, but child watchers WILL NOT WORK.
t/64_glib_04_condvar.t ..... skipped: PERL_ANYEVENT_LOOP_TESTS not true
t/64_glib_05_dns.t ......... skipped: PERL_ANYEVENT_LOOP_TESTS not true
t/64_glib_07_io.t .......... skipped: PERL_ANYEVENT_LOOP_TESTS not true
t/64_glib_09_multi.t ....... skipped: Your perl interpreter is badly BROKEN. Child watchers will not work, ever. Try upgrading to a newer perl or a working perl (cygwin's perl is known to work). If that is not an option, you should be able to use the remaining functionality of AnyEvent, but child watchers WILL NOT WORK.
t/65_event_01_basic.t ...... skipped: PERL_ANYEVENT_LOOP_TESTS not true
t/65_event_02_signals.t .... skipped: Broken perl detected, skipping tests.
t/65_event_03_child.t ...... skipped: Your perl interpreter is badly BROKEN. Child watchers will not work, ever. Try upgrading to a newer perl or a working perl (cygwin's perl is known to work). If that is not an option, you should be able to use the remaining functionality of AnyEvent, but child watchers WILL NOT WORK.
t/65_event_04_condvar.t .... skipped: PERL_ANYEVENT_LOOP_TESTS not true
t/65_event_05_dns.t ........ skipped: PERL_ANYEVENT_LOOP_TESTS not true
t/65_event_07_io.t ......... skipped: PERL_ANYEVENT_LOOP_TESTS not true
t/65_event_09_multi.t ...... skipped: Your perl interpreter is badly BROKEN. Child watchers will not work, ever. Try upgrading to a newer perl or a working perl (cygwin's perl is known to work). If that is not an option, you should be able to use the remaining functionality of AnyEvent, but child watchers WILL NOT WORK.
t/66_ioasync_01_basic.t .... skipped: PERL_ANYEVENT_LOOP_TESTS not true
t/66_ioasync_02_signals.t .. skipped: Broken perl detected, skipping tests.
t/66_ioasync_03_child.t .... skipped: Your perl interpreter is badly BROKEN. Child watchers will not work, ever. Try upgrading to a newer perl or a working perl (cygwin's perl is known to work). If that is not an option, you should be able to use the remaining functionality of AnyEvent, but child watchers WILL NOT WORK.
t/66_ioasync_04_condvar.t .. skipped: PERL_ANYEVENT_LOOP_TESTS not true
t/66_ioasync_05_dns.t ...... skipped: PERL_ANYEVENT_LOOP_TESTS not true
t/66_ioasync_07_io.t ....... skipped: PERL_ANYEVENT_LOOP_TESTS not true
t/66_ioasync_09_multi.t .... skipped: Your perl interpreter is badly BROKEN. Child watchers will not work, ever. Try upgrading to a newer perl or a working perl (cygwin's perl is known to work). If that is not an option, you should be able to use the remaining functionality of AnyEvent, but child watchers WILL NOT WORK.
t/67_tk_01_basic.t ......... skipped: PERL_ANYEVENT_LOOP_TESTS not true
t/67_tk_02_signals.t ....... skipped: Broken perl detected, skipping tests.
t/67_tk_03_child.t ......... skipped: Your perl interpreter is badly BROKEN. Child watchers will not work, ever. Try upgrading to a newer perl or a working perl (cygwin's perl is known to work). If that is not an option, you should be able to use the remaining functionality of AnyEvent, but child watchers WILL NOT WORK.
t/67_tk_04_condvar.t ....... skipped: PERL_ANYEVENT_LOOP_TESTS not true
t/67_tk_05_dns.t ........... skipped: PERL_ANYEVENT_LOOP_TESTS not true
t/67_tk_07_io.t ............ skipped: PERL_ANYEVENT_LOOP_TESTS not true
t/67_tk_09_multi.t ......... skipped: Your perl interpreter is badly BROKEN. Child watchers will not work, ever. Try upgrading to a newer perl or a working perl (cygwin's perl is known to work). If that is not an option, you should be able to use the remaining functionality of AnyEvent, but child watchers WILL NOT WORK.
t/68_poe_01_basic.t ........ skipped: PERL_ANYEVENT_LOOP_TESTS not true
t/68_poe_02_signals.t ...... skipped: Broken perl detected, skipping tests.
t/68_poe_03_child.t ........ skipped: Your perl interpreter is badly BROKEN. Child watchers will not work, ever. Try upgrading to a newer perl or a working perl (cygwin's perl is known to work). If that is not an option, you should be able to use the remaining functionality of AnyEvent, but child watchers WILL NOT WORK.
t/68_poe_04_condvar.t ...... skipped: PERL_ANYEVENT_LOOP_TESTS not true
t/68_poe_05_dns.t .......... skipped: PERL_ANYEVENT_LOOP_TESTS not true
t/68_poe_07_io.t ........... skipped: PERL_ANYEVENT_LOOP_TESTS not true
t/68_poe_09_multi.t ........ skipped: Your perl interpreter is badly BROKEN. Child watchers will not work, ever. Try upgrading to a newer perl or a working perl (cygwin's perl is known to work). If that is not an option, you should be able to use the remaining functionality of AnyEvent, but child watchers WILL NOT WORK.
t/69_ev_01_basic.t ......... skipped: PERL_ANYEVENT_LOOP_TESTS not true
t/69_ev_02_signals.t ....... skipped: Broken perl detected, skipping tests.
t/69_ev_03_child.t ......... skipped: Your perl interpreter is badly BROKEN. Child watchers will not work, ever. Try upgrading to a newer perl or a working perl (cygwin's perl is known to work). If that is not an option, you should be able to use the remaining functionality of AnyEvent, but child watchers WILL NOT WORK.
t/69_ev_04_condvar.t ....... skipped: PERL_ANYEVENT_LOOP_TESTS not true
t/69_ev_05_dns.t ........... skipped: PERL_ANYEVENT_LOOP_TESTS not true
t/69_ev_07_io.t ............ skipped: PERL_ANYEVENT_LOOP_TESTS not true
t/69_ev_09_multi.t ......... skipped: Your perl interpreter is badly BROKEN. Child watchers will not work, ever. Try upgrading to a newer perl or a working perl (cygwin's perl is known to work). If that is not an option, you should be able to use the remaining functionality of AnyEvent, but child watchers WILL NOT WORK.
t/70_uv_01_basic.t ......... skipped: PERL_ANYEVENT_LOOP_TESTS not true
t/70_uv_02_signals.t ....... skipped: Broken perl detected, skipping tests.
t/70_uv_03_child.t ......... skipped: Your perl interpreter is badly BROKEN. Child watchers will not work, ever. Try upgrading to a newer perl or a working perl (cygwin's perl is known to work). If that is not an option, you should be able to use the remaining functionality of AnyEvent, but child watchers WILL NOT WORK.
t/70_uv_04_condvar.t ....... skipped: PERL_ANYEVENT_LOOP_TESTS not true
t/70_uv_05_dns.t ........... skipped: PERL_ANYEVENT_LOOP_TESTS not true
t/70_uv_07_io.t ............ skipped: PERL_ANYEVENT_LOOP_TESTS not true
t/70_uv_09_multi.t ......... skipped: Your perl interpreter is badly BROKEN. Child watchers will not work, ever. Try upgrading to a newer perl or a working perl (cygwin's perl is known to work). If that is not an option, you should be able to use the remaining functionality of AnyEvent, but child watchers WILL NOT WORK.

#   Failed test 'client_error <func(0): reason(0)>'
#   at t/80_ssltest.t line 97.

#   Failed test 'server_error <Broken pipe>'
#   at t/80_ssltest.t line 37.

#   Failed test 'server_error <func(0): reason(0)>'
#   at t/80_ssltest.t line 37.

#   Failed test 'client_error <Broken pipe>'
#   at t/80_ssltest.t line 97.

#   Failed test 'client_error <func(0): reason(0)>'
#   at t/80_ssltest.t line 97.

#   Failed test 'server_error <Broken pipe>'
#   at t/80_ssltest.t line 37.

#   Failed test 'server_error <func(0): reason(0)>'
#   at t/80_ssltest.t line 37.

#   Failed test 'client_error <Broken pipe>'
#   at t/80_ssltest.t line 97.

#   Failed test 'client_error <func(0): reason(0)>'
#   at t/80_ssltest.t line 97.
# Looks like you planned 415 tests but ran 26.
# Looks like you failed 9 tests of 26 run.
t/80_ssltest.t ............. 
Dubious, test returned 9 (wstat 2304, 0x900)
Failed 398/415 subtests 
t/81_hosts.t ............... ok
t/handle/01_readline.t ..... ok
t/handle/02_write.t ........ ok
t/handle/03_http_req.t ..... skipped: PERL_ANYEVENT_NET_TESTS environment variable not set
t/handle/04_listen.t ....... ok

Test Summary Report
-------------------
t/80_ssltest.t           (Wstat: 2304 (exited 9) Tests: 26 Failed: 9)
  Failed tests:  4-5, 9-10, 14-15, 19-20, 25
  Non-zero exit status: 9
  Parse errors: Bad plan.  You planned 415 tests but ran 26.
Files=83, Tests=213, 10 wallclock secs ( 0.30 usr +  0.27 sys =  0.56 CPU)
Result: FAIL
Failed 1/83 test programs. 9/213 subtests failed.
gmake.EXE: *** [makefile:984: test_dynamic] Error 255

------------------------------
PREREQUISITES
------------------------------

Prerequisite modules loaded:

build_requires:

    Module              Need Have
    ------------------- ---- ----
    ExtUtils::MakeMaker 0    7.70

configure_requires:

    Module              Need Have
    ------------------- ---- ----
    Canary::Stability   0    2013
    ExtUtils::MakeMaker 6.52 7.70


------------------------------
ENVIRONMENT AND OTHER CONTEXT
------------------------------

Environment variables:

    COMSPEC = C:\WINDOWS\system32\cmd.exe
    LC_ALL = C
    NONINTERACTIVE_TESTING = 1
    NUMBER_OF_PROCESSORS = 4
    PATH = C:\home\vega5418\perl5\bin;C:\WinLibs\ext2\bin;C:\WinLibs\Perl-5.41.8\bin;C:\winlibs-x86_64-posix-seh-gcc-14.2.0-llvm-19.1.1-mingw-w64msvcrt-12.0.0-r2\mingw64\bin;C:\WinLibs\build-libressl\aab\bin;C:\WINDOWS\system32;C:\WINDOWS;C:\WINDOWS\System32\Wbem;C:\WINDOWS\System32\WindowsPowerShell\v1.0
    PERL5LIB = C:\home\vega5418\perl5\lib\perl5
    PERL5OPT = 
    PERL5_CPANPLUS_IS_RUNNING = 13008
    PERL5_CPAN_IS_RUNNING = 13008
    PERL_LOCAL_LIB_ROOT = C:\home\vega5418\perl5
    PERL_MB_OPT = --install_base "C:\\home\\vega5418\\perl5"
    PERL_MM_OPT = INSTALL_BASE=C:\\home\\vega5418\\perl5
    PERL_MM_USE_DEFAULT = 1
    PERL_USE_UNSAFE_INC = 1
    PROCESSOR_IDENTIFIER = Intel64 Family 6 Model 58 Stepping 9, GenuineIntel
    TEMP = C:\Users\USER\AppData\Local\Temp
    TERM = dumb

Perl special variables (and OS-specific diagnostics, for MSWin32):

    $^X = C:\WinLibs\Perl-5.41.8\bin\perl.exe
    $UID/$EUID = 0 / 0
    $GID = 0
    $EGID = 0
    Win32::GetOSName = Win8.1
    Win32::GetOSVersion = , 6, 3, 9600, 2, 0, 0, 256, 1
    Win32::FsType = NTFS
    Win32::IsAdminUser = 0

Perl module toolchain versions installed:

    Module              Have    
    ------------------- --------
    CPAN                2.38    
    CPAN::Meta          2.150010
    Cwd                 3.92    
    ExtUtils::CBuilder  0.280240
    ExtUtils::Command   7.70    
    ExtUtils::Install   2.22    
    ExtUtils::MakeMaker 7.70    
    ExtUtils::Manifest  1.75    
    ExtUtils::ParseXS   3.57    
    File::Spec          3.93    
    JSON                4.10    
    JSON::PP            4.16    
    Module::Build       0.4234  
    Module::Signature   n/a     
    Parse::CPAN::Meta   2.150010
    Test2               1.302207
    Test::Harness       3.50    
    Test::More          1.302207
    YAML                n/a     
    YAML::Syck          n/a     
    version             0.9933  


--

Summary of my perl5 (revision 5 version 41 subversion 8) configuration:
   
  Platform:
    osname=MSWin32
    osvers=6.3.9600
    archname=MSWin32-x64-multi-thread
    uname=''
    config_args='undef'
    hint=recommended
    useposix=true
    d_sigaction=undef
    useithreads=define
    usemultiplicity=define
    use64bitint=define
    use64bitall=undef
    uselongdouble=undef
    usemymalloc=n
    default_inc_excludes_dot=define
  Compiler:
    cc='gcc'
    ccflags ='-std=c99 -DWIN32 -DWIN64 -DPERL_TEXTMODE_SCRIPTS -DMULTIPLICITY -DPERL_IMPLICIT_SYS -DUSE_PERLIO -D__USE_MINGW_ANSI_STDIO -fwrapv -fno-strict-aliasing -mms-bitfields'
    optimize='-Os'
    cppflags='-DWIN32'
    ccversion=''
    gccversion='14.2.0'
    gccosandvers=''
    intsize=4
    longsize=4
    ptrsize=8
    doublesize=8
    byteorder=12345678
    doublekind=3
    d_longlong=define
    longlongsize=8
    d_longdbl=define
    longdblsize=16
    longdblkind=3
    ivtype='long long'
    ivsize=8
    nvtype='double'
    nvsize=8
    Off_t='long long'
    lseeksize=8
    alignbytes=8
    prototype=define
  Linker and Libraries:
    ld='g++'
    ldflags ='-s -L"C:\WinLibs\Perl-5.41.8\lib\CORE" -L"C:\winlibs-x86_64-posix-seh-gcc-14.2.0-llvm-19.1.1-mingw-w64msvcrt-12.0.0-r2\mingw64\lib" -L"C:\winlibs-x86_64-posix-seh-gcc-14.2.0-llvm-19.1.1-mingw-w64msvcrt-12.0.0-r2\mingw64\x86_64-w64-mingw32\lib" -L"C:\winlibs-x86_64-posix-seh-gcc-14.2.0-llvm-19.1.1-mingw-w64msvcrt-12.0.0-r2\mingw64\lib\gcc\x86_64-w64-mingw32\14.2.0"'
    libpth=C:\winlibs-x86_64-posix-seh-gcc-14.2.0-llvm-19.1.1-mingw-w64msvcrt-12.0.0-r2\mingw64\lib C:\winlibs-x86_64-posix-seh-gcc-14.2.0-llvm-19.1.1-mingw-w64msvcrt-12.0.0-r2\mingw64\x86_64-w64-mingw32\lib C:\winlibs-x86_64-posix-seh-gcc-14.2.0-llvm-19.1.1-mingw-w64msvcrt-12.0.0-r2\mingw64\lib\gcc\x86_64-w64-mingw32\14.2.0
    libs= -lmoldname -lkernel32 -luser32 -lgdi32 -lwinspool -lcomdlg32 -ladvapi32 -lshell32 -lole32 -loleaut32 -lnetapi32 -luuid -lws2_32 -lmpr -lwinmm -lversion -lodbc32 -lodbccp32 -lcomctl32
    perllibs= -lmoldname -lkernel32 -luser32 -lgdi32 -lwinspool -lcomdlg32 -ladvapi32 -lshell32 -lole32 -loleaut32 -lnetapi32 -luuid -lws2_32 -lmpr -lwinmm -lversion -lodbc32 -lodbccp32 -lcomctl32
    libc=-lmsvcrt
    so=dll
    useshrplib=true
    libperl=libperl541.a
    gnulibc_version=''
  Dynamic Linking:
    dlsrc=dl_win32.xs
    dlext=dll
    d_dlsymun=undef
    ccdlflags=' '
    cccdlflags=' '
    lddlflags='-shared -s -L"C:\WinLibs\Perl-5.41.8\lib\CORE" -L"C:\winlibs-x86_64-posix-seh-gcc-14.2.0-llvm-19.1.1-mingw-w64msvcrt-12.0.0-r2\mingw64\lib" -L"C:\winlibs-x86_64-posix-seh-gcc-14.2.0-llvm-19.1.1-mingw-w64msvcrt-12.0.0-r2\mingw64\x86_64-w64-mingw32\lib" -L"C:\winlibs-x86_64-posix-seh-gcc-14.2.0-llvm-19.1.1-mingw-w64msvcrt-12.0.0-r2\mingw64\lib\gcc\x86_64-w64-mingw32\14.2.0"'


Characteristics of this binary (from libperl): 
  Compile-time options:
    HAS_LONG_DOUBLE
    HAS_TIMES
    HAVE_INTERP_INTERN
    MULTIPLICITY
    PERLIO_LAYERS
    PERL_COPY_ON_WRITE
    PERL_DONT_CREATE_GVSV
    PERL_HASH_FUNC_SIPHASH13
    PERL_HASH_USE_SBOX32
    PERL_IMPLICIT_SYS
    PERL_MALLOC_WRAP
    PERL_OP_PARENT
    PERL_PRESERVE_IVUV
    PERL_USE_SAFE_PUTENV
    USE_64_BIT_INT
    USE_ITHREADS
    USE_LARGE_FILES
    USE_LOCALE
    USE_LOCALE_COLLATE
    USE_LOCALE_CTYPE
    USE_LOCALE_NUMERIC
    USE_LOCALE_TIME
    USE_PERLIO
    USE_PERL_ATOF
  Built under MSWin32
  Compiled at Jan 22 2025 23:08:06
  %ENV:
    PERL5LIB="C:\home\vega5418\perl5\lib\perl5"
    PERL5_CPANPLUS_IS_RUNNING="13008"
    PERL5_CPAN_IS_RUNNING="13008"
    PERL_LOCAL_LIB_ROOT="C:\home\vega5418\perl5"
    PERL_MB_OPT="--install_base "C:\\home\\vega5418\\perl5""
    PERL_MM_OPT="INSTALL_BASE=C:\\home\\vega5418\\perl5"
    PERL_MM_USE_DEFAULT="1"
    PERL_USE_UNSAFE_INC="1"
  @INC:
    C:\home\vega5418\perl5\lib\perl5/MSWin32-x64-multi-thread
    C:\home\vega5418\perl5\lib\perl5
    C:/WinLibs/Perl-5.41.8/site/lib
    C:/WinLibs/Perl-5.41.8/lib
    .