Report for HTML-Template-Bundle-2.9_01

Back
From: metabase:user:322078bc-2aae-11df-837a-5e0a49663a4f
Subject: FAIL HTML-Template-Bundle-2.9_01 v5.8.9 NetBSD
Date: 2011-04-13T17:28:24Z

This distribution has been tested as part of the CPAN Testers
project, supporting the Perl programming language.  See
http://wiki.cpantesters.org/ for more information or email
questions to cpan-testers-discuss@perl.org


--

Dear MATHEW,
    
This is a computer-generated error report created automatically by
CPANPLUS, version 0.9103. Testers personal comments may appear 
at the end of this report.


Thank you for uploading your work to CPAN.  However, it appears that
there were some problems testing your distribution.

TEST RESULTS:

Below is the error stack from stage 'make test':

[MSG] [Wed Apr 13 19:43:23 2011] cp lib/HTML/Template/ESCAPE/DOUBLE_QUOTE.pm blib/lib/HTML/Template/ESCAPE/DOUBLE_QUOTE.pm
cp lib/HTML/Template/ESCAPE/TEXT.pm blib/lib/HTML/Template/ESCAPE/TEXT.pm
cp lib/HTML/Template/ESCAPE/STRIP_NEWLINE.pm blib/lib/HTML/Template/ESCAPE/STRIP_NEWLINE.pm
cp lib/HTML/Template/ESCAPE/JS.pm blib/lib/HTML/Template/ESCAPE/JS.pm
cp lib/HTML/Template.pm blib/lib/HTML/Template.pm
cp lib/HTML/Template/Filters.pm blib/lib/HTML/Template/Filters.pm
cp lib/HTML/Template/Preload.pm blib/lib/HTML/Template/Preload.pm
cp lib/HTML/Template/Expr.pm blib/lib/HTML/Template/Expr.pm
cp lib/HTML/Template/ESCAPE.pm blib/lib/HTML/Template/ESCAPE.pm
cp lib/HTML/Template/ESCAPE/URL.pm blib/lib/HTML/Template/ESCAPE/URL.pm
cp lib/HTML/Template/Bundle.pm blib/lib/HTML/Template/Bundle.pm
Manifying blib/man3/HTML::Template.3
Manifying blib/man3/HTML::Template::Filters.3
Manifying blib/man3/HTML::Template::Preload.3
Manifying blib/man3/HTML::Template::Expr.3
Manifying blib/man3/HTML::Template::ESCAPE.3
Manifying blib/man3/HTML::Template::Bundle.3

[ERROR] [Wed Apr 13 19:43:28 2011] MAKE TEST failed: PERL_DL_NONLAZY=1 /home/cpan/pit/thr/perl-5.8.9/bin/perl "-MExtUtils::Command::MM" "-e" "test_harness(0, 'blib/lib', 'blib/arch')" t/*.t
t/001-bad-args.t ............ ok
t/001coderefs.t ............. ok
t/002-parse.t ............... ok
t/002random.t ............... ok
t/003-associate.t ........... ok
t/003else_else_bug.t ........ ok
t/004-type-source.t ......... ok
t/004default_escape.t ....... ok
t/004default_with_escape.t .. ok
t/004no_taintmode.t ......... ok
t/005-blind-cache.t ......... ok
t/005force_untaint.t ........ ok
t/005nested_global.t ........ ok
t/006-file-cache-dir.t ...... ok
t/007-double-file-cache.t ... ok
t/008-cache-debug.t ......... ok
t/009-caching-precluded.t ... ok
t/010-param.t ............... ok
t/011-non-file-templates.t .. ok
t/099-old-test-pl.t ......... ok

#   Failed test 'use HTML::Template::Expr;'
#   at t/100load.t line 2.
#     Tried to use 'HTML::Template::Expr'.
#     Error:  Can't locate Parse/RecDescent.pm in @INC (@INC contains: /home/cpan/pit/thr/conf/perl-5.8.9/.cpanplus/5.8.9/build/HTML-Template-Bundle-2.9_01/blib/lib /home/cpan/pit/thr/conf/perl-5.8.9/.cpanplus/5.8.9/build/HTML-Template-Bundle-2.9_01/blib/arch /home/cpan/pit/thr/conf/perl-5.8.9/.cpanplus/5.8.9/build/HTML-Template-Bundle-2.9_01/blib/lib /home/cpan/pit/thr/conf/perl-5.8.9/.cpanplus/5.8.9/build/HTML-Template-Bundle-2.9_01/blib/arch /home/cpan/pit/thr/perl-5.8.9/lib/5.8.9/amd64-netbsd-thread-multi /home/cpan/pit/thr/perl-5.8.9/lib/5.8.9 /home/cpan/pit/thr/perl-5.8.9/lib/site_perl/5.8.9/amd64-netbsd-thread-multi /home/cpan/pit/thr/perl-5.8.9/lib/site_perl/5.8.9 .) at /home/cpan/pit/thr/conf/perl-5.8.9/.cpanplus/5.8.9/build/HTML-Template-Bundle-2.9_01/blib/lib/HTML/Template/Expr.pm line 12.
# BEGIN failed--compilation aborted at /home/cpan/pit/thr/conf/perl-5.8.9/.cpanplus/5.8.9/build/HTML-Template-Bundle-2.9_01/blib/lib/HTML/Template/Expr.pm line 12.
# Compilation failed in require at (eval 4) line 2.
# BEGIN failed--compilation aborted at (eval 4) line 2.
# Looks like you failed 1 test of 1.
t/100load.t ................. 
Dubious, test returned 1 (wstat 256, 0x100)
Failed 1/1 subtests 
Can't locate Parse/RecDescent.pm in @INC (@INC contains: /home/cpan/pit/thr/conf/perl-5.8.9/.cpanplus/5.8.9/build/HTML-Template-Bundle-2.9_01/blib/lib /home/cpan/pit/thr/conf/perl-5.8.9/.cpanplus/5.8.9/build/HTML-Template-Bundle-2.9_01/blib/arch /home/cpan/pit/thr/conf/perl-5.8.9/.cpanplus/5.8.9/build/HTML-Template-Bundle-2.9_01/blib/lib /home/cpan/pit/thr/conf/perl-5.8.9/.cpanplus/5.8.9/build/HTML-Template-Bundle-2.9_01/blib/arch /home/cpan/pit/thr/perl-5.8.9/lib/5.8.9/amd64-netbsd-thread-multi /home/cpan/pit/thr/perl-5.8.9/lib/5.8.9 /home/cpan/pit/thr/perl-5.8.9/lib/site_perl/5.8.9/amd64-netbsd-thread-multi /home/cpan/pit/thr/perl-5.8.9/lib/site_perl/5.8.9 .) at t/101parse.t line 2.
BEGIN failed--compilation aborted at t/101parse.t line 2.
# Looks like your test exited with 2 before it could output anything.
t/101parse.t ................ 
Dubious, test returned 2 (wstat 512, 0x200)
No subtests run 
Can't locate Parse/RecDescent.pm in @INC (@INC contains: /home/cpan/pit/thr/conf/perl-5.8.9/.cpanplus/5.8.9/build/HTML-Template-Bundle-2.9_01/blib/lib /home/cpan/pit/thr/conf/perl-5.8.9/.cpanplus/5.8.9/build/HTML-Template-Bundle-2.9_01/blib/arch /home/cpan/pit/thr/conf/perl-5.8.9/.cpanplus/5.8.9/build/HTML-Template-Bundle-2.9_01/blib/lib /home/cpan/pit/thr/conf/perl-5.8.9/.cpanplus/5.8.9/build/HTML-Template-Bundle-2.9_01/blib/arch /home/cpan/pit/thr/perl-5.8.9/lib/5.8.9/amd64-netbsd-thread-multi /home/cpan/pit/thr/perl-5.8.9/lib/5.8.9 /home/cpan/pit/thr/perl-5.8.9/lib/site_perl/5.8.9/amd64-netbsd-thread-multi /home/cpan/pit/thr/perl-5.8.9/lib/site_perl/5.8.9 .) at /home/cpan/pit/thr/conf/perl-5.8.9/.cpanplus/5.8.9/build/HTML-Template-Bundle-2.9_01/blib/lib/HTML/Template/Expr.pm line 12.
BEGIN failed--compilation aborted at /home/cpan/pit/thr/conf/perl-5.8.9/.cpanplus/5.8.9/build/HTML-Template-Bundle-2.9_01/blib/lib/HTML/Template/Expr.pm line 12.
Compilation failed in require at t/102basic.t line 2.
BEGIN failed--compilation aborted at t/102basic.t line 2.
# Looks like your test exited with 2 before it could output anything.
t/102basic.t ................ 
Dubious, test returned 2 (wstat 512, 0x200)
Failed 3/3 subtests 
Can't locate Parse/RecDescent.pm in @INC (@INC contains: /home/cpan/pit/thr/conf/perl-5.8.9/.cpanplus/5.8.9/build/HTML-Template-Bundle-2.9_01/blib/lib /home/cpan/pit/thr/conf/perl-5.8.9/.cpanplus/5.8.9/build/HTML-Template-Bundle-2.9_01/blib/arch /home/cpan/pit/thr/conf/perl-5.8.9/.cpanplus/5.8.9/build/HTML-Template-Bundle-2.9_01/blib/lib /home/cpan/pit/thr/conf/perl-5.8.9/.cpanplus/5.8.9/build/HTML-Template-Bundle-2.9_01/blib/arch /home/cpan/pit/thr/perl-5.8.9/lib/5.8.9/amd64-netbsd-thread-multi /home/cpan/pit/thr/perl-5.8.9/lib/5.8.9 /home/cpan/pit/thr/perl-5.8.9/lib/site_perl/5.8.9/amd64-netbsd-thread-multi /home/cpan/pit/thr/perl-5.8.9/lib/site_perl/5.8.9 .) at /home/cpan/pit/thr/conf/perl-5.8.9/.cpanplus/5.8.9/build/HTML-Template-Bundle-2.9_01/blib/lib/HTML/Template/Expr.pm line 12.
BEGIN failed--compilation aborted at /home/cpan/pit/thr/conf/perl-5.8.9/.cpanplus/5.8.9/build/HTML-Template-Bundle-2.9_01/blib/lib/HTML/Template/Expr.pm line 12.
Compilation failed in require at t/103complex.t line 2.
BEGIN failed--compilation aborted at t/103complex.t line 2.
# Looks like your test exited with 2 before it could output anything.
t/103complex.t .............. 
Dubious, test returned 2 (wstat 512, 0x200)
No subtests run 
Can't locate Parse/RecDescent.pm in @INC (@INC contains: /home/cpan/pit/thr/conf/perl-5.8.9/.cpanplus/5.8.9/build/HTML-Template-Bundle-2.9_01/blib/lib /home/cpan/pit/thr/conf/perl-5.8.9/.cpanplus/5.8.9/build/HTML-Template-Bundle-2.9_01/blib/arch /home/cpan/pit/thr/conf/perl-5.8.9/.cpanplus/5.8.9/build/HTML-Template-Bundle-2.9_01/blib/lib /home/cpan/pit/thr/conf/perl-5.8.9/.cpanplus/5.8.9/build/HTML-Template-Bundle-2.9_01/blib/arch /home/cpan/pit/thr/perl-5.8.9/lib/5.8.9/amd64-netbsd-thread-multi /home/cpan/pit/thr/perl-5.8.9/lib/5.8.9 /home/cpan/pit/thr/perl-5.8.9/lib/site_perl/5.8.9/amd64-netbsd-thread-multi /home/cpan/pit/thr/perl-5.8.9/lib/site_perl/5.8.9 .) at /home/cpan/pit/thr/conf/perl-5.8.9/.cpanplus/5.8.9/build/HTML-Template-Bundle-2.9_01/blib/lib/HTML/Template/Expr.pm line 12.
BEGIN failed--compilation aborted at /home/cpan/pit/thr/conf/perl-5.8.9/.cpanplus/5.8.9/build/HTML-Template-Bundle-2.9_01/blib/lib/HTML/Template/Expr.pm line 12.
Compilation failed in require at t/104register.t line 2.
BEGIN failed--compilation aborted at t/104register.t line 2.
# Looks like your test exited with 2 before it could output anything.
t/104register.t ............. 
Dubious, test returned 2 (wstat 512, 0x200)
Failed 4/4 subtests 
Can't locate Parse/RecDescent.pm in @INC (@INC contains: /home/cpan/pit/thr/conf/perl-5.8.9/.cpanplus/5.8.9/build/HTML-Template-Bundle-2.9_01/blib/lib /home/cpan/pit/thr/conf/perl-5.8.9/.cpanplus/5.8.9/build/HTML-Template-Bundle-2.9_01/blib/arch /home/cpan/pit/thr/conf/perl-5.8.9/.cpanplus/5.8.9/build/HTML-Template-Bundle-2.9_01/blib/lib /home/cpan/pit/thr/conf/perl-5.8.9/.cpanplus/5.8.9/build/HTML-Template-Bundle-2.9_01/blib/arch /home/cpan/pit/thr/perl-5.8.9/lib/5.8.9/amd64-netbsd-thread-multi /home/cpan/pit/thr/perl-5.8.9/lib/5.8.9 /home/cpan/pit/thr/perl-5.8.9/lib/site_perl/5.8.9/amd64-netbsd-thread-multi /home/cpan/pit/thr/perl-5.8.9/lib/site_perl/5.8.9 .) at /home/cpan/pit/thr/conf/perl-5.8.9/.cpanplus/5.8.9/build/HTML-Template-Bundle-2.9_01/blib/lib/HTML/Template/Expr.pm line 12.
BEGIN failed--compilation aborted at /home/cpan/pit/thr/conf/perl-5.8.9/.cpanplus/5.8.9/build/HTML-Template-Bundle-2.9_01/blib/lib/HTML/Template/Expr.pm line 12.
Compilation failed in require at t/105cache.t line 2.
BEGIN failed--compilation aborted at t/105cache.t line 2.
# Looks like your test exited with 2 before it could output anything.
t/105cache.t ................ 
Dubious, test returned 2 (wstat 512, 0x200)
Failed 15/15 subtests 
Can't locate Parse/RecDescent.pm in @INC (@INC contains: /home/cpan/pit/thr/conf/perl-5.8.9/.cpanplus/5.8.9/build/HTML-Template-Bundle-2.9_01/blib/lib /home/cpan/pit/thr/conf/perl-5.8.9/.cpanplus/5.8.9/build/HTML-Template-Bundle-2.9_01/blib/arch /home/cpan/pit/thr/conf/perl-5.8.9/.cpanplus/5.8.9/build/HTML-Template-Bundle-2.9_01/blib/lib /home/cpan/pit/thr/conf/perl-5.8.9/.cpanplus/5.8.9/build/HTML-Template-Bundle-2.9_01/blib/arch /home/cpan/pit/thr/perl-5.8.9/lib/5.8.9/amd64-netbsd-thread-multi /home/cpan/pit/thr/perl-5.8.9/lib/5.8.9 /home/cpan/pit/thr/perl-5.8.9/lib/site_perl/5.8.9/amd64-netbsd-thread-multi /home/cpan/pit/thr/perl-5.8.9/lib/site_perl/5.8.9 .) at /home/cpan/pit/thr/conf/perl-5.8.9/.cpanplus/5.8.9/build/HTML-Template-Bundle-2.9_01/blib/lib/HTML/Template/Expr.pm line 12.
BEGIN failed--compilation aborted at /home/cpan/pit/thr/conf/perl-5.8.9/.cpanplus/5.8.9/build/HTML-Template-Bundle-2.9_01/blib/lib/HTML/Template/Expr.pm line 12.
Compilation failed in require at t/106extra_attributes.t line 2.
BEGIN failed--compilation aborted at t/106extra_attributes.t line 2.
# Looks like your test exited with 2 before it could output anything.
t/106extra_attributes.t ..... 
Dubious, test returned 2 (wstat 512, 0x200)
No subtests run 

#   Failed test 'use HTML::Template::Expr;'
#   at t/200load.t line 11.
#     Tried to use 'HTML::Template::Expr'.
#     Error:  Can't locate Parse/RecDescent.pm in @INC (@INC contains: /home/cpan/pit/thr/conf/perl-5.8.9/.cpanplus/5.8.9/build/HTML-Template-Bundle-2.9_01/blib/lib /home/cpan/pit/thr/conf/perl-5.8.9/.cpanplus/5.8.9/build/HTML-Template-Bundle-2.9_01/blib/arch /home/cpan/pit/thr/conf/perl-5.8.9/.cpanplus/5.8.9/build/HTML-Template-Bundle-2.9_01/blib/lib /home/cpan/pit/thr/conf/perl-5.8.9/.cpanplus/5.8.9/build/HTML-Template-Bundle-2.9_01/blib/arch /home/cpan/pit/thr/perl-5.8.9/lib/5.8.9/amd64-netbsd-thread-multi /home/cpan/pit/thr/perl-5.8.9/lib/5.8.9 /home/cpan/pit/thr/perl-5.8.9/lib/site_perl/5.8.9/amd64-netbsd-thread-multi /home/cpan/pit/thr/perl-5.8.9/lib/site_perl/5.8.9 .) at /home/cpan/pit/thr/conf/perl-5.8.9/.cpanplus/5.8.9/build/HTML-Template-Bundle-2.9_01/blib/lib/HTML/Template/Expr.pm line 12.
# BEGIN failed--compilation aborted at /home/cpan/pit/thr/conf/perl-5.8.9/.cpanplus/5.8.9/build/HTML-Template-Bundle-2.9_01/blib/lib/HTML/Template/Expr.pm line 12.
# Compilation failed in require at (eval 16) line 2.
# BEGIN failed--compilation aborted at (eval 16) line 2.
# Looks like you failed 1 test of 8.
t/200load.t ................. 
Dubious, test returned 1 (wstat 256, 0x100)
Failed 1/8 subtests 
t/201parse.t ................ ok
t/202length.t ............... ok
t/203unset.t ................ ok
t/205elsif.t ................ ok
t/206require.t .............. ok
t/207hash-param.t ........... ok
t/208escape.t ............... ok
t/209filter.t ............... ok
t/210loop.t ................. ok
t/211recursive.t ............ ok
t/212intrinsic.t ............ ok
Can't locate Parse/RecDescent.pm in @INC (@INC contains: /home/cpan/pit/thr/conf/perl-5.8.9/.cpanplus/5.8.9/build/HTML-Template-Bundle-2.9_01/blib/lib /home/cpan/pit/thr/conf/perl-5.8.9/.cpanplus/5.8.9/build/HTML-Template-Bundle-2.9_01/blib/arch /home/cpan/pit/thr/conf/perl-5.8.9/.cpanplus/5.8.9/build/HTML-Template-Bundle-2.9_01/blib/lib /home/cpan/pit/thr/conf/perl-5.8.9/.cpanplus/5.8.9/build/HTML-Template-Bundle-2.9_01/blib/arch /home/cpan/pit/thr/perl-5.8.9/lib/5.8.9/amd64-netbsd-thread-multi /home/cpan/pit/thr/perl-5.8.9/lib/5.8.9 /home/cpan/pit/thr/perl-5.8.9/lib/site_perl/5.8.9/amd64-netbsd-thread-multi /home/cpan/pit/thr/perl-5.8.9/lib/site_perl/5.8.9 .) at t/301parse.t line 2.
BEGIN failed--compilation aborted at t/301parse.t line 2.
# Looks like your test exited with 2 before it could output anything.
t/301parse.t ................ 
Dubious, test returned 2 (wstat 512, 0x200)
No subtests run 
Can't locate Parse/RecDescent.pm in @INC (@INC contains: /home/cpan/pit/thr/conf/perl-5.8.9/.cpanplus/5.8.9/build/HTML-Template-Bundle-2.9_01/blib/lib /home/cpan/pit/thr/conf/perl-5.8.9/.cpanplus/5.8.9/build/HTML-Template-Bundle-2.9_01/blib/arch /home/cpan/pit/thr/conf/perl-5.8.9/.cpanplus/5.8.9/build/HTML-Template-Bundle-2.9_01/blib/lib /home/cpan/pit/thr/conf/perl-5.8.9/.cpanplus/5.8.9/build/HTML-Template-Bundle-2.9_01/blib/arch /home/cpan/pit/thr/perl-5.8.9/lib/5.8.9/amd64-netbsd-thread-multi /home/cpan/pit/thr/perl-5.8.9/lib/5.8.9 /home/cpan/pit/thr/perl-5.8.9/lib/site_perl/5.8.9/amd64-netbsd-thread-multi /home/cpan/pit/thr/perl-5.8.9/lib/site_perl/5.8.9 .) at /home/cpan/pit/thr/conf/perl-5.8.9/.cpanplus/5.8.9/build/HTML-Template-Bundle-2.9_01/blib/lib/HTML/Template/Expr.pm line 12.
BEGIN failed--compilation aborted at /home/cpan/pit/thr/conf/perl-5.8.9/.cpanplus/5.8.9/build/HTML-Template-Bundle-2.9_01/blib/lib/HTML/Template/Expr.pm line 12.
Compilation failed in require at t/302unary.t line 4.
BEGIN failed--compilation aborted at t/302unary.t line 4.
# Looks like your test exited with 2 before it could output anything.
t/302unary.t ................ 
Dubious, test returned 2 (wstat 512, 0x200)
Failed 2/2 subtests 
Can't locate Parse/RecDescent.pm in @INC (@INC contains: /home/cpan/pit/thr/conf/perl-5.8.9/.cpanplus/5.8.9/build/HTML-Template-Bundle-2.9_01/blib/lib /home/cpan/pit/thr/conf/perl-5.8.9/.cpanplus/5.8.9/build/HTML-Template-Bundle-2.9_01/blib/arch /home/cpan/pit/thr/conf/perl-5.8.9/.cpanplus/5.8.9/build/HTML-Template-Bundle-2.9_01/blib/lib /home/cpan/pit/thr/conf/perl-5.8.9/.cpanplus/5.8.9/build/HTML-Template-Bundle-2.9_01/blib/arch /home/cpan/pit/thr/perl-5.8.9/lib/5.8.9/amd64-netbsd-thread-multi /home/cpan/pit/thr/perl-5.8.9/lib/5.8.9 /home/cpan/pit/thr/perl-5.8.9/lib/site_perl/5.8.9/amd64-netbsd-thread-multi /home/cpan/pit/thr/perl-5.8.9/lib/site_perl/5.8.9 .) at /home/cpan/pit/thr/conf/perl-5.8.9/.cpanplus/5.8.9/build/HTML-Template-Bundle-2.9_01/blib/lib/HTML/Template/Expr.pm line 12.
BEGIN failed--compilation aborted at /home/cpan/pit/thr/conf/perl-5.8.9/.cpanplus/5.8.9/build/HTML-Template-Bundle-2.9_01/blib/lib/HTML/Template/Expr.pm line 12.
Compilation failed in require at t/312intrinsic.t line 4.
BEGIN failed--compilation aborted at t/312intrinsic.t line 4.
# Looks like your test exited with 2 before it could output anything.
t/312intrinsic.t ............ 
Dubious, test returned 2 (wstat 512, 0x200)
Failed 1/1 subtests 

#   Failed test 'use HTML::Template::Preload;'
#   at t/400load.t line 4.
#     Tried to use 'HTML::Template::Preload'.
#     Error:  Can't locate Parse/RecDescent.pm in @INC (@INC contains: /home/cpan/pit/thr/conf/perl-5.8.9/.cpanplus/5.8.9/build/HTML-Template-Bundle-2.9_01/blib/lib /home/cpan/pit/thr/conf/perl-5.8.9/.cpanplus/5.8.9/build/HTML-Template-Bundle-2.9_01/blib/arch /home/cpan/pit/thr/conf/perl-5.8.9/.cpanplus/5.8.9/build/HTML-Template-Bundle-2.9_01/blib/lib /home/cpan/pit/thr/conf/perl-5.8.9/.cpanplus/5.8.9/build/HTML-Template-Bundle-2.9_01/blib/arch /home/cpan/pit/thr/perl-5.8.9/lib/5.8.9/amd64-netbsd-thread-multi /home/cpan/pit/thr/perl-5.8.9/lib/5.8.9 /home/cpan/pit/thr/perl-5.8.9/lib/site_perl/5.8.9/amd64-netbsd-thread-multi /home/cpan/pit/thr/perl-5.8.9/lib/site_perl/5.8.9 .) at /home/cpan/pit/thr/conf/perl-5.8.9/.cpanplus/5.8.9/build/HTML-Template-Bundle-2.9_01/blib/lib/HTML/Template/Expr.pm line 12.
# BEGIN failed--compilation aborted at /home/cpan/pit/thr/conf/perl-5.8.9/.cpanplus/5.8.9/build/HTML-Template-Bundle-2.9_01/blib/lib/HTML/Template/Expr.pm line 12.
# Compilation failed in require at /home/cpan/pit/thr/conf/perl-5.8.9/.cpanplus/5.8.9/build/HTML-Template-Bundle-2.9_01/blib/lib/HTML/Template/Preload.pm line 95.
# BEGIN failed--compilation aborted at /home/cpan/pit/thr/conf/perl-5.8.9/.cpanplus/5.8.9/build/HTML-Template-Bundle-2.9_01/blib/lib/HTML/Template/Preload.pm line 95.
# Compilation failed in require at (eval 5) line 2.
# BEGIN failed--compilation aborted at (eval 5) line 2.
# Looks like you failed 1 test of 3.
t/400load.t ................. 
Dubious, test returned 1 (wstat 256, 0x100)
Failed 1/3 subtests 
Can't locate Parse/RecDescent.pm in @INC (@INC contains: /home/cpan/pit/thr/conf/perl-5.8.9/.cpanplus/5.8.9/build/HTML-Template-Bundle-2.9_01/blib/lib /home/cpan/pit/thr/conf/perl-5.8.9/.cpanplus/5.8.9/build/HTML-Template-Bundle-2.9_01/blib/arch /home/cpan/pit/thr/conf/perl-5.8.9/.cpanplus/5.8.9/build/HTML-Template-Bundle-2.9_01/blib/lib /home/cpan/pit/thr/conf/perl-5.8.9/.cpanplus/5.8.9/build/HTML-Template-Bundle-2.9_01/blib/arch /home/cpan/pit/thr/perl-5.8.9/lib/5.8.9/amd64-netbsd-thread-multi /home/cpan/pit/thr/perl-5.8.9/lib/5.8.9 /home/cpan/pit/thr/perl-5.8.9/lib/site_perl/5.8.9/amd64-netbsd-thread-multi /home/cpan/pit/thr/perl-5.8.9/lib/site_perl/5.8.9 .) at /home/cpan/pit/thr/conf/perl-5.8.9/.cpanplus/5.8.9/build/HTML-Template-Bundle-2.9_01/blib/lib/HTML/Template/Expr.pm line 12.
BEGIN failed--compilation aborted at /home/cpan/pit/thr/conf/perl-5.8.9/.cpanplus/5.8.9/build/HTML-Template-Bundle-2.9_01/blib/lib/HTML/Template/Expr.pm line 12.
Compilation failed in require at /home/cpan/pit/thr/conf/perl-5.8.9/.cpanplus/5.8.9/build/HTML-Template-Bundle-2.9_01/blib/lib/HTML/Template/Bundle.pm line 5.
BEGIN failed--compilation aborted at /home/cpan/pit/thr/conf/perl-5.8.9/.cpanplus/5.8.9/build/HTML-Template-Bundle-2.9_01/blib/lib/HTML/Template/Bundle.pm line 5.
Compilation failed in require at t/401debug.t line 4.
BEGIN failed--compilation aborted at t/401debug.t line 4.
# Looks like your test exited with 2 before it could output anything.
t/401debug.t ................ 
Dubious, test returned 2 (wstat 512, 0x200)
Failed 1/1 subtests 
Can't locate Parse/RecDescent.pm in @INC (@INC contains: /home/cpan/pit/thr/conf/perl-5.8.9/.cpanplus/5.8.9/build/HTML-Template-Bundle-2.9_01/blib/lib /home/cpan/pit/thr/conf/perl-5.8.9/.cpanplus/5.8.9/build/HTML-Template-Bundle-2.9_01/blib/arch /home/cpan/pit/thr/conf/perl-5.8.9/.cpanplus/5.8.9/build/HTML-Template-Bundle-2.9_01/blib/lib /home/cpan/pit/thr/conf/perl-5.8.9/.cpanplus/5.8.9/build/HTML-Template-Bundle-2.9_01/blib/arch /home/cpan/pit/thr/perl-5.8.9/lib/5.8.9/amd64-netbsd-thread-multi /home/cpan/pit/thr/perl-5.8.9/lib/5.8.9 /home/cpan/pit/thr/perl-5.8.9/lib/site_perl/5.8.9/amd64-netbsd-thread-multi /home/cpan/pit/thr/perl-5.8.9/lib/site_perl/5.8.9 .) at /home/cpan/pit/thr/conf/perl-5.8.9/.cpanplus/5.8.9/build/HTML-Template-Bundle-2.9_01/blib/lib/HTML/Template/Expr.pm line 12.
BEGIN failed--compilation aborted at /home/cpan/pit/thr/conf/perl-5.8.9/.cpanplus/5.8.9/build/HTML-Template-Bundle-2.9_01/blib/lib/HTML/Template/Expr.pm line 12.
Compilation failed in require at /home/cpan/pit/thr/conf/perl-5.8.9/.cpanplus/5.8.9/build/HTML-Template-Bundle-2.9_01/blib/lib/HTML/Template/Bundle.pm line 5.
BEGIN failed--compilation aborted at /home/cpan/pit/thr/conf/perl-5.8.9/.cpanplus/5.8.9/build/HTML-Template-Bundle-2.9_01/blib/lib/HTML/Template/Bundle.pm line 5.
Compilation failed in require at t/402env.t line 4.
BEGIN failed--compilation aborted at t/402env.t line 4.
# Looks like your test exited with 2 before it could output anything.
t/402env.t .................. 
Dubious, test returned 2 (wstat 512, 0x200)
Failed 2/2 subtests 
Can't locate Parse/RecDescent.pm in @INC (@INC contains: /home/cpan/pit/thr/conf/perl-5.8.9/.cpanplus/5.8.9/build/HTML-Template-Bundle-2.9_01/blib/lib /home/cpan/pit/thr/conf/perl-5.8.9/.cpanplus/5.8.9/build/HTML-Template-Bundle-2.9_01/blib/arch /home/cpan/pit/thr/conf/perl-5.8.9/.cpanplus/5.8.9/build/HTML-Template-Bundle-2.9_01/blib/lib /home/cpan/pit/thr/conf/perl-5.8.9/.cpanplus/5.8.9/build/HTML-Template-Bundle-2.9_01/blib/arch /home/cpan/pit/thr/perl-5.8.9/lib/5.8.9/amd64-netbsd-thread-multi /home/cpan/pit/thr/perl-5.8.9/lib/5.8.9 /home/cpan/pit/thr/perl-5.8.9/lib/site_perl/5.8.9/amd64-netbsd-thread-multi /home/cpan/pit/thr/perl-5.8.9/lib/site_perl/5.8.9 .) at /home/cpan/pit/thr/conf/perl-5.8.9/.cpanplus/5.8.9/build/HTML-Template-Bundle-2.9_01/blib/lib/HTML/Template/Expr.pm line 12.
BEGIN failed--compilation aborted at /home/cpan/pit/thr/conf/perl-5.8.9/.cpanplus/5.8.9/build/HTML-Template-Bundle-2.9_01/blib/lib/HTML/Template/Expr.pm line 12.
Compilation failed in require at /home/cpan/pit/thr/conf/perl-5.8.9/.cpanplus/5.8.9/build/HTML-Template-Bundle-2.9_01/blib/lib/HTML/Template/Bundle.pm line 5.
BEGIN failed--compilation aborted at /home/cpan/pit/thr/conf/perl-5.8.9/.cpanplus/5.8.9/build/HTML-Template-Bundle-2.9_01/blib/lib/HTML/Template/Bundle.pm line 5.
Compilation failed in require at t/403set.t line 4.
BEGIN failed--compilation aborted at t/403set.t line 4.
# Looks like your test exited with 2 before it could output anything.
t/403set.t .................. 
Dubious, test returned 2 (wstat 512, 0x200)
Failed 6/6 subtests 
Can't locate Parse/RecDescent.pm in @INC (@INC contains: /home/cpan/pit/thr/conf/perl-5.8.9/.cpanplus/5.8.9/build/HTML-Template-Bundle-2.9_01/blib/lib /home/cpan/pit/thr/conf/perl-5.8.9/.cpanplus/5.8.9/build/HTML-Template-Bundle-2.9_01/blib/arch /home/cpan/pit/thr/conf/perl-5.8.9/.cpanplus/5.8.9/build/HTML-Template-Bundle-2.9_01/blib/lib /home/cpan/pit/thr/conf/perl-5.8.9/.cpanplus/5.8.9/build/HTML-Template-Bundle-2.9_01/blib/arch /home/cpan/pit/thr/perl-5.8.9/lib/5.8.9/amd64-netbsd-thread-multi /home/cpan/pit/thr/perl-5.8.9/lib/5.8.9 /home/cpan/pit/thr/perl-5.8.9/lib/site_perl/5.8.9/amd64-netbsd-thread-multi /home/cpan/pit/thr/perl-5.8.9/lib/site_perl/5.8.9 .) at /home/cpan/pit/thr/conf/perl-5.8.9/.cpanplus/5.8.9/build/HTML-Template-Bundle-2.9_01/blib/lib/HTML/Template/Expr.pm line 12.
BEGIN failed--compilation aborted at /home/cpan/pit/thr/conf/perl-5.8.9/.cpanplus/5.8.9/build/HTML-Template-Bundle-2.9_01/blib/lib/HTML/Template/Expr.pm line 12.
Compilation failed in require at /home/cpan/pit/thr/conf/perl-5.8.9/.cpanplus/5.8.9/build/HTML-Template-Bundle-2.9_01/blib/lib/HTML/Template/Bundle.pm line 5.
BEGIN failed--compilation aborted at /home/cpan/pit/thr/conf/perl-5.8.9/.cpanplus/5.8.9/build/HTML-Template-Bundle-2.9_01/blib/lib/HTML/Template/Bundle.pm line 5.
Compilation failed in require at t/404tmpl_render.t line 4.
BEGIN failed--compilation aborted at t/404tmpl_render.t line 4.
# Looks like your test exited with 2 before it could output anything.
t/404tmpl_render.t .......... 
Dubious, test returned 2 (wstat 512, 0x200)
Failed 1/1 subtests 
Can't locate Parse/RecDescent.pm in @INC (@INC contains: /home/cpan/pit/thr/conf/perl-5.8.9/.cpanplus/5.8.9/build/HTML-Template-Bundle-2.9_01/blib/lib /home/cpan/pit/thr/conf/perl-5.8.9/.cpanplus/5.8.9/build/HTML-Template-Bundle-2.9_01/blib/arch /home/cpan/pit/thr/conf/perl-5.8.9/.cpanplus/5.8.9/build/HTML-Template-Bundle-2.9_01/blib/lib /home/cpan/pit/thr/conf/perl-5.8.9/.cpanplus/5.8.9/build/HTML-Template-Bundle-2.9_01/blib/arch /home/cpan/pit/thr/perl-5.8.9/lib/5.8.9/amd64-netbsd-thread-multi /home/cpan/pit/thr/perl-5.8.9/lib/5.8.9 /home/cpan/pit/thr/perl-5.8.9/lib/site_perl/5.8.9/amd64-netbsd-thread-multi /home/cpan/pit/thr/perl-5.8.9/lib/site_perl/5.8.9 .) at /home/cpan/pit/thr/conf/perl-5.8.9/.cpanplus/5.8.9/build/HTML-Template-Bundle-2.9_01/blib/lib/HTML/Template/Expr.pm line 12.
BEGIN failed--compilation aborted at /home/cpan/pit/thr/conf/perl-5.8.9/.cpanplus/5.8.9/build/HTML-Template-Bundle-2.9_01/blib/lib/HTML/Template/Expr.pm line 12.
Compilation failed in require at /home/cpan/pit/thr/conf/perl-5.8.9/.cpanplus/5.8.9/build/HTML-Template-Bundle-2.9_01/blib/lib/HTML/Template/Bundle.pm line 5.
BEGIN failed--compilation aborted at /home/cpan/pit/thr/conf/perl-5.8.9/.cpanplus/5.8.9/build/HTML-Template-Bundle-2.9_01/blib/lib/HTML/Template/Bundle.pm line 5.
Compilation failed in require at t/405features.t line 4.
BEGIN failed--compilation aborted at t/405features.t line 4.
# Looks like your test exited with 2 before it could output anything.
t/405features.t ............. 
Dubious, test returned 2 (wstat 512, 0x200)
Failed 1/1 subtests 

Test Summary Report
-------------------
t/100load.t               (Wstat: 256 Tests: 1 Failed: 1)
  Failed test:  1
  Non-zero exit status: 1
t/101parse.t              (Wstat: 512 Tests: 0 Failed: 0)
  Non-zero exit status: 2
  Parse errors: No plan found in TAP output
t/102basic.t              (Wstat: 512 Tests: 0 Failed: 0)
  Non-zero exit status: 2
  Parse errors: Bad plan.  You planned 3 tests but ran 0.
t/103complex.t            (Wstat: 512 Tests: 0 Failed: 0)
  Non-zero exit status: 2
  Parse errors: No plan found in TAP output
t/104register.t           (Wstat: 512 Tests: 0 Failed: 0)
  Non-zero exit status: 2
  Parse errors: Bad plan.  You planned 4 tests but ran 0.
t/105cache.t              (Wstat: 512 Tests: 0 Failed: 0)
  Non-zero exit status: 2
  Parse errors: Bad plan.  You planned 15 tests but ran 0.
t/106extra_attributes.t   (Wstat: 512 Tests: 0 Failed: 0)
  Non-zero exit status: 2
  Parse errors: No plan found in TAP output
t/200load.t               (Wstat: 256 Tests: 8 Failed: 1)
  Failed test:  8
  Non-zero exit status: 1
t/301parse.t              (Wstat: 512 Tests: 0 Failed: 0)
  Non-zero exit status: 2
  Parse errors: No plan found in TAP output
t/302unary.t              (Wstat: 512 Tests: 0 Failed: 0)
  Non-zero exit status: 2
  Parse errors: Bad plan.  You planned 2 tests but ran 0.
t/312intrinsic.t          (Wstat: 512 Tests: 0 Failed: 0)
  Non-zero exit status: 2
  Parse errors: Bad plan.  You planned 1 tests but ran 0.
t/400load.t               (Wstat: 256 Tests: 3 Failed: 1)
  Failed test:  2
  Non-zero exit status: 1
t/401debug.t              (Wstat: 512 Tests: 0 Failed: 0)
  Non-zero exit status: 2
  Parse errors: Bad plan.  You planned 1 tests but ran 0.
t/402env.t                (Wstat: 512 Tests: 0 Failed: 0)
  Non-zero exit status: 2
  Parse errors: Bad plan.  You planned 2 tests but ran 0.
t/403set.t                (Wstat: 512 Tests: 0 Failed: 0)
  Non-zero exit status: 2
  Parse errors: Bad plan.  You planned 6 tests but ran 0.
t/404tmpl_render.t        (Wstat: 512 Tests: 0 Failed: 0)
  Non-zero exit status: 2
  Parse errors: Bad plan.  You planned 1 tests but ran 0.
t/405features.t           (Wstat: 512 Tests: 0 Failed: 0)
  Non-zero exit status: 2
  Parse errors: Bad plan.  You planned 1 tests but ran 0.
Files=48, Tests=495,  5 wallclock secs ( 0.26 usr  0.03 sys +  2.30 cusr  0.42 csys =  3.01 CPU)
Result: FAIL
Failed 17/48 test programs. 3/495 subtests failed.
*** Error code 2

Stop.
make: stopped in /home/cpan/pit/thr/conf/perl-5.8.9/.cpanplus/5.8.9/build/HTML-Template-Bundle-2.9_01

[MSG] [Wed Apr 13 19:43:28 2011] DEFAULT 'proceed_on_test_failure' HANDLER RETURNING 'sub return value'


MISSING PREREQUISITES:

It was observed that the test suite seem to fail without these modules:

Parse::RecDescent

As such, adding the prerequisite module(s) to 'PREREQ_PM' in your
Makefile.PL should solve this problem.  For example:

WriteMakefile(
    AUTHOR      => 'MATHEW (cpanplus-info@lists.sf.net)',
    ... # other information
    PREREQ_PM   => {
	'Parse::RecDescent'	=> '0', # or a minimum working version
    }
);

Thanks! :-)

PREREQUISITES:

Here is a list of prerequisites you specified and versions we 
managed to load:
                                
	  Module Name                        Have     Want
	  Carp                               1.10        0
	  Digest::MD5                        2.51        0
	  File::Spec                         3.33     0.82
	  Scalar::Util                       1.19        0
	  Test::More                         0.98        0
	  Time::HiRes                      1.9715        0

Perl module toolchain versions installed:
	Module Name                        Have
	CPANPLUS                         0.9103
	CPANPLUS::Dist::Build              0.54
	Cwd                                3.33
	ExtUtils::CBuilder             0.280202
	ExtUtils::Command                  1.16
	ExtUtils::Install                  1.54
	ExtUtils::MakeMaker                6.56
	ExtUtils::Manifest                 1.58
	ExtUtils::ParseXS                2.2206
	File::Spec                         3.33
	Module::Build                    0.3800
	Test::Harness                      3.23
	Test::More                         0.98
	version                            0.88

******************************** NOTE ********************************
The comments above are created mechanically, possibly without manual
checking by the sender.  As there are many people performing automatic
tests on each upload to CPAN, it is likely that you will receive 
identical messages about the same problem.

If you believe that the message is mistaken, please reply to the first
one with correction and/or additional informations, and do not take
it personally.  We appreciate your patience. :)
**********************************************************************

Additional comments:
 

This report was machine-generated by CPANPLUS::Dist::YACSmoke 0.62.
Powered by minismokebox version 0.44

------------------------------
ENVIRONMENT AND OTHER CONTEXT
------------------------------

Environment variables:

    AUTOMATED_TESTING = 1
    PATH = /home/cpan/bin:/bin:/sbin:/usr/bin:/usr/sbin:/usr/X11R7/bin:/usr/X11R6/bin:/usr/pkg/bin:/usr/pkg/sbin:/usr/games:/usr/local/bin:/usr/local/sbin
    PERL5LIB = :/home/cpan/pit/thr/conf/perl-5.8.9/.cpanplus/5.8.9/build/HTML-Template-Bundle-2.9_01/blib/lib:/home/cpan/pit/thr/conf/perl-5.8.9/.cpanplus/5.8.9/build/HTML-Template-Bundle-2.9_01/blib/arch
    PERL5_CPANPLUS_IS_RUNNING = 26785
    PERL5_CPANPLUS_IS_VERSION = 0.9103
    PERL5_MINISMOKEBOX = 0.44
    PERL5_YACSMOKE_BASE = /home/cpan/pit/thr/conf/perl-5.8.9
    PERL_EXTUTILS_AUTOINSTALL = --defaultdeps
    PERL_MM_USE_DEFAULT = 1
    SHELL = /usr/pkg/bin/bash
    TERM = screen

Perl special variables (and OS-specific diagnostics, for MSWin32):

    Perl: $^X = /home/cpan/pit/thr/perl-5.8.9/bin/perl
    UID:  $<  = 1001
    EUID: $>  = 1001
    GID:  $(  = 100 100
    EGID: $)  = 100 100


-------------------------------


--

Summary of my perl5 (revision 5 version 8 subversion 9) configuration:
  Platform:
    osname=netbsd, osvers=5.1_rc3, archname=amd64-netbsd-thread-multi
    uname='netbsd fubar.bingosnet.co.uk 5.1_rc3 netbsd 5.1_rc3 (generic) #0: sat jun 12 20:26:01 utc 2010 builds@b8.netbsd.org:homebuildsabnetbsd-5-1-rc3amd64201006130031z-objhomebuildsabnetbsd-5-1-rc3srcsysarchamd64compilegeneric amd64 '
    config_args='-des -Dprefix=/home/cpan/pit/thr/perl-5.8.9 -Dusemallocwrap=y -Dusemymalloc=n -Dusethreads'
    hint=recommended, useposix=true, d_sigaction=define
    usethreads=define use5005threads=undef useithreads=define usemultiplicity=define
    useperlio=define d_sfio=undef uselargefiles=define usesocks=undef
    use64bitint=define use64bitall=define uselongdouble=undef
    usemymalloc=n, bincompat5005=undef
  Compiler:
    cc='cc', ccflags ='-fno-strict-aliasing -pipe -I/usr/pkg/include',
    optimize='-O',
    cppflags='-fno-strict-aliasing -pipe -I/usr/pkg/include'
    ccversion='', gccversion='4.1.3 20080704 prerelease (NetBSD nb2 20081120)', gccosandvers=''
    intsize=4, longsize=8, ptrsize=8, doublesize=8, byteorder=12345678
    d_longlong=define, longlongsize=8, d_longdbl=define, longdblsize=16
    ivtype='long', ivsize=8, nvtype='double', nvsize=8, Off_t='off_t', lseeksize=8
    alignbytes=8, prototype=define
  Linker and Libraries:
    ld='cc', ldflags =' -Wl,-rpath,/usr/pkg/lib -Wl,-rpath,/usr/local/lib -L/usr/pkg/lib'
    libpth=/usr/pkg/lib /lib /usr/lib
    libs=-lm -lcrypt -lutil -lc -lposix -lpthread
    perllibs=-lm -lcrypt -lutil -lc -lposix -lpthread
    libc=/lib/libc.so, so=so, useshrplib=false, libperl=libperl.a
    gnulibc_version=''
  Dynamic Linking:
    dlsrc=dl_dlopen.xs, dlext=so, d_dlsymun=undef, ccdlflags='-Wl,-E '
    cccdlflags='-DPIC -fPIC ', lddlflags='--whole-archive -shared  -L/usr/pkg/lib'


Characteristics of this binary (from libperl): 
  Compile-time options: MULTIPLICITY PERL_IMPLICIT_CONTEXT PERL_MALLOC_WRAP
                        USE_64_BIT_ALL USE_64_BIT_INT USE_FAST_STDIO
                        USE_ITHREADS USE_LARGE_FILES USE_PERLIO
                        USE_REENTRANT_API
  Built under netbsd
  Compiled at Sep 15 2010 01:02:41
  %ENV:
    PERL5LIB=":/home/cpan/pit/thr/conf/perl-5.8.9/.cpanplus/5.8.9/build/HTML-Template-Bundle-2.9_01/blib/lib:/home/cpan/pit/thr/conf/perl-5.8.9/.cpanplus/5.8.9/build/HTML-Template-Bundle-2.9_01/blib/arch"
    PERL5_CPANPLUS_IS_RUNNING="26785"
    PERL5_CPANPLUS_IS_VERSION="0.9103"
    PERL5_MINISMOKEBOX="0.44"
    PERL5_YACSMOKE_BASE="/home/cpan/pit/thr/conf/perl-5.8.9"
    PERL_EXTUTILS_AUTOINSTALL="--defaultdeps"
    PERL_MM_USE_DEFAULT="1"
  @INC:
    /home/cpan/pit/thr/conf/perl-5.8.9/.cpanplus/5.8.9/build/HTML-Template-Bundle-2.9_01/blib/lib
    /home/cpan/pit/thr/conf/perl-5.8.9/.cpanplus/5.8.9/build/HTML-Template-Bundle-2.9_01/blib/arch
    /home/cpan/pit/thr/perl-5.8.9/lib/5.8.9/amd64-netbsd-thread-multi
    /home/cpan/pit/thr/perl-5.8.9/lib/5.8.9
    /home/cpan/pit/thr/perl-5.8.9/lib/site_perl/5.8.9/amd64-netbsd-thread-multi
    /home/cpan/pit/thr/perl-5.8.9/lib/site_perl/5.8.9
    .