Report for SNMP-LogParser-1.27938

Back
From: metabase:user:30f4dfbe-2aae-11df-837a-5e0a49663a4f
Subject: FAIL SNMP-LogParser-1.27938 v5.14.4 GNU/Linux
Date: 2015-10-03T12:22:38Z

This distribution has been tested as part of the CPAN Testers
project, supporting the Perl programming language.  See
http://wiki.cpantesters.org/ for more information or email
questions to cpan-testers-discuss@perl.org


--
Dear Nito Martinez,

This is a computer-generated report for SNMP-LogParser-1.27938
on perl 5.14.4, created by CPAN-Reporter-1.2015.

Thank you for uploading your work to CPAN.  However, there was a problem
testing your distribution.

If you think this report is invalid, please consult the CPAN Testers Wiki
for suggestions on how to avoid getting FAIL reports for missing library
or binary dependencies, unsupported operating systems, and so on:

http://wiki.cpantesters.org/wiki/CPANAuthorNotes

Sections of this report:

    * Tester comments
    * Program output
    * Prerequisites
    * Environment and other context

------------------------------
TESTER COMMENTS
------------------------------

Additional comments from tester:

this report is from an automated smoke testing program
and was not reviewed by a human for accuracy

------------------------------
PROGRAM OUTPUT
------------------------------

Output from './Build test':

# Testing SNMP::LogParser 1.27938, Perl 5.014004, /home/njh/perl5/perlbrew/perls/perl-5.14.4/bin/perl5.14.4
t/00-load.t ............ ok
t/boilerplate.t ........ ok

#   Failed test 'child [1] executes OK'
#   at t/concurrentProcess.t line 44.
# Looks like you failed 1 test of 4.
t/concurrentProcess.t .. 
Dubious, test returned 1 (wstat 256, 0x100)
Failed 1/4 subtests 
t/logparser.t .......... ok
t/pod-coverage.t ....... skipped: Author test.  Set $ENV{TEST_AUTHOR} to a true value to run.
t/pod.t ................ ok

Test Summary Report
-------------------
t/concurrentProcess.t (Wstat: 256 Tests: 4 Failed: 1)
  Failed test:  1
  Non-zero exit status: 1
Files=6, Tests=28,  3 wallclock secs ( 0.02 usr  0.01 sys +  1.85 cusr  0.15 csys =  2.03 CPU)
Result: FAIL
Failed 1/6 test programs. 1/28 subtests failed.

------------------------------
PREREQUISITES
------------------------------

Prerequisite modules loaded:

requires:

    Module                     Need Have    
    -------------------------- ---- --------
    Config::Properties::Simple 0.14 0.14    
    constant                   0    1.21    
    Data::Dumper               0    2.154   
    Fcntl                      0    1.11    
    File::Spec                 0    3.47    
    File::stat                 0    1.05    
    File::Temp                 0    0.2304  
    Getopt::Long               0    2.45    
    lib                        0    0.63    
    Log::Dispatch::FileRotate  0    1.19    
    Log::Log4perl              0    1.46    
    parent                     0    0.225   
    Pod::Usage                 0    1.36    
    POSIX                      0    1.24    
    Proc::ProcessTable         0    0.53    
    Statistics::Descriptive    0    3.0609  
    Storable                   0    2.27    

build_requires:

    Module                     Need Have    
    -------------------------- ---- --------
    FindBin                    0    1.50    
    IPC::Run3                  0    0.048   
    Test::More                 0    1.001014
    Test::Pod                  1.14 1.48    
    Test::Pod::Coverage        1.04 1.10    
    Test::SharedFork           0    0.34    

configure_requires:

    Module                     Need Have    
    -------------------------- ---- --------
    Module::Build              0    0.4214  


------------------------------
ENVIRONMENT AND OTHER CONTEXT
------------------------------

Environment variables:

    AUTOMATED_TESTING = 1
    LANG = en_US.UTF-8
    PATH = /home/njh/perl5/perlbrew/bin:/home/njh/perl5/perlbrew/perls/perl-5.14.4/bin:/home/njh/perl5/perlbrew/bin:/usr/bin:/bin
    PERL5LIB = /home/njh/.cpan/build/Log-Dispatch-FileRotate-1.19-evlCGB/blib/arch:/home/njh/.cpan/build/Log-Dispatch-FileRotate-1.19-evlCGB/blib/lib:/home/njh/.cpan/build/Proc-ProcessTable-0.53-9j0QoT/blib/arch:/home/njh/.cpan/build/Proc-ProcessTable-0.53-9j0QoT/blib/lib:/home/njh/.cpan/build/Config-Properties-Simple-0.14-U0WLTZ/blib/arch:/home/njh/.cpan/build/Config-Properties-Simple-0.14-U0WLTZ/blib/lib:/home/njh/.cpan/build/Config-Find-0.31-iVVuzZ/blib/arch:/home/njh/.cpan/build/Config-Find-0.31-iVVuzZ/blib/lib:/home/njh/.cpan/build/Config-Properties-1.80-upH4NC/blib/arch:/home/njh/.cpan/build/Config-Properties-1.80-upH4NC/blib/lib:/home/njh/.cpan/build/Test-SharedFork-0.34-49p2Vy/blib/arch:/home/njh/.cpan/build/Test-SharedFork-0.34-49p2Vy/blib/lib:/home/njh/.cpan/build/Statistics-Descriptive-3.0609-fE23Gg/blib/arch:/home/njh/.cpan/build/Statistics-Descriptive-3.0609-fE23Gg/blib/lib
    PERL5OPT = 
    PERL5_CPANPLUS_IS_RUNNING = 15233
    PERL5_CPAN_IS_RUNNING = 15233
    PERL5_MINISMOKEBOX = 0.58
    PERLBREW_BASHRC_VERSION = 0.73
    PERLBREW_LIB = 
    PERLBREW_MANPATH = /home/njh/perl5/perlbrew/perls/perl-5.14.4/man
    PERLBREW_PATH = /home/njh/perl5/perlbrew/bin:/home/njh/perl5/perlbrew/perls/perl-5.14.4/bin
    PERLBREW_PERL = perl-5.14.4
    PERLBREW_ROOT = /home/njh/perl5/perlbrew
    PERLBREW_VERSION = 0.73
    PERL_EXTUTILS_AUTOINSTALL = --defaultdeps
    PERL_LOCAL_LIB_ROOT = 
    PERL_MM_USE_DEFAULT = 1
    SHELL = /bin/sh

Perl special variables (and OS-specific diagnostics, for MSWin32):

    $^X = /home/njh/perl5/perlbrew/perls/perl-5.14.4/bin/perl5.14.4
    $UID/$EUID = 1000 / 1000
    $GID = 1000 4 24 25 29 30 44 46 103 104 107 110 1000
    $EGID = 1000 4 24 25 29 30 44 46 103 104 107 110 1000

Perl module toolchain versions installed:

    Module              Have    
    ------------------- --------
    CPAN                2.10    
    CPAN::Meta          2.150001
    Cwd                 3.47    
    ExtUtils::CBuilder  0.280220
    ExtUtils::Command   7.10    
    ExtUtils::Install   2.04    
    ExtUtils::MakeMaker 7.10    
    ExtUtils::Manifest  1.70    
    ExtUtils::ParseXS   3.24    
    File::Spec          3.47    
    JSON                2.90    
    JSON::PP            2.27203 
    Module::Build       0.4214  
    Module::Signature   n/a     
    Parse::CPAN::Meta   1.4414  
    Test::Harness       3.34    
    Test::More          1.001014
    YAML                1.15    
    YAML::Syck          1.29    
    version             0.88    


--

Summary of my perl5 (revision 5 version 14 subversion 4) configuration:
   
  Platform:
    osname=linux, osvers=3.16-2-amd64, archname=x86_64-linux-thread-multi
    uname='linux cyberpower2 3.16-2-amd64 #1 smp debian 3.16.3-2 (2014-09-20) x86_64 gnulinux '
    config_args='-de -Dprefix=/home/njh/perl5/perlbrew/perls/perl-5.14.4 -Duseithreads -Dusemultiplicity -Dusedevel -Accflags=-O2 -W -Wformat=2 -Wswitch -Wshadow -Wwrite-strings -Wuninitialized -Wall -pipe -mtune=native -march=native -fomit-frame-pointer -msse2 -msse -mmmx -mfpmath=sse -pedantic -D_FORTIFY_SOURCE=2 -Wpointer-arith -Wstrict-prototypes -fstack-protector -Wstack-protector -Wextra -Wbad-function-cast -Wcast-align -Wcast-qual -Wdisabled-optimization -Wendif-labels -Wfloat-equal -Wformat-nonliteral -Winline -Wmissing-declarations -Wmissing-prototypes -Wnested-externs -Wpointer-arith -Wundef -Wformat-security -ftree-vectorize -fdiagnostics-color=auto -Aeval:scriptdir=/home/njh/perl5/perlbrew/perls/perl-5.14.4/bin'
    hint=recommended, useposix=true, d_sigaction=define
    useithreads=define, usemultiplicity=define
    useperlio=define, d_sfio=undef, uselargefiles=define, usesocks=undef
    use64bitint=define, use64bitall=define, uselongdouble=undef
    usemymalloc=n, bincompat5005=undef
  Compiler:
    cc='cc', ccflags ='-D_REENTRANT -D_GNU_SOURCE -O2 -W -Wformat=2 -Wswitch -Wshadow -Wwrite-strings -Wuninitialized -Wall -pipe -mtune=native -march=native -fomit-frame-pointer -msse2 -msse -mmmx -mfpmath=sse -pedantic -D_FORTIFY_SOURCE=2 -Wpointer-arith -Wstrict-prototypes -fstack-protector -Wstack-protector -Wextra -Wbad-function-cast -Wcast-align -Wcast-qual -Wdisabled-optimization -Wendif-labels -Wfloat-equal -Wformat-nonliteral -Winline -Wmissing-declarations -Wmissing-prototypes -Wnested-externs -Wpointer-arith -Wundef -Wformat-security -ftree-vectorize -fdiagnostics-color=auto -fno-strict-aliasing -I/usr/local/include -D_LARGEFILE_SOURCE -D_FILE_OFFSET_BITS=64',
    optimize='-O2',
    cppflags='-D_REENTRANT -D_GNU_SOURCE -O2 -W -Wformat=2 -Wswitch -Wshadow -Wwrite-strings -Wuninitialized -Wall -pipe -mtune=native -march=native -fomit-frame-pointer -msse2 -msse -mmmx -mfpmath=sse -pedantic -D_FORTIFY_SOURCE=2 -Wpointer-arith -Wstrict-prototypes -fstack-protector -Wstack-protector -Wextra -Wbad-function-cast -Wcast-align -Wcast-qual -Wdisabled-optimization -Wendif-labels -Wfloat-equal -Wformat-nonliteral -Winline -Wmissing-declarations -Wmissing-prototypes -Wnested-externs -Wpointer-arith -Wundef -Wformat-security -ftree-vectorize -fdiagnostics-color=auto -fno-strict-aliasing -I/usr/local/include'
    ccversion='', gccversion='4.9.1', gccosandvers=''
    intsize=4, longsize=8, ptrsize=8, doublesize=8, byteorder=12345678
    d_longlong=define, longlongsize=8, d_longdbl=define, longdblsize=16
    ivtype='long', ivsize=8, nvtype='double', nvsize=8, Off_t='off_t', lseeksize=8
    alignbytes=8, prototype=define
  Linker and Libraries:
    ld='cc', ldflags =' -fstack-protector -L/usr/local/lib'
    libpth=/usr/local/lib /lib/x86_64-linux-gnu /lib/../lib /usr/lib/x86_64-linux-gnu /usr/lib/../lib /lib /usr/lib
    libs=-lnsl -lgdbm -ldb -ldl -lm -lcrypt -lutil -lpthread -lc -lgdbm_compat
    perllibs=-lnsl -ldl -lm -lcrypt -lutil -lpthread -lc
    libc=libc-2.19.so, so=so, useshrplib=false, libperl=libperl.a
    gnulibc_version='2.19'
  Dynamic Linking:
    dlsrc=dl_dlopen.xs, dlext=so, d_dlsymun=undef, ccdlflags='-Wl,-E'
    cccdlflags='-fPIC', lddlflags='-shared -O2 -L/usr/local/lib -fstack-protector'


Characteristics of this binary (from libperl): 
  Compile-time options: MULTIPLICITY PERL_DONT_CREATE_GVSV
                        PERL_IMPLICIT_CONTEXT PERL_MALLOC_WRAP
                        PERL_PRESERVE_IVUV PERL_USE_DEVEL USE_64_BIT_ALL
                        USE_64_BIT_INT USE_ITHREADS USE_LARGE_FILES
                        USE_PERLIO USE_PERL_ATOF USE_REENTRANT_API
  Built under linux
  Compiled at Oct 15 2014 08:55:15
  %ENV:
    PERL5LIB="/home/njh/.cpan/build/Log-Dispatch-FileRotate-1.19-evlCGB/blib/arch:/home/njh/.cpan/build/Log-Dispatch-FileRotate-1.19-evlCGB/blib/lib:/home/njh/.cpan/build/Proc-ProcessTable-0.53-9j0QoT/blib/arch:/home/njh/.cpan/build/Proc-ProcessTable-0.53-9j0QoT/blib/lib:/home/njh/.cpan/build/Config-Properties-Simple-0.14-U0WLTZ/blib/arch:/home/njh/.cpan/build/Config-Properties-Simple-0.14-U0WLTZ/blib/lib:/home/njh/.cpan/build/Config-Find-0.31-iVVuzZ/blib/arch:/home/njh/.cpan/build/Config-Find-0.31-iVVuzZ/blib/lib:/home/njh/.cpan/build/Config-Properties-1.80-upH4NC/blib/arch:/home/njh/.cpan/build/Config-Properties-1.80-upH4NC/blib/lib:/home/njh/.cpan/build/Test-SharedFork-0.34-49p2Vy/blib/arch:/home/njh/.cpan/build/Test-SharedFork-0.34-49p2Vy/blib/lib:/home/njh/.cpan/build/Statistics-Descriptive-3.0609-fE23Gg/blib/arch:/home/njh/.cpan/build/Statistics-Descriptive-3.0609-fE23Gg/blib/lib"
    PERL5OPT=""
    PERL5_CPANPLUS_IS_RUNNING="15233"
    PERL5_CPAN_IS_RUNNING="15233"
    PERL5_MINISMOKEBOX="0.58"
    PERLBREW_BASHRC_VERSION="0.73"
    PERLBREW_LIB=""
    PERLBREW_MANPATH="/home/njh/perl5/perlbrew/perls/perl-5.14.4/man"
    PERLBREW_PATH="/home/njh/perl5/perlbrew/bin:/home/njh/perl5/perlbrew/perls/perl-5.14.4/bin"
    PERLBREW_PERL="perl-5.14.4"
    PERLBREW_ROOT="/home/njh/perl5/perlbrew"
    PERLBREW_VERSION="0.73"
    PERL_EXTUTILS_AUTOINSTALL="--defaultdeps"
    PERL_LOCAL_LIB_ROOT=""
    PERL_MM_USE_DEFAULT="1"
  @INC:
    /home/njh/.cpan/build/Log-Dispatch-FileRotate-1.19-evlCGB/blib/arch
    /home/njh/.cpan/build/Log-Dispatch-FileRotate-1.19-evlCGB/blib/lib
    /home/njh/.cpan/build/Proc-ProcessTable-0.53-9j0QoT/blib/arch
    /home/njh/.cpan/build/Proc-ProcessTable-0.53-9j0QoT/blib/lib
    /home/njh/.cpan/build/Config-Properties-Simple-0.14-U0WLTZ/blib/arch
    /home/njh/.cpan/build/Config-Properties-Simple-0.14-U0WLTZ/blib/lib
    /home/njh/.cpan/build/Config-Find-0.31-iVVuzZ/blib/arch
    /home/njh/.cpan/build/Config-Find-0.31-iVVuzZ/blib/lib
    /home/njh/.cpan/build/Config-Properties-1.80-upH4NC/blib/arch
    /home/njh/.cpan/build/Config-Properties-1.80-upH4NC/blib/lib
    /home/njh/.cpan/build/Test-SharedFork-0.34-49p2Vy/blib/arch
    /home/njh/.cpan/build/Test-SharedFork-0.34-49p2Vy/blib/lib
    /home/njh/.cpan/build/Statistics-Descriptive-3.0609-fE23Gg/blib/arch
    /home/njh/.cpan/build/Statistics-Descriptive-3.0609-fE23Gg/blib/lib
    /home/njh/perl5/perlbrew/perls/perl-5.14.4/lib/site_perl/5.14.4/x86_64-linux-thread-multi
    /home/njh/perl5/perlbrew/perls/perl-5.14.4/lib/site_perl/5.14.4
    /home/njh/perl5/perlbrew/perls/perl-5.14.4/lib/5.14.4/x86_64-linux-thread-multi
    /home/njh/perl5/perlbrew/perls/perl-5.14.4/lib/5.14.4
    .