Back
From: metabase:user:30f4dfbe-2aae-11df-837a-5e0a49663a4f
Subject: FAIL IO-Event-0.813 v5.12.5 Mac OS X
Date: 2015-10-22T18:48:07Z
This distribution has been tested as part of the CPAN Testers
project, supporting the Perl programming language. See
http://wiki.cpantesters.org/ for more information or email
questions to cpan-testers-discuss@perl.org
--
Dear David Muir Sharnoff,
This is a computer-generated report for IO-Event-0.813
on perl 5.12.5, created by CPAN-Reporter-1.2015.
Thank you for uploading your work to CPAN. However, there was a problem
testing your distribution.
If you think this report is invalid, please consult the CPAN Testers Wiki
for suggestions on how to avoid getting FAIL reports for missing library
or binary dependencies, unsupported operating systems, and so on:
http://wiki.cpantesters.org/wiki/CPANAuthorNotes
Sections of this report:
* Tester comments
* Program output
* Prerequisites
* Environment and other context
------------------------------
TESTER COMMENTS
------------------------------
Additional comments from tester:
this report is from an automated smoke testing program
and was not reviewed by a human for accuracy
------------------------------
PROGRAM OUTPUT
------------------------------
Output from '/sw/bin/make test':
PERL_DL_NONLAZY=1 "/Users/hornenj/perl5/perlbrew/perls/perl-5.12.5/bin/perl" "-MExtUtils::Command::MM" "-MTest::Harness" "-e" "undef *Test::Harness::Switches; test_harness(0, 'blib/lib', 'blib/arch')" t/*.t
t/callbacks1.t .. ok
t/callbacks2.t .. ok
t/callbacks3.t .. ok
t/forked1.t ..... ok
t/forked2.t ..... ok
t/forked3.t ..... ok
t/getline1.t .... ok
t/getline2.t .... ok
send/receive out of sync 1/0 at /Users/hornenj/.cpan/build/IO-Event-0.813-VEzgFS/t/getline.tt line 523.
at /Users/hornenj/.cpan/build/IO-Event-0.813-VEzgFS/blib/lib/IO/Event.pm line 284.
IO::Event::Common::ie_do_invoke(IO::Event::Socket::INET=GLOB(0x7fd458954b38), 0, "ie_connected") called at /Users/hornenj/.cpan/build/IO-Event-0.813-VEzgFS/blib/lib/IO/Event.pm line 251
IO::Event::Common::ie_invoke(IO::Event::Socket::INET=GLOB(0x7fd458954b38), 0, "ie_connected") called at /Users/hornenj/.cpan/build/IO-Event-0.813-VEzgFS/blib/lib/IO/Event.pm line 341
IO::Event::Common::ie_dispatch_write(IO::Event::Socket::INET=GLOB(0x7fd458954b38)) called at /Users/hornenj/.cpan/build/IO-Event-0.813-VEzgFS/blib/lib/IO/Event/AnyEvent.pm line 99
IO::Event::AnyEvent::__ANON__() called at /Users/hornenj/perl5/perlbrew/perls/perl-5.12.5/lib/site_perl/5.12.5/darwin-2level/AnyEvent/Loop.pm line 248
AnyEvent::Loop::one_event() called at /Users/hornenj/perl5/perlbrew/perls/perl-5.12.5/lib/site_perl/5.12.5/darwin-2level/AnyEvent/Impl/Perl.pm line 46
AnyEvent::CondVar::Base::_wait(AnyEvent::CondVar=HASH(0x7fd45893ad80)) called at /Users/hornenj/perl5/perlbrew/perls/perl-5.12.5/lib/site_perl/5.12.5/darwin-2level/AnyEvent.pm line 2019
AnyEvent::CondVar::Base::recv(AnyEvent::CondVar=HASH(0x7fd45893ad80)) called at /Users/hornenj/.cpan/build/IO-Event-0.813-VEzgFS/blib/lib/IO/Event/AnyEvent.pm line 67
IO::Event::AnyEvent::loop() called at /Users/hornenj/.cpan/build/IO-Event-0.813-VEzgFS/blib/lib/IO/Event.pm line 28
IO::Event::loop() called at /Users/hornenj/.cpan/build/IO-Event-0.813-VEzgFS/t/getline.tt line 448
require /Users/hornenj/.cpan/build/IO-Event-0.813-VEzgFS/t/getline.tt called at t/getline3.t line 11
Compilation failed in require at t/getline3.t line 11.
t/getline3.t ....
Dubious, test returned 255 (wstat 65280, 0xff00)
Failed 20/21 subtests
t/multifork1.t .. ok
t/multifork2.t .. ok
t/multifork3.t .. ok
Test Summary Report
-------------------
t/getline3.t (Wstat: 65280 Tests: 1 Failed: 0)
Non-zero exit status: 255
Parse errors: Bad plan. You planned 21 tests but ran 1.
Files=12, Tests=904, 128 wallclock secs ( 0.10 usr 0.03 sys + 1.04 cusr 0.43 csys = 1.60 CPU)
Result: FAIL
Failed 1/12 test programs. 0/904 subtests failed.
Makefile:873: recipe for target 'test_dynamic' failed
make: *** [test_dynamic] Error 255
------------------------------
PREREQUISITES
------------------------------
Prerequisite modules loaded:
requires:
Module Need Have
------------------- ---- --------
IO::Handle 0 1.28
List::MoreUtils 0 0.413
Time::HiRes 0 1.9726
build_requires:
Module Need Have
------------------- ---- --------
AnyEvent 0 7.11
diagnostics 0 1.19
Event 0 1.24
Test::Simple 0 1.001014
configure_requires:
Module Need Have
------------------- ---- --------
ExtUtils::MakeMaker 0 7.10
------------------------------
ENVIRONMENT AND OTHER CONTEXT
------------------------------
Environment variables:
AUTOMATED_TESTING = 1
LANG = en_US.UTF-8
LC_ALL = POSIX
LD_LIBRARY_PATH = :/net/traces01.be-md.ncbi.nlm.nih.gov/trace_software/vdb/mac/release/x86_64/lib
NO_NETWORK_TESTING = 1
PATH = /Users/hornenj/perl5/perlbrew/bin:/Users/hornenj/perl5/perlbrew/perls/perl-5.12.5/bin:/Users/hornenj/perl5/perlbrew/bin:/Users/hornenj/perl5/perlbrew/perls/perl-5.10.0/bin:/Users/hornenj/bin:/sw/lib/perl5/ExtUtils:/sw/bin:/am/ncbiapdata/bin:/usr/bin:/bin:/usr/X11R6/bin:/netopt/ncbi_tools/bin:/usr/local/ncbi/blast/bin:/net/traces01.be-md.ncbi.nlm.nih.gov/trace_software/vdb/mac/release/x86_64/bin
PERL5LIB = /Users/hornenj/.cpan/build/String-ShellQuote-1.04-cpIN7k/blib/arch:/Users/hornenj/.cpan/build/String-ShellQuote-1.04-cpIN7k/blib/lib:/Users/hornenj/.cpan/build/Log-Any-IfLOG-0.07-OedGPD/blib/arch:/Users/hornenj/.cpan/build/Log-Any-IfLOG-0.07-OedGPD/blib/lib:/Users/hornenj/.cpan/build/Text-WideChar-Util-0.16-h11lnI/blib/arch:/Users/hornenj/.cpan/build/Text-WideChar-Util-0.16-h11lnI/blib/lib:/Users/hornenj/.cpan/build/Data-Structure-Util-0.16-eA1ryZ/blib/arch:/Users/hornenj/.cpan/build/Data-Structure-Util-0.16-eA1ryZ/blib/lib:/Users/hornenj/.cpan/build/Unicode-LineBreak-2015.06-oKGhtb/blib/arch:/Users/hornenj/.cpan/build/Unicode-LineBreak-2015.06-oKGhtb/blib/lib:/Users/hornenj/.cpan/build/Perl-osnames-0.11-GdhN1t/blib/arch:/Users/hornenj/.cpan/build/Perl-osnames-0.11-GdhN1t/blib/lib
PERL5OPT =
PERL5_CPANPLUS_IS_RUNNING = 36917
PERL5_CPAN_IS_RUNNING = 36917
PERL5_MINISMOKEBOX = 0.58
PERLBREW_BASHRC_VERSION = 0.73
PERLBREW_HOME = /Users/hornenj/.perlbrew
PERLBREW_LIB =
PERLBREW_MANPATH = /Users/hornenj/perl5/perlbrew/perls/perl-5.12.5/man
PERLBREW_PATH = /Users/hornenj/perl5/perlbrew/bin:/Users/hornenj/perl5/perlbrew/perls/perl-5.12.5/bin
PERLBREW_PERL = perl-5.12.5
PERLBREW_ROOT = /Users/hornenj/perl5/perlbrew
PERLBREW_VERSION = 0.73
PERL_EXTUTILS_AUTOINSTALL = --defaultdeps
PERL_LOCAL_LIB_ROOT =
PERL_MM_USE_DEFAULT = 1
SHELL = /bin/bash
TERM = xterm-256color
TMPDIR = /var/folders/pz/pd7y1qjs6s3cbk170cw50fjc000c61/T/
VERSIONER_PERL_PREFER_32_BIT = no
VERSIONER_PERL_VERSION = 5.18
ac_cv_path_INTLTOOL_PERL = /usr/bin/perl
Perl special variables (and OS-specific diagnostics, for MSWin32):
$^X = /Users/hornenj/perl5/perlbrew/perls/perl-5.12.5/bin/perl
$UID/$EUID = 12481 / 12481
$GID = 14 14 5344 37191 527 241
$EGID = 14 14 5344 37191 527 241
Perl module toolchain versions installed:
Module Have
------------------- --------
CPAN 2.10
CPAN::Meta 2.150005
Cwd 3.47
ExtUtils::CBuilder 0.280224
ExtUtils::Command 7.10
ExtUtils::Install 2.04
ExtUtils::MakeMaker 7.10
ExtUtils::Manifest 1.70
ExtUtils::ParseXS 3.30
File::Spec 3.47
JSON 2.90
JSON::PP 2.27300
Module::Build 0.4214
Module::Signature n/a
Parse::CPAN::Meta 1.4417
Test::Harness 3.35
Test::More 1.001014
YAML 1.15
YAML::Syck 1.29
version 0.9912
--
Summary of my perl5 (revision 5 version 12 subversion 5) configuration:
Platform:
osname=darwin, osvers=12.2.1, archname=darwin-2level
uname='darwin ncbimac2008.ncbi.nlm.nih.gov 12.2.1 darwin kernel version 12.2.1: thu oct 18 12:13:47 pdt 2012; root:xnu-2050.20.9~1release_x86_64 x86_64 '
config_args='-de -Dprefix=/Users/hornenj/perl5/perlbrew/perls/perl-5.12.5'
hint=recommended, useposix=true, d_sigaction=define
useithreads=undef, usemultiplicity=undef
useperlio=define, d_sfio=undef, uselargefiles=define, usesocks=undef
use64bitint=define, use64bitall=define, uselongdouble=undef
usemymalloc=n, bincompat5005=undef
Compiler:
cc='cc', ccflags ='-fno-common -DPERL_DARWIN -no-cpp-precomp -fno-strict-aliasing -pipe -fstack-protector',
optimize='-O3',
cppflags='-no-cpp-precomp -fno-common -DPERL_DARWIN -no-cpp-precomp -fno-strict-aliasing -pipe -fstack-protector'
ccversion='', gccversion='4.2.1 Compatible Apple LLVM 4.2 (clang-425.0.24)', gccosandvers=''
intsize=4, longsize=8, ptrsize=8, doublesize=8, byteorder=12345678
d_longlong=define, longlongsize=8, d_longdbl=define, longdblsize=16
ivtype='long', ivsize=8, nvtype='double', nvsize=8, Off_t='off_t', lseeksize=8
alignbytes=8, prototype=define
Linker and Libraries:
ld='env MACOSX_DEPLOYMENT_TARGET=10.3 cc', ldflags =' -fstack-protector'
libpth=/usr/lib
libs=-ldbm -ldl -lm -lutil -lc
perllibs=-ldl -lm -lutil -lc
libc=, so=dylib, useshrplib=false, libperl=libperl.a
gnulibc_version=''
Dynamic Linking:
dlsrc=dl_dlopen.xs, dlext=bundle, d_dlsymun=undef, ccdlflags=' '
cccdlflags=' ', lddlflags=' -bundle -undefined dynamic_lookup -fstack-protector'
Characteristics of this binary (from libperl):
Compile-time options: PERL_DONT_CREATE_GVSV PERL_MALLOC_WRAP USE_64_BIT_ALL
USE_64_BIT_INT USE_LARGE_FILES USE_PERLIO
USE_PERL_ATOF
Built under darwin
Compiled at Mar 5 2013 11:08:14
%ENV:
PERL5LIB="/Users/hornenj/.cpan/build/String-ShellQuote-1.04-cpIN7k/blib/arch:/Users/hornenj/.cpan/build/String-ShellQuote-1.04-cpIN7k/blib/lib:/Users/hornenj/.cpan/build/Log-Any-IfLOG-0.07-OedGPD/blib/arch:/Users/hornenj/.cpan/build/Log-Any-IfLOG-0.07-OedGPD/blib/lib:/Users/hornenj/.cpan/build/Text-WideChar-Util-0.16-h11lnI/blib/arch:/Users/hornenj/.cpan/build/Text-WideChar-Util-0.16-h11lnI/blib/lib:/Users/hornenj/.cpan/build/Data-Structure-Util-0.16-eA1ryZ/blib/arch:/Users/hornenj/.cpan/build/Data-Structure-Util-0.16-eA1ryZ/blib/lib:/Users/hornenj/.cpan/build/Unicode-LineBreak-2015.06-oKGhtb/blib/arch:/Users/hornenj/.cpan/build/Unicode-LineBreak-2015.06-oKGhtb/blib/lib:/Users/hornenj/.cpan/build/Perl-osnames-0.11-GdhN1t/blib/arch:/Users/hornenj/.cpan/build/Perl-osnames-0.11-GdhN1t/blib/lib"
PERL5OPT=""
PERL5_CPANPLUS_IS_RUNNING="36917"
PERL5_CPAN_IS_RUNNING="36917"
PERL5_MINISMOKEBOX="0.58"
PERLBREW_BASHRC_VERSION="0.73"
PERLBREW_HOME="/Users/hornenj/.perlbrew"
PERLBREW_LIB=""
PERLBREW_MANPATH="/Users/hornenj/perl5/perlbrew/perls/perl-5.12.5/man"
PERLBREW_PATH="/Users/hornenj/perl5/perlbrew/bin:/Users/hornenj/perl5/perlbrew/perls/perl-5.12.5/bin"
PERLBREW_PERL="perl-5.12.5"
PERLBREW_ROOT="/Users/hornenj/perl5/perlbrew"
PERLBREW_VERSION="0.73"
PERL_EXTUTILS_AUTOINSTALL="--defaultdeps"
PERL_LOCAL_LIB_ROOT=""
PERL_MM_USE_DEFAULT="1"
@INC:
/Users/hornenj/.cpan/build/String-ShellQuote-1.04-cpIN7k/blib/arch
/Users/hornenj/.cpan/build/String-ShellQuote-1.04-cpIN7k/blib/lib
/Users/hornenj/.cpan/build/Log-Any-IfLOG-0.07-OedGPD/blib/arch
/Users/hornenj/.cpan/build/Log-Any-IfLOG-0.07-OedGPD/blib/lib
/Users/hornenj/.cpan/build/Text-WideChar-Util-0.16-h11lnI/blib/arch
/Users/hornenj/.cpan/build/Text-WideChar-Util-0.16-h11lnI/blib/lib
/Users/hornenj/.cpan/build/Data-Structure-Util-0.16-eA1ryZ/blib/arch
/Users/hornenj/.cpan/build/Data-Structure-Util-0.16-eA1ryZ/blib/lib
/Users/hornenj/.cpan/build/Unicode-LineBreak-2015.06-oKGhtb/blib/arch
/Users/hornenj/.cpan/build/Unicode-LineBreak-2015.06-oKGhtb/blib/lib
/Users/hornenj/.cpan/build/Perl-osnames-0.11-GdhN1t/blib/arch
/Users/hornenj/.cpan/build/Perl-osnames-0.11-GdhN1t/blib/lib
/Users/hornenj/perl5/perlbrew/perls/perl-5.12.5/lib/site_perl/5.12.5/darwin-2level
/Users/hornenj/perl5/perlbrew/perls/perl-5.12.5/lib/site_perl/5.12.5
/Users/hornenj/perl5/perlbrew/perls/perl-5.12.5/lib/5.12.5/darwin-2level
/Users/hornenj/perl5/perlbrew/perls/perl-5.12.5/lib/5.12.5
.