Report for HTTP-Command-Wrapper-0.02

Back
From: metabase:user:30f4dfbe-2aae-11df-837a-5e0a49663a4f
Subject: FAIL HTTP-Command-Wrapper-0.02 v5.18.2 Mac OS X
Date: 2015-12-17T07:33:14Z

This distribution has been tested as part of the CPAN Testers
project, supporting the Perl programming language.  See
http://wiki.cpantesters.org/ for more information or email
questions to cpan-testers-discuss@perl.org


--
Dear Pine Mizune,

This is a computer-generated report for HTTP-Command-Wrapper-0.02
on perl 5.18.2, created by CPAN-Reporter-1.2015.

Thank you for uploading your work to CPAN.  However, there was a problem
testing your distribution.

If you think this report is invalid, please consult the CPAN Testers Wiki
for suggestions on how to avoid getting FAIL reports for missing library
or binary dependencies, unsupported operating systems, and so on:

http://wiki.cpantesters.org/wiki/CPANAuthorNotes

Sections of this report:

    * Tester comments
    * Program output
    * Prerequisites
    * Environment and other context

------------------------------
TESTER COMMENTS
------------------------------

Additional comments from tester:

this report is from an automated smoke testing program
and was not reviewed by a human for accuracy

------------------------------
PROGRAM OUTPUT
------------------------------

Output from './Build test':

t/00_compile.t ............................ ok
t/http/command/wrapper/_detect_type.t ..... ok
t/http/command/wrapper/_which.t ........... ok
t/http/command/wrapper/create.t ........... ok
t/http/command/wrapper/curl/_headers.t .... ok
  % Total    % Received % Xferd  Average Speed   Time    Time     Time  Current
                                 Dload  Upload   Total   Spent    Left  Speed

  0     0    0     0    0     0      0      0 --:--:-- --:--:-- --:--:--     0
100  3267  100  3267    0     0   320k      0 --:--:-- --:--:-- --:--:--  354k
    
    #   Failed test at t/http/command/wrapper/curl/download.t line 37.
    #          got: '<!DOCTYPE html PUBLIC "-//W3C//DTD HTML 4.01//EN" "http://www.w3.org/TR/html4/strict.dtd">
    # <html><head>
    # <meta http-equiv="Content-Type" CONTENT="text/html; charset=utf-8">
    # <title>ERROR: The requested URL could not be retrieved</title>
    # <style type="text/css"><!-- 
    #  /*
    #  Stylesheet for Squid Error pages
    #  Adapted from design by Free CSS Templates
    #  http://www.freecsstemplates.org
    #  Released for free under a Creative Commons Attribution 2.5 License
    # */
    # 
    # /* Page basics */
    # * {
    # 	font-family: verdana, sans-serif;
    # }
    # 
    # html body {
    # 	margin: 0;
    # 	padding: 0;
    # 	background: #efefef;
    # 	font-size: 12px;
    # 	color: #1e1e1e;
    # }
    # 
    # /* Page displayed title area */
    # #titles {
    # 	margin-left: 15px;
    # 	padding: 10px;
    # 	padding-left: 100px;
    # 	background: url('http://www.squid-cache.org/Artwork/SN.png') no-repeat left;
    # }
    # 
    # /* initial title */
    # #titles h1 {
    # 	color: #000000;
    # }
    # #titles h2 {
    # 	color: #000000;
    # }
    # 
    # /* special event: FTP success page titles */
    # #titles ftpsuccess {
    # 	background-color:#00ff00;
    # 	width:100%;
    # }
    # 
    # /* Page displayed body content area */
    # #content {
    # 	padding: 10px;
    # 	background: #ffffff;
    # }
    # 
    # /* General text */
    # p {
    # }
    # 
    # /* error brief description */
    # #error p {
    # }
    # 
    # /* some data which may have caused the problem */
    # #data {
    # }
    # 
    # /* the error message received from the system or other software */
    # #sysmsg {
    # }
    # 
    # pre {
    #     font-family:sans-serif;
    # }
    # 
    # /* special event: FTP / Gopher directory listing */
    # #dirmsg {
    #     font-family: courier;
    #     color: black;
    #     font-size: 10pt;
    # }
    # #dirlisting {
    #     margin-left: 2%;
    #     margin-right: 2%;
    # }
    # #dirlisting tr.entry td.icon,td.filename,td.size,td.date {
    #     border-bottom: groove;
    # }
    # #dirlisting td.size {
    #     width: 50px;
    #     text-align: right;
    #     padding-right: 5px;
    # }
    # 
    # /* horizontal lines */
    # hr {
    # 	margin: 0;
    # }
    # 
    # /* page displayed footer area */
    # #footer {
    # 	font-size: 9px;
    # 	padding-left: 10px;
    # }
    # 
    # 
    # body
    # :lang(fa) { direction: rtl; font-size: 100%; font-family: Tahoma, Roya, sans-serif; float: right; }
    # :lang(he) { direction: rtl; }
    #  --></style>
    # </head><body id=ERR_CONNECT_FAIL>
    # <div id="titles">
    # <h1>ERROR</h1>
    # <h2>The requested URL could not be retrieved</h2>
    # </div>
    # <hr>
    # 
    # <div id="content">
    # <p>The following error was encountered while trying to retrieve the URL: <a href="http://127.0.0.1:50596/test.txt">http://127.0.0.1:50596/test.txt</a></p>
    # 
    # <blockquote id="error">
    # <p><b>Connection to 127.0.0.1 failed.</b></p>
    # </blockquote>
    # 
    # <p id="sysmsg">The system returned: <i>(111) Connection refused</i></p>
    # 
    # <p>The remote host or network may be down. Please try the request again.</p>
    # 
    # <p>Your cache administrator is <a href="mailto:systems@ncbi.nlm.nih.gov?subject=CacheErrorInfo%20-%20ERR_CONNECT_FAIL&amp;body=CacheHost%3A%20calamari2%0D%0AErrPage%3A%20ERR_CONNECT_FAIL%0D%0AErr%3A%20(111)%20Connection%20refused%0D%0ATimeStamp%3A%20Thu,%2017%20Dec%202015%2007%3A33%3A13%20GMT%0D%0A%0D%0AClientIP%3A%20130.14.12.27%0D%0AServerIP%3A%20127.0.0.1%0D%0A%0D%0AHTTP%20Request%3A%0D%0AGET%20%2Ftest.txt%20HTTP%2F1.1%0AHost%3A%20127.0.0.1%3A50596%0D%0AUser-Agent%3A%20curl%2F7.43.0%0D%0AAccept%3A%20*%2F*%0D%0AProxy-Connection%3A%20Keep-Alive%0D%0A%0D%0A%0D%0A">systems@ncbi.nlm.nih.gov</a>.</p>
    # 
    # <br>
    # </div>
    # 
    # <hr>
    # <div id="footer">
    # <p>Generated Thu, 17 Dec 2015 07:33:13 GMT by calamari2 (squid/3.3.8)</p>
    # <!-- ERR_CONNECT_FAIL -->
    # </div>
    # </body></html>
    # '
    #     expected: 'test
    # '
    # Looks like you failed 1 test of 2.

#   Failed test 'basic'
#   at t/http/command/wrapper/curl/download.t line 38.
# Looks like you failed 1 test of 2.
t/http/command/wrapper/curl/download.t .... 
Dubious, test returned 1 (wstat 256, 0x100)
Failed 1/2 subtests 
    
    #   Failed test at t/http/command/wrapper/curl/fetch.t line 28.
    #          got: '<!DOCTYPE html PUBLIC "-//W3C//DTD HTML 4.01//EN" "http://www.w3.org/TR/html4/strict.dtd">
    # <html><head>
    # <meta http-equiv="Content-Type" CONTENT="text/html; charset=utf-8">
    # <title>ERROR: The requested URL could not be retrieved</title>
    # <style type="text/css"><!-- 
    #  /*
    #  Stylesheet for Squid Error pages
    #  Adapted from design by Free CSS Templates
    #  http://www.freecsstemplates.org
    #  Released for free under a Creative Commons Attribution 2.5 License
    # */
    # 
    # /* Page basics */
    # * {
    # 	font-family: verdana, sans-serif;
    # }
    # 
    # html body {
    # 	margin: 0;
    # 	padding: 0;
    # 	background: #efefef;
    # 	font-size: 12px;
    # 	color: #1e1e1e;
    # }
    # 
    # /* Page displayed title area */
    # #titles {
    # 	margin-left: 15px;
    # 	padding: 10px;
    # 	padding-left: 100px;
    # 	background: url('http://www.squid-cache.org/Artwork/SN.png') no-repeat left;
    # }
    # 
    # /* initial title */
    # #titles h1 {
    # 	color: #000000;
    # }
    # #titles h2 {
    # 	color: #000000;
    # }
    # 
    # /* special event: FTP success page titles */
    # #titles ftpsuccess {
    # 	background-color:#00ff00;
    # 	width:100%;
    # }
    # 
    # /* Page displayed body content area */
    # #content {
    # 	padding: 10px;
    # 	background: #ffffff;
    # }
    # 
    # /* General text */
    # p {
    # }
    # 
    # /* error brief description */
    # #error p {
    # }
    # 
    # /* some data which may have caused the problem */
    # #data {
    # }
    # 
    # /* the error message received from the system or other software */
    # #sysmsg {
    # }
    # 
    # pre {
    #     font-family:sans-serif;
    # }
    # 
    # /* special event: FTP / Gopher directory listing */
    # #dirmsg {
    #     font-family: courier;
    #     color: black;
    #     font-size: 10pt;
    # }
    # #dirlisting {
    #     margin-left: 2%;
    #     margin-right: 2%;
    # }
    # #dirlisting tr.entry td.icon,td.filename,td.size,td.date {
    #     border-bottom: groove;
    # }
    # #dirlisting td.size {
    #     width: 50px;
    #     text-align: right;
    #     padding-right: 5px;
    # }
    # 
    # /* horizontal lines */
    # hr {
    # 	margin: 0;
    # }
    # 
    # /* page displayed footer area */
    # #footer {
    # 	font-size: 9px;
    # 	padding-left: 10px;
    # }
    # 
    # 
    # body
    # :lang(fa) { direction: rtl; font-size: 100%; font-family: Tahoma, Roya, sans-serif; float: right; }
    # :lang(he) { direction: rtl; }
    #  --></style>
    # </head><body id=ERR_CONNECT_FAIL>
    # <div id="titles">
    # <h1>ERROR</h1>
    # <h2>The requested URL could not be retrieved</h2>
    # </div>
    # <hr>
    # 
    # <div id="content">
    # <p>The following error was encountered while trying to retrieve the URL: <a href="http://127.0.0.1:50576/test.txt">http://127.0.0.1:50576/test.txt</a></p>
    # 
    # <blockquote id="error">
    # <p><b>Connection to 127.0.0.1 failed.</b></p>
    # </blockquote>
    # 
    # <p id="sysmsg">The system returned: <i>(111) Connection refused</i></p>
    # 
    # <p>The remote host or network may be down. Please try the request again.</p>
    # 
    # <p>Your cache administrator is <a href="mailto:systems@ncbi.nlm.nih.gov?subject=CacheErrorInfo%20-%20ERR_CONNECT_FAIL&amp;body=CacheHost%3A%20calamari2%0D%0AErrPage%3A%20ERR_CONNECT_FAIL%0D%0AErr%3A%20(111)%20Connection%20refused%0D%0ATimeStamp%3A%20Thu,%2017%20Dec%202015%2007%3A33%3A13%20GMT%0D%0A%0D%0AClientIP%3A%20130.14.12.27%0D%0AServerIP%3A%20127.0.0.1%0D%0A%0D%0AHTTP%20Request%3A%0D%0AGET%20%2Ftest.txt%20HTTP%2F1.1%0AHost%3A%20127.0.0.1%3A50576%0D%0AUser-Agent%3A%20curl%2F7.43.0%0D%0AAccept%3A%20*%2F*%0D%0AProxy-Connection%3A%20Keep-Alive%0D%0A%0D%0A%0D%0A">systems@ncbi.nlm.nih.gov</a>.</p>
    # 
    # <br>
    # </div>
    # 
    # <hr>
    # <div id="footer">
    # <p>Generated Thu, 17 Dec 2015 07:33:13 GMT by calamari2 (squid/3.3.8)</p>
    # <!-- ERR_CONNECT_FAIL -->
    # </div>
    # </body></html>
    # '
    #     expected: 'test
    # '
    # Looks like you failed 1 test of 1.

#   Failed test 'basic'
#   at t/http/command/wrapper/curl/fetch.t line 29.
# Looks like you failed 1 test of 2.
t/http/command/wrapper/curl/fetch.t ....... 
Dubious, test returned 1 (wstat 256, 0x100)
Failed 1/2 subtests 
    
    #   Failed test at t/http/command/wrapper/curl/fetch_able.t line 27.
    # Looks like you failed 1 test of 2.

#   Failed test 'basic'
#   at t/http/command/wrapper/curl/fetch_able.t line 29.
# Looks like you failed 1 test of 2.
t/http/command/wrapper/curl/fetch_able.t .. 
Dubious, test returned 1 (wstat 256, 0x100)
Failed 1/2 subtests 
t/http/command/wrapper/wget/_headers.t .... ok
--2015-12-17 02:33:13--  http://127.0.0.1:50173/test.txt
wget: /Users/hornenj/.netrc:1: unknown token "main"
wget: /Users/hornenj/.netrc:1: unknown token "google.com"
wget: /Users/hornenj/.netrc:2: warning: 'login' token appears before any machine name
wget: /Users/hornenj/.netrc:3: warning: 'password' token appears before any machine name
Resolving webproxy... 10.10.109.12
Connecting to webproxy|10.10.109.12|:3128... connected.
Proxy request sent, awaiting response... 503 Service Unavailable
2015-12-17 02:33:13 ERROR 503: Service Unavailable.

    
    #   Failed test at t/http/command/wrapper/wget/download.t line 36.
    
    #   Failed test at t/http/command/wrapper/wget/download.t line 37.
    #          got: ''
    #     expected: 'test
    # '
    # Looks like you failed 2 tests of 2.

#   Failed test 'basic'
#   at t/http/command/wrapper/wget/download.t line 38.
# Looks like you failed 1 test of 2.
t/http/command/wrapper/wget/download.t .... 
Dubious, test returned 1 (wstat 256, 0x100)
Failed 1/2 subtests 
wget: /Users/hornenj/.netrc:1: unknown token "main"
wget: /Users/hornenj/.netrc:1: unknown token "google.com"
wget: /Users/hornenj/.netrc:2: warning: 'login' token appears before any machine name
wget: /Users/hornenj/.netrc:3: warning: 'password' token appears before any machine name
    
    #   Failed test at t/http/command/wrapper/wget/fetch.t line 28.
    #          got: ''
    #     expected: 'test
    # '
    # Looks like you failed 1 test of 1.

#   Failed test 'basic'
#   at t/http/command/wrapper/wget/fetch.t line 29.
# Looks like you failed 1 test of 2.
t/http/command/wrapper/wget/fetch.t ....... 
Dubious, test returned 1 (wstat 256, 0x100)
Failed 1/2 subtests 
    
    #   Failed test at t/http/command/wrapper/wget/fetch_able.t line 27.
    # Looks like you failed 1 test of 2.

#   Failed test 'basic'
#   at t/http/command/wrapper/wget/fetch_able.t line 29.
# Looks like you failed 1 test of 2.
t/http/command/wrapper/wget/fetch_able.t .. 
Dubious, test returned 1 (wstat 256, 0x100)
Failed 1/2 subtests 

Test Summary Report
-------------------
t/http/command/wrapper/curl/download.t  (Wstat: 256 Tests: 2 Failed: 1)
  Failed test:  2
  Non-zero exit status: 1
t/http/command/wrapper/curl/fetch.t     (Wstat: 256 Tests: 2 Failed: 1)
  Failed test:  2
  Non-zero exit status: 1
t/http/command/wrapper/curl/fetch_able.t (Wstat: 256 Tests: 2 Failed: 1)
  Failed test:  2
  Non-zero exit status: 1
t/http/command/wrapper/wget/download.t  (Wstat: 256 Tests: 2 Failed: 1)
  Failed test:  2
  Non-zero exit status: 1
t/http/command/wrapper/wget/fetch.t     (Wstat: 256 Tests: 2 Failed: 1)
  Failed test:  2
  Non-zero exit status: 1
t/http/command/wrapper/wget/fetch_able.t (Wstat: 256 Tests: 2 Failed: 1)
  Failed test:  2
  Non-zero exit status: 1
Files=12, Tests=25,  1 wallclock secs ( 0.03 usr  0.02 sys +  0.52 cusr  0.17 csys =  0.74 CPU)
Result: FAIL

------------------------------
PREREQUISITES
------------------------------

Prerequisite modules loaded:

requires:

    Module              Need     Have    
    ------------------- -------- --------
    File::Which         1.19     1.19    
    perl                5.008002 5.018002

build_requires:

    Module              Need     Have    
    ------------------- -------- --------
    Capture::Tiny       0.30     0.30    
    File::Slurp         9999.19  9999.19 
    File::Temp          0.2304   0.2304  
    Module::Find        0.13     0.13    
    Perl::Critic        1.126    1.126   
    Plack               1.0037   1.0037  
    Test::Exception     0.40     0.40    
    Test::Mock::Guard   0.10     0.10    
    Test::More          0.98     1.001014
    Test::Perl::Critic  1.03     1.03    
    Test::TCP           2.12     2.12    

configure_requires:

    Module              Need     Have    
    ------------------- -------- --------
    Module::Build::Tiny 0.035    0.039   


------------------------------
ENVIRONMENT AND OTHER CONTEXT
------------------------------

Environment variables:

    AUTOMATED_TESTING = 1
    LANG = en_US.UTF-8
    LC_ALL = POSIX
    LD_LIBRARY_PATH = :/net/traces01.be-md.ncbi.nlm.nih.gov/trace_software/vdb/mac/release/x86_64/lib
    NO_NETWORK_TESTING = 1
    PATH = /Users/hornenj/perl5/perlbrew/bin:/Users/hornenj/perl5/perlbrew/perls/perl-5.18.2/bin:/Users/hornenj/perl5/perlbrew/bin:/Users/hornenj/perl5/perlbrew/perls/perl-5.23.4/bin:/Users/hornenj/bin:/sw/lib/perl5/ExtUtils:/sw/bin:/am/ncbiapdata/bin:/usr/bin:/bin:/usr/X11R6/bin:/netopt/ncbi_tools/bin:/usr/local/ncbi/blast/bin:/net/traces01.be-md.ncbi.nlm.nih.gov/trace_software/vdb/mac/release/x86_64/bin
    PERL5LIB = /Users/hornenj/.cpan/build/Perl-Critic-1.126-oEuACp/blib/arch:/Users/hornenj/.cpan/build/Perl-Critic-1.126-oEuACp/blib/lib:/Users/hornenj/.cpan/build/Test-Exception-0.40-IxLxHD/blib/arch:/Users/hornenj/.cpan/build/Test-Exception-0.40-IxLxHD/blib/lib:/Users/hornenj/.cpan/build/File-Which-1.19-Bnr5Iu/blib/arch:/Users/hornenj/.cpan/build/File-Which-1.19-Bnr5Iu/blib/lib:/Users/hornenj/.cpan/build/Module-Find-0.13-nye8t3/blib/arch:/Users/hornenj/.cpan/build/Module-Find-0.13-nye8t3/blib/lib
    PERL5OPT = 
    PERL5_CPANPLUS_IS_RUNNING = 84512
    PERL5_CPAN_IS_RUNNING = 84512
    PERL5_MINISMOKEBOX = 0.58
    PERLBREW_BASHRC_VERSION = 0.74
    PERLBREW_HOME = /Users/hornenj/.perlbrew
    PERLBREW_LIB = 
    PERLBREW_MANPATH = /Users/hornenj/perl5/perlbrew/perls/perl-5.18.2/man
    PERLBREW_PATH = /Users/hornenj/perl5/perlbrew/bin:/Users/hornenj/perl5/perlbrew/perls/perl-5.18.2/bin
    PERLBREW_PERL = perl-5.18.2
    PERLBREW_ROOT = /Users/hornenj/perl5/perlbrew
    PERLBREW_VERSION = 0.74
    PERL_EXTUTILS_AUTOINSTALL = --defaultdeps
    PERL_LOCAL_LIB_ROOT = 
    PERL_MM_USE_DEFAULT = 1
    SHELL = /bin/bash
    TERM = xterm-256color
    TMPDIR = /var/folders/pz/pd7y1qjs6s3cbk170cw50fjc000c61/T/
    ac_cv_path_INTLTOOL_PERL = /usr/bin/perl

Perl special variables (and OS-specific diagnostics, for MSWin32):

    $^X = /Users/hornenj/perl5/perlbrew/perls/perl-5.18.2/bin/perl
    $UID/$EUID = 12481 / 12481
    $GID = 14 14 5344 37191 527 241
    $EGID = 14 14 5344 37191 527 241

Perl module toolchain versions installed:

    Module              Have    
    ------------------- --------
    CPAN                2.05    
    CPAN::Meta          2.150001
    Cwd                 3.47    
    ExtUtils::CBuilder  0.280223
    ExtUtils::Command   1.20    
    ExtUtils::Install   2.04    
    ExtUtils::MakeMaker 7.04    
    ExtUtils::Manifest  1.70    
    ExtUtils::ParseXS   3.24    
    File::Spec          3.47    
    JSON                2.90    
    JSON::PP            2.27300 
    Module::Build       0.4212  
    Module::Signature   n/a     
    Parse::CPAN::Meta   1.4414  
    Test::Harness       3.35    
    Test::More          1.001014
    YAML                1.15    
    YAML::Syck          1.29    
    version             0.9912  


--

Summary of my perl5 (revision 5 version 18 subversion 2) configuration:
   
  Platform:
    osname=darwin, osvers=12.5.0, archname=darwin-thread-multi-2level
    uname='darwin ncbimac2008.ncbi.nlm.nih.gov 12.5.0 darwin kernel version 12.5.0: mon jul 29 16:33:49 pdt 2013; root:xnu-2050.48.11~1release_x86_64 x86_64 '
    config_args='-Duseithreads -Dusemultiplicity -Dinstallprefix=/Users/hornenj/perl5/perlbrew/perls/perl-5.18.2 -Dprefix=/Users/hornenj/perl5/perlbrew/perls/perl-5.18.2 -de -Accflags=-O2 -W -Wformat=2 -Wswitch -Wshadow -Wwrite-strings -Wuninitialized -Wall -pipe -mtune=native -march=native -fomit-frame-pointer -msse2 -msse -mmmx -pedantic -D_FORTIFY_SOURCE=2 -Wpointer-arith -Wstrict-prototypes -fstack-protector -Wstack-protector -Wextra -Wbad-function-cast -Wcast-align -Wcast-qual -Wdisabled-optimization -Wendif-labels -Wfloat-equal -Wformat-nonliteral -Winline -Wmissing-declarations -Wmissing-prototypes -Wnested-externs -Wpointer-arith -Wundef -Wformat-security -fassociative-math -Acc=clang'
    hint=recommended, useposix=true, d_sigaction=define
    useithreads=define, usemultiplicity=define
    useperlio=define, d_sfio=undef, uselargefiles=define, usesocks=undef
    use64bitint=define, use64bitall=define, uselongdouble=undef
    usemymalloc=n, bincompat5005=undef
  Compiler:
    cc=' clang', ccflags ='-fno-common -DPERL_DARWIN -O2 -W -Wformat=2 -Wswitch -Wshadow -Wwrite-strings -Wuninitialized -Wall -pipe -mtune=native -march=native -fomit-frame-pointer -msse2 -msse -mmmx -pedantic -D_FORTIFY_SOURCE=2 -Wpointer-arith -Wstrict-prototypes -fstack-protector -Wstack-protector -Wextra -Wbad-function-cast -Wcast-align -Wcast-qual -Wdisabled-optimization -Wendif-labels -Wfloat-equal -Wformat-nonliteral -Winline -Wmissing-declarations -Wmissing-prototypes -Wnested-externs -Wpointer-arith -Wundef -Wformat-security -fassociative-math -fno-strict-aliasing -I/usr/local/include',
    optimize='-O3',
    cppflags='-fno-common -DPERL_DARWIN -O2 -W -Wformat=2 -Wswitch -Wshadow -Wwrite-strings -Wuninitialized -Wall -pipe -mtune=native -march=native -fomit-frame-pointer -msse2 -msse -mmmx -pedantic -D_FORTIFY_SOURCE=2 -Wpointer-arith -Wstrict-prototypes -fstack-protector -Wstack-protector -Wextra -Wbad-function-cast -Wcast-align -Wcast-qual -Wdisabled-optimization -Wendif-labels -Wfloat-equal -Wformat-nonliteral -Winline -Wmissing-declarations -Wmissing-prototypes -Wnested-externs -Wpointer-arith -Wundef -Wformat-security -fassociative-math -fno-strict-aliasing -I/usr/local/include'
    ccversion='', gccversion='4.2.1 Compatible Apple LLVM 4.2 (clang-425.0.24)', gccosandvers=''
    intsize=4, longsize=8, ptrsize=8, doublesize=8, byteorder=12345678
    d_longlong=define, longlongsize=8, d_longdbl=define, longdblsize=16
    ivtype='long', ivsize=8, nvtype='double', nvsize=8, Off_t='off_t', lseeksize=8
    alignbytes=8, prototype=define
  Linker and Libraries:
    ld='env MACOSX_DEPLOYMENT_TARGET=10.3 cc', ldflags =' -fstack-protector -L/usr/local/lib'
    libpth=/usr/local/lib /usr/lib
    libs=-ldbm -ldl -lm -lutil -lc
    perllibs=-ldl -lm -lutil -lc
    libc=, so=dylib, useshrplib=false, libperl=libperl.a
    gnulibc_version=''
  Dynamic Linking:
    dlsrc=dl_dlopen.xs, dlext=bundle, d_dlsymun=undef, ccdlflags=' '
    cccdlflags=' ', lddlflags=' -bundle -undefined dynamic_lookup -L/usr/local/lib -fstack-protector'


Characteristics of this binary (from libperl): 
  Compile-time options: HAS_TIMES MULTIPLICITY PERLIO_LAYERS
                        PERL_DONT_CREATE_GVSV
                        PERL_HASH_FUNC_ONE_AT_A_TIME_HARD
                        PERL_IMPLICIT_CONTEXT PERL_MALLOC_WRAP
                        PERL_PRESERVE_IVUV PERL_SAWAMPERSAND USE_64_BIT_ALL
                        USE_64_BIT_INT USE_ITHREADS USE_LARGE_FILES
                        USE_LOCALE USE_LOCALE_COLLATE USE_LOCALE_CTYPE
                        USE_LOCALE_NUMERIC USE_PERLIO USE_PERL_ATOF
                        USE_REENTRANT_API
  Built under darwin
  Compiled at Jan  7 2014 09:17:10
  %ENV:
    PERL5LIB="/Users/hornenj/.cpan/build/Perl-Critic-1.126-oEuACp/blib/arch:/Users/hornenj/.cpan/build/Perl-Critic-1.126-oEuACp/blib/lib:/Users/hornenj/.cpan/build/Test-Exception-0.40-IxLxHD/blib/arch:/Users/hornenj/.cpan/build/Test-Exception-0.40-IxLxHD/blib/lib:/Users/hornenj/.cpan/build/File-Which-1.19-Bnr5Iu/blib/arch:/Users/hornenj/.cpan/build/File-Which-1.19-Bnr5Iu/blib/lib:/Users/hornenj/.cpan/build/Module-Find-0.13-nye8t3/blib/arch:/Users/hornenj/.cpan/build/Module-Find-0.13-nye8t3/blib/lib"
    PERL5OPT=""
    PERL5_CPANPLUS_IS_RUNNING="84512"
    PERL5_CPAN_IS_RUNNING="84512"
    PERL5_MINISMOKEBOX="0.58"
    PERLBREW_BASHRC_VERSION="0.74"
    PERLBREW_HOME="/Users/hornenj/.perlbrew"
    PERLBREW_LIB=""
    PERLBREW_MANPATH="/Users/hornenj/perl5/perlbrew/perls/perl-5.18.2/man"
    PERLBREW_PATH="/Users/hornenj/perl5/perlbrew/bin:/Users/hornenj/perl5/perlbrew/perls/perl-5.18.2/bin"
    PERLBREW_PERL="perl-5.18.2"
    PERLBREW_ROOT="/Users/hornenj/perl5/perlbrew"
    PERLBREW_VERSION="0.74"
    PERL_EXTUTILS_AUTOINSTALL="--defaultdeps"
    PERL_LOCAL_LIB_ROOT=""
    PERL_MM_USE_DEFAULT="1"
  @INC:
    /Users/hornenj/.cpan/build/Perl-Critic-1.126-oEuACp/blib/arch
    /Users/hornenj/.cpan/build/Perl-Critic-1.126-oEuACp/blib/lib
    /Users/hornenj/.cpan/build/Test-Exception-0.40-IxLxHD/blib/arch
    /Users/hornenj/.cpan/build/Test-Exception-0.40-IxLxHD/blib/lib
    /Users/hornenj/.cpan/build/File-Which-1.19-Bnr5Iu/blib/arch
    /Users/hornenj/.cpan/build/File-Which-1.19-Bnr5Iu/blib/lib
    /Users/hornenj/.cpan/build/Module-Find-0.13-nye8t3/blib/arch
    /Users/hornenj/.cpan/build/Module-Find-0.13-nye8t3/blib/lib
    /Users/hornenj/perl5/perlbrew/perls/perl-5.18.2/lib/site_perl/5.18.2/darwin-thread-multi-2level
    /Users/hornenj/perl5/perlbrew/perls/perl-5.18.2/lib/site_perl/5.18.2
    /Users/hornenj/perl5/perlbrew/perls/perl-5.18.2/lib/5.18.2/darwin-thread-multi-2level
    /Users/hornenj/perl5/perlbrew/perls/perl-5.18.2/lib/5.18.2
    .