Report for String-Boolean-0.02

Back
From: metabase:user:314402c4-2aae-11df-837a-5e0a49663a4f
Subject: FAIL String-Boolean-0.02 v5.20.1 RC1 FreeBSD
Date: 2014-08-28T06:27:49Z

This distribution has been tested as part of the CPAN Testers
project, supporting the Perl programming language.  See
http://wiki.cpantesters.org/ for more information or email
questions to cpan-testers-discuss@perl.org


--
Dear Andreas Hernitscheck,

This is a computer-generated report for String-Boolean-0.02
on perl 5.20.1, created by CPAN-Reporter-1.2011.

Thank you for uploading your work to CPAN.  However, there was a problem
testing your distribution.

If you think this report is invalid, please consult the CPAN Testers Wiki
for suggestions on how to avoid getting FAIL reports for missing library
or binary dependencies, unsupported operating systems, and so on:

http://wiki.cpantesters.org/wiki/CPANAuthorNotes

Sections of this report:

    * Tester comments
    * Program output
    * Prerequisites
    * Environment and other context

------------------------------
TESTER COMMENTS
------------------------------

Additional comments from tester:

none provided

------------------------------
PROGRAM OUTPUT
------------------------------

Output from '/usr/bin/make test':

PERL_DL_NONLAZY=1 /usr/perl5.20.1-RC1/bin/perl5.20.1 "-MExtUtils::Command::MM" "-MTest::Harness" "-e" "undef *Test::Harness::Switches; test_harness(0, 'blib/lib', 'blib/arch')" t/*.t
t/01_compile.t ..... ok
Can't locate boolean.pm in @INC (you may need to install the boolean module) (@INC contains: ../lib /home/cpansand/.cpan/build/String-Boolean-tFz2gw/blib/lib /home/cpansand/.cpan/build/String-Boolean-tFz2gw/blib/arch /usr/perl5.20.1-RC1/lib/site_perl/5.20.1/amd64-freebsd /usr/perl5.20.1-RC1/lib/site_perl/5.20.1 /usr/perl5.20.1-RC1/lib/5.20.1/amd64-freebsd /usr/perl5.20.1-RC1/lib/5.20.1 .) at /home/cpansand/.cpan/build/String-Boolean-tFz2gw/blib/lib/String/BooleanSimple.pm line 11.
BEGIN failed--compilation aborted at /home/cpansand/.cpan/build/String-Boolean-tFz2gw/blib/lib/String/BooleanSimple.pm line 11.
Compilation failed in require at t/02_truefalse.t line 9.
BEGIN failed--compilation aborted at t/02_truefalse.t line 9.
t/02_truefalse.t ... 
Dubious, test returned 2 (wstat 512, 0x200)
No subtests run 
Can't locate boolean.pm in @INC (you may need to install the boolean module) (@INC contains: ../lib /home/cpansand/.cpan/build/String-Boolean-tFz2gw/blib/lib /home/cpansand/.cpan/build/String-Boolean-tFz2gw/blib/arch /usr/perl5.20.1-RC1/lib/site_perl/5.20.1/amd64-freebsd /usr/perl5.20.1-RC1/lib/site_perl/5.20.1 /usr/perl5.20.1-RC1/lib/5.20.1/amd64-freebsd /usr/perl5.20.1-RC1/lib/5.20.1 .) at /home/cpansand/.cpan/build/String-Boolean-tFz2gw/blib/lib/String/BooleanSimple.pm line 11.
BEGIN failed--compilation aborted at /home/cpansand/.cpan/build/String-Boolean-tFz2gw/blib/lib/String/BooleanSimple.pm line 11.
Compilation failed in require at t/03_truefalsej.t line 9.
BEGIN failed--compilation aborted at t/03_truefalsej.t line 9.
t/03_truefalsej.t .. 
Dubious, test returned 2 (wstat 512, 0x200)
No subtests run 
Can't locate boolean.pm in @INC (you may need to install the boolean module) (@INC contains: ../lib /home/cpansand/.cpan/build/String-Boolean-tFz2gw/blib/lib /home/cpansand/.cpan/build/String-Boolean-tFz2gw/blib/arch /usr/perl5.20.1-RC1/lib/site_perl/5.20.1/amd64-freebsd /usr/perl5.20.1-RC1/lib/site_perl/5.20.1 /usr/perl5.20.1-RC1/lib/5.20.1/amd64-freebsd /usr/perl5.20.1-RC1/lib/5.20.1 .) at /home/cpansand/.cpan/build/String-Boolean-tFz2gw/blib/lib/String/BooleanSimple.pm line 11.
BEGIN failed--compilation aborted at /home/cpansand/.cpan/build/String-Boolean-tFz2gw/blib/lib/String/BooleanSimple.pm line 11.
Compilation failed in require at t/04_default.t line 9.
BEGIN failed--compilation aborted at t/04_default.t line 9.
t/04_default.t ..... 
Dubious, test returned 2 (wstat 512, 0x200)
No subtests run 

Test Summary Report
-------------------
t/02_truefalse.t (Wstat: 512 Tests: 0 Failed: 0)
  Non-zero exit status: 2
  Parse errors: No plan found in TAP output
t/03_truefalsej.t (Wstat: 512 Tests: 0 Failed: 0)
  Non-zero exit status: 2
  Parse errors: No plan found in TAP output
t/04_default.t   (Wstat: 512 Tests: 0 Failed: 0)
  Non-zero exit status: 2
  Parse errors: No plan found in TAP output
Files=4, Tests=1,  0 wallclock secs ( 0.07 usr  0.03 sys +  0.12 cusr  0.03 csys =  0.25 CPU)
Result: FAIL
Failed 3/4 test programs. 0/1 subtests failed.
*** Error code 2

Stop.
make: stopped in /home/cpansand/.cpan/build/String-Boolean-tFz2gw

------------------------------
PREREQUISITES
------------------------------

Prerequisite modules loaded:

requires:

    Module     Need  Have    
    ---------- ----- --------
    Exporter   0     5.71    
    perl       5.006 5.020001
    strict     0     1.08    

build_requires:

    Module     Need  Have    
    ---------- ----- --------
    Test::More 0     1.001002


------------------------------
ENVIRONMENT AND OTHER CONTEXT
------------------------------

Environment variables:

    DBIC_NO_WARN_BAD_PERL = 1
    LC_ALL = de_DE.ISO8859-1
    PATH = /usr/local/bin:/usr/bin:/bin:/usr/local/sbin:/usr/sbin:/sbin:/home/cpansand/bin/freebsd10.0:/home/cpansand/bin/sh:/home/cpansand/bin:/usr/games:/home/cpansand/devel:/home/eserte/src/srezic-misc/scripts
    PERL5LIB = 
    PERL5OPT = 
    PERL5_CPANPLUS_IS_RUNNING = 51227
    PERL5_CPAN_IS_RUNNING = 51227
    PERL5_CPAN_IS_RUNNING_IN_RECURSION = 51128,51227
    PERLDOC = -MPod::Perldoc::ToTextOverstrike
    PERL_BATCH = yes
    PERL_CPAN_REPORTER_CONFIG = /var/tmp/cpansmoker-1023/hk8Un8Gu3J_config.ini
    PERL_EXTUTILS_AUTOINSTALL = --defaultdeps
    PERL_HTML_DISPLAY_CLASS = HTML::Display::Mozilla
    SHELL = /usr/local/bin/zsh
    TERM = screen
    TMPDIR = /var/tmp/cpansmoker-1023

Perl special variables (and OS-specific diagnostics, for MSWin32):

    $^X = /usr/perl5.20.1-RC1/bin/perl5.20.1
    $UID/$EUID = 1023 / 1023
    $GID = 1023 1023
    $EGID = 1023 1023

Perl module toolchain versions installed:

    Module              Have    
    ------------------- --------
    CPAN                2.05    
    CPAN::Meta          2.140640
    Cwd                 3.48    
    ExtUtils::CBuilder  0.280217
    ExtUtils::Command   1.18    
    ExtUtils::Install   1.67    
    ExtUtils::MakeMaker 6.98    
    ExtUtils::Manifest  1.63    
    ExtUtils::ParseXS   3.24    
    File::Spec          3.48    
    JSON                2.90    
    JSON::PP            2.27203 
    Module::Build       0.4208  
    Module::Signature   n/a     
    Parse::CPAN::Meta   1.4414  
    Test::Harness       3.30    
    Test::More          1.001002
    YAML                1.09    
    YAML::Syck          1.27    
    version             0.9909  


--

Summary of my perl5 (revision 5 version 20 subversion 1) configuration:
   
  Platform:
    osname=freebsd, osvers=10.0-release-p1, archname=amd64-freebsd
    uname='freebsd cvrsnica-freebsd-10-64bit.herceg.de 10.0-release-p1 freebsd 10.0-release-p1 #0: tue apr 8 06:45:06 utc 2014 root@amd64-builder.daemonology.net:usrobjusrsrcsysgeneric amd64 '
    config_args='-ds -e -Dprefix=/usr/perl5.20.1-RC1'
    hint=recommended, useposix=true, d_sigaction=define
    useithreads=undef, usemultiplicity=undef
    use64bitint=define, use64bitall=define, uselongdouble=undef
    usemymalloc=n, bincompat5005=undef
  Compiler:
    cc='cc', ccflags ='-DHAS_FPSETMASK -DHAS_FLOATINGPOINT_H -fno-strict-aliasing -pipe -fstack-protector -I/usr/local/include',
    optimize='-O',
    cppflags='-DHAS_FPSETMASK -DHAS_FLOATINGPOINT_H -fno-strict-aliasing -pipe -fstack-protector -I/usr/local/include'
    ccversion='', gccversion='4.2.1 Compatible FreeBSD Clang 3.3 (tags/RELEASE_33/final 183502)', gccosandvers=''
    intsize=4, longsize=8, ptrsize=8, doublesize=8, byteorder=12345678
    d_longlong=define, longlongsize=8, d_longdbl=define, longdblsize=16
    ivtype='long', ivsize=8, nvtype='double', nvsize=8, Off_t='off_t', lseeksize=8
    alignbytes=8, prototype=define
  Linker and Libraries:
    ld='cc', ldflags ='-Wl,-E  -fstack-protector -L/usr/local/lib'
    libpth=/usr/lib /usr/local/lib /usr/include/clang/3.3 /usr/lib
    libs=-lgdbm -lm -lcrypt -lutil -lc
    perllibs=-lm -lcrypt -lutil -lc
    libc=, so=so, useshrplib=false, libperl=libperl.a
    gnulibc_version=''
  Dynamic Linking:
    dlsrc=dl_dlopen.xs, dlext=so, d_dlsymun=undef, ccdlflags=' '
    cccdlflags='-DPIC -fPIC', lddlflags='-shared  -L/usr/local/lib -fstack-protector'


Characteristics of this binary (from libperl): 
  Compile-time options: HAS_TIMES PERLIO_LAYERS PERL_DONT_CREATE_GVSV
                        PERL_HASH_FUNC_ONE_AT_A_TIME_HARD PERL_MALLOC_WRAP
                        PERL_NEW_COPY_ON_WRITE PERL_PRESERVE_IVUV
                        USE_64_BIT_ALL USE_64_BIT_INT USE_LARGE_FILES
                        USE_LOCALE USE_LOCALE_COLLATE USE_LOCALE_CTYPE
                        USE_LOCALE_NUMERIC USE_PERLIO USE_PERL_ATOF
  Locally applied patches:
	RC1
  Built under freebsd
  Compiled at Aug 25 2014 23:47:41
  %ENV:
    PERL5LIB=""
    PERL5OPT=""
    PERL5_CPANPLUS_IS_RUNNING="51227"
    PERL5_CPAN_IS_RUNNING="51227"
    PERL5_CPAN_IS_RUNNING_IN_RECURSION="51128,51227"
    PERLDOC="-MPod::Perldoc::ToTextOverstrike"
    PERL_BATCH="yes"
    PERL_CPAN_REPORTER_CONFIG="/var/tmp/cpansmoker-1023/hk8Un8Gu3J_config.ini"
    PERL_EXTUTILS_AUTOINSTALL="--defaultdeps"
    PERL_HTML_DISPLAY_CLASS="HTML::Display::Mozilla"
  @INC:
    /usr/perl5.20.1-RC1/lib/site_perl/5.20.1/amd64-freebsd
    /usr/perl5.20.1-RC1/lib/site_perl/5.20.1
    /usr/perl5.20.1-RC1/lib/5.20.1/amd64-freebsd
    /usr/perl5.20.1-RC1/lib/5.20.1
    .