NgxQueue v0.02 Perl 5 v5.27.5 x86_64-linux-thread-multi

Status
Fail
From
Andreas J. König (ANDK)
Dist
NgxQueue v0.02
Platform
Perl 5 v5.27.5 x86_64-linux-thread-multi
Date
2017-09-25 23:37:02
ID
6ea6376a-a24a-11e7-a548-dfaf74e792c7
This distribution has been tested as part of the CPAN Testers
project, supporting the Perl programming language.  See
http://wiki.cpantesters.org/ for more information or email
questions to cpan-testers-discuss@perl.org


--
Dear Daisuke Murase,

This is a computer-generated report for NgxQueue-0.02
on perl 5.27.5, created by CPAN-Reporter-1.2018.

Thank you for uploading your work to CPAN.  However, there was a problem
testing your distribution.

If you think this report is invalid, please consult the CPAN Testers Wiki
for suggestions on how to avoid getting FAIL reports for missing library
or binary dependencies, unsupported operating systems, and so on:

http://wiki.cpantesters.org/wiki/CPANAuthorNotes

Sections of this report:

    * Tester comments
    * Program output
    * Prerequisites
    * Environment and other context

------------------------------
TESTER COMMENTS
------------------------------

Additional comments from tester:

this report is from an automated smoke testing program
and was not reviewed by a human for accuracy

------------------------------
PROGRAM OUTPUT
------------------------------

Output from '/usr/bin/make test':

"/tmp/basesmoker-reloperl-LPtc/bin/perl" "-Iinc" -MExtUtils::Command::MM -e 'cp_nonempty' -- NgxQueue.bs blib/arch/auto/NgxQueue/NgxQueue.bs 644
PERL_DL_NONLAZY=1 "/tmp/basesmoker-reloperl-LPtc/bin/perl" "-MExtUtils::Command::MM" "-MTest::Harness" "-e" "undef *Test::Harness::Switches; test_harness(0, 'inc', 'blib/lib', 'blib/arch'); " t/*.t
# Test for: XS

#   Failed test at t/basic.t line 17.
#          got: undef
#     expected: 'foo'

#   Failed test at t/basic.t line 18.
#          got: undef
#     expected: 'foo'

#   Failed test at t/basic.t line 21.

#   Failed test at t/basic.t line 28.
#          got: undef
#     expected: 'bar'

#   Failed test at t/basic.t line 29.
#          got: undef
#     expected: 'bar'
*** Error in `/tmp/basesmoker-reloperl-LPtc/bin/perl': malloc(): memory corruption (fast): 0x0000563f85800f30 ***
======= Backtrace: =========
/lib/x86_64-linux-gnu/libc.so.6(+0x70bcb)[0x7f8db84f8bcb]
/lib/x86_64-linux-gnu/libc.so.6(+0x76f96)[0x7f8db84fef96]
/lib/x86_64-linux-gnu/libc.so.6(+0x793b1)[0x7f8db85013b1]
/lib/x86_64-linux-gnu/libc.so.6(__libc_malloc+0x54)[0x7f8db8502d84]
/tmp/basesmoker-reloperl-LPtc/bin/perl(Perl_safesysmalloc+0x12)[0x563f8362ce02]
/tmp/basesmoker-reloperl-LPtc/bin/perl(Perl_sv_grow+0xc7)[0x563f836638d7]
/tmp/basesmoker-reloperl-LPtc/bin/perl(Perl_sv_setpvn+0x75)[0x563f8366b285]
/tmp/basesmoker-reloperl-LPtc/bin/perl(Perl_newSVpv+0x67)[0x563f8366bcc7]
/tmp/basesmoker-reloperl-LPtc/bin/perl(Perl_pp_caller+0x1bf)[0x563f83697d2f]
/home/sand/src/perl/repoperls/installed-perls/host/k93msid/v5.27.4-28-g60dfa515ef/1e0c/lib/site_perl/5.27.5/x86_64-linux-thread-multi/auto/Test/LeakTrace/LeakTrace.so(+0x296a)[0x7f8db735b96a]
/tmp/basesmoker-reloperl-LPtc/bin/perl(perl_run+0x319)[0x563f835cd869]
/tmp/basesmoker-reloperl-LPtc/bin/perl(main+0x13d)[0x563f835a4cdd]
/lib/x86_64-linux-gnu/libc.so.6(__libc_start_main+0xf1)[0x7f8db84a82b1]
/tmp/basesmoker-reloperl-LPtc/bin/perl(_start+0x2a)[0x563f835a4d1a]
======= Memory map: ========
563f83579000-563f83771000 r-xp 00000000 00:22 51228169                   /tmp/basesmoker-reloperl-LPtc/bin/perl
563f83971000-563f83976000 r--p 001f8000 00:22 51228169                   /tmp/basesmoker-reloperl-LPtc/bin/perl
563f83976000-563f83979000 rw-p 001fd000 00:22 51228169                   /tmp/basesmoker-reloperl-LPtc/bin/perl
563f83979000-563f8397f000 rw-p 00000000 00:00 0 
563f857d8000-563f85f5e000 rw-p 00000000 00:00 0                          [heap]
7f8db0000000-7f8db0021000 rw-p 00000000 00:00 0 
7f8db0021000-7f8db4000000 ---p 00000000 00:00 0 
7f8db6f3d000-7f8db6f53000 r-xp 00000000 ca:01 659141                     /lib/x86_64-linux-gnu/libgcc_s.so.1
7f8db6f53000-7f8db7152000 ---p 00016000 ca:01 659141                     /lib/x86_64-linux-gnu/libgcc_s.so.1
7f8db7152000-7f8db7153000 r--p 00015000 ca:01 659141                     /lib/x86_64-linux-gnu/libgcc_s.so.1
7f8db7153000-7f8db7154000 rw-p 00016000 ca:01 659141                     /lib/x86_64-linux-gnu/libgcc_s.so.1
7f8db7154000-7f8db7158000 r-xp 00000000 00:22 51917865                   /tmp/loop_over_bdir-16016-HzSFKb/NgxQueue-0.02-0/blib/arch/auto/NgxQueue/NgxQueue.so
7f8db7158000-7f8db7357000 ---p 00004000 00:22 51917865                   /tmp/loop_over_bdir-16016-HzSFKb/NgxQueue-0.02-0/blib/arch/auto/NgxQueue/NgxQueue.so
7f8db7357000-7f8db7358000 r--p 00003000 00:22 51917865                   /tmp/loop_over_bdir-16016-HzSFKb/NgxQueue-0.02-0/blib/arch/auto/NgxQueue/NgxQueue.so
7f8db7358000-7f8db7359000 rw-p 00004000 00:22 51917865                   /tmp/loop_over_bdir-16016-HzSFKb/NgxQueue-0.02-0/blib/arch/auto/NgxQueue/NgxQueue.so
7f8db7359000-7f8db735c000 r-xp 00000000 00:22 51332139                   /tmp/basesmoker-reloperl-LPtc/lib/site_perl/5.27.5/x86_64-linux-thread-multi/auto/Test/LeakTrace/LeakTrace.so
7f8db735c000-7f8db755c000 ---p 00003000 00:22 51332139                   /tmp/basesmoker-reloperl-LPtc/lib/site_perl/5.27.5/x86_64-linux-thread-multi/auto/Test/LeakTrace/LeakTrace.so
7f8db755c000-7f8db755d000 r--p 00003000 00:22 51332139                   /tmp/basesmoker-reloperl-LPtc/lib/site_perl/5.27.5/x86_64-linux-thread-multi/auto/Test/LeakTrace/LeakTrace.so
7f8db755d000-7f8db755e000 rw-p 00004000 00:22 51332139                   /tmp/basesmoker-reloperl-LPtc/lib/site_perl/5.27.5/x86_64-linux-thread-multi/auto/Test/LeakTrace/LeakTrace.so
7f8db755e000-7f8db7562000 r-xp 00000000 00:22 51235282                   /tmp/basesmoker-reloperl-LPtc/lib/5.27.5/x86_64-linux-thread-multi/auto/mro/mro.so
7f8db7562000-7f8db7761000 ---p 00004000 00:22 51235282                   /tmp/basesmoker-reloperl-LPtc/lib/5.27.5/x86_64-linux-thread-multi/auto/mro/mro.so
7f8db7761000-7f8db7762000 r--p 00003000 00:22 51235282                   /tmp/basesmoker-reloperl-LPtc/lib/5.27.5/x86_64-linux-thread-multi/auto/mro/mro.so
7f8db7762000-7f8db7763000 rw-p 00004000 00:22 51235282                   /tmp/basesmoker-reloperl-LPtc/lib/5.27.5/x86_64-linux-thread-multi/auto/mro/mro.so
7f8db7763000-7f8db7779000 r-xp 00000000 00:22 51235270                   /tmp/basesmoker-reloperl-LPtc/lib/5.27.5/x86_64-linux-thread-multi/auto/POSIX/POSIX.so
7f8db7779000-7f8db7979000 ---p 00016000 00:22 51235270                   /tmp/basesmoker-reloperl-LPtc/lib/5.27.5/x86_64-linux-thread-multi/auto/POSIX/POSIX.so
7f8db7979000-7f8db797c000 r--p 00016000 00:22 51235270                   /tmp/basesmoker-reloperl-LPtc/lib/5.27.5/x86_64-linux-thread-multi/auto/POSIX/POSIX.so
7f8db797c000-7f8db797d000 rw-p 00019000 00:22 51235270                   /tmp/basesmoker-reloperl-LPtc/lib/5.27.5/x86_64-linux-thread-multi/auto/POSIX/POSIX.so
7f8db797d000-7f8db7980000 r-xp 00000000 00:22 51236508                   /tmp/basesmoker-reloperl-LPtc/lib/5.27.5/x86_64-linux-thread-multi/auto/Fcntl/Fcntl.so
7f8db7980000-7f8db7b80000 ---p 00003000 00:22 51236508                   /tmp/basesmoker-reloperl-LPtc/lib/5.27.5/x86_64-linux-thread-multi/auto/Fcntl/Fcntl.so
7f8db7b80000-7f8db7b81000 r--p 00003000 00:22 51236508                   /tmp/basesmoker-reloperl-LPtc/lib/5.27.5/x86_64-linux-thread-multi/auto/Fcntl/Fcntl.so
7f8db7b81000-7f8db7b82000 rw-p 00004000 00:22 51236508                   /tmp/basesmoker-reloperl-LPtc/lib/5.27.5/x86_64-linux-thread-multi/auto/Fcntl/Fcntl.so
7f8db7b82000-7f8db7b8e000 r-xp 00000000 00:22 51236524                   /tmp/basesmoker-reloperl-LPtc/lib/5.27.5/x86_64-linux-thread-multi/auto/List/Util/Util.so
7f8db7b8e000-7f8db7d8d000 ---p 0000c000 00:22 51236524                   /tmp/basesmoker-reloperl-LPtc/lib/5.27.5/x86_64-linux-thread-multi/auto/List/Util/Util.so
7f8db7d8d000-7f8db7d8e000 r--p 0000b000 00:22 51236524                   /tmp/basesmoker-reloperl-LPtc/lib/5.27.5/x86_64-linux-thread-multi/auto/List/Util/Util.so
7f8db7d8e000-7f8db7d8f000 rw-p 0000c000 00:22 51236524                   /tmp/basesmoker-reloperl-LPtc/lib/5.27.5/x86_64-linux-thread-multi/auto/List/Util/Util.so
7f8db7d8f000-7f8db8488000 r--p 00000000 ca:01 803940                     /usr/lib/locale/locale-archive
7f8db8488000-7f8db861d000 r-xp 00000000 ca:01 659150                     /lib/x86_64-linux-gnu/libc-2.24.so
7f8db861d000-7f8db881c000 ---p 00195000 ca:01 659150                     /lib/x86_64-linux-gnu/libc-2.24.so
7f8db881c000-7f8db8820000 r--p 00194000 ca:01 659150                     /lib/x86_64-linux-gnu/libc-2.24.so
7f8db8820000-7f8db8822000 rw-p 00198000 ca:01 659150                     /lib/x86_64-linux-gnu/libc-2.24.so
7f8db8822000-7f8db8826000 rw-p 00000000 00:00 0 
7f8db8826000-7f8db8828000 r-xp 00000000 ca:01 659169                     /lib/x86_64-linux-gnu/libutil-2.24.so
7f8db8828000-7f8db8a27000 ---p 00002000 ca:01 659169                     /lib/x86_64-linux-gnu/libutil-2.24.so
7f8db8a27000-7f8db8a28000 r--p 00001000 ca:01 659169                     /lib/x86_64-linux-gnu/libutil-2.24.so
7f8db8a28000-7f8db8a29000 rw-p 00002000 ca:01 659169                     /lib/x86_64-linux-gnu/libutil-2.24.so
7f8db8a29000-7f8db8a31000 r-xp 00000000 ca:01 659152                     /lib/x86_64-linux-gnu/libcrypt-2.24.so
7f8db8a31000-7f8db8c31000 ---p 00008000 ca:01 659152                     /lib/x86_64-linux-gnu/libcrypt-2.24.so
7f8db8c31000-7f8db8c32000 r--p 00008000 ca:01 659152                     /lib/x86_64-linux-gnu/libcrypt-2.24.so
7f8db8c32000-7f8db8c33000 rw-p 00009000 ca:01 659152                     /lib/x86_64-linux-gnu/libcrypt-2.24.so
7f8db8c33000-7f8db8c61000 rw-p 00000000 00:00 0 
7f8db8c61000-7f8db8d64000 r-xp 00000000 ca:01 659154                     /lib/x86_64-linux-gnu/libm-2.24.so
7f8db8d64000-7f8db8f63000 ---p 00103000 ca:01 659154                     /lib/x86_64-linux-gnu/libm-2.24.so
7f8db8f63000-7f8db8f64000 r--p 00102000 ca:01 659154                     /lib/x86_64-linux-gnu/libm-2.24.so
7f8db8f64000-7f8db8f65000 rw-p 00103000 ca:01 659154                     /lib/x86_64-linux-gnu/libm-2.24.so
7f8db8f65000-7f8db8f68000 r-xp 00000000 ca:01 659153                     /lib/x86_64-linux-gnu/libdl-2.24.so
7f8db8f68000-7f8db9167000 ---p 00003000 ca:01 659153                     /lib/x86_64-linux-gnu/libdl-2.24.so
7f8db9167000-7f8db9168000 r--p 00002000 ca:01 659153                     /lib/x86_64-linux-gnu/libdl-2.24.so
7f8db9168000-7f8db9169000 rw-p 00003000 ca:01 659153                     /lib/x86_64-linux-gnu/libdl-2.24.so
7f8db9169000-7f8db917d000 r-xp 00000000 ca:01 659157                     /lib/x86_64-linux-gnu/libnsl-2.24.so
7f8db917d000-7f8db937d000 ---p 00014000 ca:01 659157                     /lib/x86_64-linux-gnu/libnsl-2.24.so
7f8db937d000-7f8db937e000 r--p 00014000 ca:01 659157                     /lib/x86_64-linux-gnu/libnsl-2.24.so
7f8db937e000-7f8db937f000 rw-p 00015000 ca:01 659157                     /lib/x86_64-linux-gnu/libnsl-2.24.so
7f8db937f000-7f8db9381000 rw-p 00000000 00:00 0 
7f8db9381000-7f8db9399000 r-xp 00000000 ca:01 659165                     /lib/x86_64-linux-gnu/libpthread-2.24.so
7f8db9399000-7f8db9598000 ---p 00018000 ca:01 659165                     /lib/x86_64-linux-gnu/libpthread-2.24.so
7f8db9598000-7f8db9599000 r--p 00017000 ca:01 659165                     /lib/x86_64-linux-gnu/libpthread-2.24.so
7f8db9599000-7f8db959a000 rw-p 00018000 ca:01 659165                     /lib/x86_64-linux-gnu/libpthread-2.24.so
7f8db959a000-7f8db959e000 rw-p 00000000 00:00 0 
7f8db959e000-7f8db95c1000 r-xp 00000000 ca:01 659133                     /lib/x86_64-linux-gnu/ld-2.24.so
7f8db97ab000-7f8db97af000 rw-p 00000000 00:00 0 
7f8db97bd000-7f8db97c1000 rw-p 00000000 00:00 0 
7f8db97c1000-7f8db97c2000 r--p 00023000 ca:01 659133                     /lib/x86_64-linux-gnu/ld-2.24.so
7f8db97c2000-7f8db97c3000 rw-p 00024000 ca:01 659133                     /lib/x86_64-linux-gnu/ld-2.24.so
7f8db97c3000-7f8db97c4000 rw-p 00000000 00:00 0 
7fff87223000-7fff87244000 rw-p 00000000 00:00 0                          [stack]
7fff872b0000-7fff872b2000 r--p 00000000 00:00 0                          [vvar]
7fff872b2000-7fff872b4000 r-xp 00000000 00:00 0                          [vdso]
ffffffffff600000-ffffffffff601000 r-xp 00000000 00:00 0                  [vsyscall]
t/basic.t .... 
Failed 5/8 subtests 
t/pp.t ....... ok
t/sv_leak.t .. 
No subtests run 

Test Summary Report
-------------------
t/basic.t  (Wstat: 134 Tests: 8 Failed: 5)
  Failed tests:  3-5, 7-8
  Non-zero wait status: 134
  Parse errors: No plan found in TAP output
t/sv_leak.t (Wstat: 139 Tests: 0 Failed: 0)
  Non-zero wait status: 139
  Parse errors: No plan found in TAP output
Files=3, Tests=10,  0 wallclock secs ( 0.02 usr  0.02 sys +  0.16 cusr  0.04 csys =  0.24 CPU)
Result: FAIL
Failed 2/3 test programs. 5/10 subtests failed.
Makefile:972: recipe for target 'test_dynamic' failed
make: *** [test_dynamic] Error 255

------------------------------
PREREQUISITES
------------------------------

Prerequisite modules loaded:

requires:

    Module              Need     Have    
    ------------------- -------- --------
    perl                5.008001 5.027005
    XSLoader            0.02     0.27    

build_requires:

    Module              Need     Have    
    ------------------- -------- --------
    CPAN::Meta          0        2.150010
    Devel::PPPort       3.2      3.36    
    ExtUtils::MakeMaker 6.36     7.30    
    ExtUtils::ParseXS   2.21     3.35    
    Test::LeakTrace     0.14     0.16    
    Test::More          0.88     1.302096

configure_requires:

    Module              Need     Have    
    ------------------- -------- --------
    CPAN::Meta          0        2.150010
    Devel::PPPort       3.2      3.36    
    ExtUtils::MakeMaker 6.36     7.30    
    ExtUtils::ParseXS   2.21     3.35    


------------------------------
ENVIRONMENT AND OTHER CONTEXT
------------------------------

Environment variables:

    AUTOMATED_TESTING = 1
    LANG = en_US.UTF-8
    PATH = /home/sand/bin:/usr/local/bin:/usr/bin:/bin:/usr/games:/usr/local/perl/bin:/usr/X11/bin:/sbin:/usr/sbin
    PERL5LIB = 
    PERL5OPT = 
    PERL5_CPANPLUS_IS_RUNNING = 16104
    PERL5_CPAN_IS_RUNNING = 16104
    PERL_CANARY_STABILITY_NOPROMPT = 1
    PERL_MM_USE_DEFAULT = 1
    PERL_USE_UNSAFE_INC = 1
    SHELL = /usr/bin/zsh
    TERM = screen

Perl special variables (and OS-specific diagnostics, for MSWin32):

    $^X = /tmp/basesmoker-reloperl-LPtc/bin/perl
    $UID/$EUID = 1005 / 1005
    $GID = 1005 1005
    $EGID = 1005 1005

Perl module toolchain versions installed:

    Module              Have    
    ------------------- --------
    CPAN                2.18    
    CPAN::Meta          2.150010
    Cwd                 3.68    
    ExtUtils::CBuilder  0.280228
    ExtUtils::Command   7.30    
    ExtUtils::Install   2.14    
    ExtUtils::MakeMaker 7.30    
    ExtUtils::Manifest  1.70    
    ExtUtils::ParseXS   3.35    
    File::Spec          3.68    
    JSON                2.94    
    JSON::PP            2.94    
    Module::Build       0.4224  
    Module::Signature   0.81    
    Parse::CPAN::Meta   2.150010
    Test::Harness       3.39    
    Test::More          1.302096
    YAML                1.23    
    YAML::Syck          1.30    
    version             0.9918  


--

Summary of my perl5 (revision 5 version 27 subversion 5) configuration:
  Commit id: 60dfa515ef51ddf3e702d92aee4fffb166ad4d38
  Platform:
    osname=linux
    osvers=4.9.0-2-amd64
    archname=x86_64-linux-thread-multi
    uname='linux k93msid 4.9.0-2-amd64 #1 smp debian 4.9.18-1 (2017-03-30) x86_64 gnulinux '
    config_args='-Dprefix=/home/sand/src/perl/repoperls/installed-perls/host/k93msid/v5.27.4-28-g60dfa515ef/1e0c -Dmyhostname=k93msid -Dinstallusrbinperl=n -Uversiononly -Dusedevel -des -Ui_db -Dlibswanted=cl pthread socket inet nsl gdbm dbm malloc dl ld sun m crypt sec util c cposix posix ucb BSD gdbm_compat -Duseithreads -Uuselongdouble -DEBUGGING=-g'
    hint=recommended
    useposix=true
    d_sigaction=define
    useithreads=define
    usemultiplicity=define
    use64bitint=define
    use64bitall=define
    uselongdouble=undef
    usemymalloc=n
    default_inc_excludes_dot=define
    bincompat5005=undef
  Compiler:
    cc='cc'
    ccflags ='-D_REENTRANT -D_GNU_SOURCE -fwrapv -fno-strict-aliasing -pipe -fstack-protector-strong -I/usr/local/include -D_LARGEFILE_SOURCE -D_FILE_OFFSET_BITS=64 -D_FORTIFY_SOURCE=2'
    optimize='-O2 -g'
    cppflags='-D_REENTRANT -D_GNU_SOURCE -fwrapv -fno-strict-aliasing -pipe -fstack-protector-strong -I/usr/local/include'
    ccversion=''
    gccversion='6.3.0 20170406'
    gccosandvers=''
    intsize=4
    longsize=8
    ptrsize=8
    doublesize=8
    byteorder=12345678
    doublekind=3
    d_longlong=define
    longlongsize=8
    d_longdbl=define
    longdblsize=16
    longdblkind=3
    ivtype='long'
    ivsize=8
    nvtype='double'
    nvsize=8
    Off_t='off_t'
    lseeksize=8
    alignbytes=8
    prototype=define
  Linker and Libraries:
    ld='cc'
    ldflags =' -fstack-protector-strong -L/usr/local/lib'
    libpth=/usr/local/lib /usr/lib/gcc/x86_64-linux-gnu/6/include-fixed /usr/include/x86_64-linux-gnu /usr/lib /lib/x86_64-linux-gnu /lib/../lib /usr/lib/x86_64-linux-gnu /usr/lib/../lib /lib
    libs=-lpthread -lnsl -ldl -lm -lcrypt -lutil -lc
    perllibs=-lpthread -lnsl -ldl -lm -lcrypt -lutil -lc
    libc=libc-2.24.so
    so=so
    useshrplib=false
    libperl=libperl.a
    gnulibc_version='2.24'
  Dynamic Linking:
    dlsrc=dl_dlopen.xs
    dlext=so
    d_dlsymun=undef
    ccdlflags='-Wl,-E'
    cccdlflags='-fPIC'
    lddlflags='-shared -O2 -g -L/usr/local/lib -fstack-protector-strong'


Characteristics of this binary (from libperl): 
  Compile-time options:
    HAS_TIMES
    MULTIPLICITY
    PERLIO_LAYERS
    PERL_COPY_ON_WRITE
    PERL_DONT_CREATE_GVSV
    PERL_IMPLICIT_CONTEXT
    PERL_MALLOC_WRAP
    PERL_OP_PARENT
    PERL_PRESERVE_IVUV
    PERL_USE_DEVEL
    USE_64_BIT_ALL
    USE_64_BIT_INT
    USE_ITHREADS
    USE_LARGE_FILES
    USE_LOCALE
    USE_LOCALE_COLLATE
    USE_LOCALE_CTYPE
    USE_LOCALE_NUMERIC
    USE_LOCALE_TIME
    USE_PERLIO
    USE_PERL_ATOF
    USE_REENTRANT_API
  Built under linux
  Compiled at Sep 25 2017 09:38:06
  %ENV:
    PERL5LIB=""
    PERL5OPT=""
    PERL5_CPANPLUS_IS_RUNNING="16104"
    PERL5_CPAN_IS_RUNNING="16104"
    PERL_CANARY_STABILITY_NOPROMPT="1"
    PERL_MM_USE_DEFAULT="1"
    PERL_USE_UNSAFE_INC="1"
  @INC:
    /home/sand/src/perl/repoperls/installed-perls/host/k93msid/v5.27.4-28-g60dfa515ef/1e0c/lib/site_perl/5.27.5/x86_64-linux-thread-multi
    /home/sand/src/perl/repoperls/installed-perls/host/k93msid/v5.27.4-28-g60dfa515ef/1e0c/lib/site_perl/5.27.5
    /home/sand/src/perl/repoperls/installed-perls/host/k93msid/v5.27.4-28-g60dfa515ef/1e0c/lib/5.27.5/x86_64-linux-thread-multi
    /home/sand/src/perl/repoperls/installed-perls/host/k93msid/v5.27.4-28-g60dfa515ef/1e0c/lib/5.27.5
    .