Report for Regexp-Extended-0.01

Back
From: metabase:user:30f0bd62-2aae-11df-837a-5e0a49663a4f
Subject: FAIL Regexp-Extended-0.01 v5.12.2 GNU/Linux
Date: 2010-11-11T19:32:32Z

This distribution has been tested as part of the CPAN Testers
project, supporting the Perl programming language.  See
http://wiki.cpantesters.org/ for more information or email
questions to cpan-testers-discuss@perl.org


--
Dear Daniel Shane,

This is a computer-generated report for Regexp-Extended-0.01
on perl 5.12.2, created by CPAN-Reporter-1.1805.

Thank you for uploading your work to CPAN.  However, there was a problem
testing your distribution.

If you think this report is invalid, please consult the CPAN Testers Wiki
for suggestions on how to avoid getting FAIL reports for missing library
or binary dependencies, unsupported operating systems, and so on:

http://wiki.cpantesters.org/wiki/CPANAuthorNotes

Sections of this report:

    * Tester comments
    * Program output
    * Prerequisites
    * Environment and other context

------------------------------
TESTER COMMENTS
------------------------------

Additional comments from tester:

this report is from an automated smoke testing program
and was not reviewed by a human for accuracy

------------------------------
PROGRAM OUTPUT
------------------------------

Output from '/usr/bin/make test':

PERL_DL_NONLAZY=1 /home/sts/cpansmoke/perl-5.12.2/bin/perl "-MExtUtils::Command::MM" "-e" "test_harness(0, 'blib/lib', 'blib/arch')" t/*.t
Variable "$parenGrp" is not imported at (re_eval 1) line 2.
Global symbol "$parenGrp" requires explicit package name at (re_eval 1) line 2.
Compilation failed in regexp at /home/sts/cpansmoke/perl-5.12.2/cpan/build/Regexp-Extended-0.01-yXZzjM/blib/lib/Regexp/Extended.pm line 62.
Compilation failed in require at t/00-basic.t line 6.
BEGIN failed--compilation aborted at t/00-basic.t line 6.
# Failed test 1 in t/00-basic.t at line 4
#  t/00-basic.t line 4 is: END   { ok(0) unless $loaded }
t/00-basic.t ........ 
Dubious, test returned 255 (wstat 65280, 0xff00)
Failed 1/1 subtests 
Variable "$parenGrp" is not imported at (re_eval 1) line 2.
Global symbol "$parenGrp" requires explicit package name at (re_eval 1) line 2.
Compilation failed in regexp at /home/sts/cpansmoke/perl-5.12.2/cpan/build/Regexp-Extended-0.01-yXZzjM/blib/lib/Regexp/Extended.pm line 62.
Compilation failed in require at t/01-newfeatures.t line 8.
BEGIN failed--compilation aborted at t/01-newfeatures.t line 8.
t/01-newfeatures.t .. 
Dubious, test returned 255 (wstat 65280, 0xff00)
Failed 11/11 subtests 
Can't locate Clone.pm in @INC (@INC contains: /home/sts/cpansmoke/perl-5.12.2/cpan/build/Regexp-Extended-0.01-yXZzjM/blib/lib /home/sts/cpansmoke/perl-5.12.2/cpan/build/Regexp-Extended-0.01-yXZzjM/blib/arch /home/sts/cpansmoke/perl-5.12.2/lib/site_perl/5.12.2/i686-linux-thread-multi /home/sts/cpansmoke/perl-5.12.2/lib/site_perl/5.12.2 /home/sts/cpansmoke/perl-5.12.2/lib/5.12.2/i686-linux-thread-multi /home/sts/cpansmoke/perl-5.12.2/lib/5.12.2 .) at t/02-match.t line 5.
BEGIN failed--compilation aborted at t/02-match.t line 5.
t/02-match.t ........ 
Dubious, test returned 2 (wstat 512, 0x200)
No subtests run 

Test Summary Report
-------------------
t/00-basic.t      (Wstat: 65280 Tests: 1 Failed: 1)
  Failed test:  1
  Non-zero exit status: 255
t/01-newfeatures.t (Wstat: 65280 Tests: 0 Failed: 0)
  Non-zero exit status: 255
  Parse errors: Bad plan.  You planned 11 tests but ran 0.
t/02-match.t      (Wstat: 512 Tests: 0 Failed: 0)
  Non-zero exit status: 2
  Parse errors: No plan found in TAP output
Files=3, Tests=1,  0 wallclock secs ( 0.02 usr  0.01 sys +  0.05 cusr  0.02 csys =  0.10 CPU)
Result: FAIL
Failed 3/3 test programs. 1/1 subtests failed.
make: *** [test_dynamic] Error 2

------------------------------
PREREQUISITES
------------------------------

Prerequisite modules loaded:

    No requirements found

------------------------------
ENVIRONMENT AND OTHER CONTEXT
------------------------------

Environment variables:

    AUTOMATED_TESTING = 1
    LANG = en_US.UTF-8
    PATH = /usr/local/bin:/usr/bin:/bin:/usr/games
    PERL5LIB = 
    PERL5OPT = 
    PERL5_CPANPLUS_IS_RUNNING = 14764
    PERL5_CPAN_IS_RUNNING = 14764
    PERL5_CPAN_IS_RUNNING_IN_RECURSION = 968,14764
    PERL_CR_SMOKER_CURRENT = Regexp-Extended-0.01
    PERL_EXTUTILS_AUTOINSTALL = --defaultdeps
    PERL_MM_USE_DEFAULT = 1
    SHELL = /bin/bash
    TERM = screen

Perl special variables (and OS-specific diagnostics, for MSWin32):

    $^X = /home/sts/cpansmoke/perl-5.12.2/bin/perl
    $UID/$EUID = 1000 / 1000
    $GID = 1000 1000
    $EGID = 1000 1000

Perl module toolchain versions installed:

    Module              Have   
    ------------------- -------
    CPAN                1.94_56
    Cwd                 3.31   
    ExtUtils::CBuilder  0.27   
    ExtUtils::Command   1.16   
    ExtUtils::Install   1.55   
    ExtUtils::MakeMaker 6.56   
    ExtUtils::Manifest  1.57   
    ExtUtils::ParseXS   2.21   
    File::Spec          3.31_01
    Module::Build       0.3603 
    Module::Signature   n/a    
    Test::Harness       3.17   
    Test::More          0.96   
    YAML                n/a    
    YAML::Syck          1.15   
    version             0.82   


--

Summary of my perl5 (revision 5 version 12 subversion 2) configuration:
   
  Platform:
    osname=linux, osvers=2.6.26-2-openvz-686, archname=i686-linux-thread-multi
    uname='linux cpansmoke1 2.6.26-2-openvz-686 #1 smp thu sep 16 22:16:19 utc 2010 i686 gnulinux '
    config_args='-des -Dusethreads -Dprefix=/home/sts/cpansmoke/perl-5.12.2'
    hint=recommended, useposix=true, d_sigaction=define
    useithreads=define, usemultiplicity=define
    useperlio=define, d_sfio=undef, uselargefiles=define, usesocks=undef
    use64bitint=undef, use64bitall=undef, uselongdouble=undef
    usemymalloc=n, bincompat5005=undef
  Compiler:
    cc='cc', ccflags ='-D_REENTRANT -D_GNU_SOURCE -fno-strict-aliasing -pipe -fstack-protector -I/usr/local/include -D_LARGEFILE_SOURCE -D_FILE_OFFSET_BITS=64',
    optimize='-O2',
    cppflags='-D_REENTRANT -D_GNU_SOURCE -fno-strict-aliasing -pipe -fstack-protector -I/usr/local/include'
    ccversion='', gccversion='4.3.2', gccosandvers=''
    intsize=4, longsize=4, ptrsize=4, doublesize=8, byteorder=1234
    d_longlong=define, longlongsize=8, d_longdbl=define, longdblsize=12
    ivtype='long', ivsize=4, nvtype='double', nvsize=8, Off_t='off_t', lseeksize=8
    alignbytes=4, prototype=define
  Linker and Libraries:
    ld='cc', ldflags =' -fstack-protector -L/usr/local/lib'
    libpth=/usr/local/lib /lib /usr/lib
    libs=-lnsl -ldb -ldl -lm -lcrypt -lutil -lpthread -lc
    perllibs=-lnsl -ldl -lm -lcrypt -lutil -lpthread -lc
    libc=/lib/libc-2.7.so, so=so, useshrplib=false, libperl=libperl.a
    gnulibc_version='2.7'
  Dynamic Linking:
    dlsrc=dl_dlopen.xs, dlext=so, d_dlsymun=undef, ccdlflags='-Wl,-E'
    cccdlflags='-fPIC', lddlflags='-shared -O2 -L/usr/local/lib -fstack-protector'


Characteristics of this binary (from libperl): 
  Compile-time options: MULTIPLICITY PERL_DONT_CREATE_GVSV
                        PERL_IMPLICIT_CONTEXT PERL_MALLOC_WRAP USE_ITHREADS
                        USE_LARGE_FILES USE_PERLIO USE_PERL_ATOF
                        USE_REENTRANT_API
  Built under linux
  Compiled at Oct 27 2010 20:24:10
  %ENV:
    PERL5LIB=""
    PERL5OPT=""
    PERL5_CPANPLUS_IS_RUNNING="14764"
    PERL5_CPAN_IS_RUNNING="14764"
    PERL5_CPAN_IS_RUNNING_IN_RECURSION="968,14764"
    PERL_CR_SMOKER_CURRENT="Regexp-Extended-0.01"
    PERL_EXTUTILS_AUTOINSTALL="--defaultdeps"
    PERL_MM_USE_DEFAULT="1"
  @INC:
    /home/sts/cpansmoke/perl-5.12.2/lib/site_perl/5.12.2/i686-linux-thread-multi
    /home/sts/cpansmoke/perl-5.12.2/lib/site_perl/5.12.2
    /home/sts/cpansmoke/perl-5.12.2/lib/5.12.2/i686-linux-thread-multi
    /home/sts/cpansmoke/perl-5.12.2/lib/5.12.2
    .