Report for Module-Build-JSAN-Installable-0.13

Back
From: metabase:user:320bfe00-2aae-11df-837a-5e0a49663a4f
Subject: FAIL Module-Build-JSAN-Installable-0.13 v5.20.1 RC2 GNU/Linux
Date: 2014-09-10T14:47:46Z

This distribution has been tested as part of the CPAN Testers
project, supporting the Perl programming language.  See
http://wiki.cpantesters.org/ for more information or email
questions to cpan-testers-discuss@perl.org


--
Dear Nickolay Platonov,

This is a computer-generated report for Module-Build-JSAN-Installable-0.13
on perl 5.20.1, created by CPAN-Reporter-1.2011.

Thank you for uploading your work to CPAN.  However, there was a problem
testing your distribution.

If you think this report is invalid, please consult the CPAN Testers Wiki
for suggestions on how to avoid getting FAIL reports for missing library
or binary dependencies, unsupported operating systems, and so on:

http://wiki.cpantesters.org/wiki/CPANAuthorNotes

Sections of this report:

    * Tester comments
    * Program output
    * Prerequisites
    * Environment and other context

------------------------------
TESTER COMMENTS
------------------------------

Additional comments from tester:

this report is from an automated smoke testing program
and was not reviewed by a human for accuracy

------------------------------
PROGRAM OUTPUT
------------------------------

Output from './Build test':

# Testing Module::Build::JSAN::Installable 0.13, Perl 5.020001, /tmp/basesmoker-reloperl-ujJv/bin/perl
t/00-load.t ................ ok
# Using Module::Build::JSAN::Installable 0.13
# Running ./Build on test distribution #1

#   Failed test 'META.json was created'
#   at t/01_basic_and_share.t line 29.
# Checking 'author'
# Checking build elements
# Checking 'requires'
# Checking 'build_requires'
# Checking 'configure_requires'
# Various options
Can't read META.json: No such file or directory at t/01_basic_and_share.t line 92.
# Looks like you planned 11 tests but ran 10.
# Looks like you failed 1 test of 10 run.
# Looks like your test exited with 2 just after 10.
t/01_basic_and_share.t ..... 
Dubious, test returned 2 (wstat 512, 0x200)
Failed 2/11 subtests 
# Using Module::Build::JSAN::Installable 0.13
# Running ./Build on test distribution #1
File 'MANIFEST.SKIP' does not exist: Creating a temporary 'MANIFEST.SKIP'
Added to MANIFEST: lib/Digest/MD5.js
Added to MANIFEST: lib/Digest/MD5.mmd
Added to MANIFEST: MANIFEST
Added to MANIFEST: README
t/02_separate_docs_file.t .. ok
# Using Module::Build::JSAN::Installable 0.13
# Running ./Build on test distribution
t/03_tasks.t ............... ok

Test Summary Report
-------------------
t/01_basic_and_share.t   (Wstat: 512 Tests: 10 Failed: 1)
  Failed test:  3
  Non-zero exit status: 2
  Parse errors: Bad plan.  You planned 11 tests but ran 10.
Files=4, Tests=31,  2 wallclock secs ( 0.03 usr  0.00 sys +  1.06 cusr  0.10 csys =  1.19 CPU)
Result: FAIL
Failed 1/4 test programs. 1/31 subtests failed.

------------------------------
PREREQUISITES
------------------------------

Prerequisite modules loaded:

requires:

    Module              Need    Have    
    ------------------- ------- --------
    JSON                2.00    2.90    
    Module::Build       0.35    0.4210  
    Module::Build::JSAN 0.05    0.05    
    Path::Class         0.16    0.34    
    Text::Markdown      v1.0.26 1.000031
    Text::MultiMarkdown v1.0.29 1.000035

build_requires:

    Module              Need    Have    
    ------------------- ------- --------
    Capture::Tiny       0.06    0.25    
    Module::Build       0.3601  0.4210  
    Test::More          0       1.001006


------------------------------
ENVIRONMENT AND OTHER CONTEXT
------------------------------

Environment variables:

    AUTOMATED_TESTING = 1
    LANG = en_US.UTF-8
    LANGUAGE = en_US:en
    PATH = /usr/lib/ccache:/home/sand/bin:/usr/local/bin:/usr/bin:/bin:/usr/games:/usr/local/perl/bin:/usr/X11/bin:/sbin:/usr/sbin
    PERL5LIB = /tmp/loop_over_bdir-28925-XEYfjW/FusionInventory-Agent-2.3.10.1-0xJXZD/blib/arch:/tmp/loop_over_bdir-28925-XEYfjW/FusionInventory-Agent-2.3.10.1-0xJXZD/blib/lib
    PERL5OPT = 
    PERL5_CPANPLUS_IS_RUNNING = 29359
    PERL5_CPAN_IS_RUNNING = 29359
    PERL_MM_USE_DEFAULT = 1
    SHELL = /usr/bin/zsh
    TERM = screen

Perl special variables (and OS-specific diagnostics, for MSWin32):

    $^X = /tmp/basesmoker-reloperl-ujJv/bin/perl
    $UID/$EUID = 1005 / 1005
    $GID = 1005 1005
    $EGID = 1005 1005

Perl module toolchain versions installed:

    Module              Have    
    ------------------- --------
    CPAN                2.05    
    CPAN::Meta          2.142060
    Cwd                 3.48    
    ExtUtils::CBuilder  0.280219
    ExtUtils::Command   1.18    
    ExtUtils::Install   1.68    
    ExtUtils::MakeMaker 6.99_11 
    ExtUtils::Manifest  1.66    
    ExtUtils::ParseXS   3.24    
    File::Spec          3.48    
    JSON                2.90    
    JSON::PP            2.27203 
    Module::Build       0.4210  
    Module::Signature   0.73    
    Parse::CPAN::Meta   1.4414  
    Test::Harness       3.33    
    Test::More          1.001006
    YAML                1.11    
    YAML::Syck          1.27    
    version             0.9909  


--

Summary of my perl5 (revision 5 version 20 subversion 1) configuration:
  Commit id: 1744095c937db890a7a8a7384a7aa3f343682886
  Platform:
    osname=linux, osvers=3.14-2-amd64, archname=x86_64-linux-ld
    uname='linux k83 3.14-2-amd64 #1 smp debian 3.14.15-2 (2014-08-09) x86_64 gnulinux '
    config_args='-Dprefix=/home/sand/src/perl/repoperls/installed-perls/perl/v5.20.1-RC2/127e -Dmyhostname=k83 -Dinstallusrbinperl=n -Uversiononly -Dusedevel -des -Ui_db -Uuseithreads -Duselongdouble -DDEBUGGING=-g'
    hint=recommended, useposix=true, d_sigaction=define
    useithreads=undef, usemultiplicity=undef
    use64bitint=define, use64bitall=define, uselongdouble=define
    usemymalloc=n, bincompat5005=undef
  Compiler:
    cc='cc', ccflags ='-fwrapv -fno-strict-aliasing -pipe -fstack-protector -I/usr/local/include -D_LARGEFILE_SOURCE -D_FILE_OFFSET_BITS=64',
    optimize='-O2 -g',
    cppflags='-fwrapv -fno-strict-aliasing -pipe -fstack-protector -I/usr/local/include'
    ccversion='', gccversion='4.9.1', gccosandvers=''
    intsize=4, longsize=8, ptrsize=8, doublesize=8, byteorder=12345678
    d_longlong=define, longlongsize=8, d_longdbl=define, longdblsize=16
    ivtype='long', ivsize=8, nvtype='long double', nvsize=16, Off_t='off_t', lseeksize=8
    alignbytes=16, prototype=define
  Linker and Libraries:
    ld='cc', ldflags =' -fstack-protector -L/usr/local/lib'
    libpth=/usr/local/lib /usr/lib/gcc/x86_64-linux-gnu/4.9/include-fixed /usr/include/x86_64-linux-gnu /usr/lib /lib/x86_64-linux-gnu /lib/../lib /usr/lib/x86_64-linux-gnu /usr/lib/../lib /lib
    libs=-lnsl -lgdbm -ldb -ldl -lm -lcrypt -lutil -lc -lgdbm_compat
    perllibs=-lnsl -ldl -lm -lcrypt -lutil -lc
    libc=libc-2.19.so, so=so, useshrplib=false, libperl=libperl.a
    gnulibc_version='2.19'
  Dynamic Linking:
    dlsrc=dl_dlopen.xs, dlext=so, d_dlsymun=undef, ccdlflags='-Wl,-E'
    cccdlflags='-fPIC', lddlflags='-shared -O2 -g -L/usr/local/lib -fstack-protector'


Characteristics of this binary (from libperl): 
  Compile-time options: HAS_TIMES PERLIO_LAYERS PERL_DONT_CREATE_GVSV
                        PERL_HASH_FUNC_ONE_AT_A_TIME_HARD PERL_MALLOC_WRAP
                        PERL_NEW_COPY_ON_WRITE PERL_PRESERVE_IVUV
                        PERL_USE_DEVEL USE_64_BIT_ALL USE_64_BIT_INT
                        USE_LARGE_FILES USE_LOCALE USE_LOCALE_COLLATE
                        USE_LOCALE_CTYPE USE_LOCALE_NUMERIC USE_LONG_DOUBLE
                        USE_PERLIO USE_PERL_ATOF
  Locally applied patches:
	RC2
  Built under linux
  Compiled at Sep  8 2014 06:35:40
  %ENV:
    PERL5LIB="/tmp/loop_over_bdir-28925-XEYfjW/FusionInventory-Agent-2.3.10.1-0xJXZD/blib/arch:/tmp/loop_over_bdir-28925-XEYfjW/FusionInventory-Agent-2.3.10.1-0xJXZD/blib/lib"
    PERL5OPT=""
    PERL5_CPANPLUS_IS_RUNNING="29359"
    PERL5_CPAN_IS_RUNNING="29359"
    PERL_MM_USE_DEFAULT="1"
  @INC:
    /tmp/loop_over_bdir-28925-XEYfjW/FusionInventory-Agent-2.3.10.1-0xJXZD/blib/arch
    /tmp/loop_over_bdir-28925-XEYfjW/FusionInventory-Agent-2.3.10.1-0xJXZD/blib/lib
    /home/sand/src/perl/repoperls/installed-perls/perl/v5.20.1-RC2/127e/lib/site_perl/5.20.1/x86_64-linux-ld
    /home/sand/src/perl/repoperls/installed-perls/perl/v5.20.1-RC2/127e/lib/site_perl/5.20.1
    /home/sand/src/perl/repoperls/installed-perls/perl/v5.20.1-RC2/127e/lib/5.20.1/x86_64-linux-ld
    /home/sand/src/perl/repoperls/installed-perls/perl/v5.20.1-RC2/127e/lib/5.20.1
    .