Report for Dancer2-0.13

Back
From: metabase:user:0d96120c-29e2-11e5-b049-ede3035d37de
Subject: FAIL Dancer2-0.13 v5.23.0 GNU/Linux
Date: 2015-07-24T15:26:58Z

This distribution has been tested as part of the CPAN Testers
project, supporting the Perl programming language.  See
http://wiki.cpantesters.org/ for more information or email
questions to cpan-testers-discuss@perl.org


--
Dear Sawyer X,

This is a computer-generated report for Dancer2-0.13
on perl 5.23.0, created by CPAN-Reporter-1.2014.

Thank you for uploading your work to CPAN.  However, there was a problem
testing your distribution.

If you think this report is invalid, please consult the CPAN Testers Wiki
for suggestions on how to avoid getting FAIL reports for missing library
or binary dependencies, unsupported operating systems, and so on:

http://wiki.cpantesters.org/wiki/CPANAuthorNotes

Sections of this report:

    * Tester comments
    * Program output
    * Prerequisites
    * Environment and other context

------------------------------
TESTER COMMENTS
------------------------------

Additional comments from tester:

this report is from an automated smoke testing program
and was not reviewed by a human for accuracy

------------------------------
PROGRAM OUTPUT
------------------------------

Output from './Build test':

t/00-compile.t ............................. ok
# Prerequisite Report:
#    Version Module                      
#   -------- ----------------------------
#      0.327 App::Cmd::Setup             
#       0.08 CGI::Deurl::XS              
#       0.30 Capture::Tiny               
#       1.36 Carp                        
#       0.23 Class::Load                 
#       0.09 Class::Load::XS             
#       0.26 Config::Any                 
#       0.36 Crypt::URandom              
#       3.56 Cwd                         
#      2.158 Data::Dumper                
#       5.95 Digest::SHA                 
#       2.73 Encode                      
#       5.72 Exporter                    
#    7.04_01 ExtUtils::MakeMaker         
#       1.13 Fcntl                       
#       2.85 File::Basename              
#       2.30 File::Copy                  
#       1.29 File::Find                  
#       2.09 File::Path                  
#      1.102 File::ShareDir              
#       0.10 File::ShareDir::Install     
#       3.56 File::Spec                  
#       3.56 File::Spec::Functions       
#     0.2304 File::Temp                  
#       1.51 FindBin                     
#       1.22 HTTP::Body                  
#       6.02 HTTP::Date                  
#       6.08 HTTP::Headers               
#       6.08 HTTP::Request               
#       6.08 HTTP::Request::Common       
#       0.16 HTTP::Server::Simple::PSGI  
#      0.051 Hash::Merge::Simple         
#       1.16 IO::File                    
#       1.35 IO::Handle                  
#       1.18 IPC::Open3                  
#       2.90 JSON                        
#       3.01 JSON::XS                    
#       0.07 LWP::Protocol::PSGI         
#       6.13 LWP::UserAgent              
#    1.42_01 List::Util                  
#       3.15 MIME::Base64                
#       2.11 MIME::Types                 
#      1.004 Math::Random::ISAAC::XS     
#     0.4214 Module::Build               
#   2.000001 Moo                         
#   2.000001 Moo::Role                   
#       0.29 MooX::Types::MooseLike      
#       0.29 MooX::Types::MooseLike::Base
#       1.54 POSIX                       
#     1.0037 Plack::Request              
#      undef Plack::Test                 
#       3.30 Pod::Simple::Search         
#       3.30 Pod::Simple::SimpleTree     
#       0.04 Return::MultiLevel          
#   2.000001 Role::Tiny                  
#    1.42_01 Scalar::Util                
#       0.27 Scope::Upper                
#       2.26 Template                    
#       1.12 Template::Tiny              
#   1.001014 Test::Builder               
#      0.014 Test::Fatal                 
#       0.13 Test::MockTime              
#   1.001014 Test::More                  
#       1.10 Test::Script                
#       2.12 Test::TCP                   
#       1.68 URI                         
#       3.31 URI::Escape                 
#       0.03 URL::Encode::XS             
#       1.15 YAML                        
#       0.63 lib                         
#       1.26 overload                    
#      0.234 parent                      
#       1.09 strict                      
#       1.17 utf8                        
#       1.03 vars                        
#       1.32 warnings                    
t/00-report-prereqs.t ...................... ok
t/ajax_plugin.t ............................ ok
t/any.t .................................... ok
t/app.t .................................... ok
t/auto_page.t .............................. ok
Use of uninitialized value in socket at /home/perltest/perl5/perlbrew/perls/perl-5.23.0/lib/site_perl/5.23.0/HTTP/Server/Simple.pm line 705.
socket: Bad file descriptor at /data/.cpan/build/Dancer2-0.13-Qe5Nt3/blib/lib/Dancer2/Core/Runner.pm line 151.
cannot open port: 127.0.0.1:51192 at /home/perltest/perl5/perlbrew/perls/perl-5.23.0/lib/site_perl/5.23.0/Test/TCP.pm line 54.
# Looks like your test exited with 111 before it could output anything.
t/charset_server.t ......................... 
Dubious, test returned 111 (wstat 28416, 0x6f00)
Failed 9/9 subtests 
t/config.t ................................. ok
t/config_app1.t ............................ ok
t/config_app2.t ............................ ok
t/config_app3.t ............................ ok
t/config_settings.t ........................ ok
t/context.t ................................ ok
Use of uninitialized value in socket at /home/perltest/perl5/perlbrew/perls/perl-5.23.0/lib/site_perl/5.23.0/HTTP/Server/Simple.pm line 705.
socket: Bad file descriptor at /data/.cpan/build/Dancer2-0.13-Qe5Nt3/blib/lib/Dancer2/Core/Runner.pm line 151.
cannot open port: 127.0.0.1:50517 at /home/perltest/perl5/perlbrew/perls/perl-5.23.0/lib/site_perl/5.23.0/Test/TCP.pm line 54.
t/context_trigger.t ........................ 
Dubious, test returned 111 (wstat 28416, 0x6f00)
No subtests run 
t/cookie.t ................................. ok
t/custom_dsl.t ............................. ok
t/dancer-test.t ............................ ok
t/deserialize.t ............................ ok
t/dispatcher.t ............................. ok
t/dsl.t .................................... ok
t/dsl/halt.t ............................... ok
t/engine.t ................................. ok
t/error.t .................................. ok
t/error_template.t ......................... ok
t/factory.t ................................ ok
t/file_utils.t ............................. ok
t/forward.t ................................ ok
t/forward_before_hook.t .................... ok
Use of uninitialized value in socket at /home/perltest/perl5/perlbrew/perls/perl-5.23.0/lib/site_perl/5.23.0/HTTP/Server/Simple.pm line 705.
socket: Bad file descriptor at /data/.cpan/build/Dancer2-0.13-Qe5Nt3/blib/lib/Dancer2/Core/Runner.pm line 151.
cannot open port: 127.0.0.1:50734 at /home/perltest/perl5/perlbrew/perls/perl-5.23.0/lib/site_perl/5.23.0/Test/TCP.pm line 54.
t/forward_test_tcp.t ....................... 
Dubious, test returned 111 (wstat 28416, 0x6f00)
No subtests run 
t/handler_file.t ........................... ok
t/hooks.t .................................. ok
t/http_methods.t ........................... ok
t/http_status.t ............................ ok
t/logger.t ................................. ok
t/logger_console.t ......................... ok
t/mime.t ................................... ok
t/plugin_import.t .......................... ok
t/plugin_multiple_apps.t ................... ok
t/plugin_register.t ........................ ok
t/plugin_syntax.t .......................... ok
t/redirect.t ............................... ok
t/release-distmeta.t ....................... skipped: these tests are for release candidate testing
t/release-no-tabs.t ........................ skipped: these tests are for release candidate testing
t/release-pod-syntax.t ..................... skipped: these tests are for release candidate testing
# Run test with XS_URL_DECODE
# Run test with XS_PARSE_QUERY_STRING
# Run test without XS_PARSE_QUERY_STRING
# Run test without XS_URL_DECODE
t/request.t ................................ ok
# Run test with XS_URL_DECODE
# Run test with XS_PARSE_QUERY_STRING
# Run test without XS_PARSE_QUERY_STRING
# Run test without XS_URL_DECODE
t/request_params.t ......................... ok
# Run test with XS_URL_DECODE
# Run test with XS_PARSE_QUERY_STRING
# Run test without XS_PARSE_QUERY_STRING
# Run test without XS_URL_DECODE
t/request_upload.t ......................... ok
t/response.t ............................... ok
t/roles/headers.t .......................... ok
t/roles/hook.t ............................. ok
t/roles/server.t ........................... ok
    
    #   Failed test 'post /in_testpod/* is documented'
    #   at /data/.cpan/build/Dancer2-0.13-Qe5Nt3/blib/lib/Dancer2/Test.pm line 441.
    
    #   Failed test 'post /me:id is documented'
    #   at /data/.cpan/build/Dancer2-0.13-Qe5Nt3/blib/lib/Dancer2/Test.pm line 441.
    
    #   Failed test 'get /in_testpod is documented'
    #   at /data/.cpan/build/Dancer2-0.13-Qe5Nt3/blib/lib/Dancer2/Test.pm line 441.
    
    #   Failed test 'get /hello is documented'
    #   at /data/.cpan/build/Dancer2-0.13-Qe5Nt3/blib/lib/Dancer2/Test.pm line 441.
    
    #   Failed test 'get /me:id is documented'
    #   at /data/.cpan/build/Dancer2-0.13-Qe5Nt3/blib/lib/Dancer2/Test.pm line 441.
    # Looks like you failed 5 tests of 5.

#   Failed test 't::lib::TestPodis pod covered'
#   at t/route-pod-coverage/route-pod-coverage.t line 9.

#   Failed test 'my pod looks like expected'
#   at t/route-pod-coverage/route-pod-coverage.t line 24.
#     Structures begin differing at:
#          $got->{t::lib::TestPod}{undocumented_routes} = ARRAY(0x3151ae0)
#     $expected->{t::lib::TestPod}{undocumented_routes} = Does not exist
# Looks like you failed 2 tests of 2.
t/route-pod-coverage/route-pod-coverage.t .. 
Dubious, test returned 2 (wstat 512, 0x200)
Failed 2/2 subtests 
t/route.t .................................. ok
t/runner.t ................................. ok
t/serializer.t ............................. ok
t/serializer_json.t ........................ ok
t/server.t ................................. ok
Use of uninitialized value in socket at /home/perltest/perl5/perlbrew/perls/perl-5.23.0/lib/site_perl/5.23.0/HTTP/Server/Simple.pm line 705.
socket: Bad file descriptor at /data/.cpan/build/Dancer2-0.13-Qe5Nt3/blib/lib/Dancer2/Core/Runner.pm line 151.
cannot open port: 127.0.0.1:50776 at /home/perltest/perl5/perlbrew/perls/perl-5.23.0/lib/site_perl/5.23.0/Test/TCP.pm line 54.
# Looks like your test exited with 111 before it could output anything.
t/server_standalone.t ...................... 
Dubious, test returned 111 (wstat 28416, 0x6f00)
Failed 7/7 subtests 
Use of uninitialized value in socket at /home/perltest/perl5/perlbrew/perls/perl-5.23.0/lib/site_perl/5.23.0/HTTP/Server/Simple.pm line 705.
socket: Bad file descriptor at /data/.cpan/build/Dancer2-0.13-Qe5Nt3/blib/lib/Dancer2/Core/Runner.pm line 151.
cannot open port: 127.0.0.1:50952 at /home/perltest/perl5/perlbrew/perls/perl-5.23.0/lib/site_perl/5.23.0/Test/TCP.pm line 54.
t/session_config.t ......................... 
Dubious, test returned 111 (wstat 28416, 0x6f00)
No subtests run 
Use of uninitialized value in socket at /home/perltest/perl5/perlbrew/perls/perl-5.23.0/lib/site_perl/5.23.0/HTTP/Server/Simple.pm line 705.
socket: Bad file descriptor at /data/.cpan/build/Dancer2-0.13-Qe5Nt3/blib/lib/Dancer2/Core/Runner.pm line 151.
cannot open port: 127.0.0.1:50637 at /home/perltest/perl5/perlbrew/perls/perl-5.23.0/lib/site_perl/5.23.0/Test/TCP.pm line 54.
t/session_engines.t ........................ 
Dubious, test returned 111 (wstat 28416, 0x6f00)
No subtests run 
Use of uninitialized value in socket at /home/perltest/perl5/perlbrew/perls/perl-5.23.0/lib/site_perl/5.23.0/HTTP/Server/Simple.pm line 705.
socket: Bad file descriptor at /data/.cpan/build/Dancer2-0.13-Qe5Nt3/blib/lib/Dancer2/Core/Runner.pm line 151.
cannot open port: 127.0.0.1:50182 at /home/perltest/perl5/perlbrew/perls/perl-5.23.0/lib/site_perl/5.23.0/Test/TCP.pm line 54.
t/session_forward.t ........................ 
Dubious, test returned 111 (wstat 28416, 0x6f00)
No subtests run 
t/session_hooks.t .......................... ok
# Testing engine YAML
Use of uninitialized value in socket at /home/perltest/perl5/perlbrew/perls/perl-5.23.0/lib/site_perl/5.23.0/HTTP/Server/Simple.pm line 705.
socket: Bad file descriptor at /data/.cpan/build/Dancer2-0.13-Qe5Nt3/blib/lib/Dancer2/Core/Runner.pm line 151.
cannot open port: 127.0.0.1:50758 at /home/perltest/perl5/perlbrew/perls/perl-5.23.0/lib/site_perl/5.23.0/Test/TCP.pm line 54.
t/session_lifecycle.t ...................... 
Dubious, test returned 111 (wstat 28416, 0x6f00)
No subtests run 
# Crypto strength tokens
t/session_object.t ......................... ok
Use of uninitialized value in socket at /home/perltest/perl5/perlbrew/perls/perl-5.23.0/lib/site_perl/5.23.0/HTTP/Server/Simple.pm line 705.
socket: Bad file descriptor at /data/.cpan/build/Dancer2-0.13-Qe5Nt3/blib/lib/Dancer2/Core/Runner.pm line 151.
cannot open port: 127.0.0.1:50228 at /home/perltest/perl5/perlbrew/perls/perl-5.23.0/lib/site_perl/5.23.0/Test/TCP.pm line 54.
t/shared_engines.t ......................... 
Dubious, test returned 111 (wstat 28416, 0x6f00)
No subtests run 
t/splat.t .................................. ok
t/template.t ............................... ok
t/template_default_tokens.t ................ ok
t/template_ext.t ........................... ok
t/template_name.t .......................... ok
t/template_simple.t ........................ ok
t/template_tiny/01_compile.t ............... ok
t/template_tiny/02_trivial.t ............... ok
t/template_tiny/03_samples.t ............... ok
t/template_tiny/04_compat.t ................ ok
t/template_tiny/05_preparse.t .............. ok
t/time.t ................................... ok
t/types.t .................................. ok
t/uri_for.t ................................ ok
t/vars.t ................................... ok

Test Summary Report
-------------------
t/charset_server.t                       (Wstat: 28416 Tests: 0 Failed: 0)
  Non-zero exit status: 111
  Parse errors: Bad plan.  You planned 9 tests but ran 0.
t/context_trigger.t                      (Wstat: 28416 Tests: 0 Failed: 0)
  Non-zero exit status: 111
  Parse errors: No plan found in TAP output
t/forward_test_tcp.t                     (Wstat: 28416 Tests: 0 Failed: 0)
  Non-zero exit status: 111
  Parse errors: No plan found in TAP output
t/route-pod-coverage/route-pod-coverage.t (Wstat: 512 Tests: 2 Failed: 2)
  Failed tests:  1-2
  Non-zero exit status: 2
t/server_standalone.t                    (Wstat: 28416 Tests: 0 Failed: 0)
  Non-zero exit status: 111
  Parse errors: Bad plan.  You planned 7 tests but ran 0.
t/session_config.t                       (Wstat: 28416 Tests: 0 Failed: 0)
  Non-zero exit status: 111
  Parse errors: No plan found in TAP output
t/session_engines.t                      (Wstat: 28416 Tests: 0 Failed: 0)
  Non-zero exit status: 111
  Parse errors: No plan found in TAP output
t/session_forward.t                      (Wstat: 28416 Tests: 0 Failed: 0)
  Non-zero exit status: 111
  Parse errors: No plan found in TAP output
t/session_lifecycle.t                    (Wstat: 28416 Tests: 0 Failed: 0)
  Non-zero exit status: 111
  Parse errors: No plan found in TAP output
t/shared_engines.t                       (Wstat: 28416 Tests: 0 Failed: 0)
  Non-zero exit status: 111
  Parse errors: No plan found in TAP output
Files=80, Tests=1073, 164 wallclock secs ( 0.25 usr  0.06 sys + 13.69 cusr  2.15 csys = 16.15 CPU)
Result: FAIL
Failed 10/80 test programs. 2/1073 subtests failed.

------------------------------
PREREQUISITES
------------------------------

Prerequisite modules loaded:

requires:

    Module                       Need     Have    
    ---------------------------- -------- --------
    App::Cmd::Setup              0        0.327   
    Carp                         0        1.36    
    Class::Load                  0        0.23    
    Config::Any                  0        0.26    
    Cwd                          0        3.56    
    Data::Dumper                 0        2.158   
    Digest::SHA                  0        5.95    
    Encode                       0        2.73    
    Exporter                     5.57     5.72    
    Fcntl                        0        1.13    
    File::Basename               0        2.85    
    File::Copy                   0        2.30    
    File::Find                   0        1.29    
    File::Path                   0        2.09    
    File::ShareDir               1.00     1.102   
    File::Spec                   0        3.56    
    File::Spec::Functions        0        3.56    
    File::Temp                   0.22     0.2304  
    Hash::Merge::Simple          0        0.051   
    HTTP::Body                   0        1.22    
    HTTP::Date                   0        6.02    
    HTTP::Headers                0        6.08    
    HTTP::Server::Simple::PSGI   0        0.16    
    IO::File                     0        1.16    
    JSON                         0        2.90    
    List::Util                   0        1.42_01 
    LWP::UserAgent               0        6.13    
    MIME::Base64                 3.13     3.15    
    MIME::Types                  0        2.11    
    Moo                          1.003000 2.000001
    Moo::Role                    0        2.000001
    MooX::Types::MooseLike       0.16     0.29    
    MooX::Types::MooseLike::Base 0        0.29    
    overload                     0        1.26    
    parent                       0        0.234   
    perl                         5.00503  5.023000
    Plack::Request               0        1.0037  
    Pod::Simple::Search          0        3.30    
    Pod::Simple::SimpleTree      0        3.30    
    POSIX                        0        1.54    
    Return::MultiLevel           0        0.04    
    Role::Tiny                   1.003000 2.000001
    Scalar::Util                 0        1.42_01 
    strict                       0        1.09    
    Template                     0        2.26    
    Template::Tiny               0        1.12    
    Test::Builder                0        1.001014
    Test::More                   0.92     1.001014
    URI                          0        1.68    
    URI::Escape                  0        3.31    
    warnings                     0        1.32    
    YAML                         0        1.15    

build_requires:

    Module                       Need     Have    
    ---------------------------- -------- --------
    Capture::Tiny                0.12     0.30    
    ExtUtils::MakeMaker          0        7.04_01 
    File::Temp                   0.22     0.2304  
    FindBin                      0        1.51    
    HTTP::Body                   0        1.22    
    HTTP::Request                0        6.08    
    HTTP::Request::Common        0        6.08    
    HTTP::Server::Simple::PSGI   0        0.16    
    IO::Handle                   0        1.35    
    IPC::Open3                   0        1.18    
    lib                          0        0.63    
    LWP::Protocol::PSGI          0.06     0.07    
    Module::Build                0.3601   0.4214  
    Plack::Test                  0        0       
    Test::Fatal                  0        0.014   
    Test::MockTime               0        0.13    
    Test::More                   0.92     1.001014
    Test::Script                 0        1.10    
    Test::TCP                    1.13     2.12    
    utf8                         0        1.17    
    vars                         0        1.03    
    YAML                         0        1.15    

configure_requires:

    Module                       Need     Have    
    ---------------------------- -------- --------
    ExtUtils::MakeMaker          6.30     7.04_01 
    File::ShareDir::Install      0.03     0.10    
    Module::Build                0.3601   0.4214  

opt_requires:

    Module                       Need     Have    
    ---------------------------- -------- --------
    CGI::Deurl::XS               0        0.08    
    Crypt::URandom               0        0.36    
    JSON::XS                     0        3.01    
    Math::Random::ISAAC::XS      0        1.004   
    Plack::Request               0        1.0037  
    Pod::Simple::Search          0        3.30    
    Pod::Simple::SimpleTree      0        3.30    
    Scope::Upper                 0        0.27    
    Test::Builder                0        1.001014
    Test::More                   0        1.001014
    URL::Encode::XS              0        0.03    


------------------------------
ENVIRONMENT AND OTHER CONTEXT
------------------------------

Environment variables:

    AUTOMATED_TESTING = 1
    LANG = en_US.UTF-8
    NONINTERACTIVE_TESTING = 1
    PATH = /home/perltest/sysperl/bin:/home/perltest/perl5/perlbrew/bin:/home/perltest/perl5/perlbrew/perls/perl-5.23.0/bin:/home/perltest/perltest/bin:/home/perltest/perl5/perlbrew/bin:/home/perltest/perl5/perlbrew/perls/perl-5.18.4-ld/bin:/usr/local/sbin:/usr/local/bin:/usr/sbin:/usr/bin:/sbin:/bin:/usr/games:/usr/local/games:/home/perltest/perltest/bin
    PERL5LIB = /home/perltest/.cpan/build/CGI-Deurl-XS-0.08-Ehkhdf/blib/arch:/home/perltest/.cpan/build/CGI-Deurl-XS-0.08-Ehkhdf/blib/lib:/home/perltest/.cpan/build/URL-Encode-XS-0.03-jTZKnP/blib/arch:/home/perltest/.cpan/build/URL-Encode-XS-0.03-jTZKnP/blib/lib:/home/perltest/.cpan/build/URL-Encode-0.03-wX3uZj/blib/arch:/home/perltest/.cpan/build/URL-Encode-0.03-wX3uZj/blib/lib:/home/perltest/.cpan/build/Math-Random-ISAAC-1.004-GbvcIv/blib/arch:/home/perltest/.cpan/build/Math-Random-ISAAC-1.004-GbvcIv/blib/lib:/home/perltest/.cpan/build/Math-Random-ISAAC-XS-1.004-rGqtEd/blib/arch:/home/perltest/.cpan/build/Math-Random-ISAAC-XS-1.004-rGqtEd/blib/lib:/home/perltest/.cpan/build/Crypt-URandom-0.36-tydKjH/blib/arch:/home/perltest/.cpan/build/Crypt-URandom-0.36-tydKjH/blib/lib:/home/perltest/.cpan/build/LWP-Protocol-PSGI-0.07-7ms1Iw/blib/arch:/home/perltest/.cpan/build/LWP-Protocol-PSGI-0.07-7ms1Iw/blib/lib:/home/perltest/.cpan/build/Test-Script-1.10-3Ss6Kr/blib/arch:/home/perltest/.cpan/build/Test-Script-1.10-3Ss6Kr/blib/lib:/home/perltest/.cpan/build/IPC-Run3-0.048-lmQ4Oy/blib/arch:/home/perltest/.cpan/build/IPC-Run3-0.048-lmQ4Oy/blib/lib:/home/perltest/.cpan/build/Return-MultiLevel-0.04-bwB0kf/blib/arch:/home/perltest/.cpan/build/Return-MultiLevel-0.04-bwB0kf/blib/lib:/home/perltest/.cpan/build/Data-Munge-0.095-3CSm79/blib/arch:/home/perltest/.cpan/build/Data-Munge-0.095-3CSm79/blib/lib:/home/perltest/sysperl/lib/perl5
    PERL5OPT = 
    PERL5_CPANPLUS_IS_RUNNING = 29930
    PERL5_CPAN_IS_RUNNING = 29930
    PERL5_CPAN_IS_RUNNING_IN_RECURSION = 2130,29930
    PERLBREW_BASHRC_VERSION = 0.73
    PERLBREW_HOME = /home/perltest/.perlbrew
    PERLBREW_LIB = 
    PERLBREW_MANPATH = /home/perltest/perl5/perlbrew/perls/perl-5.23.0/man
    PERLBREW_PATH = /home/perltest/perl5/perlbrew/bin:/home/perltest/perl5/perlbrew/perls/perl-5.23.0/bin
    PERLBREW_PERL = perl-5.23.0
    PERLBREW_ROOT = /home/perltest/perl5/perlbrew
    PERLBREW_VERSION = 0.73
    PERL_CR_SMOKER_CURRENT = Dancer2-0.13
    PERL_EXTUTILS_AUTOINSTALL = --defaultdeps
    PERL_LOCAL_LIB_ROOT = /home/perltest/sysperl:
    PERL_MB_OPT = --install_base "//home/perltest/sysperl"
    PERL_MM_OPT = INSTALL_BASE=/home/perltest/sysperl
    PERL_MM_USE_DEFAULT = 1
    SHELL = /bin/bash
    TERM = screen

Perl special variables (and OS-specific diagnostics, for MSWin32):

    $^X = /data/perl5/perlbrew/perls/perl-5.23.0/bin/perl5.23.0
    $UID/$EUID = 2000 / 2000
    $GID = 2000 2000
    $EGID = 2000 2000

Perl module toolchain versions installed:

    Module              Have    
    ------------------- --------
    CPAN                2.11    
    CPAN::Meta          2.150005
    Cwd                 3.56    
    ExtUtils::CBuilder  0.280223
    ExtUtils::Command   1.20    
    ExtUtils::Install   2.04    
    ExtUtils::MakeMaker 7.04_01 
    ExtUtils::Manifest  1.70    
    ExtUtils::ParseXS   3.28    
    File::Spec          3.56    
    JSON                2.90    
    JSON::PP            2.27300 
    Module::Build       0.4214  
    Module::Signature   0.79    
    Parse::CPAN::Meta   1.4417  
    Test::Harness       3.35    
    Test::More          1.001014
    YAML                1.15    
    YAML::Syck          1.29    
    version             0.9909  


--

Summary of my perl5 (revision 5 version 23 subversion 0) configuration:
   
  Platform:
    osname=linux, osvers=3.19.0-18-generic, archname=x86_64-linux
    uname='linux perltest 3.19.0-18-generic #18-ubuntu smp tue may 19 18:31:35 utc 2015 x86_64 x86_64 x86_64 gnulinux '
    config_args='-de -Dprefix=/home/perltest/perl5/perlbrew/perls/perl-5.23.0 -Dusedevel -Aeval:scriptdir=/home/perltest/perl5/perlbrew/perls/perl-5.23.0/bin'
    hint=recommended, useposix=true, d_sigaction=define
    useithreads=undef, usemultiplicity=undef
    use64bitint=define, use64bitall=define, uselongdouble=undef
    usemymalloc=n, bincompat5005=undef
  Compiler:
    cc='cc', ccflags ='-fwrapv -fno-strict-aliasing -pipe -fstack-protector-strong -I/usr/local/include -D_LARGEFILE_SOURCE -D_FILE_OFFSET_BITS=64',
    optimize='-O2',
    cppflags='-fwrapv -fno-strict-aliasing -pipe -fstack-protector-strong -I/usr/local/include'
    ccversion='', gccversion='4.9.2', gccosandvers=''
    intsize=4, longsize=8, ptrsize=8, doublesize=8, byteorder=12345678, doublekind=3
    d_longlong=define, longlongsize=8, d_longdbl=define, longdblsize=16, longdblkind=3
    ivtype='long', ivsize=8, nvtype='double', nvsize=8, Off_t='off_t', lseeksize=8
    alignbytes=8, prototype=define
  Linker and Libraries:
    ld='cc', ldflags =' -fstack-protector-strong -L/usr/local/lib'
    libpth=/usr/local/lib /usr/lib/gcc/x86_64-linux-gnu/4.9/include-fixed /usr/include/x86_64-linux-gnu /usr/lib /lib/x86_64-linux-gnu /lib/../lib /usr/lib/x86_64-linux-gnu /usr/lib/../lib /lib
    libs=-lpthread -lnsl -ldl -lm -lcrypt -lutil -lc
    perllibs=-lpthread -lnsl -ldl -lm -lcrypt -lutil -lc
    libc=libc-2.21.so, so=so, useshrplib=false, libperl=libperl.a
    gnulibc_version='2.21'
  Dynamic Linking:
    dlsrc=dl_dlopen.xs, dlext=so, d_dlsymun=undef, ccdlflags='-Wl,-E'
    cccdlflags='-fPIC', lddlflags='-shared -O2 -L/usr/local/lib -fstack-protector-strong'


Characteristics of this binary (from libperl): 
  Compile-time options: HAS_TIMES PERLIO_LAYERS PERL_DONT_CREATE_GVSV
                        PERL_HASH_FUNC_ONE_AT_A_TIME_HARD PERL_MALLOC_WRAP
                        PERL_NEW_COPY_ON_WRITE PERL_PRESERVE_IVUV
                        PERL_USE_DEVEL USE_64_BIT_ALL USE_64_BIT_INT
                        USE_LARGE_FILES USE_LOCALE USE_LOCALE_COLLATE
                        USE_LOCALE_CTYPE USE_LOCALE_NUMERIC USE_LOCALE_TIME
                        USE_PERLIO USE_PERL_ATOF
  Locally applied patches:
	Devel::PatchPerl 1.38
  Built under linux
  Compiled at Jul 14 2015 18:20:06
  %ENV:
    PERL5LIB="/home/perltest/.cpan/build/CGI-Deurl-XS-0.08-Ehkhdf/blib/arch:/home/perltest/.cpan/build/CGI-Deurl-XS-0.08-Ehkhdf/blib/lib:/home/perltest/.cpan/build/URL-Encode-XS-0.03-jTZKnP/blib/arch:/home/perltest/.cpan/build/URL-Encode-XS-0.03-jTZKnP/blib/lib:/home/perltest/.cpan/build/URL-Encode-0.03-wX3uZj/blib/arch:/home/perltest/.cpan/build/URL-Encode-0.03-wX3uZj/blib/lib:/home/perltest/.cpan/build/Math-Random-ISAAC-1.004-GbvcIv/blib/arch:/home/perltest/.cpan/build/Math-Random-ISAAC-1.004-GbvcIv/blib/lib:/home/perltest/.cpan/build/Math-Random-ISAAC-XS-1.004-rGqtEd/blib/arch:/home/perltest/.cpan/build/Math-Random-ISAAC-XS-1.004-rGqtEd/blib/lib:/home/perltest/.cpan/build/Crypt-URandom-0.36-tydKjH/blib/arch:/home/perltest/.cpan/build/Crypt-URandom-0.36-tydKjH/blib/lib:/home/perltest/.cpan/build/LWP-Protocol-PSGI-0.07-7ms1Iw/blib/arch:/home/perltest/.cpan/build/LWP-Protocol-PSGI-0.07-7ms1Iw/blib/lib:/home/perltest/.cpan/build/Test-Script-1.10-3Ss6Kr/blib/arch:/home/perltest/.cpan/build/Test-Script-1.10-3Ss6Kr/blib/lib:/home/perltest/.cpan/build/IPC-Run3-0.048-lmQ4Oy/blib/arch:/home/perltest/.cpan/build/IPC-Run3-0.048-lmQ4Oy/blib/lib:/home/perltest/.cpan/build/Return-MultiLevel-0.04-bwB0kf/blib/arch:/home/perltest/.cpan/build/Return-MultiLevel-0.04-bwB0kf/blib/lib:/home/perltest/.cpan/build/Data-Munge-0.095-3CSm79/blib/arch:/home/perltest/.cpan/build/Data-Munge-0.095-3CSm79/blib/lib:/home/perltest/sysperl/lib/perl5"
    PERL5OPT=""
    PERL5_CPANPLUS_IS_RUNNING="29930"
    PERL5_CPAN_IS_RUNNING="29930"
    PERL5_CPAN_IS_RUNNING_IN_RECURSION="2130,29930"
    PERLBREW_BASHRC_VERSION="0.73"
    PERLBREW_HOME="/home/perltest/.perlbrew"
    PERLBREW_LIB=""
    PERLBREW_MANPATH="/home/perltest/perl5/perlbrew/perls/perl-5.23.0/man"
    PERLBREW_PATH="/home/perltest/perl5/perlbrew/bin:/home/perltest/perl5/perlbrew/perls/perl-5.23.0/bin"
    PERLBREW_PERL="perl-5.23.0"
    PERLBREW_ROOT="/home/perltest/perl5/perlbrew"
    PERLBREW_VERSION="0.73"
    PERL_CR_SMOKER_CURRENT="Dancer2-0.13"
    PERL_EXTUTILS_AUTOINSTALL="--defaultdeps"
    PERL_LOCAL_LIB_ROOT="/home/perltest/sysperl:"
    PERL_MB_OPT="--install_base "//home/perltest/sysperl""
    PERL_MM_OPT="INSTALL_BASE=/home/perltest/sysperl"
    PERL_MM_USE_DEFAULT="1"
  @INC:
    /home/perltest/.cpan/build/CGI-Deurl-XS-0.08-Ehkhdf/blib/arch
    /home/perltest/.cpan/build/CGI-Deurl-XS-0.08-Ehkhdf/blib/lib
    /home/perltest/.cpan/build/URL-Encode-XS-0.03-jTZKnP/blib/arch
    /home/perltest/.cpan/build/URL-Encode-XS-0.03-jTZKnP/blib/lib
    /home/perltest/.cpan/build/URL-Encode-0.03-wX3uZj/blib/arch
    /home/perltest/.cpan/build/URL-Encode-0.03-wX3uZj/blib/lib
    /home/perltest/.cpan/build/Math-Random-ISAAC-1.004-GbvcIv/blib/arch
    /home/perltest/.cpan/build/Math-Random-ISAAC-1.004-GbvcIv/blib/lib
    /home/perltest/.cpan/build/Math-Random-ISAAC-XS-1.004-rGqtEd/blib/arch
    /home/perltest/.cpan/build/Math-Random-ISAAC-XS-1.004-rGqtEd/blib/lib
    /home/perltest/.cpan/build/Crypt-URandom-0.36-tydKjH/blib/arch
    /home/perltest/.cpan/build/Crypt-URandom-0.36-tydKjH/blib/lib
    /home/perltest/.cpan/build/LWP-Protocol-PSGI-0.07-7ms1Iw/blib/arch
    /home/perltest/.cpan/build/LWP-Protocol-PSGI-0.07-7ms1Iw/blib/lib
    /home/perltest/.cpan/build/Test-Script-1.10-3Ss6Kr/blib/arch
    /home/perltest/.cpan/build/Test-Script-1.10-3Ss6Kr/blib/lib
    /home/perltest/.cpan/build/IPC-Run3-0.048-lmQ4Oy/blib/arch
    /home/perltest/.cpan/build/IPC-Run3-0.048-lmQ4Oy/blib/lib
    /home/perltest/.cpan/build/Return-MultiLevel-0.04-bwB0kf/blib/arch
    /home/perltest/.cpan/build/Return-MultiLevel-0.04-bwB0kf/blib/lib
    /home/perltest/.cpan/build/Data-Munge-0.095-3CSm79/blib/arch
    /home/perltest/.cpan/build/Data-Munge-0.095-3CSm79/blib/lib
    /home/perltest/sysperl/lib/perl5/x86_64-linux
    /home/perltest/sysperl/lib/perl5
    /home/perltest/perl5/perlbrew/perls/perl-5.23.0/lib/site_perl/5.23.0/x86_64-linux
    /home/perltest/perl5/perlbrew/perls/perl-5.23.0/lib/site_perl/5.23.0
    /home/perltest/perl5/perlbrew/perls/perl-5.23.0/lib/5.23.0/x86_64-linux
    /home/perltest/perl5/perlbrew/perls/perl-5.23.0/lib/5.23.0
    .