Back
From: metabase:user:320bfe00-2aae-11df-837a-5e0a49663a4f
Subject: FAIL POE-Component-Client-DNS-1.054 v5.24.1 GNU/Linux
Date: 2017-03-29T22:59:53Z
This distribution has been tested as part of the CPAN Testers
project, supporting the Perl programming language. See
http://wiki.cpantesters.org/ for more information or email
questions to cpan-testers-discuss@perl.org
--
Dear Rocco Caputo,
This is a computer-generated report for POE-Component-Client-DNS-1.054
on perl 5.24.1, created by CPAN-Reporter-1.2018.
Thank you for uploading your work to CPAN. However, there was a problem
testing your distribution.
If you think this report is invalid, please consult the CPAN Testers Wiki
for suggestions on how to avoid getting FAIL reports for missing library
or binary dependencies, unsupported operating systems, and so on:
http://wiki.cpantesters.org/wiki/CPANAuthorNotes
Sections of this report:
* Tester comments
* Program output
* Prerequisites
* Environment and other context
------------------------------
TESTER COMMENTS
------------------------------
Additional comments from tester:
this report is from an automated smoke testing program
and was not reviewed by a human for accuracy
------------------------------
PROGRAM OUTPUT
------------------------------
Output from '/usr/bin/make test':
PERL_DL_NONLAZY=1 "/home/sand/src/perl/repoperls/installed-perls/host/k93msid/v5.24.1/d2d1/bin/perl" "-MExtUtils::Command::MM" "-MTest::Harness" "-e" "undef *Test::Harness::Switches; test_harness(0, 'blib/lib', 'blib/arch')" t/*.t
# Testing with Perl 5.024001, /home/sand/src/perl/repoperls/installed-perls/host/k93msid/v5.24.1/d2d1/bin/perl
# ExtUtils::MakeMaker version is 7.24
# Net::DNS version is 1.08
# POE version is 1.367
# Test::More version is 1.302078
# Test::NoWarnings version is 1.04
t/000-report-versions.t .. ok
# Failed test 'no warnings'
# at /home/sand/src/perl/repoperls/installed-perls/host/k93msid/v5.24.1/d2d1/lib/site_perl/5.24.1/Test/Builder.pm line 135.
# There were 47 warning(s)
# Previous test 0 ''
# Use of uninitialized value $unread in integer gt (>) at /home/sand/src/perl/repoperls/installed-perls/host/k93msid/v5.24.1/d2d1/lib/site_perl/5.24.1/Net/DNS/Resolver/Base.pm line 817.
# at /home/sand/src/perl/repoperls/installed-perls/host/k93msid/v5.24.1/d2d1/lib/site_perl/5.24.1/Net/DNS/Resolver/Base.pm line 817.
# Net::DNS::Resolver::Base::_read_tcp(IO::Socket::IP=GLOB(0x5561f2cedf00)) called at /home/sand/src/perl/repoperls/installed-perls/host/k93msid/v5.24.1/d2d1/lib/site_perl/5.24.1/Net/DNS/Resolver/Base.pm line 667
# Net::DNS::Resolver::Base::_bgread called at /home/sand/src/perl/repoperls/installed-perls/host/k93msid/v5.24.1/d2d1/lib/site_perl/5.24.1/Net/DNS/Resolver/Base.pm line 649
# Net::DNS::Resolver::Base::bgread(Net::DNS::Resolver=HASH(0x5561f1ced8a8), IO::Socket::IP=GLOB(0x5561f2cedf00)) called at /tmp/loop_over_bdir-12204-XJTN7g/POE-Component-Client-DNS-1.054-0/blib/lib/POE/Component/Client/DNS.pm line 379
# POE::Component::Client::DNS::_dns_response(POE::Component::Client::DNS=ARRAY(0x5561f2c0b2a0), POE::Session=ARRAY(0x5561f1cedff8), POE::Kernel=ARRAY(0x5561f2211f68), HASH(0x5561f1cedf68), "got_dns_response", POE::Session=ARRAY(0x5561f1cedff8), undef, "/home/sand/src/perl/repoperls/installed-perls/host/k93msid/v5"..., ...) called at /home/sand/src/perl/repoperls/installed-perls/host/k93msid/v5.24.1/d2d1/lib/site_perl/5.24.1/POE/Session.pm line 483
# POE::Session::_invoke_state(POE::Session=ARRAY(0x5561f1cedff8), POE::Session=ARRAY(0x5561f1cedff8), "got_dns_response", ARRAY(0x5561f2cede88), "/home/sand/src/perl/repoperls/installed-perls/host/k93msid/v5"..., 240, undef) called at /home/sand/src/perl/repoperls/installed-perls/host/k93msid/v5.24.1/d2d1/lib/site_perl/5.24.1/POE/Kernel.pm line 1097
# eval {...} called at /home/sand/src/perl/repoperls/installed-perls/host/k93msid/v5.24.1/d2d1/lib/site_perl/5.24.1/POE/Kernel.pm line 1083
# POE::Kernel::_dispatch_event(POE::Kernel=ARRAY(0x5561f2211f68), POE::Session=ARRAY(0x5561f1cedff8), POE::Session=ARRAY(0x5561f1cedff8), "got_dns_response", 1024, ARRAY(0x5561f2cede88), "/home/sand/src/perl/repoperls/installed-perls/host/k93msid/v5"..., 240, ...) called at /home/sand/src/perl/repoperls/installed-perls/host/k93msid/v5.24.1/d2d1/lib/site_perl/5.24.1/POE/Resource/FileHandles.pm line 238
# POE::Kernel::_data_handle_enqueue_ready(undef, undef, 3) called at /home/sand/src/perl/repoperls/installed-perls/host/k93msid/v5.24.1/d2d1/lib/site_perl/5.24.1/POE/Loop/Select.pm line 288
# POE::Kernel::loop_do_timeslice(POE::Kernel=ARRAY(0x5561f2211f68)) called at /home/sand/src/perl/repoperls/installed-perls/host/k93msid/v5.24.1/d2d1/lib/site_perl/5.24.1/POE/Loop/Select.pm line 317
# POE::Kernel::loop_run(POE::Kernel=ARRAY(0x5561f2211f68)) called at /home/sand/src/perl/repoperls/installed-perls/host/k93msid/v5.24.1/d2d1/lib/site_perl/5.24.1/POE/Kernel.pm line 1291
# POE::Kernel::run(POE::Kernel=ARRAY(0x5561f2211f68)) called at t/01_resolve.t line 187
#
# ----------
# Previous test 0 ''
# Use of uninitialized value $unread in integer gt (>) at /home/sand/src/perl/repoperls/installed-perls/host/k93msid/v5.24.1/d2d1/lib/site_perl/5.24.1/Net/DNS/Resolver/Base.pm line 817.
# at /home/sand/src/perl/repoperls/installed-perls/host/k93msid/v5.24.1/d2d1/lib/site_perl/5.24.1/Net/DNS/Resolver/Base.pm line 817.
# Net::DNS::Resolver::Base::_read_tcp(IO::Socket::IP=GLOB(0x5561f2cfc408)) called at /home/sand/src/perl/repoperls/installed-perls/host/k93msid/v5.24.1/d2d1/lib/site_perl/5.24.1/Net/DNS/Resolver/Base.pm line 667
# Net::DNS::Resolver::Base::_bgread called at /home/sand/src/perl/repoperls/installed-perls/host/k93msid/v5.24.1/d2d1/lib/site_perl/5.24.1/Net/DNS/Resolver/Base.pm line 649
# Net::DNS::Resolver::Base::bgread(Net::DNS::Resolver=HASH(0x5561f1ced8a8), IO::Socket::IP=GLOB(0x5561f2cfc408)) called at /tmp/loop_over_bdir-12204-XJTN7g/POE-Component-Client-DNS-1.054-0/blib/lib/POE/Component/Client/DNS.pm line 379
# POE::Component::Client::DNS::_dns_response(POE::Component::Client::DNS=ARRAY(0x5561f2c0b2a0), POE::Session=ARRAY(0x5561f1cedff8), POE::Kernel=ARRAY(0x5561f2211f68), HASH(0x5561f1cedf68), "got_dns_response", POE::Session=ARRAY(0x5561f1cedff8), undef, "/home/sand/src/perl/repoperls/installed-perls/host/k93msid/v5"..., ...) called at /home/sand/src/perl/repoperls/installed-perls/host/k93msid/v5.24.1/d2d1/lib/site_perl/5.24.1/POE/Session.pm line 483
# POE::Session::_invoke_state(POE::Session=ARRAY(0x5561f1cedff8), POE::Session=ARRAY(0x5561f1cedff8), "got_dns_response", ARRAY(0x5561f2cfc528), "/home/sand/src/perl/repoperls/installed-perls/host/k93msid/v5"..., 240, undef) called at /home/sand/src/perl/repoperls/installed-perls/host/k93msid/v5.24.1/d2d1/lib/site_perl/5.24.1/POE/Kernel.pm line 1097
# eval {...} called at /home/sand/src/perl/repoperls/installed-perls/host/k93msid/v5.24.1/d2d1/lib/site_perl/5.24.1/POE/Kernel.pm line 1083
# POE::Kernel::_dispatch_event(POE::Kernel=ARRAY(0x5561f2211f68), POE::Session=ARRAY(0x5561f1cedff8), POE::Session=ARRAY(0x5561f1cedff8), "got_dns_response", 1024, ARRAY(0x5561f2cfc528), "/home/sand/src/perl/repoperls/installed-perls/host/k93msid/v5"..., 240, ...) called at /home/sand/src/perl/repoperls/installed-perls/host/k93msid/v5.24.1/d2d1/lib/site_perl/5.24.1/POE/Resource/FileHandles.pm line 238
# POE::Kernel::_data_handle_enqueue_ready(undef, undef, 50, 27, 21, 14, 15, 40, ...) called at /home/sand/src/perl/repoperls/installed-perls/host/k93msid/v5.24.1/d2d1/lib/site_perl/5.24.1/POE/Loop/Select.pm line 288
# POE::Kernel::loop_do_timeslice(POE::Kernel=ARRAY(0x5561f2211f68)) called at /home/sand/src/perl/repoperls/installed-perls/host/k93msid/v5.24.1/d2d1/lib/site_perl/5.24.1/POE/Loop/Select.pm line 317
# POE::Kernel::loop_run(POE::Kernel=ARRAY(0x5561f2211f68)) called at /home/sand/src/perl/repoperls/installed-perls/host/k93msid/v5.24.1/d2d1/lib/site_perl/5.24.1/POE/Kernel.pm line 1291
# POE::Kernel::run(POE::Kernel=ARRAY(0x5561f2211f68)) called at t/01_resolve.t line 187
#
# ----------
# Previous test 0 ''
# Use of uninitialized value $unread in integer gt (>) at /home/sand/src/perl/repoperls/installed-perls/host/k93msid/v5.24.1/d2d1/lib/site_perl/5.24.1/Net/DNS/Resolver/Base.pm line 817.
# at /home/sand/src/perl/repoperls/installed-perls/host/k93msid/v5.24.1/d2d1/lib/site_perl/5.24.1/Net/DNS/Resolver/Base.pm line 817.
# Net::DNS::Resolver::Base::_read_tcp(IO::Socket::IP=GLOB(0x5561f2ce4a50)) called at /home/sand/src/perl/repoperls/installed-perls/host/k93msid/v5.24.1/d2d1/lib/site_perl/5.24.1/Net/DNS/Resolver/Base.pm line 667
# Net::DNS::Resolver::Base::_bgread called at /home/sand/src/perl/repoperls/installed-perls/host/k93msid/v5.24.1/d2d1/lib/site_perl/5.24.1/Net/DNS/Resolver/Base.pm line 649
# Net::DNS::Resolver::Base::bgread(Net::DNS::Resolver=HASH(0x5561f1ced8a8), IO::Socket::IP=GLOB(0x5561f2ce4a50)) called at /tmp/loop_over_bdir-12204-XJTN7g/POE-Component-Client-DNS-1.054-0/blib/lib/POE/Component/Client/DNS.pm line 379
# POE::Component::Client::DNS::_dns_response(POE::Component::Client::DNS=ARRAY(0x5561f2c0b2a0), POE::Session=ARRAY(0x5561f1cedff8), POE::Kernel=ARRAY(0x5561f2211f68), HASH(0x5561f1cedf68), "got_dns_response", POE::Session=ARRAY(0x5561f1cedff8), undef, "/home/sand/src/perl/repoperls/installed-perls/host/k93msid/v5"..., ...) called at /home/sand/src/perl/repoperls/installed-perls/host/k93msid/v5.24.1/d2d1/lib/site_perl/5.24.1/POE/Session.pm line 483
# POE::Session::_invoke_state(POE::Session=ARRAY(0x5561f1cedff8), POE::Session=ARRAY(0x5561f1cedff8), "got_dns_response", ARRAY(0x5561f2ce3e20), "/home/sand/src/perl/repoperls/installed-perls/host/k93msid/v5"..., 240, undef) called at /home/sand/src/perl/repoperls/installed-perls/host/k93msid/v5.24.1/d2d1/lib/site_perl/5.24.1/POE/Kernel.pm line 1097
# eval {...} called at /home/sand/src/perl/repoperls/installed-perls/host/k93msid/v5.24.1/d2d1/lib/site_perl/5.24.1/POE/Kernel.pm line 1083
# POE::Kernel::_dispatch_event(POE::Kernel=ARRAY(0x5561f2211f68), POE::Session=ARRAY(0x5561f1cedff8), POE::Session=ARRAY(0x5561f1cedff8), "got_dns_response", 1024, ARRAY(0x5561f2ce3e20), "/home/sand/src/perl/repoperls/installed-perls/host/k93msid/v5"..., 240, ...) called at /home/sand/src/perl/repoperls/installed-perls/host/k93msid/v5.24.1/d2d1/lib/site_perl/5.24.1/POE/Resource/FileHandles.pm line 238
# POE::Kernel::_data_handle_enqueue_ready(undef, undef, 50, 27, 21, 14, 15, 40, ...) called at /home/sand/src/perl/repoperls/installed-perls/host/k93msid/v5.24.1/d2d1/lib/site_perl/5.24.1/POE/Loop/Select.pm line 288
# POE::Kernel::loop_do_timeslice(POE::Kernel=ARRAY(0x5561f2211f68)) called at /home/sand/src/perl/repoperls/installed-perls/host/k93msid/v5.24.1/d2d1/lib/site_perl/5.24.1/POE/Loop/Select.pm line 317
# POE::Kernel::loop_run(POE::Kernel=ARRAY(0x5561f2211f68)) called at /home/sand/src/perl/repoperls/installed-perls/host/k93msid/v5.24.1/d2d1/lib/site_perl/5.24.1/POE/Kernel.pm line 1291
# POE::Kernel::run(POE::Kernel=ARRAY(0x5561f2211f68)) called at t/01_resolve.t line 187
#
# ----------
# Previous test 0 ''
# Use of uninitialized value $unread in integer gt (>) at /home/sand/src/perl/repoperls/installed-perls/host/k93msid/v5.24.1/d2d1/lib/site_perl/5.24.1/Net/DNS/Resolver/Base.pm line 817.
# at /home/sand/src/perl/repoperls/installed-perls/host/k93msid/v5.24.1/d2d1/lib/site_perl/5.24.1/Net/DNS/Resolver/Base.pm line 817.
# Net::DNS::Resolver::Base::_read_tcp(IO::Socket::IP=GLOB(0x5561f2cb5698)) called at /home/sand/src/perl/repoperls/installed-perls/host/k93msid/v5.24.1/d2d1/lib/site_perl/5.24.1/Net/DNS/Resolver/Base.pm line 667
# Net::DNS::Resolver::Base::_bgread called at /home/sand/src/perl/repoperls/installed-perls/host/k93msid/v5.24.1/d2d1/lib/site_perl/5.24.1/Net/DNS/Resolver/Base.pm line 649
# Net::DNS::Resolver::Base::bgread(Net::DNS::Resolver=HASH(0x5561f1ced8a8), IO::Socket::IP=GLOB(0x5561f2cb5698)) called at /tmp/loop_over_bdir-12204-XJTN7g/POE-Component-Client-DNS-1.054-0/blib/lib/POE/Component/Client/DNS.pm line 379
# POE::Component::Client::DNS::_dns_response(POE::Component::Client::DNS=ARRAY(0x5561f2c0b2a0), POE::Session=ARRAY(0x5561f1cedff8), POE::Kernel=ARRAY(0x5561f2211f68), HASH(0x5561f1cedf68), "got_dns_response", POE::Session=ARRAY(0x5561f1cedff8), undef, "/home/sand/src/perl/repoperls/installed-perls/host/k93msid/v5"..., ...) called at /home/sand/src/perl/repoperls/installed-perls/host/k93msid/v5.24.1/d2d1/lib/site_perl/5.24.1/POE/Session.pm line 483
# POE::Session::_invoke_state(POE::Session=ARRAY(0x5561f1cedff8), POE::Session=ARRAY(0x5561f1cedff8), "got_dns_response", ARRAY(0x5561f2cb5458), "/home/sand/src/perl/repoperls/installed-perls/host/k93msid/v5"..., 240, undef) called at /home/sand/src/perl/repoperls/installed-perls/host/k93msid/v5.24.1/d2d1/lib/site_perl/5.24.1/POE/Kernel.pm line 1097
# eval {...} called at /home/sand/src/perl/repoperls/installed-perls/host/k93msid/v5.24.1/d2d1/lib/site_perl/5.24.1/POE/Kernel.pm line 1083
# POE::Kernel::_dispatch_event(POE::Kernel=ARRAY(0x5561f2211f68), POE::Session=ARRAY(0x5561f1cedff8), POE::Session=ARRAY(0x5561f1cedff8), "got_dns_response", 1024, ARRAY(0x5561f2cb5458), "/home/sand/src/perl/repoperls/installed-perls/host/k93msid/v5"..., 240, ...) called at /home/sand/src/perl/repoperls/installed-perls/host/k93msid/v5.24.1/d2d1/lib/site_perl/5.24.1/POE/Resource/FileHandles.pm line 238
# POE::Kernel::_data_handle_enqueue_ready(undef, undef, 50, 27, 21, 14, 15, 40, ...) called at /home/sand/src/perl/repoperls/installed-perls/host/k93msid/v5.24.1/d2d1/lib/site_perl/5.24.1/POE/Loop/Select.pm line 288
# POE::Kernel::loop_do_timeslice(POE::Kernel=ARRAY(0x5561f2211f68)) called at /home/sand/src/perl/repoperls/installed-perls/host/k93msid/v5.24.1/d2d1/lib/site_perl/5.24.1/POE/Loop/Select.pm line 317
# POE::Kernel::loop_run(POE::Kernel=ARRAY(0x5561f2211f68)) called at /home/sand/src/perl/repoperls/installed-perls/host/k93msid/v5.24.1/d2d1/lib/site_perl/5.24.1/POE/Kernel.pm line 1291
# POE::Kernel::run(POE::Kernel=ARRAY(0x5561f2211f68)) called at t/01_resolve.t line 187
#
# ----------
# Previous test 0 ''
# Use of uninitialized value $unread in integer gt (>) at /home/sand/src/perl/repoperls/installed-perls/host/k93msid/v5.24.1/d2d1/lib/site_perl/5.24.1/Net/DNS/Resolver/Base.pm line 817.
# at /home/sand/src/perl/repoperls/installed-perls/host/k93msid/v5.24.1/d2d1/lib/site_perl/5.24.1/Net/DNS/Resolver/Base.pm line 817.
# Net::DNS::Resolver::Base::_read_tcp(IO::Socket::IP=GLOB(0x5561f2ca98d0)) called at /home/sand/src/perl/repoperls/installed-perls/host/k93msid/v5.24.1/d2d1/lib/site_perl/5.24.1/Net/DNS/Resolver/Base.pm line 667
# Net::DNS::Resolver::Base::_bgread called at /home/sand/src/perl/repoperls/installed-perls/host/k93msid/v5.24.1/d2d1/lib/site_perl/5.24.1/Net/DNS/Resolver/Base.pm line 649
# Net::DNS::Resolver::Base::bgread(Net::DNS::Resolver=HASH(0x5561f1ced8a8), IO::Socket::IP=GLOB(0x5561f2ca98d0)) called at /tmp/loop_over_bdir-12204-XJTN7g/POE-Component-Client-DNS-1.054-0/blib/lib/POE/Component/Client/DNS.pm line 379
# POE::Component::Client::DNS::_dns_response(POE::Component::Client::DNS=ARRAY(0x5561f2c0b2a0), POE::Session=ARRAY(0x5561f1cedff8), POE::Kernel=ARRAY(0x5561f2211f68), HASH(0x5561f1cedf68), "got_dns_response", POE::Session=ARRAY(0x5561f1cedff8), undef, "/home/sand/src/perl/repoperls/installed-perls/host/k93msid/v5"..., ...) called at /home/sand/src/perl/repoperls/installed-perls/host/k93msid/v5.24.1/d2d1/lib/site_perl/5.24.1/POE/Session.pm line 483
# POE::Session::_invoke_state(POE::Session=ARRAY(0x5561f1cedff8), POE::Session=ARRAY(0x5561f1cedff8), "got_dns_response", ARRAY(0x5561f2ca8cb8), "/home/sand/src/perl/repoperls/installed-perls/host/k93msid/v5"..., 240, undef) called at /home/sand/src/perl/repoperls/installed-perls/host/k93msid/v5.24.1/d2d1/lib/site_perl/5.24.1/POE/Kernel.pm line 1097
# eval {...} called at /home/sand/src/perl/repoperls/installed-perls/host/k93msid/v5.24.1/d2d1/lib/site_perl/5.24.1/POE/Kernel.pm line 1083
# POE::Kernel::_dispatch_event(POE::Kernel=ARRAY(0x5561f2211f68), POE::Session=ARRAY(0x5561f1cedff8), POE::Session=ARRAY(0x5561f1cedff8), "got_dns_response", 1024, ARRAY(0x5561f2ca8cb8), "/home/sand/src/perl/repoperls/installed-perls/host/k93msid/v5"..., 240, ...) called at /home/sand/src/perl/repoperls/installed-perls/host/k93msid/v5.24.1/d2d1/lib/site_perl/5.24.1/POE/Resource/FileHandles.pm line 238
# POE::Kernel::_data_handle_enqueue_ready(undef, undef, 50, 27, 21, 14, 15, 40, ...) called at /home/sand/src/perl/repoperls/installed-perls/host/k93msid/v5.24.1/d2d1/lib/site_perl/5.24.1/POE/Loop/Select.pm line 288
# POE::Kernel::loop_do_timeslice(POE::Kernel=ARRAY(0x5561f2211f68)) called at /home/sand/src/perl/repoperls/installed-perls/host/k93msid/v5.24.1/d2d1/lib/site_perl/5.24.1/POE/Loop/Select.pm line 317
# POE::Kernel::loop_run(POE::Kernel=ARRAY(0x5561f2211f68)) called at /home/sand/src/perl/repoperls/installed-perls/host/k93msid/v5.24.1/d2d1/lib/site_perl/5.24.1/POE/Kernel.pm line 1291
# POE::Kernel::run(POE::Kernel=ARRAY(0x5561f2211f68)) called at t/01_resolve.t line 187
#
# ----------
# Previous test 0 ''
# Use of uninitialized value $unread in integer gt (>) at /home/sand/src/perl/repoperls/installed-perls/host/k93msid/v5.24.1/d2d1/lib/site_perl/5.24.1/Net/DNS/Resolver/Base.pm line 817.
# at /home/sand/src/perl/repoperls/installed-perls/host/k93msid/v5.24.1/d2d1/lib/site_perl/5.24.1/Net/DNS/Resolver/Base.pm line 817.
# Net::DNS::Resolver::Base::_read_tcp(IO::Socket::IP=GLOB(0x5561f2c9c6d8)) called at /home/sand/src/perl/repoperls/installed-perls/host/k93msid/v5.24.1/d2d1/lib/site_perl/5.24.1/Net/DNS/Resolver/Base.pm line 667
# Net::DNS::Resolver::Base::_bgread called at /home/sand/src/perl/repoperls/installed-perls/host/k93msid/v5.24.1/d2d1/lib/site_perl/5.24.1/Net/DNS/Resolver/Base.pm line 649
# Net::DNS::Resolver::Base::bgread(Net::DNS::Resolver=HASH(0x5561f1ced8a8), IO::Socket::IP=GLOB(0x5561f2c9c6d8)) called at /tmp/loop_over_bdir-12204-XJTN7g/POE-Component-Client-DNS-1.054-0/blib/lib/POE/Component/Client/DNS.pm line 379
# POE::Component::Client::DNS::_dns_response(POE::Component::Client::DNS=ARRAY(0x5561f2c0b2a0), POE::Session=ARRAY(0x5561f1cedff8), POE::Kernel=ARRAY(0x5561f2211f68), HASH(0x5561f1cedf68), "got_dns_response", POE::Session=ARRAY(0x5561f1cedff8), undef, "/home/sand/src/perl/repoperls/installed-perls/host/k93msid/v5"..., ...) called at /home/sand/src/perl/repoperls/installed-perls/host/k93msid/v5.24.1/d2d1/lib/site_perl/5.24.1/POE/Session.pm line 483
# POE::Session::_invoke_state(POE::Session=ARRAY(0x5561f1cedff8), POE::Session=ARRAY(0x5561f1cedff8), "got_dns_response", ARRAY(0x5561f2c9be50), "/home/sand/src/perl/repoperls/installed-perls/host/k93msid/v5"..., 240, undef) called at /home/sand/src/perl/repoperls/installed-perls/host/k93msid/v5.24.1/d2d1/lib/site_perl/5.24.1/POE/Kernel.pm line 1097
# eval {...} called at /home/sand/src/perl/repoperls/installed-perls/host/k93msid/v5.24.1/d2d1/lib/site_perl/5.24.1/POE/Kernel.pm line 1083
# POE::Kernel::_dispatch_event(POE::Kernel=ARRAY(0x5561f2211f68), POE::Session=ARRAY(0x5561f1cedff8), POE::Session=ARRAY(0x5561f1cedff8), "got_dns_response", 1024, ARRAY(0x5561f2c9be50), "/home/sand/src/perl/repoperls/installed-perls/host/k93msid/v5"..., 240, ...) called at /home/sand/src/perl/repoperls/installed-perls/host/k93msid/v5.24.1/d2d1/lib/site_perl/5.24.1/POE/Resource/FileHandles.pm line 238
# POE::Kernel::_data_handle_enqueue_ready(undef, undef, 50, 27, 21, 14, 15, 40, ...) called at /home/sand/src/perl/repoperls/installed-perls/host/k93msid/v5.24.1/d2d1/lib/site_perl/5.24.1/POE/Loop/Select.pm line 288
# POE::Kernel::loop_do_timeslice(POE::Kernel=ARRAY(0x5561f2211f68)) called at /home/sand/src/perl/repoperls/installed-perls/host/k93msid/v5.24.1/d2d1/lib/site_perl/5.24.1/POE/Loop/Select.pm line 317
# POE::Kernel::loop_run(POE::Kernel=ARRAY(0x5561f2211f68)) called at /home/sand/src/perl/repoperls/installed-perls/host/k93msid/v5.24.1/d2d1/lib/site_perl/5.24.1/POE/Kernel.pm line 1291
# POE::Kernel::run(POE::Kernel=ARRAY(0x5561f2211f68)) called at t/01_resolve.t line 187
#
# ----------
# Previous test 0 ''
# Use of uninitialized value $unread in integer gt (>) at /home/sand/src/perl/repoperls/installed-perls/host/k93msid/v5.24.1/d2d1/lib/site_perl/5.24.1/Net/DNS/Resolver/Base.pm line 817.
# at /home/sand/src/perl/repoperls/installed-perls/host/k93msid/v5.24.1/d2d1/lib/site_perl/5.24.1/Net/DNS/Resolver/Base.pm line 817.
# Net::DNS::Resolver::Base::_read_tcp(IO::Socket::IP=GLOB(0x5561f2c9ea18)) called at /home/sand/src/perl/repoperls/installed-perls/host/k93msid/v5.24.1/d2d1/lib/site_perl/5.24.1/Net/DNS/Resolver/Base.pm line 667
# Net::DNS::Resolver::Base::_bgread called at /home/sand/src/perl/repoperls/installed-perls/host/k93msid/v5.24.1/d2d1/lib/site_perl/5.24.1/Net/DNS/Resolver/Base.pm line 649
# Net::DNS::Resolver::Base::bgread(Net::DNS::Resolver=HASH(0x5561f1ced8a8), IO::Socket::IP=GLOB(0x5561f2c9ea18)) called at /tmp/loop_over_bdir-12204-XJTN7g/POE-Component-Client-DNS-1.054-0/blib/lib/POE/Component/Client/DNS.pm line 379
# POE::Component::Client::DNS::_dns_response(POE::Component::Client::DNS=ARRAY(0x5561f2c0b2a0), POE::Session=ARRAY(0x5561f1cedff8), POE::Kernel=ARRAY(0x5561f2211f68), HASH(0x5561f1cedf68), "got_dns_response", POE::Session=ARRAY(0x5561f1cedff8), undef, "/home/sand/src/perl/repoperls/installed-perls/host/k93msid/v5"..., ...) called at /home/sand/src/perl/repoperls/installed-perls/host/k93msid/v5.24.1/d2d1/lib/site_perl/5.24.1/POE/Session.pm line 483
# POE::Session::_invoke_state(POE::Session=ARRAY(0x5561f1cedff8), POE::Session=ARRAY(0x5561f1cedff8), "got_dns_response", ARRAY(0x5561f2c9c918), "/home/sand/src/perl/repoperls/installed-perls/host/k93msid/v5"..., 240, undef) called at /home/sand/src/perl/repoperls/installed-perls/host/k93msid/v5.24.1/d2d1/lib/site_perl/5.24.1/POE/Kernel.pm line 1097
# eval {...} called at /home/sand/src/perl/repoperls/installed-perls/host/k93msid/v5.24.1/d2d1/lib/site_perl/5.24.1/POE/Kernel.pm line 1083
# POE::Kernel::_dispatch_event(POE::Kernel=ARRAY(0x5561f2211f68), POE::Session=ARRAY(0x5561f1cedff8), POE::Session=ARRAY(0x5561f1cedff8), "got_dns_response", 1024, ARRAY(0x5561f2c9c918), "/home/sand/src/perl/repoperls/installed-perls/host/k93msid/v5"..., 240, ...) called at /home/sand/src/perl/repoperls/installed-perls/host/k93msid/v5.24.1/d2d1/lib/site_perl/5.24.1/POE/Resource/FileHandles.pm line 238
# POE::Kernel::_data_handle_enqueue_ready(undef, undef, 50, 27, 21, 14, 15, 40, ...) called at /home/sand/src/perl/repoperls/installed-perls/host/k93msid/v5.24.1/d2d1/lib/site_perl/5.24.1/POE/Loop/Select.pm line 288
# POE::Kernel::loop_do_timeslice(POE::Kernel=ARRAY(0x5561f2211f68)) called at /home/sand/src/perl/repoperls/installed-perls/host/k93msid/v5.24.1/d2d1/lib/site_perl/5.24.1/POE/Loop/Select.pm line 317
# POE::Kernel::loop_run(POE::Kernel=ARRAY(0x5561f2211f68)) called at /home/sand/src/perl/repoperls/installed-perls/host/k93msid/v5.24.1/d2d1/lib/site_perl/5.24.1/POE/Kernel.pm line 1291
# POE::Kernel::run(POE::Kernel=ARRAY(0x5561f2211f68)) called at t/01_resolve.t line 187
#
# ----------
# Previous test 0 ''
# Use of uninitialized value $unread in integer gt (>) at /home/sand/src/perl/repoperls/installed-perls/host/k93msid/v5.24.1/d2d1/lib/site_perl/5.24.1/Net/DNS/Resolver/Base.pm line 817.
# at /home/sand/src/perl/repoperls/installed-perls/host/k93msid/v5.24.1/d2d1/lib/site_perl/5.24.1/Net/DNS/Resolver/Base.pm line 817.
# Net::DNS::Resolver::Base::_read_tcp(IO::Socket::IP=GLOB(0x5561f2ccec38)) called at /home/sand/src/perl/repoperls/installed-perls/host/k93msid/v5.24.1/d2d1/lib/site_perl/5.24.1/Net/DNS/Resolver/Base.pm line 667
# Net::DNS::Resolver::Base::_bgread called at /home/sand/src/perl/repoperls/installed-perls/host/k93msid/v5.24.1/d2d1/lib/site_perl/5.24.1/Net/DNS/Resolver/Base.pm line 649
# Net::DNS::Resolver::Base::bgread(Net::DNS::Resolver=HASH(0x5561f1ced8a8), IO::Socket::IP=GLOB(0x5561f2ccec38)) called at /tmp/loop_over_bdir-12204-XJTN7g/POE-Component-Client-DNS-1.054-0/blib/lib/POE/Component/Client/DNS.pm line 379
# POE::Component::Client::DNS::_dns_response(POE::Component::Client::DNS=ARRAY(0x5561f2c0b2a0), POE::Session=ARRAY(0x5561f1cedff8), POE::Kernel=ARRAY(0x5561f2211f68), HASH(0x5561f1cedf68), "got_dns_response", POE::Session=ARRAY(0x5561f1cedff8), undef, "/home/sand/src/perl/repoperls/installed-perls/host/k93msid/v5"..., ...) called at /home/sand/src/perl/repoperls/installed-perls/host/k93msid/v5.24.1/d2d1/lib/site_perl/5.24.1/POE/Session.pm line 483
# POE::Session::_invoke_state(POE::Session=ARRAY(0x5561f1cedff8), POE::Session=ARRAY(0x5561f1cedff8), "got_dns_response", ARRAY(0x5561f2cce9e0), "/home/sand/src/perl/repoperls/installed-perls/host/k93msid/v5"..., 240, undef) called at /home/sand/src/perl/repoperls/installed-perls/host/k93msid/v5.24.1/d2d1/lib/site_perl/5.24.1/POE/Kernel.pm line 1097
# eval {...} called at /home/sand/src/perl/repoperls/installed-perls/host/k93msid/v5.24.1/d2d1/lib/site_perl/5.24.1/POE/Kernel.pm line 1083
# POE::Kernel::_dispatch_event(POE::Kernel=ARRAY(0x5561f2211f68), POE::Session=ARRAY(0x5561f1cedff8), POE::Session=ARRAY(0x5561f1cedff8), "got_dns_response", 1024, ARRAY(0x5561f2cce9e0), "/home/sand/src/perl/repoperls/installed-perls/host/k93msid/v5"..., 240, ...) called at /home/sand/src/perl/repoperls/installed-perls/host/k93msid/v5.24.1/d2d1/lib/site_perl/5.24.1/POE/Resource/FileHandles.pm line 238
# POE::Kernel::_data_handle_enqueue_ready(undef, undef, 50, 27, 21, 14, 15, 40, ...) called at /home/sand/src/perl/repoperls/installed-perls/host/k93msid/v5.24.1/d2d1/lib/site_perl/5.24.1/POE/Loop/Select.pm line 288
# POE::Kernel::loop_do_timeslice(POE::Kernel=ARRAY(0x5561f2211f68)) called at /home/sand/src/perl/repoperls/installed-perls/host/k93msid/v5.24.1/d2d1/lib/site_perl/5.24.1/POE/Loop/Select.pm line 317
# POE::Kernel::loop_run(POE::Kernel=ARRAY(0x5561f2211f68)) called at /home/sand/src/perl/repoperls/installed-perls/host/k93msid/v5.24.1/d2d1/lib/site_perl/5.24.1/POE/Kernel.pm line 1291
# POE::Kernel::run(POE::Kernel=ARRAY(0x5561f2211f68)) called at t/01_resolve.t line 187
#
# ----------
# Previous test 0 ''
# Use of uninitialized value $unread in integer gt (>) at /home/sand/src/perl/repoperls/installed-perls/host/k93msid/v5.24.1/d2d1/lib/site_perl/5.24.1/Net/DNS/Resolver/Base.pm line 817.
# at /home/sand/src/perl/repoperls/installed-perls/host/k93msid/v5.24.1/d2d1/lib/site_perl/5.24.1/Net/DNS/Resolver/Base.pm line 817.
# Net::DNS::Resolver::Base::_read_tcp(IO::Socket::IP=GLOB(0x5561f2cb55c0)) called at /home/sand/src/perl/repoperls/installed-perls/host/k93msid/v5.24.1/d2d1/lib/site_perl/5.24.1/Net/DNS/Resolver/Base.pm line 667
# Net::DNS::Resolver::Base::_bgread called at /home/sand/src/perl/repoperls/installed-perls/host/k93msid/v5.24.1/d2d1/lib/site_perl/5.24.1/Net/DNS/Resolver/Base.pm line 649
# Net::DNS::Resolver::Base::bgread(Net::DNS::Resolver=HASH(0x5561f1ced8a8), IO::Socket::IP=GLOB(0x5561f2cb55c0)) called at /tmp/loop_over_bdir-12204-XJTN7g/POE-Component-Client-DNS-1.054-0/blib/lib/POE/Component/Client/DNS.pm line 379
# POE::Component::Client::DNS::_dns_response(POE::Component::Client::DNS=ARRAY(0x5561f2c0b2a0), POE::Session=ARRAY(0x5561f1cedff8), POE::Kernel=ARRAY(0x5561f2211f68), HASH(0x5561f1cedf68), "got_dns_response", POE::Session=ARRAY(0x5561f1cedff8), undef, "/home/sand/src/perl/repoperls/installed-perls/host/k93msid/v5"..., ...) called at /home/sand/src/perl/repoperls/installed-perls/host/k93msid/v5.24.1/d2d1/lib/site_perl/5.24.1/POE/Session.pm line 483
# POE::Session::_invoke_state(POE::Session=ARRAY(0x5561f1cedff8), POE::Session=ARRAY(0x5561f1cedff8), "got_dns_response", ARRAY(0x5561f2cb3028), "/home/sand/src/perl/repoperls/installed-perls/host/k93msid/v5"..., 240, undef) called at /home/sand/src/perl/repoperls/installed-perls/host/k93msid/v5.24.1/d2d1/lib/site_perl/5.24.1/POE/Kernel.pm line 1097
# eval {...} called at /home/sand/src/perl/repoperls/installed-perls/host/k93msid/v5.24.1/d2d1/lib/site_perl/5.24.1/POE/Kernel.pm line 1083
# POE::Kernel::_dispatch_event(POE::Kernel=ARRAY(0x5561f2211f68), POE::Session=ARRAY(0x5561f1cedff8), POE::Session=ARRAY(0x5561f1cedff8), "got_dns_response", 1024, ARRAY(0x5561f2cb3028), "/home/sand/src/perl/repoperls/installed-perls/host/k93msid/v5"..., 240, ...) called at /home/sand/src/perl/repoperls/installed-perls/host/k93msid/v5.24.1/d2d1/lib/site_perl/5.24.1/POE/Resource/FileHandles.pm line 238
# POE::Kernel::_data_handle_enqueue_ready(undef, undef, 50, 27, 21, 14, 15, 40, ...) called at /home/sand/src/perl/repoperls/installed-perls/host/k93msid/v5.24.1/d2d1/lib/site_perl/5.24.1/POE/Loop/Select.pm line 288
# POE::Kernel::loop_do_timeslice(POE::Kernel=ARRAY(0x5561f2211f68)) called at /home/sand/src/perl/repoperls/installed-perls/host/k93msid/v5.24.1/d2d1/lib/site_perl/5.24.1/POE/Loop/Select.pm line 317
# POE::Kernel::loop_run(POE::Kernel=ARRAY(0x5561f2211f68)) called at /home/sand/src/perl/repoperls/installed-perls/host/k93msid/v5.24.1/d2d1/lib/site_perl/5.24.1/POE/Kernel.pm line 1291
# POE::Kernel::run(POE::Kernel=ARRAY(0x5561f2211f68)) called at t/01_resolve.t line 187
#
# ----------
# Previous test 0 ''
# Use of uninitialized value $unread in integer gt (>) at /home/sand/src/perl/repoperls/installed-perls/host/k93msid/v5.24.1/d2d1/lib/site_perl/5.24.1/Net/DNS/Resolver/Base.pm line 817.
# at /home/sand/src/perl/repoperls/installed-perls/host/k93msid/v5.24.1/d2d1/lib/site_perl/5.24.1/Net/DNS/Resolver/Base.pm line 817.
# Net::DNS::Resolver::Base::_read_tcp(IO::Socket::IP=GLOB(0x5561f2cbb280)) called at /home/sand/src/perl/repoperls/installed-perls/host/k93msid/v5.24.1/d2d1/lib/site_perl/5.24.1/Net/DNS/Resolver/Base.pm line 667
# Net::DNS::Resolver::Base::_bgread called at /home/sand/src/perl/repoperls/installed-perls/host/k93msid/v5.24.1/d2d1/lib/site_perl/5.24.1/Net/DNS/Resolver/Base.pm line 649
# Net::DNS::Resolver::Base::bgread(Net::DNS::Resolver=HASH(0x5561f1ced8a8), IO::Socket::IP=GLOB(0x5561f2cbb280)) called at /tmp/loop_over_bdir-12204-XJTN7g/POE-Component-Client-DNS-1.054-0/blib/lib/POE/Component/Client/DNS.pm line 379
# POE::Component::Client::DNS::_dns_response(POE::Component::Client::DNS=ARRAY(0x5561f2c0b2a0), POE::Session=ARRAY(0x5561f1cedff8), POE::Kernel=ARRAY(0x5561f2211f68), HASH(0x5561f1cedf68), "got_dns_response", POE::Session=ARRAY(0x5561f1cedff8), undef, "/home/sand/src/perl/repoperls/installed-perls/host/k93msid/v5"..., ...) called at /home/sand/src/perl/repoperls/installed-perls/host/k93msid/v5.24.1/d2d1/lib/site_perl/5.24.1/POE/Session.pm line 483
# POE::Session::_invoke_state(POE::Session=ARRAY(0x5561f1cedff8), POE::Session=ARRAY(0x5561f1cedff8), "got_dns_response", ARRAY(0x5561f2cb7e78), "/home/sand/src/perl/repoperls/installed-perls/host/k93msid/v5"..., 240, undef) called at /home/sand/src/perl/repoperls/installed-perls/host/k93msid/v5.24.1/d2d1/lib/site_perl/5.24.1/POE/Kernel.pm line 1097
# eval {...} called at /home/sand/src/perl/repoperls/installed-perls/host/k93msid/v5.24.1/d2d1/lib/site_perl/5.24.1/POE/Kernel.pm line 1083
# POE::Kernel::_dispatch_event(POE::Kernel=ARRAY(0x5561f2211f68), POE::Session=ARRAY(0x5561f1cedff8), POE::Session=ARRAY(0x5561f1cedff8), "got_dns_response", 1024, ARRAY(0x5561f2cb7e78), "/home/sand/src/perl/repoperls/installed-perls/host/k93msid/v5"..., 240, ...) called at /home/sand/src/perl/repoperls/installed-perls/host/k93msid/v5.24.1/d2d1/lib/site_perl/5.24.1/POE/Resource/FileHandles.pm line 238
# POE::Kernel::_data_handle_enqueue_ready(undef, undef, 50, 27, 21, 14, 15, 40, ...) called at /home/sand/src/perl/repoperls/installed-perls/host/k93msid/v5.24.1/d2d1/lib/site_perl/5.24.1/POE/Loop/Select.pm line 288
# POE::Kernel::loop_do_timeslice(POE::Kernel=ARRAY(0x5561f2211f68)) called at /home/sand/src/perl/repoperls/installed-perls/host/k93msid/v5.24.1/d2d1/lib/site_perl/5.24.1/POE/Loop/Select.pm line 317
# POE::Kernel::loop_run(POE::Kernel=ARRAY(0x5561f2211f68)) called at /home/sand/src/perl/repoperls/installed-perls/host/k93msid/v5.24.1/d2d1/lib/site_perl/5.24.1/POE/Kernel.pm line 1291
# POE::Kernel::run(POE::Kernel=ARRAY(0x5561f2211f68)) called at t/01_resolve.t line 187
#
# ----------
# Previous test 0 ''
# Use of uninitialized value $unread in integer gt (>) at /home/sand/src/perl/repoperls/installed-perls/host/k93msid/v5.24.1/d2d1/lib/site_perl/5.24.1/Net/DNS/Resolver/Base.pm line 817.
# at /home/sand/src/perl/repoperls/installed-perls/host/k93msid/v5.24.1/d2d1/lib/site_perl/5.24.1/Net/DNS/Resolver/Base.pm line 817.
# Net::DNS::Resolver::Base::_read_tcp(IO::Socket::IP=GLOB(0x5561f2ca0d80)) called at /home/sand/src/perl/repoperls/installed-perls/host/k93msid/v5.24.1/d2d1/lib/site_perl/5.24.1/Net/DNS/Resolver/Base.pm line 667
# Net::DNS::Resolver::Base::_bgread called at /home/sand/src/perl/repoperls/installed-perls/host/k93msid/v5.24.1/d2d1/lib/site_perl/5.24.1/Net/DNS/Resolver/Base.pm line 649
# Net::DNS::Resolver::Base::bgread(Net::DNS::Resolver=HASH(0x5561f1ced8a8), IO::Socket::IP=GLOB(0x5561f2ca0d80)) called at /tmp/loop_over_bdir-12204-XJTN7g/POE-Component-Client-DNS-1.054-0/blib/lib/POE/Component/Client/DNS.pm line 379
# POE::Component::Client::DNS::_dns_response(POE::Component::Client::DNS=ARRAY(0x5561f2c0b2a0), POE::Session=ARRAY(0x5561f1cedff8), POE::Kernel=ARRAY(0x5561f2211f68), HASH(0x5561f1cedf68), "got_dns_response", POE::Session=ARRAY(0x5561f1cedff8), undef, "/home/sand/src/perl/repoperls/installed-perls/host/k93msid/v5"..., ...) called at /home/sand/src/perl/repoperls/installed-perls/host/k93msid/v5.24.1/d2d1/lib/site_perl/5.24.1/POE/Session.pm line 483
# POE::Session::_invoke_state(POE::Session=ARRAY(0x5561f1cedff8), POE::Session=ARRAY(0x5561f1cedff8), "got_dns_response", ARRAY(0x5561f2c9e8e0), "/home/sand/src/perl/repoperls/installed-perls/host/k93msid/v5"..., 240, undef) called at /home/sand/src/perl/repoperls/installed-perls/host/k93msid/v5.24.1/d2d1/lib/site_perl/5.24.1/POE/Kernel.pm line 1097
# eval {...} called at /home/sand/src/perl/repoperls/installed-perls/host/k93msid/v5.24.1/d2d1/lib/site_perl/5.24.1/POE/Kernel.pm line 1083
# POE::Kernel::_dispatch_event(POE::Kernel=ARRAY(0x5561f2211f68), POE::Session=ARRAY(0x5561f1cedff8), POE::Session=ARRAY(0x5561f1cedff8), "got_dns_response", 1024, ARRAY(0x5561f2c9e8e0), "/home/sand/src/perl/repoperls/installed-perls/host/k93msid/v5"..., 240, ...) called at /home/sand/src/perl/repoperls/installed-perls/host/k93msid/v5.24.1/d2d1/lib/site_perl/5.24.1/POE/Resource/FileHandles.pm line 238
# POE::Kernel::_data_handle_enqueue_ready(undef, undef, 50, 27, 21, 14, 15, 40, ...) called at /home/sand/src/perl/repoperls/installed-perls/host/k93msid/v5.24.1/d2d1/lib/site_perl/5.24.1/POE/Loop/Select.pm line 288
# POE::Kernel::loop_do_timeslice(POE::Kernel=ARRAY(0x5561f2211f68)) called at /home/sand/src/perl/repoperls/installed-perls/host/k93msid/v5.24.1/d2d1/lib/site_perl/5.24.1/POE/Loop/Select.pm line 317
# POE::Kernel::loop_run(POE::Kernel=ARRAY(0x5561f2211f68)) called at /home/sand/src/perl/repoperls/installed-perls/host/k93msid/v5.24.1/d2d1/lib/site_perl/5.24.1/POE/Kernel.pm line 1291
# POE::Kernel::run(POE::Kernel=ARRAY(0x5561f2211f68)) called at t/01_resolve.t line 187
#
# ----------
# Previous test 0 ''
# Use of uninitialized value $unread in integer gt (>) at /home/sand/src/perl/repoperls/installed-perls/host/k93msid/v5.24.1/d2d1/lib/site_perl/5.24.1/Net/DNS/Resolver/Base.pm line 817.
# at /home/sand/src/perl/repoperls/installed-perls/host/k93msid/v5.24.1/d2d1/lib/site_perl/5.24.1/Net/DNS/Resolver/Base.pm line 817.
# Net::DNS::Resolver::Base::_read_tcp(IO::Socket::IP=GLOB(0x5561f2cbc920)) called at /home/sand/src/perl/repoperls/installed-perls/host/k93msid/v5.24.1/d2d1/lib/site_perl/5.24.1/Net/DNS/Resolver/Base.pm line 667
# Net::DNS::Resolver::Base::_bgread called at /home/sand/src/perl/repoperls/installed-perls/host/k93msid/v5.24.1/d2d1/lib/site_perl/5.24.1/Net/DNS/Resolver/Base.pm line 649
# Net::DNS::Resolver::Base::bgread(Net::DNS::Resolver=HASH(0x5561f1ced8a8), IO::Socket::IP=GLOB(0x5561f2cbc920)) called at /tmp/loop_over_bdir-12204-XJTN7g/POE-Component-Client-DNS-1.054-0/blib/lib/POE/Component/Client/DNS.pm line 379
# POE::Component::Client::DNS::_dns_response(POE::Component::Client::DNS=ARRAY(0x5561f2c0b2a0), POE::Session=ARRAY(0x5561f1cedff8), POE::Kernel=ARRAY(0x5561f2211f68), HASH(0x5561f1cedf68), "got_dns_response", POE::Session=ARRAY(0x5561f1cedff8), undef, "/home/sand/src/perl/repoperls/installed-perls/host/k93msid/v5"..., ...) called at /home/sand/src/perl/repoperls/installed-perls/host/k93msid/v5.24.1/d2d1/lib/site_perl/5.24.1/POE/Session.pm line 483
# POE::Session::_invoke_state(POE::Session=ARRAY(0x5561f1cedff8), POE::Session=ARRAY(0x5561f1cedff8), "got_dns_response", ARRAY(0x5561f2cbb190), "/home/sand/src/perl/repoperls/installed-perls/host/k93msid/v5"..., 240, undef) called at /home/sand/src/perl/repoperls/installed-perls/host/k93msid/v5.24.1/d2d1/lib/site_perl/5.24.1/POE/Kernel.pm line 1097
# eval {...} called at /home/sand/src/perl/repoperls/installed-perls/host/k93msid/v5.24.1/d2d1/lib/site_perl/5.24.1/POE/Kernel.pm line 1083
# POE::Kernel::_dispatch_event(POE::Kernel=ARRAY(0x5561f2211f68), POE::Session=ARRAY(0x5561f1cedff8), POE::Session=ARRAY(0x5561f1cedff8), "got_dns_response", 1024, ARRAY(0x5561f2cbb190), "/home/sand/src/perl/repoperls/installed-perls/host/k93msid/v5"..., 240, ...) called at /home/sand/src/perl/repoperls/installed-perls/host/k93msid/v5.24.1/d2d1/lib/site_perl/5.24.1/POE/Resource/FileHandles.pm line 238
# POE::Kernel::_data_handle_enqueue_ready(undef, undef, 50, 27, 21, 14, 15, 40, ...) called at /home/sand/src/perl/repoperls/installed-perls/host/k93msid/v5.24.1/d2d1/lib/site_perl/5.24.1/POE/Loop/Select.pm line 288
# POE::Kernel::loop_do_timeslice(POE::Kernel=ARRAY(0x5561f2211f68)) called at /home/sand/src/perl/repoperls/installed-perls/host/k93msid/v5.24.1/d2d1/lib/site_perl/5.24.1/POE/Loop/Select.pm line 317
# POE::Kernel::loop_run(POE::Kernel=ARRAY(0x5561f2211f68)) called at /home/sand/src/perl/repoperls/installed-perls/host/k93msid/v5.24.1/d2d1/lib/site_perl/5.24.1/POE/Kernel.pm line 1291
# POE::Kernel::run(POE::Kernel=ARRAY(0x5561f2211f68)) called at t/01_resolve.t line 187
#
# ----------
# Previous test 0 ''
# Use of uninitialized value $unread in integer gt (>) at /home/sand/src/perl/repoperls/installed-perls/host/k93msid/v5.24.1/d2d1/lib/site_perl/5.24.1/Net/DNS/Resolver/Base.pm line 817.
# at /home/sand/src/perl/repoperls/installed-perls/host/k93msid/v5.24.1/d2d1/lib/site_perl/5.24.1/Net/DNS/Resolver/Base.pm line 817.
# Net::DNS::Resolver::Base::_read_tcp(IO::Socket::IP=GLOB(0x5561f2cc5248)) called at /home/sand/src/perl/repoperls/installed-perls/host/k93msid/v5.24.1/d2d1/lib/site_perl/5.24.1/Net/DNS/Resolver/Base.pm line 667
# Net::DNS::Resolver::Base::_bgread called at /home/sand/src/perl/repoperls/installed-perls/host/k93msid/v5.24.1/d2d1/lib/site_perl/5.24.1/Net/DNS/Resolver/Base.pm line 649
# Net::DNS::Resolver::Base::bgread(Net::DNS::Resolver=HASH(0x5561f1ced8a8), IO::Socket::IP=GLOB(0x5561f2cc5248)) called at /tmp/loop_over_bdir-12204-XJTN7g/POE-Component-Client-DNS-1.054-0/blib/lib/POE/Component/Client/DNS.pm line 379
# POE::Component::Client::DNS::_dns_response(POE::Component::Client::DNS=ARRAY(0x5561f2c0b2a0), POE::Session=ARRAY(0x5561f1cedff8), POE::Kernel=ARRAY(0x5561f2211f68), HASH(0x5561f1cedf68), "got_dns_response", POE::Session=ARRAY(0x5561f1cedff8), undef, "/home/sand/src/perl/repoperls/installed-perls/host/k93msid/v5"..., ...) called at /home/sand/src/perl/repoperls/installed-perls/host/k93msid/v5.24.1/d2d1/lib/site_perl/5.24.1/POE/Session.pm line 483
# POE::Session::_invoke_state(POE::Session=ARRAY(0x5561f1cedff8), POE::Session=ARRAY(0x5561f1cedff8), "got_dns_response", ARRAY(0x5561f2cc4a68), "/home/sand/src/perl/repoperls/installed-perls/host/k93msid/v5"..., 240, undef) called at /home/sand/src/perl/repoperls/installed-perls/host/k93msid/v5.24.1/d2d1/lib/site_perl/5.24.1/POE/Kernel.pm line 1097
# eval {...} called at /home/sand/src/perl/repoperls/installed-perls/host/k93msid/v5.24.1/d2d1/lib/site_perl/5.24.1/POE/Kernel.pm line 1083
# POE::Kernel::_dispatch_event(POE::Kernel=ARRAY(0x5561f2211f68), POE::Session=ARRAY(0x5561f1cedff8), POE::Session=ARRAY(0x5561f1cedff8), "got_dns_response", 1024, ARRAY(0x5561f2cc4a68), "/home/sand/src/perl/repoperls/installed-perls/host/k93msid/v5"..., 240, ...) called at /home/sand/src/perl/repoperls/installed-perls/host/k93msid/v5.24.1/d2d1/lib/site_perl/5.24.1/POE/Resource/FileHandles.pm line 238
# POE::Kernel::_data_handle_enqueue_ready(undef, undef, 50, 27, 21, 14, 15, 40, ...) called at /home/sand/src/perl/repoperls/installed-perls/host/k93msid/v5.24.1/d2d1/lib/site_perl/5.24.1/POE/Loop/Select.pm line 288
# POE::Kernel::loop_do_timeslice(POE::Kernel=ARRAY(0x5561f2211f68)) called at /home/sand/src/perl/repoperls/installed-perls/host/k93msid/v5.24.1/d2d1/lib/site_perl/5.24.1/POE/Loop/Select.pm line 317
# POE::Kernel::loop_run(POE::Kernel=ARRAY(0x5561f2211f68)) called at /home/sand/src/perl/repoperls/installed-perls/host/k93msid/v5.24.1/d2d1/lib/site_perl/5.24.1/POE/Kernel.pm line 1291
# POE::Kernel::run(POE::Kernel=ARRAY(0x5561f2211f68)) called at t/01_resolve.t line 187
#
# ----------
# Previous test 0 ''
# Use of uninitialized value $unread in integer gt (>) at /home/sand/src/perl/repoperls/installed-perls/host/k93msid/v5.24.1/d2d1/lib/site_perl/5.24.1/Net/DNS/Resolver/Base.pm line 817.
# at /home/sand/src/perl/repoperls/installed-perls/host/k93msid/v5.24.1/d2d1/lib/site_perl/5.24.1/Net/DNS/Resolver/Base.pm line 817.
# Net::DNS::Resolver::Base::_read_tcp(IO::Socket::IP=GLOB(0x5561f2c895d8)) called at /home/sand/src/perl/repoperls/installed-perls/host/k93msid/v5.24.1/d2d1/lib/site_perl/5.24.1/Net/DNS/Resolver/Base.pm line 667
# Net::DNS::Resolver::Base::_bgread called at /home/sand/src/perl/repoperls/installed-perls/host/k93msid/v5.24.1/d2d1/lib/site_perl/5.24.1/Net/DNS/Resolver/Base.pm line 649
# Net::DNS::Resolver::Base::bgread(Net::DNS::Resolver=HASH(0x5561f1ced8a8), IO::Socket::IP=GLOB(0x5561f2c895d8)) called at /tmp/loop_over_bdir-12204-XJTN7g/POE-Component-Client-DNS-1.054-0/blib/lib/POE/Component/Client/DNS.pm line 379
# POE::Component::Client::DNS::_dns_response(POE::Component::Client::DNS=ARRAY(0x5561f2c0b2a0), POE::Session=ARRAY(0x5561f1cedff8), POE::Kernel=ARRAY(0x5561f2211f68), HASH(0x5561f1cedf68), "got_dns_response", POE::Session=ARRAY(0x5561f1cedff8), undef, "/home/sand/src/perl/repoperls/installed-perls/host/k93msid/v5"..., ...) called at /home/sand/src/perl/repoperls/installed-perls/host/k93msid/v5.24.1/d2d1/lib/site_perl/5.24.1/POE/Session.pm line 483
# POE::Session::_invoke_state(POE::Session=ARRAY(0x5561f1cedff8), POE::Session=ARRAY(0x5561f1cedff8), "got_dns_response", ARRAY(0x5561f2c625c0), "/home/sand/src/perl/repoperls/installed-perls/host/k93msid/v5"..., 240, undef) called at /home/sand/src/perl/repoperls/installed-perls/host/k93msid/v5.24.1/d2d1/lib/site_perl/5.24.1/POE/Kernel.pm line 1097
# eval {...} called at /home/sand/src/perl/repoperls/installed-perls/host/k93msid/v5.24.1/d2d1/lib/site_perl/5.24.1/POE/Kernel.pm line 1083
# POE::Kernel::_dispatch_event(POE::Kernel=ARRAY(0x5561f2211f68), POE::Session=ARRAY(0x5561f1cedff8), POE::Session=ARRAY(0x5561f1cedff8), "got_dns_response", 1024, ARRAY(0x5561f2c625c0), "/home/sand/src/perl/repoperls/installed-perls/host/k93msid/v5"..., 240, ...) called at /home/sand/src/perl/repoperls/installed-perls/host/k93msid/v5.24.1/d2d1/lib/site_perl/5.24.1/POE/Resource/FileHandles.pm line 238
# POE::Kernel::_data_handle_enqueue_ready(undef, undef, 50, 27, 21, 14, 15, 40, ...) called at /home/sand/src/perl/repoperls/installed-perls/host/k93msid/v5.24.1/d2d1/lib/site_perl/5.24.1/POE/Loop/Select.pm line 288
# POE::Kernel::loop_do_timeslice(POE::Kernel=ARRAY(0x5561f2211f68)) called at /home/sand/src/perl/repoperls/installed-perls/host/k93msid/v5.24.1/d2d1/lib/site_perl/5.24.1/POE/Loop/Select.pm line 317
# POE::Kernel::loop_run(POE::Kernel=ARRAY(0x5561f2211f68)) called at /home/sand/src/perl/repoperls/installed-perls/host/k93msid/v5.24.1/d2d1/lib/site_perl/5.24.1/POE/Kernel.pm line 1291
# POE::Kernel::run(POE::Kernel=ARRAY(0x5561f2211f68)) called at t/01_resolve.t line 187
#
# ----------
# Previous test 0 ''
# Use of uninitialized value $unread in integer gt (>) at /home/sand/src/perl/repoperls/installed-perls/host/k93msid/v5.24.1/d2d1/lib/site_perl/5.24.1/Net/DNS/Resolver/Base.pm line 817.
# at /home/sand/src/perl/repoperls/installed-perls/host/k93msid/v5.24.1/d2d1/lib/site_perl/5.24.1/Net/DNS/Resolver/Base.pm line 817.
# Net::DNS::Resolver::Base::_read_tcp(IO::Socket::IP=GLOB(0x5561f2ca5bb8)) called at /home/sand/src/perl/repoperls/installed-perls/host/k93msid/v5.24.1/d2d1/lib/site_perl/5.24.1/Net/DNS/Resolver/Base.pm line 667
# Net::DNS::Resolver::Base::_bgread called at /home/sand/src/perl/repoperls/installed-perls/host/k93msid/v5.24.1/d2d1/lib/site_perl/5.24.1/Net/DNS/Resolver/Base.pm line 649
# Net::DNS::Resolver::Base::bgread(Net::DNS::Resolver=HASH(0x5561f1ced8a8), IO::Socket::IP=GLOB(0x5561f2ca5bb8)) called at /tmp/loop_over_bdir-12204-XJTN7g/POE-Component-Client-DNS-1.054-0/blib/lib/POE/Component/Client/DNS.pm line 379
# POE::Component::Client::DNS::_dns_response(POE::Component::Client::DNS=ARRAY(0x5561f2c0b2a0), POE::Session=ARRAY(0x5561f1cedff8), POE::Kernel=ARRAY(0x5561f2211f68), HASH(0x5561f1cedf68), "got_dns_response", POE::Session=ARRAY(0x5561f1cedff8), undef, "/home/sand/src/perl/repoperls/installed-perls/host/k93msid/v5"..., ...) called at /home/sand/src/perl/repoperls/installed-perls/host/k93msid/v5.24.1/d2d1/lib/site_perl/5.24.1/POE/Session.pm line 483
# POE::Session::_invoke_state(POE::Session=ARRAY(0x5561f1cedff8), POE::Session=ARRAY(0x5561f1cedff8), "got_dns_response", ARRAY(0x5561f2ca59a8), "/home/sand/src/perl/repoperls/installed-perls/host/k93msid/v5"..., 240, undef) called at /home/sand/src/perl/repoperls/installed-perls/host/k93msid/v5.24.1/d2d1/lib/site_perl/5.24.1/POE/Kernel.pm line 1097
# eval {...} called at /home/sand/src/perl/repoperls/installed-perls/host/k93msid/v5.24.1/d2d1/lib/site_perl/5.24.1/POE/Kernel.pm line 1083
# POE::Kernel::_dispatch_event(POE::Kernel=ARRAY(0x5561f2211f68), POE::Session=ARRAY(0x5561f1cedff8), POE::Session=ARRAY(0x5561f1cedff8), "got_dns_response", 1024, ARRAY(0x5561f2ca59a8), "/home/sand/src/perl/repoperls/installed-perls/host/k93msid/v5"..., 240, ...) called at /home/sand/src/perl/repoperls/installed-perls/host/k93msid/v5.24.1/d2d1/lib/site_perl/5.24.1/POE/Resource/FileHandles.pm line 238
# POE::Kernel::_data_handle_enqueue_ready(undef, undef, 50, 27, 21, 14, 15, 40, ...) called at /home/sand/src/perl/repoperls/installed-perls/host/k93msid/v5.24.1/d2d1/lib/site_perl/5.24.1/POE/Loop/Select.pm line 288
# POE::Kernel::loop_do_timeslice(POE::Kernel=ARRAY(0x5561f2211f68)) called at /home/sand/src/perl/repoperls/installed-perls/host/k93msid/v5.24.1/d2d1/lib/site_perl/5.24.1/POE/Loop/Select.pm line 317
# POE::Kernel::loop_run(POE::Kernel=ARRAY(0x5561f2211f68)) called at /home/sand/src/perl/repoperls/installed-perls/host/k93msid/v5.24.1/d2d1/lib/site_perl/5.24.1/POE/Kernel.pm line 1291
# POE::Kernel::run(POE::Kernel=ARRAY(0x5561f2211f68)) called at t/01_resolve.t line 187
#
# ----------
# Previous test 0 ''
# Use of uninitialized value $unread in integer gt (>) at /home/sand/src/perl/repoperls/installed-perls/host/k93msid/v5.24.1/d2d1/lib/site_perl/5.24.1/Net/DNS/Resolver/Base.pm line 817.
# at /home/sand/src/perl/repoperls/installed-perls/host/k93msid/v5.24.1/d2d1/lib/site_perl/5.24.1/Net/DNS/Resolver/Base.pm line 817.
# Net::DNS::Resolver::Base::_read_tcp(IO::Socket::IP=GLOB(0x5561f2cdc4c0)) called at /home/sand/src/perl/repoperls/installed-perls/host/k93msid/v5.24.1/d2d1/lib/site_perl/5.24.1/Net/DNS/Resolver/Base.pm line 667
# Net::DNS::Resolver::Base::_bgread called at /home/sand/src/perl/repoperls/installed-perls/host/k93msid/v5.24.1/d2d1/lib/site_perl/5.24.1/Net/DNS/Resolver/Base.pm line 649
# Net::DNS::Resolver::Base::bgread(Net::DNS::Resolver=HASH(0x5561f1ced8a8), IO::Socket::IP=GLOB(0x5561f2cdc4c0)) called at /tmp/loop_over_bdir-12204-XJTN7g/POE-Component-Client-DNS-1.054-0/blib/lib/POE/Component/Client/DNS.pm line 379
# POE::Component::Client::DNS::_dns_response(POE::Component::Client::DNS=ARRAY(0x5561f2c0b2a0), POE::Session=ARRAY(0x5561f1cedff8), POE::Kernel=ARRAY(0x5561f2211f68), HASH(0x5561f1cedf68), "got_dns_response", POE::Session=ARRAY(0x5561f1cedff8), undef, "/home/sand/src/perl/repoperls/installed-perls/host/k93msid/v5"..., ...) called at /home/sand/src/perl/repoperls/installed-perls/host/k93msid/v5.24.1/d2d1/lib/site_perl/5.24.1/POE/Session.pm line 483
# POE::Session::_invoke_state(POE::Session=ARRAY(0x5561f1cedff8), POE::Session=ARRAY(0x5561f1cedff8), "got_dns_response", ARRAY(0x5561f2cd9ca8), "/home/sand/src/perl/repoperls/installed-perls/host/k93msid/v5"..., 240, undef) called at /home/sand/src/perl/repoperls/installed-perls/host/k93msid/v5.24.1/d2d1/lib/site_perl/5.24.1/POE/Kernel.pm line 1097
# eval {...} called at /home/sand/src/perl/repoperls/installed-perls/host/k93msid/v5.24.1/d2d1/lib/site_perl/5.24.1/POE/Kernel.pm line 1083
# POE::Kernel::_dispatch_event(POE::Kernel=ARRAY(0x5561f2211f68), POE::Session=ARRAY(0x5561f1cedff8), POE::Session=ARRAY(0x5561f1cedff8), "got_dns_response", 1024, ARRAY(0x5561f2cd9ca8), "/home/sand/src/perl/repoperls/installed-perls/host/k93msid/v5"..., 240, ...) called at /home/sand/src/perl/repoperls/installed-perls/host/k93msid/v5.24.1/d2d1/lib/site_perl/5.24.1/POE/Resource/FileHandles.pm line 238
# POE::Kernel::_data_handle_enqueue_ready(undef, undef, 50, 27, 21, 14, 15, 40, ...) called at /home/sand/src/perl/repoperls/installed-perls/host/k93msid/v5.24.1/d2d1/lib/site_perl/5.24.1/POE/Loop/Select.pm line 288
# POE::Kernel::loop_do_timeslice(POE::Kernel=ARRAY(0x5561f2211f68)) called at /home/sand/src/perl/repoperls/installed-perls/host/k93msid/v5.24.1/d2d1/lib/site_perl/5.24.1/POE/Loop/Select.pm line 317
# POE::Kernel::loop_run(POE::Kernel=ARRAY(0x5561f2211f68)) called at /home/sand/src/perl/repoperls/installed-perls/host/k93msid/v5.24.1/d2d1/lib/site_perl/5.24.1/POE/Kernel.pm line 1291
# POE::Kernel::run(POE::Kernel=ARRAY(0x5561f2211f68)) called at t/01_resolve.t line 187
#
# ----------
# Previous test 0 ''
# Use of uninitialized value $unread in integer gt (>) at /home/sand/src/perl/repoperls/installed-perls/host/k93msid/v5.24.1/d2d1/lib/site_perl/5.24.1/Net/DNS/Resolver/Base.pm line 817.
# at /home/sand/src/perl/repoperls/installed-perls/host/k93msid/v5.24.1/d2d1/lib/site_perl/5.24.1/Net/DNS/Resolver/Base.pm line 817.
# Net::DNS::Resolver::Base::_read_tcp(IO::Socket::IP=GLOB(0x5561f2cbf078)) called at /home/sand/src/perl/repoperls/installed-perls/host/k93msid/v5.24.1/d2d1/lib/site_perl/5.24.1/Net/DNS/Resolver/Base.pm line 667
# Net::DNS::Resolver::Base::_bgread called at /home/sand/src/perl/repoperls/installed-perls/host/k93msid/v5.24.1/d2d1/lib/site_perl/5.24.1/Net/DNS/Resolver/Base.pm line 649
# Net::DNS::Resolver::Base::bgread(Net::DNS::Resolver=HASH(0x5561f1ced8a8), IO::Socket::IP=GLOB(0x5561f2cbf078)) called at /tmp/loop_over_bdir-12204-XJTN7g/POE-Component-Client-DNS-1.054-0/blib/lib/POE/Component/Client/DNS.pm line 379
# POE::Component::Client::DNS::_dns_response(POE::Component::Client::DNS=ARRAY(0x5561f2c0b2a0), POE::Session=ARRAY(0x5561f1cedff8), POE::Kernel=ARRAY(0x5561f2211f68), HASH(0x5561f1cedf68), "got_dns_response", POE::Session=ARRAY(0x5561f1cedff8), undef, "/home/sand/src/perl/repoperls/installed-perls/host/k93msid/v5"..., ...) called at /home/sand/src/perl/repoperls/installed-perls/host/k93msid/v5.24.1/d2d1/lib/site_perl/5.24.1/POE/Session.pm line 483
# POE::Session::_invoke_state(POE::Session=ARRAY(0x5561f1cedff8), POE::Session=ARRAY(0x5561f1cedff8), "got_dns_response", ARRAY(0x5561f2cbedc0), "/home/sand/src/perl/repoperls/installed-perls/host/k93msid/v5"..., 240, undef) called at /home/sand/src/perl/repoperls/installed-perls/host/k93msid/v5.24.1/d2d1/lib/site_perl/5.24.1/POE/Kernel.pm line 1097
# eval {...} called at /home/sand/src/perl/repoperls/installed-perls/host/k93msid/v5.24.1/d2d1/lib/site_perl/5.24.1/POE/Kernel.pm line 1083
# POE::Kernel::_dispatch_event(POE::Kernel=ARRAY(0x5561f2211f68), POE::Session=ARRAY(0x5561f1cedff8), POE::Session=ARRAY(0x5561f1cedff8), "got_dns_response", 1024, ARRAY(0x5561f2cbedc0), "/home/sand/src/perl/repoperls/installed-perls/host/k93msid/v5"..., 240, ...) called at /home/sand/src/perl/repoperls/installed-perls/host/k93msid/v5.24.1/d2d1/lib/site_perl/5.24.1/POE/Resource/FileHandles.pm line 238
# POE::Kernel::_data_handle_enqueue_ready(undef, undef, 50, 27, 21, 14, 15, 40, ...) called at /home/sand/src/perl/repoperls/installed-perls/host/k93msid/v5.24.1/d2d1/lib/site_perl/5.24.1/POE/Loop/Select.pm line 288
# POE::Kernel::loop_do_timeslice(POE::Kernel=ARRAY(0x5561f2211f68)) called at /home/sand/src/perl/repoperls/installed-perls/host/k93msid/v5.24.1/d2d1/lib/site_perl/5.24.1/POE/Loop/Select.pm line 317
# POE::Kernel::loop_run(POE::Kernel=ARRAY(0x5561f2211f68)) called at /home/sand/src/perl/repoperls/installed-perls/host/k93msid/v5.24.1/d2d1/lib/site_perl/5.24.1/POE/Kernel.pm line 1291
# POE::Kernel::run(POE::Kernel=ARRAY(0x5561f2211f68)) called at t/01_resolve.t line 187
#
# ----------
# Previous test 0 ''
# Use of uninitialized value $unread in integer gt (>) at /home/sand/src/perl/repoperls/installed-perls/host/k93msid/v5.24.1/d2d1/lib/site_perl/5.24.1/Net/DNS/Resolver/Base.pm line 817.
# at /home/sand/src/perl/repoperls/installed-perls/host/k93msid/v5.24.1/d2d1/lib/site_perl/5.24.1/Net/DNS/Resolver/Base.pm line 817.
# Net::DNS::Resolver::Base::_read_tcp(IO::Socket::IP=GLOB(0x5561f2cea928)) called at /home/sand/src/perl/repoperls/installed-perls/host/k93msid/v5.24.1/d2d1/lib/site_perl/5.24.1/Net/DNS/Resolver/Base.pm line 667
# Net::DNS::Resolver::Base::_bgread called at /home/sand/src/perl/repoperls/installed-perls/host/k93msid/v5.24.1/d2d1/lib/site_perl/5.24.1/Net/DNS/Resolver/Base.pm line 649
# Net::DNS::Resolver::Base::bgread(Net::DNS::Resolver=HASH(0x5561f1ced8a8), IO::Socket::IP=GLOB(0x5561f2cea928)) called at /tmp/loop_over_bdir-12204-XJTN7g/POE-Component-Client-DNS-1.054-0/blib/lib/POE/Component/Client/DNS.pm line 379
# POE::Component::Client::DNS::_dns_response(POE::Component::Client::DNS=ARRAY(0x5561f2c0b2a0), POE::Session=ARRAY(0x5561f1cedff8), POE::Kernel=ARRAY(0x5561f2211f68), HASH(0x5561f1cedf68), "got_dns_response", POE::Session=ARRAY(0x5561f1cedff8), undef, "/home/sand/src/perl/repoperls/installed-perls/host/k93msid/v5"..., ...) called at /home/sand/src/perl/repoperls/installed-perls/host/k93msid/v5.24.1/d2d1/lib/site_perl/5.24.1/POE/Session.pm line 483
# POE::Session::_invoke_state(POE::Session=ARRAY(0x5561f1cedff8), POE::Session=ARRAY(0x5561f1cedff8), "got_dns_response", ARRAY(0x5561f2ce9630), "/home/sand/src/perl/repoperls/installed-perls/host/k93msid/v5"..., 240, undef) called at /home/sand/src/perl/repoperls/installed-perls/host/k93msid/v5.24.1/d2d1/lib/site_perl/5.24.1/POE/Kernel.pm line 1097
# eval {...} called at /home/sand/src/perl/repoperls/installed-perls/host/k93msid/v5.24.1/d2d1/lib/site_perl/5.24.1/POE/Kernel.pm line 1083
# POE::Kernel::_dispatch_event(POE::Kernel=ARRAY(0x5561f2211f68), POE::Session=ARRAY(0x5561f1cedff8), POE::Session=ARRAY(0x5561f1cedff8), "got_dns_response", 1024, ARRAY(0x5561f2ce9630), "/home/sand/src/perl/repoperls/installed-perls/host/k93msid/v5"..., 240, ...) called at /home/sand/src/perl/repoperls/installed-perls/host/k93msid/v5.24.1/d2d1/lib/site_perl/5.24.1/POE/Resource/FileHandles.pm line 238
# POE::Kernel::_data_handle_enqueue_ready(undef, undef, 50, 27, 21, 14, 15, 40, ...) called at /home/sand/src/perl/repoperls/installed-perls/host/k93msid/v5.24.1/d2d1/lib/site_perl/5.24.1/POE/Loop/Select.pm line 288
# POE::Kernel::loop_do_timeslice(POE::Kernel=ARRAY(0x5561f2211f68)) called at /home/sand/src/perl/repoperls/installed-perls/host/k93msid/v5.24.1/d2d1/lib/site_perl/5.24.1/POE/Loop/Select.pm line 317
# POE::Kernel::loop_run(POE::Kernel=ARRAY(0x5561f2211f68)) called at /home/sand/src/perl/repoperls/installed-perls/host/k93msid/v5.24.1/d2d1/lib/site_perl/5.24.1/POE/Kernel.pm line 1291
# POE::Kernel::run(POE::Kernel=ARRAY(0x5561f2211f68)) called at t/01_resolve.t line 187
#
# ----------
# Previous test 0 ''
# Use of uninitialized value $unread in integer gt (>) at /home/sand/src/perl/repoperls/installed-perls/host/k93msid/v5.24.1/d2d1/lib/site_perl/5.24.1/Net/DNS/Resolver/Base.pm line 817.
# at /home/sand/src/perl/repoperls/installed-perls/host/k93msid/v5.24.1/d2d1/lib/site_perl/5.24.1/Net/DNS/Resolver/Base.pm line 817.
# Net::DNS::Resolver::Base::_read_tcp(IO::Socket::IP=GLOB(0x5561f2cac2b0)) called at /home/sand/src/perl/repoperls/installed-perls/host/k93msid/v5.24.1/d2d1/lib/site_perl/5.24.1/Net/DNS/Resolver/Base.pm line 667
# Net::DNS::Resolver::Base::_bgread called at /home/sand/src/perl/repoperls/installed-perls/host/k93msid/v5.24.1/d2d1/lib/site_perl/5.24.1/Net/DNS/Resolver/Base.pm line 649
# Net::DNS::Resolver::Base::bgread(Net::DNS::Resolver=HASH(0x5561f1ced8a8), IO::Socket::IP=GLOB(0x5561f2cac2b0)) called at /tmp/loop_over_bdir-12204-XJTN7g/POE-Component-Client-DNS-1.054-0/blib/lib/POE/Component/Client/DNS.pm line 379
# POE::Component::Client::DNS::_dns_response(POE::Component::Client::DNS=ARRAY(0x5561f2c0b2a0), POE::Session=ARRAY(0x5561f1cedff8), POE::Kernel=ARRAY(0x5561f2211f68), HASH(0x5561f1cedf68), "got_dns_response", POE::Session=ARRAY(0x5561f1cedff8), undef, "/home/sand/src/perl/repoperls/installed-perls/host/k93msid/v5"..., ...) called at /home/sand/src/perl/repoperls/installed-perls/host/k93msid/v5.24.1/d2d1/lib/site_perl/5.24.1/POE/Session.pm line 483
# POE::Session::_invoke_state(POE::Session=ARRAY(0x5561f1cedff8), POE::Session=ARRAY(0x5561f1cedff8), "got_dns_response", ARRAY(0x5561f2ca9780), "/home/sand/src/perl/repoperls/installed-perls/host/k93msid/v5"..., 240, undef) called at /home/sand/src/perl/repoperls/installed-perls/host/k93msid/v5.24.1/d2d1/lib/site_perl/5.24.1/POE/Kernel.pm line 1097
# eval {...} called at /home/sand/src/perl/repoperls/installed-perls/host/k93msid/v5.24.1/d2d1/lib/site_perl/5.24.1/POE/Kernel.pm line 1083
# POE::Kernel::_dispatch_event(POE::Kernel=ARRAY(0x5561f2211f68), POE::Session=ARRAY(0x5561f1cedff8), POE::Session=ARRAY(0x5561f1cedff8), "got_dns_response", 1024, ARRAY(0x5561f2ca9780), "/home/sand/src/perl/repoperls/installed-perls/host/k93msid/v5"..., 240, ...) called at /home/sand/src/perl/repoperls/installed-perls/host/k93msid/v5.24.1/d2d1/lib/site_perl/5.24.1/POE/Resource/FileHandles.pm line 238
# POE::Kernel::_data_handle_enqueue_ready(undef, undef, 50, 27, 21, 14, 15, 40, ...) called at /home/sand/src/perl/repoperls/installed-perls/host/k93msid/v5.24.1/d2d1/lib/site_perl/5.24.1/POE/Loop/Select.pm line 288
# POE::Kernel::loop_do_timeslice(POE::Kernel=ARRAY(0x5561f2211f68)) called at /home/sand/src/perl/repoperls/installed-perls/host/k93msid/v5.24.1/d2d1/lib/site_perl/5.24.1/POE/Loop/Select.pm line 317
# POE::Kernel::loop_run(POE::Kernel=ARRAY(0x5561f2211f68)) called at /home/sand/src/perl/repoperls/installed-perls/host/k93msid/v5.24.1/d2d1/lib/site_perl/5.24.1/POE/Kernel.pm line 1291
# POE::Kernel::run(POE::Kernel=ARRAY(0x5561f2211f68)) called at t/01_resolve.t line 187
#
# ----------
# Previous test 0 ''
# Use of uninitialized value $unread in integer gt (>) at /home/sand/src/perl/repoperls/installed-perls/host/k93msid/v5.24.1/d2d1/lib/site_perl/5.24.1/Net/DNS/Resolver/Base.pm line 817.
# at /home/sand/src/perl/repoperls/installed-perls/host/k93msid/v5.24.1/d2d1/lib/site_perl/5.24.1/Net/DNS/Resolver/Base.pm line 817.
# Net::DNS::Resolver::Base::_read_tcp(IO::Socket::IP=GLOB(0x5561f2c97498)) called at /home/sand/src/perl/repoperls/installed-perls/host/k93msid/v5.24.1/d2d1/lib/site_perl/5.24.1/Net/DNS/Resolver/Base.pm line 667
# Net::DNS::Resolver::Base::_bgread called at /home/sand/src/perl/repoperls/installed-perls/host/k93msid/v5.24.1/d2d1/lib/site_perl/5.24.1/Net/DNS/Resolver/Base.pm line 649
# Net::DNS::Resolver::Base::bgread(Net::DNS::Resolver=HASH(0x5561f1ced8a8), IO::Socket::IP=GLOB(0x5561f2c97498)) called at /tmp/loop_over_bdir-12204-XJTN7g/POE-Component-Client-DNS-1.054-0/blib/lib/POE/Component/Client/DNS.pm line 379
# POE::Component::Client::DNS::_dns_response(POE::Component::Client::DNS=ARRAY(0x5561f2c0b2a0), POE::Session=ARRAY(0x5561f1cedff8), POE::Kernel=ARRAY(0x5561f2211f68), HASH(0x5561f1cedf68), "got_dns_response", POE::Session=ARRAY(0x5561f1cedff8), undef, "/home/sand/src/perl/repoperls/installed-perls/host/k93msid/v5"..., ...) called at /home/sand/src/perl/repoperls/installed-perls/host/k93msid/v5.24.1/d2d1/lib/site_perl/5.24.1/POE/Session.pm line 483
# POE::Session::_invoke_state(POE::Session=ARRAY(0x5561f1cedff8), POE::Session=ARRAY(0x5561f1cedff8), "got_dns_response", ARRAY(0x5561f2cd4b28), "/home/sand/src/perl/repoperls/installed-perls/host/k93msid/v5"..., 240, undef) called at /home/sand/src/perl/repoperls/installed-perls/host/k93msid/v5.24.1/d2d1/lib/site_perl/5.24.1/POE/Kernel.pm line 1097
# eval {...} called at /home/sand/src/perl/repoperls/installed-perls/host/k93msid/v5.24.1/d2d1/lib/site_perl/5.24.1/POE/Kernel.pm line 1083
# POE::Kernel::_dispatch_event(POE::Kernel=ARRAY(0x5561f2211f68), POE::Session=ARRAY(0x5561f1cedff8), POE::Session=ARRAY(0x5561f1cedff8), "got_dns_response", 1024, ARRAY(0x5561f2cd4b28), "/home/sand/src/perl/repoperls/installed-perls/host/k93msid/v5"..., 240, ...) called at /home/sand/src/perl/repoperls/installed-perls/host/k93msid/v5.24.1/d2d1/lib/site_perl/5.24.1/POE/Resource/FileHandles.pm line 238
# POE::Kernel::_data_handle_enqueue_ready(undef, undef, 50, 27, 21, 14, 15, 40, ...) called at /home/sand/src/perl/repoperls/installed-perls/host/k93msid/v5.24.1/d2d1/lib/site_perl/5.24.1/POE/Loop/Select.pm line 288
# POE::Kernel::loop_do_timeslice(POE::Kernel=ARRAY(0x5561f2211f68)) called at /home/sand/src/perl/repoperls/installed-perls/host/k93msid/v5.24.1/d2d1/lib/site_perl/5.24.1/POE/Loop/Select.pm line 317
# POE::Kernel::loop_run(POE::Kernel=ARRAY(0x5561f2211f68)) called at /home/sand/src/perl/repoperls/installed-perls/host/k93msid/v5.24.1/d2d1/lib/site_perl/5.24.1/POE/Kernel.pm line 1291
# POE::Kernel::run(POE::Kernel=ARRAY(0x5561f2211f68)) called at t/01_resolve.t line 187
#
# ----------
# Previous test 0 ''
# Use of uninitialized value $unread in integer gt (>) at /home/sand/src/perl/repoperls/installed-perls/host/k93msid/v5.24.1/d2d1/lib/site_perl/5.24.1/Net/DNS/Resolver/Base.pm line 817.
# at /home/sand/src/perl/repoperls/installed-perls/host/k93msid/v5.24.1/d2d1/lib/site_perl/5.24.1/Net/DNS/Resolver/Base.pm line 817.
# Net::DNS::Resolver::Base::_read_tcp(IO::Socket::IP=GLOB(0x5561f2c95d70)) called at /home/sand/src/perl/repoperls/installed-perls/host/k93msid/v5.24.1/d2d1/lib/site_perl/5.24.1/Net/DNS/Resolver/Base.pm line 667
# Net::DNS::Resolver::Base::_bgread called at /home/sand/src/perl/repoperls/installed-perls/host/k93msid/v5.24.1/d2d1/lib/site_perl/5.24.1/Net/DNS/Resolver/Base.pm line 649
# Net::DNS::Resolver::Base::bgread(Net::DNS::Resolver=HASH(0x5561f1ced8a8), IO::Socket::IP=GLOB(0x5561f2c95d70)) called at /tmp/loop_over_bdir-12204-XJTN7g/POE-Component-Client-DNS-1.054-0/blib/lib/POE/Component/Client/DNS.pm line 379
# POE::Component::Client::DNS::_dns_response(POE::Component::Client::DNS=ARRAY(0x5561f2c0b2a0), POE::Session=ARRAY(0x5561f1cedff8), POE::Kernel=ARRAY(0x5561f2211f68), HASH(0x5561f1cedf68), "got_dns_response", POE::Session=ARRAY(0x5561f1cedff8), undef, "/home/sand/src/perl/repoperls/installed-perls/host/k93msid/v5"..., ...) called at /home/sand/src/perl/repoperls/installed-perls/host/k93msid/v5.24.1/d2d1/lib/site_perl/5.24.1/POE/Session.pm line 483
# POE::Session::_invoke_state(POE::Session=ARRAY(0x5561f1cedff8), POE::Session=ARRAY(0x5561f1cedff8), "got_dns_response", ARRAY(0x5561f2c950e0), "/home/sand/src/perl/repoperls/installed-perls/host/k93msid/v5"..., 240, undef) called at /home/sand/src/perl/repoperls/installed-perls/host/k93msid/v5.24.1/d2d1/lib/site_perl/5.24.1/POE/Kernel.pm line 1097
# eval {...} called at /home/sand/src/perl/repoperls/installed-perls/host/k93msid/v5.24.1/d2d1/lib/site_perl/5.24.1/POE/Kernel.pm line 1083
# POE::Kernel::_dispatch_event(POE::Kernel=ARRAY(0x5561f2211f68), POE::Session=ARRAY(0x5561f1cedff8), POE::Session=ARRAY(0x5561f1cedff8), "got_dns_response", 1024, ARRAY(0x5561f2c950e0), "/home/sand/src/perl/repoperls/installed-perls/host/k93msid/v5"..., 240, ...) called at /home/sand/src/perl/repoperls/installed-perls/host/k93msid/v5.24.1/d2d1/lib/site_perl/5.24.1/POE/Resource/FileHandles.pm line 238
# POE::Kernel::_data_handle_enqueue_ready(undef, undef, 50, 27, 21, 14, 15, 40, ...) called at /home/sand/src/perl/repoperls/installed-perls/host/k93msid/v5.24.1/d2d1/lib/site_perl/5.24.1/POE/Loop/Select.pm line 288
# POE::Kernel::loop_do_timeslice(POE::Kernel=ARRAY(0x5561f2211f68)) called at /home/sand/src/perl/repoperls/installed-perls/host/k93msid/v5.24.1/d2d1/lib/site_perl/5.24.1/POE/Loop/Select.pm line 317
# POE::Kernel::loop_run(POE::Kernel=ARRAY(0x5561f2211f68)) called at /home/sand/src/perl/repoperls/installed-perls/host/k93msid/v5.24.1/d2d1/lib/site_perl/5.24.1/POE/Kernel.pm line 1291
# POE::Kernel::run(POE::Kernel=ARRAY(0x5561f2211f68)) called at t/01_resolve.t line 187
#
# ----------
# Previous test 0 ''
# Use of uninitialized value $unread in integer gt (>) at /home/sand/src/perl/repoperls/installed-perls/host/k93msid/v5.24.1/d2d1/lib/site_perl/5.24.1/Net/DNS/Resolver/Base.pm line 817.
# at /home/sand/src/perl/repoperls/installed-perls/host/k93msid/v5.24.1/d2d1/lib/site_perl/5.24.1/Net/DNS/Resolver/Base.pm line 817.
# Net::DNS::Resolver::Base::_read_tcp(IO::Socket::IP=GLOB(0x5561f2ce5e10)) called at /home/sand/src/perl/repoperls/installed-perls/host/k93msid/v5.24.1/d2d1/lib/site_perl/5.24.1/Net/DNS/Resolver/Base.pm line 667
# Net::DNS::Resolver::Base::_bgread called at /home/sand/src/perl/repoperls/installed-perls/host/k93msid/v5.24.1/d2d1/lib/site_perl/5.24.1/Net/DNS/Resolver/Base.pm line 649
# Net::DNS::Resolver::Base::bgread(Net::DNS::Resolver=HASH(0x5561f1ced8a8), IO::Socket::IP=GLOB(0x5561f2ce5e10)) called at /tmp/loop_over_bdir-12204-XJTN7g/POE-Component-Client-DNS-1.054-0/blib/lib/POE/Component/Client/DNS.pm line 379
# POE::Component::Client::DNS::_dns_response(POE::Component::Client::DNS=ARRAY(0x5561f2c0b2a0), POE::Session=ARRAY(0x5561f1cedff8), POE::Kernel=ARRAY(0x5561f2211f68), HASH(0x5561f1cedf68), "got_dns_response", POE::Session=ARRAY(0x5561f1cedff8), undef, "/home/sand/src/perl/repoperls/installed-perls/host/k93msid/v5"..., ...) called at /home/sand/src/perl/repoperls/installed-perls/host/k93msid/v5.24.1/d2d1/lib/site_perl/5.24.1/POE/Session.pm line 483
# POE::Session::_invoke_state(POE::Session=ARRAY(0x5561f1cedff8), POE::Session=ARRAY(0x5561f1cedff8), "got_dns_response", ARRAY(0x5561f2ce48d0), "/home/sand/src/perl/repoperls/installed-perls/host/k93msid/v5"..., 240, undef) called at /home/sand/src/perl/repoperls/installed-perls/host/k93msid/v5.24.1/d2d1/lib/site_perl/5.24.1/POE/Kernel.pm line 1097
# eval {...} called at /home/sand/src/perl/repoperls/installed-perls/host/k93msid/v5.24.1/d2d1/lib/site_perl/5.24.1/POE/Kernel.pm line 1083
# POE::Kernel::_dispatch_event(POE::Kernel=ARRAY(0x5561f2211f68), POE::Session=ARRAY(0x5561f1cedff8), POE::Session=ARRAY(0x5561f1cedff8), "got_dns_response", 1024, ARRAY(0x5561f2ce48d0), "/home/sand/src/perl/repoperls/installed-perls/host/k93msid/v5"..., 240, ...) called at /home/sand/src/perl/repoperls/installed-perls/host/k93msid/v5.24.1/d2d1/lib/site_perl/5.24.1/POE/Resource/FileHandles.pm line 238
# POE::Kernel::_data_handle_enqueue_ready(undef, undef, 50, 27, 21, 14, 15, 40, ...) called at /home/sand/src/perl/repoperls/installed-perls/host/k93msid/v5.24.1/d2d1/lib/site_perl/5.24.1/POE/Loop/Select.pm line 288
# POE::Kernel::loop_do_timeslice(POE::Kernel=ARRAY(0x5561f2211f68)) called at /home/sand/src/perl/repoperls/installed-perls/host/k93msid/v5.24.1/d2d1/lib/site_perl/5.24.1/POE/Loop/Select.pm line 317
# POE::Kernel::loop_run(POE::Kernel=ARRAY(0x5561f2211f68)) called at /home/sand/src/perl/repoperls/installed-perls/host/k93msid/v5.24.1/d2d1/lib/site_perl/5.24.1/POE/Kernel.pm line 1291
# POE::Kernel::run(POE::Kernel=ARRAY(0x5561f2211f68)) called at t/01_resolve.t line 187
#
# ----------
# Previous test 0 ''
# Use of uninitialized value $unread in integer gt (>) at /home/sand/src/perl/repoperls/installed-perls/host/k93msid/v5.24.1/d2d1/lib/site_perl/5.24.1/Net/DNS/Resolver/Base.pm line 817.
# at /home/sand/src/perl/repoperls/installed-perls/host/k93msid/v5.24.1/d2d1/lib/site_perl/5.24.1/Net/DNS/Resolver/Base.pm line 817.
# Net::DNS::Resolver::Base::_read_tcp(IO::Socket::IP=GLOB(0x5561f2cbd3d0)) called at /home/sand/src/perl/repoperls/installed-perls/host/k93msid/v5.24.1/d2d1/lib/site_perl/5.24.1/Net/DNS/Resolver/Base.pm line 667
# Net::DNS::Resolver::Base::_bgread called at /home/sand/src/perl/repoperls/installed-perls/host/k93msid/v5.24.1/d2d1/lib/site_perl/5.24.1/Net/DNS/Resolver/Base.pm line 649
# Net::DNS::Resolver::Base::bgread(Net::DNS::Resolver=HASH(0x5561f1ced8a8), IO::Socket::IP=GLOB(0x5561f2cbd3d0)) called at /tmp/loop_over_bdir-12204-XJTN7g/POE-Component-Client-DNS-1.054-0/blib/lib/POE/Component/Client/DNS.pm line 379
# POE::Component::Client::DNS::_dns_response(POE::Component::Client::DNS=ARRAY(0x5561f2c0b2a0), POE::Session=ARRAY(0x5561f1cedff8), POE::Kernel=ARRAY(0x5561f2211f68), HASH(0x5561f1cedf68), "got_dns_response", POE::Session=ARRAY(0x5561f1cedff8), undef, "/home/sand/src/perl/repoperls/installed-perls/host/k93msid/v5"..., ...) called at /home/sand/src/perl/repoperls/installed-perls/host/k93msid/v5.24.1/d2d1/lib/site_perl/5.24.1/POE/Session.pm line 483
# POE::Session::_invoke_state(POE::Session=ARRAY(0x5561f1cedff8), POE::Session=ARRAY(0x5561f1cedff8), "got_dns_response", ARRAY(0x5561f2cbc788), "/home/sand/src/perl/repoperls/installed-perls/host/k93msid/v5"..., 240, undef) called at /home/sand/src/perl/repoperls/installed-perls/host/k93msid/v5.24.1/d2d1/lib/site_perl/5.24.1/POE/Kernel.pm line 1097
# eval {...} called at /home/sand/src/perl/repoperls/installed-perls/host/k93msid/v5.24.1/d2d1/lib/site_perl/5.24.1/POE/Kernel.pm line 1083
# POE::Kernel::_dispatch_event(POE::Kernel=ARRAY(0x5561f2211f68), POE::Session=ARRAY(0x5561f1cedff8), POE::Session=ARRAY(0x5561f1cedff8), "got_dns_response", 1024, ARRAY(0x5561f2cbc788), "/home/sand/src/perl/repoperls/installed-perls/host/k93msid/v5"..., 240, ...) called at /home/sand/src/perl/repoperls/installed-perls/host/k93msid/v5.24.1/d2d1/lib/site_perl/5.24.1/POE/Resource/FileHandles.pm line 238
# POE::Kernel::_data_handle_enqueue_ready(undef, undef, 50, 27, 21, 14, 15, 40, ...) called at /home/sand/src/perl/repoperls/installed-perls/host/k93msid/v5.24.1/d2d1/lib/site_perl/5.24.1/POE/Loop/Select.pm line 288
# POE::Kernel::loop_do_timeslice(POE::Kernel=ARRAY(0x5561f2211f68)) called at /home/sand/src/perl/repoperls/installed-perls/host/k93msid/v5.24.1/d2d1/lib/site_perl/5.24.1/POE/Loop/Select.pm line 317
# POE::Kernel::loop_run(POE::Kernel=ARRAY(0x5561f2211f68)) called at /home/sand/src/perl/repoperls/installed-perls/host/k93msid/v5.24.1/d2d1/lib/site_perl/5.24.1/POE/Kernel.pm line 1291
# POE::Kernel::run(POE::Kernel=ARRAY(0x5561f2211f68)) called at t/01_resolve.t line 187
#
# ----------
# Previous test 0 ''
# Use of uninitialized value $unread in integer gt (>) at /home/sand/src/perl/repoperls/installed-perls/host/k93msid/v5.24.1/d2d1/lib/site_perl/5.24.1/Net/DNS/Resolver/Base.pm line 817.
# at /home/sand/src/perl/repoperls/installed-perls/host/k93msid/v5.24.1/d2d1/lib/site_perl/5.24.1/Net/DNS/Resolver/Base.pm line 817.
# Net::DNS::Resolver::Base::_read_tcp(IO::Socket::IP=GLOB(0x5561f2cd4c78)) called at /home/sand/src/perl/repoperls/installed-perls/host/k93msid/v5.24.1/d2d1/lib/site_perl/5.24.1/Net/DNS/Resolver/Base.pm line 667
# Net::DNS::Resolver::Base::_bgread called at /home/sand/src/perl/repoperls/installed-perls/host/k93msid/v5.24.1/d2d1/lib/site_perl/5.24.1/Net/DNS/Resolver/Base.pm line 649
# Net::DNS::Resolver::Base::bgread(Net::DNS::Resolver=HASH(0x5561f1ced8a8), IO::Socket::IP=GLOB(0x5561f2cd4c78)) called at /tmp/loop_over_bdir-12204-XJTN7g/POE-Component-Client-DNS-1.054-0/blib/lib/POE/Component/Client/DNS.pm line 379
# POE::Component::Client::DNS::_dns_response(POE::Component::Client::DNS=ARRAY(0x5561f2c0b2a0), POE::Session=ARRAY(0x5561f1cedff8), POE::Kernel=ARRAY(0x5561f2211f68), HASH(0x5561f1cedf68), "got_dns_response", POE::Session=ARRAY(0x5561f1cedff8), undef, "/home/sand/src/perl/repoperls/installed-perls/host/k93msid/v5"..., ...) called at /home/sand/src/perl/repoperls/installed-perls/host/k93msid/v5.24.1/d2d1/lib/site_perl/5.24.1/POE/Session.pm line 483
# POE::Session::_invoke_state(POE::Session=ARRAY(0x5561f1cedff8), POE::Session=ARRAY(0x5561f1cedff8), "got_dns_response", ARRAY(0x5561f2cd35c0), "/home/sand/src/perl/repoperls/installed-perls/host/k93msid/v5"..., 240, undef) called at /home/sand/src/perl/repoperls/installed-perls/host/k93msid/v5.24.1/d2d1/lib/site_perl/5.24.1/POE/Kernel.pm line 1097
# eval {...} called at /home/sand/src/perl/repoperls/installed-perls/host/k93msid/v5.24.1/d2d1/lib/site_perl/5.24.1/POE/Kernel.pm line 1083
# POE::Kernel::_dispatch_event(POE::Kernel=ARRAY(0x5561f2211f68), POE::Session=ARRAY(0x5561f1cedff8), POE::Session=ARRAY(0x5561f1cedff8), "got_dns_response", 1024, ARRAY(0x5561f2cd35c0), "/home/sand/src/perl/repoperls/installed-perls/host/k93msid/v5"..., 240, ...) called at /home/sand/src/perl/repoperls/installed-perls/host/k93msid/v5.24.1/d2d1/lib/site_perl/5.24.1/POE/Resource/FileHandles.pm line 238
# POE::Kernel::_data_handle_enqueue_ready(undef, undef, 50, 27, 21, 14, 15, 40, ...) called at /home/sand/src/perl/repoperls/installed-perls/host/k93msid/v5.24.1/d2d1/lib/site_perl/5.24.1/POE/Loop/Select.pm line 288
# POE::Kernel::loop_do_timeslice(POE::Kernel=ARRAY(0x5561f2211f68)) called at /home/sand/src/perl/repoperls/installed-perls/host/k93msid/v5.24.1/d2d1/lib/site_perl/5.24.1/POE/Loop/Select.pm line 317
# POE::Kernel::loop_run(POE::Kernel=ARRAY(0x5561f2211f68)) called at /home/sand/src/perl/repoperls/installed-perls/host/k93msid/v5.24.1/d2d1/lib/site_perl/5.24.1/POE/Kernel.pm line 1291
# POE::Kernel::run(POE::Kernel=ARRAY(0x5561f2211f68)) called at t/01_resolve.t line 187
#
# ----------
# Previous test 0 ''
# Use of uninitialized value $unread in integer gt (>) at /home/sand/src/perl/repoperls/installed-perls/host/k93msid/v5.24.1/d2d1/lib/site_perl/5.24.1/Net/DNS/Resolver/Base.pm line 817.
# at /home/sand/src/perl/repoperls/installed-perls/host/k93msid/v5.24.1/d2d1/lib/site_perl/5.24.1/Net/DNS/Resolver/Base.pm line 817.
# Net::DNS::Resolver::Base::_read_tcp(IO::Socket::IP=GLOB(0x5561f2cceb60)) called at /home/sand/src/perl/repoperls/installed-perls/host/k93msid/v5.24.1/d2d1/lib/site_perl/5.24.1/Net/DNS/Resolver/Base.pm line 667
# Net::DNS::Resolver::Base::_bgread called at /home/sand/src/perl/repoperls/installed-perls/host/k93msid/v5.24.1/d2d1/lib/site_perl/5.24.1/Net/DNS/Resolver/Base.pm line 649
# Net::DNS::Resolver::Base::bgread(Net::DNS::Resolver=HASH(0x5561f1ced8a8), IO::Socket::IP=GLOB(0x5561f2cceb60)) called at /tmp/loop_over_bdir-12204-XJTN7g/POE-Component-Client-DNS-1.054-0/blib/lib/POE/Component/Client/DNS.pm line 379
# POE::Component::Client::DNS::_dns_response(POE::Component::Client::DNS=ARRAY(0x5561f2c0b2a0), POE::Session=ARRAY(0x5561f1cedff8), POE::Kernel=ARRAY(0x5561f2211f68), HASH(0x5561f1cedf68), "got_dns_response", POE::Session=ARRAY(0x5561f1cedff8), undef, "/home/sand/src/perl/repoperls/installed-perls/host/k93msid/v5"..., ...) called at /home/sand/src/perl/repoperls/installed-perls/host/k93msid/v5.24.1/d2d1/lib/site_perl/5.24.1/POE/Session.pm line 483
# POE::Session::_invoke_state(POE::Session=ARRAY(0x5561f1cedff8), POE::Session=ARRAY(0x5561f1cedff8), "got_dns_response", ARRAY(0x5561f2ccb128), "/home/sand/src/perl/repoperls/installed-perls/host/k93msid/v5"..., 240, undef) called at /home/sand/src/perl/repoperls/installed-perls/host/k93msid/v5.24.1/d2d1/lib/site_perl/5.24.1/POE/Kernel.pm line 1097
# eval {...} called at /home/sand/src/perl/repoperls/installed-perls/host/k93msid/v5.24.1/d2d1/lib/site_perl/5.24.1/POE/Kernel.pm line 1083
# POE::Kernel::_dispatch_event(POE::Kernel=ARRAY(0x5561f2211f68), POE::Session=ARRAY(0x5561f1cedff8), POE::Session=ARRAY(0x5561f1cedff8), "got_dns_response", 1024, ARRAY(0x5561f2ccb128), "/home/sand/src/perl/repoperls/installed-perls/host/k93msid/v5"..., 240, ...) called at /home/sand/src/perl/repoperls/installed-perls/host/k93msid/v5.24.1/d2d1/lib/site_perl/5.24.1/POE/Resource/FileHandles.pm line 238
# POE::Kernel::_data_handle_enqueue_ready(undef, undef, 50, 27, 21, 14, 15, 40, ...) called at /home/sand/src/perl/repoperls/installed-perls/host/k93msid/v5.24.1/d2d1/lib/site_perl/5.24.1/POE/Loop/Select.pm line 288
# POE::Kernel::loop_do_timeslice(POE::Kernel=ARRAY(0x5561f2211f68)) called at /home/sand/src/perl/repoperls/installed-perls/host/k93msid/v5.24.1/d2d1/lib/site_perl/5.24.1/POE/Loop/Select.pm line 317
# POE::Kernel::loop_run(POE::Kernel=ARRAY(0x5561f2211f68)) called at /home/sand/src/perl/repoperls/installed-perls/host/k93msid/v5.24.1/d2d1/lib/site_perl/5.24.1/POE/Kernel.pm line 1291
# POE::Kernel::run(POE::Kernel=ARRAY(0x5561f2211f68)) called at t/01_resolve.t line 187
#
# ----------
# Previous test 0 ''
# Use of uninitialized value $unread in integer gt (>) at /home/sand/src/perl/repoperls/installed-perls/host/k93msid/v5.24.1/d2d1/lib/site_perl/5.24.1/Net/DNS/Resolver/Base.pm line 817.
# at /home/sand/src/perl/repoperls/installed-perls/host/k93msid/v5.24.1/d2d1/lib/site_perl/5.24.1/Net/DNS/Resolver/Base.pm line 817.
# Net::DNS::Resolver::Base::_read_tcp(IO::Socket::IP=GLOB(0x5561f2cd36f8)) called at /home/sand/src/perl/repoperls/installed-perls/host/k93msid/v5.24.1/d2d1/lib/site_perl/5.24.1/Net/DNS/Resolver/Base.pm line 667
# Net::DNS::Resolver::Base::_bgread called at /home/sand/src/perl/repoperls/installed-perls/host/k93msid/v5.24.1/d2d1/lib/site_perl/5.24.1/Net/DNS/Resolver/Base.pm line 649
# Net::DNS::Resolver::Base::bgread(Net::DNS::Resolver=HASH(0x5561f1ced8a8), IO::Socket::IP=GLOB(0x5561f2cd36f8)) called at /tmp/loop_over_bdir-12204-XJTN7g/POE-Component-Client-DNS-1.054-0/blib/lib/POE/Component/Client/DNS.pm line 379
# POE::Component::Client::DNS::_dns_response(POE::Component::Client::DNS=ARRAY(0x5561f2c0b2a0), POE::Session=ARRAY(0x5561f1cedff8), POE::Kernel=ARRAY(0x5561f2211f68), HASH(0x5561f1cedf68), "got_dns_response", POE::Session=ARRAY(0x5561f1cedff8), undef, "/home/sand/src/perl/repoperls/installed-perls/host/k93msid/v5"..., ...) called at /home/sand/src/perl/repoperls/installed-perls/host/k93msid/v5.24.1/d2d1/lib/site_perl/5.24.1/POE/Session.pm line 483
# POE::Session::_invoke_state(POE::Session=ARRAY(0x5561f1cedff8), POE::Session=ARRAY(0x5561f1cedff8), "got_dns_response", ARRAY(0x5561f2cd0b10), "/home/sand/src/perl/repoperls/installed-perls/host/k93msid/v5"..., 240, undef) called at /home/sand/src/perl/repoperls/installed-perls/host/k93msid/v5.24.1/d2d1/lib/site_perl/5.24.1/POE/Kernel.pm line 1097
# eval {...} called at /home/sand/src/perl/repoperls/installed-perls/host/k93msid/v5.24.1/d2d1/lib/site_perl/5.24.1/POE/Kernel.pm line 1083
# POE::Kernel::_dispatch_event(POE::Kernel=ARRAY(0x5561f2211f68), POE::Session=ARRAY(0x5561f1cedff8), POE::Session=ARRAY(0x5561f1cedff8), "got_dns_response", 1024, ARRAY(0x5561f2cd0b10), "/home/sand/src/perl/repoperls/installed-perls/host/k93msid/v5"..., 240, ...) called at /home/sand/src/perl/repoperls/installed-perls/host/k93msid/v5.24.1/d2d1/lib/site_perl/5.24.1/POE/Resource/FileHandles.pm line 238
# POE::Kernel::_data_handle_enqueue_ready(undef, undef, 50, 27, 21, 14, 15, 40, ...) called at /home/sand/src/perl/repoperls/installed-perls/host/k93msid/v5.24.1/d2d1/lib/site_perl/5.24.1/POE/Loop/Select.pm line 288
# POE::Kernel::loop_do_timeslice(POE::Kernel=ARRAY(0x5561f2211f68)) called at /home/sand/src/perl/repoperls/installed-perls/host/k93msid/v5.24.1/d2d1/lib/site_perl/5.24.1/POE/Loop/Select.pm line 317
# POE::Kernel::loop_run(POE::Kernel=ARRAY(0x5561f2211f68)) called at /home/sand/src/perl/repoperls/installed-perls/host/k93msid/v5.24.1/d2d1/lib/site_perl/5.24.1/POE/Kernel.pm line 1291
# POE::Kernel::run(POE::Kernel=ARRAY(0x5561f2211f68)) called at t/01_resolve.t line 187
#
# ----------
# Previous test 0 ''
# Use of uninitialized value $unread in integer gt (>) at /home/sand/src/perl/repoperls/installed-perls/host/k93msid/v5.24.1/d2d1/lib/site_perl/5.24.1/Net/DNS/Resolver/Base.pm line 817.
# at /home/sand/src/perl/repoperls/installed-perls/host/k93msid/v5.24.1/d2d1/lib/site_perl/5.24.1/Net/DNS/Resolver/Base.pm line 817.
# Net::DNS::Resolver::Base::_read_tcp(IO::Socket::IP=GLOB(0x5561f2cd0c48)) called at /home/sand/src/perl/repoperls/installed-perls/host/k93msid/v5.24.1/d2d1/lib/site_perl/5.24.1/Net/DNS/Resolver/Base.pm line 667
# Net::DNS::Resolver::Base::_bgread called at /home/sand/src/perl/repoperls/installed-perls/host/k93msid/v5.24.1/d2d1/lib/site_perl/5.24.1/Net/DNS/Resolver/Base.pm line 649
# Net::DNS::Resolver::Base::bgread(Net::DNS::Resolver=HASH(0x5561f1ced8a8), IO::Socket::IP=GLOB(0x5561f2cd0c48)) called at /tmp/loop_over_bdir-12204-XJTN7g/POE-Component-Client-DNS-1.054-0/blib/lib/POE/Component/Client/DNS.pm line 379
# POE::Component::Client::DNS::_dns_response(POE::Component::Client::DNS=ARRAY(0x5561f2c0b2a0), POE::Session=ARRAY(0x5561f1cedff8), POE::Kernel=ARRAY(0x5561f2211f68), HASH(0x5561f1cedf68), "got_dns_response", POE::Session=ARRAY(0x5561f1cedff8), undef, "/home/sand/src/perl/repoperls/installed-perls/host/k93msid/v5"..., ...) called at /home/sand/src/perl/repoperls/installed-perls/host/k93msid/v5.24.1/d2d1/lib/site_perl/5.24.1/POE/Session.pm line 483
# POE::Session::_invoke_state(POE::Session=ARRAY(0x5561f1cedff8), POE::Session=ARRAY(0x5561f1cedff8), "got_dns_response", ARRAY(0x5561f2ccf520), "/home/sand/src/perl/repoperls/installed-perls/host/k93msid/v5"..., 240, undef) called at /home/sand/src/perl/repoperls/installed-perls/host/k93msid/v5.24.1/d2d1/lib/site_perl/5.24.1/POE/Kernel.pm line 1097
# eval {...} called at /home/sand/src/perl/repoperls/installed-perls/host/k93msid/v5.24.1/d2d1/lib/site_perl/5.24.1/POE/Kernel.pm line 1083
# POE::Kernel::_dispatch_event(POE::Kernel=ARRAY(0x5561f2211f68), POE::Session=ARRAY(0x5561f1cedff8), POE::Session=ARRAY(0x5561f1cedff8), "got_dns_response", 1024, ARRAY(0x5561f2ccf520), "/home/sand/src/perl/repoperls/installed-perls/host/k93msid/v5"..., 240, ...) called at /home/sand/src/perl/repoperls/installed-perls/host/k93msid/v5.24.1/d2d1/lib/site_perl/5.24.1/POE/Resource/FileHandles.pm line 238
# POE::Kernel::_data_handle_enqueue_ready(undef, undef, 50, 27, 21, 14, 15, 40, ...) called at /home/sand/src/perl/repoperls/installed-perls/host/k93msid/v5.24.1/d2d1/lib/site_perl/5.24.1/POE/Loop/Select.pm line 288
# POE::Kernel::loop_do_timeslice(POE::Kernel=ARRAY(0x5561f2211f68)) called at /home/sand/src/perl/repoperls/installed-perls/host/k93msid/v5.24.1/d2d1/lib/site_perl/5.24.1/POE/Loop/Select.pm line 317
# POE::Kernel::loop_run(POE::Kernel=ARRAY(0x5561f2211f68)) called at /home/sand/src/perl/repoperls/installed-perls/host/k93msid/v5.24.1/d2d1/lib/site_perl/5.24.1/POE/Kernel.pm line 1291
# POE::Kernel::run(POE::Kernel=ARRAY(0x5561f2211f68)) called at t/01_resolve.t line 187
#
# ----------
# Previous test 0 ''
# Use of uninitialized value $unread in integer gt (>) at /home/sand/src/perl/repoperls/installed-perls/host/k93msid/v5.24.1/d2d1/lib/site_perl/5.24.1/Net/DNS/Resolver/Base.pm line 817.
# at /home/sand/src/perl/repoperls/installed-perls/host/k93msid/v5.24.1/d2d1/lib/site_perl/5.24.1/Net/DNS/Resolver/Base.pm line 817.
# Net::DNS::Resolver::Base::_read_tcp(IO::Socket::IP=GLOB(0x5561f2ccb260)) called at /home/sand/src/perl/repoperls/installed-perls/host/k93msid/v5.24.1/d2d1/lib/site_perl/5.24.1/Net/DNS/Resolver/Base.pm line 667
# Net::DNS::Resolver::Base::_bgread called at /home/sand/src/perl/repoperls/installed-perls/host/k93msid/v5.24.1/d2d1/lib/site_perl/5.24.1/Net/DNS/Resolver/Base.pm line 649
# Net::DNS::Resolver::Base::bgread(Net::DNS::Resolver=HASH(0x5561f1ced8a8), IO::Socket::IP=GLOB(0x5561f2ccb260)) called at /tmp/loop_over_bdir-12204-XJTN7g/POE-Component-Client-DNS-1.054-0/blib/lib/POE/Component/Client/DNS.pm line 379
# POE::Component::Client::DNS::_dns_response(POE::Component::Client::DNS=ARRAY(0x5561f2c0b2a0), POE::Session=ARRAY(0x5561f1cedff8), POE::Kernel=ARRAY(0x5561f2211f68), HASH(0x5561f1cedf68), "got_dns_response", POE::Session=ARRAY(0x5561f1cedff8), undef, "/home/sand/src/perl/repoperls/installed-perls/host/k93msid/v5"..., ...) called at /home/sand/src/perl/repoperls/installed-perls/host/k93msid/v5.24.1/d2d1/lib/site_perl/5.24.1/POE/Session.pm line 483
# POE::Session::_invoke_state(POE::Session=ARRAY(0x5561f1cedff8), POE::Session=ARRAY(0x5561f1cedff8), "got_dns_response", ARRAY(0x5561f2cc9430), "/home/sand/src/perl/repoperls/installed-perls/host/k93msid/v5"..., 240, undef) called at /home/sand/src/perl/repoperls/installed-perls/host/k93msid/v5.24.1/d2d1/lib/site_perl/5.24.1/POE/Kernel.pm line 1097
# eval {...} called at /home/sand/src/perl/repoperls/installed-perls/host/k93msid/v5.24.1/d2d1/lib/site_perl/5.24.1/POE/Kernel.pm line 1083
# POE::Kernel::_dispatch_event(POE::Kernel=ARRAY(0x5561f2211f68), POE::Session=ARRAY(0x5561f1cedff8), POE::Session=ARRAY(0x5561f1cedff8), "got_dns_response", 1024, ARRAY(0x5561f2cc9430), "/home/sand/src/perl/repoperls/installed-perls/host/k93msid/v5"..., 240, ...) called at /home/sand/src/perl/repoperls/installed-perls/host/k93msid/v5.24.1/d2d1/lib/site_perl/5.24.1/POE/Resource/FileHandles.pm line 238
# POE::Kernel::_data_handle_enqueue_ready(undef, undef, 50, 27, 21, 14, 15, 40, ...) called at /home/sand/src/perl/repoperls/installed-perls/host/k93msid/v5.24.1/d2d1/lib/site_perl/5.24.1/POE/Loop/Select.pm line 288
# POE::Kernel::loop_do_timeslice(POE::Kernel=ARRAY(0x5561f2211f68)) called at /home/sand/src/perl/repoperls/installed-perls/host/k93msid/v5.24.1/d2d1/lib/site_perl/5.24.1/POE/Loop/Select.pm line 317
# POE::Kernel::loop_run(POE::Kernel=ARRAY(0x5561f2211f68)) called at /home/sand/src/perl/repoperls/installed-perls/host/k93msid/v5.24.1/d2d1/lib/site_perl/5.24.1/POE/Kernel.pm line 1291
# POE::Kernel::run(POE::Kernel=ARRAY(0x5561f2211f68)) called at t/01_resolve.t line 187
#
# ----------
# Previous test 0 ''
# Use of uninitialized value $unread in integer gt (>) at /home/sand/src/perl/repoperls/installed-perls/host/k93msid/v5.24.1/d2d1/lib/site_perl/5.24.1/Net/DNS/Resolver/Base.pm line 817.
# at /home/sand/src/perl/repoperls/installed-perls/host/k93msid/v5.24.1/d2d1/lib/site_perl/5.24.1/Net/DNS/Resolver/Base.pm line 817.
# Net::DNS::Resolver::Base::_read_tcp(IO::Socket::IP=GLOB(0x5561f2cc9580)) called at /home/sand/src/perl/repoperls/installed-perls/host/k93msid/v5.24.1/d2d1/lib/site_perl/5.24.1/Net/DNS/Resolver/Base.pm line 667
# Net::DNS::Resolver::Base::_bgread called at /home/sand/src/perl/repoperls/installed-perls/host/k93msid/v5.24.1/d2d1/lib/site_perl/5.24.1/Net/DNS/Resolver/Base.pm line 649
# Net::DNS::Resolver::Base::bgread(Net::DNS::Resolver=HASH(0x5561f1ced8a8), IO::Socket::IP=GLOB(0x5561f2cc9580)) called at /tmp/loop_over_bdir-12204-XJTN7g/POE-Component-Client-DNS-1.054-0/blib/lib/POE/Component/Client/DNS.pm line 379
# POE::Component::Client::DNS::_dns_response(POE::Component::Client::DNS=ARRAY(0x5561f2c0b2a0), POE::Session=ARRAY(0x5561f1cedff8), POE::Kernel=ARRAY(0x5561f2211f68), HASH(0x5561f1cedf68), "got_dns_response", POE::Session=ARRAY(0x5561f1cedff8), undef, "/home/sand/src/perl/repoperls/installed-perls/host/k93msid/v5"..., ...) called at /home/sand/src/perl/repoperls/installed-perls/host/k93msid/v5.24.1/d2d1/lib/site_perl/5.24.1/POE/Session.pm line 483
# POE::Session::_invoke_state(POE::Session=ARRAY(0x5561f1cedff8), POE::Session=ARRAY(0x5561f1cedff8), "got_dns_response", ARRAY(0x5561f2cc8920), "/home/sand/src/perl/repoperls/installed-perls/host/k93msid/v5"..., 240, undef) called at /home/sand/src/perl/repoperls/installed-perls/host/k93msid/v5.24.1/d2d1/lib/site_perl/5.24.1/POE/Kernel.pm line 1097
# eval {...} called at /home/sand/src/perl/repoperls/installed-perls/host/k93msid/v5.24.1/d2d1/lib/site_perl/5.24.1/POE/Kernel.pm line 1083
# POE::Kernel::_dispatch_event(POE::Kernel=ARRAY(0x5561f2211f68), POE::Session=ARRAY(0x5561f1cedff8), POE::Session=ARRAY(0x5561f1cedff8), "got_dns_response", 1024, ARRAY(0x5561f2cc8920), "/home/sand/src/perl/repoperls/installed-perls/host/k93msid/v5"..., 240, ...) called at /home/sand/src/perl/repoperls/installed-perls/host/k93msid/v5.24.1/d2d1/lib/site_perl/5.24.1/POE/Resource/FileHandles.pm line 238
# POE::Kernel::_data_handle_enqueue_ready(undef, undef, 50, 27, 21, 14, 15, 40, ...) called at /home/sand/src/perl/repoperls/installed-perls/host/k93msid/v5.24.1/d2d1/lib/site_perl/5.24.1/POE/Loop/Select.pm line 288
# POE::Kernel::loop_do_timeslice(POE::Kernel=ARRAY(0x5561f2211f68)) called at /home/sand/src/perl/repoperls/installed-perls/host/k93msid/v5.24.1/d2d1/lib/site_perl/5.24.1/POE/Loop/Select.pm line 317
# POE::Kernel::loop_run(POE::Kernel=ARRAY(0x5561f2211f68)) called at /home/sand/src/perl/repoperls/installed-perls/host/k93msid/v5.24.1/d2d1/lib/site_perl/5.24.1/POE/Kernel.pm line 1291
# POE::Kernel::run(POE::Kernel=ARRAY(0x5561f2211f68)) called at t/01_resolve.t line 187
#
# ----------
# Previous test 0 ''
# Use of uninitialized value $unread in integer gt (>) at /home/sand/src/perl/repoperls/installed-perls/host/k93msid/v5.24.1/d2d1/lib/site_perl/5.24.1/Net/DNS/Resolver/Base.pm line 817.
# at /home/sand/src/perl/repoperls/installed-perls/host/k93msid/v5.24.1/d2d1/lib/site_perl/5.24.1/Net/DNS/Resolver/Base.pm line 817.
# Net::DNS::Resolver::Base::_read_tcp(IO::Socket::IP=GLOB(0x5561f2caf478)) called at /home/sand/src/perl/repoperls/installed-perls/host/k93msid/v5.24.1/d2d1/lib/site_perl/5.24.1/Net/DNS/Resolver/Base.pm line 667
# Net::DNS::Resolver::Base::_bgread called at /home/sand/src/perl/repoperls/installed-perls/host/k93msid/v5.24.1/d2d1/lib/site_perl/5.24.1/Net/DNS/Resolver/Base.pm line 649
# Net::DNS::Resolver::Base::bgread(Net::DNS::Resolver=HASH(0x5561f1ced8a8), IO::Socket::IP=GLOB(0x5561f2caf478)) called at /tmp/loop_over_bdir-12204-XJTN7g/POE-Component-Client-DNS-1.054-0/blib/lib/POE/Component/Client/DNS.pm line 379
# POE::Component::Client::DNS::_dns_response(POE::Component::Client::DNS=ARRAY(0x5561f2c0b2a0), POE::Session=ARRAY(0x5561f1cedff8), POE::Kernel=ARRAY(0x5561f2211f68), HASH(0x5561f1cedf68), "got_dns_response", POE::Session=ARRAY(0x5561f1cedff8), undef, "/home/sand/src/perl/repoperls/installed-perls/host/k93msid/v5"..., ...) called at /home/sand/src/perl/repoperls/installed-perls/host/k93msid/v5.24.1/d2d1/lib/site_perl/5.24.1/POE/Session.pm line 483
# POE::Session::_invoke_state(POE::Session=ARRAY(0x5561f1cedff8), POE::Session=ARRAY(0x5561f1cedff8), "got_dns_response", ARRAY(0x5561f2cae7a0), "/home/sand/src/perl/repoperls/installed-perls/host/k93msid/v5"..., 240, undef) called at /home/sand/src/perl/repoperls/installed-perls/host/k93msid/v5.24.1/d2d1/lib/site_perl/5.24.1/POE/Kernel.pm line 1097
# eval {...} called at /home/sand/src/perl/repoperls/installed-perls/host/k93msid/v5.24.1/d2d1/lib/site_perl/5.24.1/POE/Kernel.pm line 1083
# POE::Kernel::_dispatch_event(POE::Kernel=ARRAY(0x5561f2211f68), POE::Session=ARRAY(0x5561f1cedff8), POE::Session=ARRAY(0x5561f1cedff8), "got_dns_response", 1024, ARRAY(0x5561f2cae7a0), "/home/sand/src/perl/repoperls/installed-perls/host/k93msid/v5"..., 240, ...) called at /home/sand/src/perl/repoperls/installed-perls/host/k93msid/v5.24.1/d2d1/lib/site_perl/5.24.1/POE/Resource/FileHandles.pm line 238
# POE::Kernel::_data_handle_enqueue_ready(undef, undef, 50, 27, 21, 14, 15, 40, ...) called at /home/sand/src/perl/repoperls/installed-perls/host/k93msid/v5.24.1/d2d1/lib/site_perl/5.24.1/POE/Loop/Select.pm line 288
# POE::Kernel::loop_do_timeslice(POE::Kernel=ARRAY(0x5561f2211f68)) called at /home/sand/src/perl/repoperls/installed-perls/host/k93msid/v5.24.1/d2d1/lib/site_perl/5.24.1/POE/Loop/Select.pm line 317
# POE::Kernel::loop_run(POE::Kernel=ARRAY(0x5561f2211f68)) called at /home/sand/src/perl/repoperls/installed-perls/host/k93msid/v5.24.1/d2d1/lib/site_perl/5.24.1/POE/Kernel.pm line 1291
# POE::Kernel::run(POE::Kernel=ARRAY(0x5561f2211f68)) called at t/01_resolve.t line 187
#
# ----------
# Previous test 0 ''
# Use of uninitialized value $unread in integer gt (>) at /home/sand/src/perl/repoperls/installed-perls/host/k93msid/v5.24.1/d2d1/lib/site_perl/5.24.1/Net/DNS/Resolver/Base.pm line 817.
# at /home/sand/src/perl/repoperls/installed-perls/host/k93msid/v5.24.1/d2d1/lib/site_perl/5.24.1/Net/DNS/Resolver/Base.pm line 817.
# Net::DNS::Resolver::Base::_read_tcp(IO::Socket::IP=GLOB(0x5561f2cb75d8)) called at /home/sand/src/perl/repoperls/installed-perls/host/k93msid/v5.24.1/d2d1/lib/site_perl/5.24.1/Net/DNS/Resolver/Base.pm line 667
# Net::DNS::Resolver::Base::_bgread called at /home/sand/src/perl/repoperls/installed-perls/host/k93msid/v5.24.1/d2d1/lib/site_perl/5.24.1/Net/DNS/Resolver/Base.pm line 649
# Net::DNS::Resolver::Base::bgread(Net::DNS::Resolver=HASH(0x5561f1ced8a8), IO::Socket::IP=GLOB(0x5561f2cb75d8)) called at /tmp/loop_over_bdir-12204-XJTN7g/POE-Component-Client-DNS-1.054-0/blib/lib/POE/Component/Client/DNS.pm line 379
# POE::Component::Client::DNS::_dns_response(POE::Component::Client::DNS=ARRAY(0x5561f2c0b2a0), POE::Session=ARRAY(0x5561f1cedff8), POE::Kernel=ARRAY(0x5561f2211f68), HASH(0x5561f1cedf68), "got_dns_response", POE::Session=ARRAY(0x5561f1cedff8), undef, "/home/sand/src/perl/repoperls/installed-perls/host/k93msid/v5"..., ...) called at /home/sand/src/perl/repoperls/installed-perls/host/k93msid/v5.24.1/d2d1/lib/site_perl/5.24.1/POE/Session.pm line 483
# POE::Session::_invoke_state(POE::Session=ARRAY(0x5561f1cedff8), POE::Session=ARRAY(0x5561f1cedff8), "got_dns_response", ARRAY(0x5561f2cb5f80), "/home/sand/src/perl/repoperls/installed-perls/host/k93msid/v5"..., 240, undef) called at /home/sand/src/perl/repoperls/installed-perls/host/k93msid/v5.24.1/d2d1/lib/site_perl/5.24.1/POE/Kernel.pm line 1097
# eval {...} called at /home/sand/src/perl/repoperls/installed-perls/host/k93msid/v5.24.1/d2d1/lib/site_perl/5.24.1/POE/Kernel.pm line 1083
# POE::Kernel::_dispatch_event(POE::Kernel=ARRAY(0x5561f2211f68), POE::Session=ARRAY(0x5561f1cedff8), POE::Session=ARRAY(0x5561f1cedff8), "got_dns_response", 1024, ARRAY(0x5561f2cb5f80), "/home/sand/src/perl/repoperls/installed-perls/host/k93msid/v5"..., 240, ...) called at /home/sand/src/perl/repoperls/installed-perls/host/k93msid/v5.24.1/d2d1/lib/site_perl/5.24.1/POE/Resource/FileHandles.pm line 238
# POE::Kernel::_data_handle_enqueue_ready(undef, undef, 50, 27, 21, 14, 15, 40, ...) called at /home/sand/src/perl/repoperls/installed-perls/host/k93msid/v5.24.1/d2d1/lib/site_perl/5.24.1/POE/Loop/Select.pm line 288
# POE::Kernel::loop_do_timeslice(POE::Kernel=ARRAY(0x5561f2211f68)) called at /home/sand/src/perl/repoperls/installed-perls/host/k93msid/v5.24.1/d2d1/lib/site_perl/5.24.1/POE/Loop/Select.pm line 317
# POE::Kernel::loop_run(POE::Kernel=ARRAY(0x5561f2211f68)) called at /home/sand/src/perl/repoperls/installed-perls/host/k93msid/v5.24.1/d2d1/lib/site_perl/5.24.1/POE/Kernel.pm line 1291
# POE::Kernel::run(POE::Kernel=ARRAY(0x5561f2211f68)) called at t/01_resolve.t line 187
#
# ----------
# Previous test 0 ''
# Use of uninitialized value $unread in integer gt (>) at /home/sand/src/perl/repoperls/installed-perls/host/k93msid/v5.24.1/d2d1/lib/site_perl/5.24.1/Net/DNS/Resolver/Base.pm line 817.
# at /home/sand/src/perl/repoperls/installed-perls/host/k93msid/v5.24.1/d2d1/lib/site_perl/5.24.1/Net/DNS/Resolver/Base.pm line 817.
# Net::DNS::Resolver::Base::_read_tcp(IO::Socket::IP=GLOB(0x5561f2c97d80)) called at /home/sand/src/perl/repoperls/installed-perls/host/k93msid/v5.24.1/d2d1/lib/site_perl/5.24.1/Net/DNS/Resolver/Base.pm line 667
# Net::DNS::Resolver::Base::_bgread called at /home/sand/src/perl/repoperls/installed-perls/host/k93msid/v5.24.1/d2d1/lib/site_perl/5.24.1/Net/DNS/Resolver/Base.pm line 649
# Net::DNS::Resolver::Base::bgread(Net::DNS::Resolver=HASH(0x5561f1ced8a8), IO::Socket::IP=GLOB(0x5561f2c97d80)) called at /tmp/loop_over_bdir-12204-XJTN7g/POE-Component-Client-DNS-1.054-0/blib/lib/POE/Component/Client/DNS.pm line 379
# POE::Component::Client::DNS::_dns_response(POE::Component::Client::DNS=ARRAY(0x5561f2c0b2a0), POE::Session=ARRAY(0x5561f1cedff8), POE::Kernel=ARRAY(0x5561f2211f68), HASH(0x5561f1cedf68), "got_dns_response", POE::Session=ARRAY(0x5561f1cedff8), undef, "/home/sand/src/perl/repoperls/installed-perls/host/k93msid/v5"..., ...) called at /home/sand/src/perl/repoperls/installed-perls/host/k93msid/v5.24.1/d2d1/lib/site_perl/5.24.1/POE/Session.pm line 483
# POE::Session::_invoke_state(POE::Session=ARRAY(0x5561f1cedff8), POE::Session=ARRAY(0x5561f1cedff8), "got_dns_response", ARRAY(0x5561f2c95c68), "/home/sand/src/perl/repoperls/installed-perls/host/k93msid/v5"..., 240, undef) called at /home/sand/src/perl/repoperls/installed-perls/host/k93msid/v5.24.1/d2d1/lib/site_perl/5.24.1/POE/Kernel.pm line 1097
# eval {...} called at /home/sand/src/perl/repoperls/installed-perls/host/k93msid/v5.24.1/d2d1/lib/site_perl/5.24.1/POE/Kernel.pm line 1083
# POE::Kernel::_dispatch_event(POE::Kernel=ARRAY(0x5561f2211f68), POE::Session=ARRAY(0x5561f1cedff8), POE::Session=ARRAY(0x5561f1cedff8), "got_dns_response", 1024, ARRAY(0x5561f2c95c68), "/home/sand/src/perl/repoperls/installed-perls/host/k93msid/v5"..., 240, ...) called at /home/sand/src/perl/repoperls/installed-perls/host/k93msid/v5.24.1/d2d1/lib/site_perl/5.24.1/POE/Resource/FileHandles.pm line 238
# POE::Kernel::_data_handle_enqueue_ready(undef, undef, 50, 27, 21, 14, 15, 40, ...) called at /home/sand/src/perl/repoperls/installed-perls/host/k93msid/v5.24.1/d2d1/lib/site_perl/5.24.1/POE/Loop/Select.pm line 288
# POE::Kernel::loop_do_timeslice(POE::Kernel=ARRAY(0x5561f2211f68)) called at /home/sand/src/perl/repoperls/installed-perls/host/k93msid/v5.24.1/d2d1/lib/site_perl/5.24.1/POE/Loop/Select.pm line 317
# POE::Kernel::loop_run(POE::Kernel=ARRAY(0x5561f2211f68)) called at /home/sand/src/perl/repoperls/installed-perls/host/k93msid/v5.24.1/d2d1/lib/site_perl/5.24.1/POE/Kernel.pm line 1291
# POE::Kernel::run(POE::Kernel=ARRAY(0x5561f2211f68)) called at t/01_resolve.t line 187
#
# ----------
# Previous test 0 ''
# Use of uninitialized value $unread in integer gt (>) at /home/sand/src/perl/repoperls/installed-perls/host/k93msid/v5.24.1/d2d1/lib/site_perl/5.24.1/Net/DNS/Resolver/Base.pm line 817.
# at /home/sand/src/perl/repoperls/installed-perls/host/k93msid/v5.24.1/d2d1/lib/site_perl/5.24.1/Net/DNS/Resolver/Base.pm line 817.
# Net::DNS::Resolver::Base::_read_tcp(IO::Socket::IP=GLOB(0x5561f2ca23c8)) called at /home/sand/src/perl/repoperls/installed-perls/host/k93msid/v5.24.1/d2d1/lib/site_perl/5.24.1/Net/DNS/Resolver/Base.pm line 667
# Net::DNS::Resolver::Base::_bgread called at /home/sand/src/perl/repoperls/installed-perls/host/k93msid/v5.24.1/d2d1/lib/site_perl/5.24.1/Net/DNS/Resolver/Base.pm line 649
# Net::DNS::Resolver::Base::bgread(Net::DNS::Resolver=HASH(0x5561f1ced8a8), IO::Socket::IP=GLOB(0x5561f2ca23c8)) called at /tmp/loop_over_bdir-12204-XJTN7g/POE-Component-Client-DNS-1.054-0/blib/lib/POE/Component/Client/DNS.pm line 379
# POE::Component::Client::DNS::_dns_response(POE::Component::Client::DNS=ARRAY(0x5561f2c0b2a0), POE::Session=ARRAY(0x5561f1cedff8), POE::Kernel=ARRAY(0x5561f2211f68), HASH(0x5561f1cedf68), "got_dns_response", POE::Session=ARRAY(0x5561f1cedff8), undef, "/home/sand/src/perl/repoperls/installed-perls/host/k93msid/v5"..., ...) called at /home/sand/src/perl/repoperls/installed-perls/host/k93msid/v5.24.1/d2d1/lib/site_perl/5.24.1/POE/Session.pm line 483
# POE::Session::_invoke_state(POE::Session=ARRAY(0x5561f1cedff8), POE::Session=ARRAY(0x5561f1cedff8), "got_dns_response", ARRAY(0x5561f2ca0c48), "/home/sand/src/perl/repoperls/installed-perls/host/k93msid/v5"..., 240, undef) called at /home/sand/src/perl/repoperls/installed-perls/host/k93msid/v5.24.1/d2d1/lib/site_perl/5.24.1/POE/Kernel.pm line 1097
# eval {...} called at /home/sand/src/perl/repoperls/installed-perls/host/k93msid/v5.24.1/d2d1/lib/site_perl/5.24.1/POE/Kernel.pm line 1083
# POE::Kernel::_dispatch_event(POE::Kernel=ARRAY(0x5561f2211f68), POE::Session=ARRAY(0x5561f1cedff8), POE::Session=ARRAY(0x5561f1cedff8), "got_dns_response", 1024, ARRAY(0x5561f2ca0c48), "/home/sand/src/perl/repoperls/installed-perls/host/k93msid/v5"..., 240, ...) called at /home/sand/src/perl/repoperls/installed-perls/host/k93msid/v5.24.1/d2d1/lib/site_perl/5.24.1/POE/Resource/FileHandles.pm line 238
# POE::Kernel::_data_handle_enqueue_ready(undef, undef, 50, 27, 21, 14, 15, 40, ...) called at /home/sand/src/perl/repoperls/installed-perls/host/k93msid/v5.24.1/d2d1/lib/site_perl/5.24.1/POE/Loop/Select.pm line 288
# POE::Kernel::loop_do_timeslice(POE::Kernel=ARRAY(0x5561f2211f68)) called at /home/sand/src/perl/repoperls/installed-perls/host/k93msid/v5.24.1/d2d1/lib/site_perl/5.24.1/POE/Loop/Select.pm line 317
# POE::Kernel::loop_run(POE::Kernel=ARRAY(0x5561f2211f68)) called at /home/sand/src/perl/repoperls/installed-perls/host/k93msid/v5.24.1/d2d1/lib/site_perl/5.24.1/POE/Kernel.pm line 1291
# POE::Kernel::run(POE::Kernel=ARRAY(0x5561f2211f68)) called at t/01_resolve.t line 187
#
# ----------
# Previous test 0 ''
# Use of uninitialized value $unread in integer gt (>) at /home/sand/src/perl/repoperls/installed-perls/host/k93msid/v5.24.1/d2d1/lib/site_perl/5.24.1/Net/DNS/Resolver/Base.pm line 817.
# at /home/sand/src/perl/repoperls/installed-perls/host/k93msid/v5.24.1/d2d1/lib/site_perl/5.24.1/Net/DNS/Resolver/Base.pm line 817.
# Net::DNS::Resolver::Base::_read_tcp(IO::Socket::IP=GLOB(0x5561f2cdc598)) called at /home/sand/src/perl/repoperls/installed-perls/host/k93msid/v5.24.1/d2d1/lib/site_perl/5.24.1/Net/DNS/Resolver/Base.pm line 667
# Net::DNS::Resolver::Base::_bgread called at /home/sand/src/perl/repoperls/installed-perls/host/k93msid/v5.24.1/d2d1/lib/site_perl/5.24.1/Net/DNS/Resolver/Base.pm line 649
# Net::DNS::Resolver::Base::bgread(Net::DNS::Resolver=HASH(0x5561f1ced8a8), IO::Socket::IP=GLOB(0x5561f2cdc598)) called at /tmp/loop_over_bdir-12204-XJTN7g/POE-Component-Client-DNS-1.054-0/blib/lib/POE/Component/Client/DNS.pm line 379
# POE::Component::Client::DNS::_dns_response(POE::Component::Client::DNS=ARRAY(0x5561f2c0b2a0), POE::Session=ARRAY(0x5561f1cedff8), POE::Kernel=ARRAY(0x5561f2211f68), HASH(0x5561f1cedf68), "got_dns_response", POE::Session=ARRAY(0x5561f1cedff8), undef, "/home/sand/src/perl/repoperls/installed-perls/host/k93msid/v5"..., ...) called at /home/sand/src/perl/repoperls/installed-perls/host/k93msid/v5.24.1/d2d1/lib/site_perl/5.24.1/POE/Session.pm line 483
# POE::Session::_invoke_state(POE::Session=ARRAY(0x5561f1cedff8), POE::Session=ARRAY(0x5561f1cedff8), "got_dns_response", ARRAY(0x5561f2cdc370), "/home/sand/src/perl/repoperls/installed-perls/host/k93msid/v5"..., 240, undef) called at /home/sand/src/perl/repoperls/installed-perls/host/k93msid/v5.24.1/d2d1/lib/site_perl/5.24.1/POE/Kernel.pm line 1097
# eval {...} called at /home/sand/src/perl/repoperls/installed-perls/host/k93msid/v5.24.1/d2d1/lib/site_perl/5.24.1/POE/Kernel.pm line 1083
# POE::Kernel::_dispatch_event(POE::Kernel=ARRAY(0x5561f2211f68), POE::Session=ARRAY(0x5561f1cedff8), POE::Session=ARRAY(0x5561f1cedff8), "got_dns_response", 1024, ARRAY(0x5561f2cdc370), "/home/sand/src/perl/repoperls/installed-perls/host/k93msid/v5"..., 240, ...) called at /home/sand/src/perl/repoperls/installed-perls/host/k93msid/v5.24.1/d2d1/lib/site_perl/5.24.1/POE/Resource/FileHandles.pm line 238
# POE::Kernel::_data_handle_enqueue_ready(undef, undef, 50, 27, 21, 14, 15, 40, ...) called at /home/sand/src/perl/repoperls/installed-perls/host/k93msid/v5.24.1/d2d1/lib/site_perl/5.24.1/POE/Loop/Select.pm line 288
# POE::Kernel::loop_do_timeslice(POE::Kernel=ARRAY(0x5561f2211f68)) called at /home/sand/src/perl/repoperls/installed-perls/host/k93msid/v5.24.1/d2d1/lib/site_perl/5.24.1/POE/Loop/Select.pm line 317
# POE::Kernel::loop_run(POE::Kernel=ARRAY(0x5561f2211f68)) called at /home/sand/src/perl/repoperls/installed-perls/host/k93msid/v5.24.1/d2d1/lib/site_perl/5.24.1/POE/Kernel.pm line 1291
# POE::Kernel::run(POE::Kernel=ARRAY(0x5561f2211f68)) called at t/01_resolve.t line 187
#
# ----------
# Previous test 0 ''
# Use of uninitialized value $unread in integer gt (>) at /home/sand/src/perl/repoperls/installed-perls/host/k93msid/v5.24.1/d2d1/lib/site_perl/5.24.1/Net/DNS/Resolver/Base.pm line 817.
# at /home/sand/src/perl/repoperls/installed-perls/host/k93msid/v5.24.1/d2d1/lib/site_perl/5.24.1/Net/DNS/Resolver/Base.pm line 817.
# Net::DNS::Resolver::Base::_read_tcp(IO::Socket::IP=GLOB(0x5561f2ce8d18)) called at /home/sand/src/perl/repoperls/installed-perls/host/k93msid/v5.24.1/d2d1/lib/site_perl/5.24.1/Net/DNS/Resolver/Base.pm line 667
# Net::DNS::Resolver::Base::_bgread called at /home/sand/src/perl/repoperls/installed-perls/host/k93msid/v5.24.1/d2d1/lib/site_perl/5.24.1/Net/DNS/Resolver/Base.pm line 649
# Net::DNS::Resolver::Base::bgread(Net::DNS::Resolver=HASH(0x5561f1ced8a8), IO::Socket::IP=GLOB(0x5561f2ce8d18)) called at /tmp/loop_over_bdir-12204-XJTN7g/POE-Component-Client-DNS-1.054-0/blib/lib/POE/Component/Client/DNS.pm line 379
# POE::Component::Client::DNS::_dns_response(POE::Component::Client::DNS=ARRAY(0x5561f2c0b2a0), POE::Session=ARRAY(0x5561f1cedff8), POE::Kernel=ARRAY(0x5561f2211f68), HASH(0x5561f1cedf68), "got_dns_response", POE::Session=ARRAY(0x5561f1cedff8), undef, "/home/sand/src/perl/repoperls/installed-perls/host/k93msid/v5"..., ...) called at /home/sand/src/perl/repoperls/installed-perls/host/k93msid/v5.24.1/d2d1/lib/site_perl/5.24.1/POE/Session.pm line 483
# POE::Session::_invoke_state(POE::Session=ARRAY(0x5561f1cedff8), POE::Session=ARRAY(0x5561f1cedff8), "got_dns_response", ARRAY(0x5561f2ce6710), "/home/sand/src/perl/repoperls/installed-perls/host/k93msid/v5"..., 240, undef) called at /home/sand/src/perl/repoperls/installed-perls/host/k93msid/v5.24.1/d2d1/lib/site_perl/5.24.1/POE/Kernel.pm line 1097
# eval {...} called at /home/sand/src/perl/repoperls/installed-perls/host/k93msid/v5.24.1/d2d1/lib/site_perl/5.24.1/POE/Kernel.pm line 1083
# POE::Kernel::_dispatch_event(POE::Kernel=ARRAY(0x5561f2211f68), POE::Session=ARRAY(0x5561f1cedff8), POE::Session=ARRAY(0x5561f1cedff8), "got_dns_response", 1024, ARRAY(0x5561f2ce6710), "/home/sand/src/perl/repoperls/installed-perls/host/k93msid/v5"..., 240, ...) called at /home/sand/src/perl/repoperls/installed-perls/host/k93msid/v5.24.1/d2d1/lib/site_perl/5.24.1/POE/Resource/FileHandles.pm line 238
# POE::Kernel::_data_handle_enqueue_ready(undef, undef, 50, 27, 21, 14, 15, 40, ...) called at /home/sand/src/perl/repoperls/installed-perls/host/k93msid/v5.24.1/d2d1/lib/site_perl/5.24.1/POE/Loop/Select.pm line 288
# POE::Kernel::loop_do_timeslice(POE::Kernel=ARRAY(0x5561f2211f68)) called at /home/sand/src/perl/repoperls/installed-perls/host/k93msid/v5.24.1/d2d1/lib/site_perl/5.24.1/POE/Loop/Select.pm line 317
# POE::Kernel::loop_run(POE::Kernel=ARRAY(0x5561f2211f68)) called at /home/sand/src/perl/repoperls/installed-perls/host/k93msid/v5.24.1/d2d1/lib/site_perl/5.24.1/POE/Kernel.pm line 1291
# POE::Kernel::run(POE::Kernel=ARRAY(0x5561f2211f68)) called at t/01_resolve.t line 187
#
# ----------
# Previous test 0 ''
# Use of uninitialized value $unread in integer gt (>) at /home/sand/src/perl/repoperls/installed-perls/host/k93msid/v5.24.1/d2d1/lib/site_perl/5.24.1/Net/DNS/Resolver/Base.pm line 817.
# at /home/sand/src/perl/repoperls/installed-perls/host/k93msid/v5.24.1/d2d1/lib/site_perl/5.24.1/Net/DNS/Resolver/Base.pm line 817.
# Net::DNS::Resolver::Base::_read_tcp(IO::Socket::IP=GLOB(0x5561f2ce8df0)) called at /home/sand/src/perl/repoperls/installed-perls/host/k93msid/v5.24.1/d2d1/lib/site_perl/5.24.1/Net/DNS/Resolver/Base.pm line 667
# Net::DNS::Resolver::Base::_bgread called at /home/sand/src/perl/repoperls/installed-perls/host/k93msid/v5.24.1/d2d1/lib/site_perl/5.24.1/Net/DNS/Resolver/Base.pm line 649
# Net::DNS::Resolver::Base::bgread(Net::DNS::Resolver=HASH(0x5561f1ced8a8), IO::Socket::IP=GLOB(0x5561f2ce8df0)) called at /tmp/loop_over_bdir-12204-XJTN7g/POE-Component-Client-DNS-1.054-0/blib/lib/POE/Component/Client/DNS.pm line 379
# POE::Component::Client::DNS::_dns_response(POE::Component::Client::DNS=ARRAY(0x5561f2c0b2a0), POE::Session=ARRAY(0x5561f1cedff8), POE::Kernel=ARRAY(0x5561f2211f68), HASH(0x5561f1cedf68), "got_dns_response", POE::Session=ARRAY(0x5561f1cedff8), undef, "/home/sand/src/perl/repoperls/installed-perls/host/k93msid/v5"..., ...) called at /home/sand/src/perl/repoperls/installed-perls/host/k93msid/v5.24.1/d2d1/lib/site_perl/5.24.1/POE/Session.pm line 483
# POE::Session::_invoke_state(POE::Session=ARRAY(0x5561f1cedff8), POE::Session=ARRAY(0x5561f1cedff8), "got_dns_response", ARRAY(0x5561f2ce8be0), "/home/sand/src/perl/repoperls/installed-perls/host/k93msid/v5"..., 240, undef) called at /home/sand/src/perl/repoperls/installed-perls/host/k93msid/v5.24.1/d2d1/lib/site_perl/5.24.1/POE/Kernel.pm line 1097
# eval {...} called at /home/sand/src/perl/repoperls/installed-perls/host/k93msid/v5.24.1/d2d1/lib/site_perl/5.24.1/POE/Kernel.pm line 1083
# POE::Kernel::_dispatch_event(POE::Kernel=ARRAY(0x5561f2211f68), POE::Session=ARRAY(0x5561f1cedff8), POE::Session=ARRAY(0x5561f1cedff8), "got_dns_response", 1024, ARRAY(0x5561f2ce8be0), "/home/sand/src/perl/repoperls/installed-perls/host/k93msid/v5"..., 240, ...) called at /home/sand/src/perl/repoperls/installed-perls/host/k93msid/v5.24.1/d2d1/lib/site_perl/5.24.1/POE/Resource/FileHandles.pm line 238
# POE::Kernel::_data_handle_enqueue_ready(undef, undef, 50, 27, 21, 14, 15, 40, ...) called at /home/sand/src/perl/repoperls/installed-perls/host/k93msid/v5.24.1/d2d1/lib/site_perl/5.24.1/POE/Loop/Select.pm line 288
# POE::Kernel::loop_do_timeslice(POE::Kernel=ARRAY(0x5561f2211f68)) called at /home/sand/src/perl/repoperls/installed-perls/host/k93msid/v5.24.1/d2d1/lib/site_perl/5.24.1/POE/Loop/Select.pm line 317
# POE::Kernel::loop_run(POE::Kernel=ARRAY(0x5561f2211f68)) called at /home/sand/src/perl/repoperls/installed-perls/host/k93msid/v5.24.1/d2d1/lib/site_perl/5.24.1/POE/Kernel.pm line 1291
# POE::Kernel::run(POE::Kernel=ARRAY(0x5561f2211f68)) called at t/01_resolve.t line 187
#
# ----------
# Previous test 0 ''
# Use of uninitialized value $unread in integer gt (>) at /home/sand/src/perl/repoperls/installed-perls/host/k93msid/v5.24.1/d2d1/lib/site_perl/5.24.1/Net/DNS/Resolver/Base.pm line 817.
# at /home/sand/src/perl/repoperls/installed-perls/host/k93msid/v5.24.1/d2d1/lib/site_perl/5.24.1/Net/DNS/Resolver/Base.pm line 817.
# Net::DNS::Resolver::Base::_read_tcp(IO::Socket::IP=GLOB(0x5561f2cd9e10)) called at /home/sand/src/perl/repoperls/installed-perls/host/k93msid/v5.24.1/d2d1/lib/site_perl/5.24.1/Net/DNS/Resolver/Base.pm line 667
# Net::DNS::Resolver::Base::_bgread called at /home/sand/src/perl/repoperls/installed-perls/host/k93msid/v5.24.1/d2d1/lib/site_perl/5.24.1/Net/DNS/Resolver/Base.pm line 649
# Net::DNS::Resolver::Base::bgread(Net::DNS::Resolver=HASH(0x5561f1ced8a8), IO::Socket::IP=GLOB(0x5561f2cd9e10)) called at /tmp/loop_over_bdir-12204-XJTN7g/POE-Component-Client-DNS-1.054-0/blib/lib/POE/Component/Client/DNS.pm line 379
# POE::Component::Client::DNS::_dns_response(POE::Component::Client::DNS=ARRAY(0x5561f2c0b2a0), POE::Session=ARRAY(0x5561f1cedff8), POE::Kernel=ARRAY(0x5561f2211f68), HASH(0x5561f1cedf68), "got_dns_response", POE::Session=ARRAY(0x5561f1cedff8), undef, "/home/sand/src/perl/repoperls/installed-perls/host/k93msid/v5"..., ...) called at /home/sand/src/perl/repoperls/installed-perls/host/k93msid/v5.24.1/d2d1/lib/site_perl/5.24.1/POE/Session.pm line 483
# POE::Session::_invoke_state(POE::Session=ARRAY(0x5561f1cedff8), POE::Session=ARRAY(0x5561f1cedff8), "got_dns_response", ARRAY(0x5561f2cd5620), "/home/sand/src/perl/repoperls/installed-perls/host/k93msid/v5"..., 240, undef) called at /home/sand/src/perl/repoperls/installed-perls/host/k93msid/v5.24.1/d2d1/lib/site_perl/5.24.1/POE/Kernel.pm line 1097
# eval {...} called at /home/sand/src/perl/repoperls/installed-perls/host/k93msid/v5.24.1/d2d1/lib/site_perl/5.24.1/POE/Kernel.pm line 1083
# POE::Kernel::_dispatch_event(POE::Kernel=ARRAY(0x5561f2211f68), POE::Session=ARRAY(0x5561f1cedff8), POE::Session=ARRAY(0x5561f1cedff8), "got_dns_response", 1024, ARRAY(0x5561f2cd5620), "/home/sand/src/perl/repoperls/installed-perls/host/k93msid/v5"..., 240, ...) called at /home/sand/src/perl/repoperls/installed-perls/host/k93msid/v5.24.1/d2d1/lib/site_perl/5.24.1/POE/Resource/FileHandles.pm line 238
# POE::Kernel::_data_handle_enqueue_ready(undef, undef, 50, 27, 21, 14, 15, 40, ...) called at /home/sand/src/perl/repoperls/installed-perls/host/k93msid/v5.24.1/d2d1/lib/site_perl/5.24.1/POE/Loop/Select.pm line 288
# POE::Kernel::loop_do_timeslice(POE::Kernel=ARRAY(0x5561f2211f68)) called at /home/sand/src/perl/repoperls/installed-perls/host/k93msid/v5.24.1/d2d1/lib/site_perl/5.24.1/POE/Loop/Select.pm line 317
# POE::Kernel::loop_run(POE::Kernel=ARRAY(0x5561f2211f68)) called at /home/sand/src/perl/repoperls/installed-perls/host/k93msid/v5.24.1/d2d1/lib/site_perl/5.24.1/POE/Kernel.pm line 1291
# POE::Kernel::run(POE::Kernel=ARRAY(0x5561f2211f68)) called at t/01_resolve.t line 187
#
# ----------
# Previous test 0 ''
# Use of uninitialized value $unread in integer gt (>) at /home/sand/src/perl/repoperls/installed-perls/host/k93msid/v5.24.1/d2d1/lib/site_perl/5.24.1/Net/DNS/Resolver/Base.pm line 817.
# at /home/sand/src/perl/repoperls/installed-perls/host/k93msid/v5.24.1/d2d1/lib/site_perl/5.24.1/Net/DNS/Resolver/Base.pm line 817.
# Net::DNS::Resolver::Base::_read_tcp(IO::Socket::IP=GLOB(0x5561f2cdfaf8)) called at /home/sand/src/perl/repoperls/installed-perls/host/k93msid/v5.24.1/d2d1/lib/site_perl/5.24.1/Net/DNS/Resolver/Base.pm line 667
# Net::DNS::Resolver::Base::_bgread called at /home/sand/src/perl/repoperls/installed-perls/host/k93msid/v5.24.1/d2d1/lib/site_perl/5.24.1/Net/DNS/Resolver/Base.pm line 649
# Net::DNS::Resolver::Base::bgread(Net::DNS::Resolver=HASH(0x5561f1ced8a8), IO::Socket::IP=GLOB(0x5561f2cdfaf8)) called at /tmp/loop_over_bdir-12204-XJTN7g/POE-Component-Client-DNS-1.054-0/blib/lib/POE/Component/Client/DNS.pm line 379
# POE::Component::Client::DNS::_dns_response(POE::Component::Client::DNS=ARRAY(0x5561f2c0b2a0), POE::Session=ARRAY(0x5561f1cedff8), POE::Kernel=ARRAY(0x5561f2211f68), HASH(0x5561f1cedf68), "got_dns_response", POE::Session=ARRAY(0x5561f1cedff8), undef, "/home/sand/src/perl/repoperls/installed-perls/host/k93msid/v5"..., ...) called at /home/sand/src/perl/repoperls/installed-perls/host/k93msid/v5.24.1/d2d1/lib/site_perl/5.24.1/POE/Session.pm line 483
# POE::Session::_invoke_state(POE::Session=ARRAY(0x5561f1cedff8), POE::Session=ARRAY(0x5561f1cedff8), "got_dns_response", ARRAY(0x5561f2cdce80), "/home/sand/src/perl/repoperls/installed-perls/host/k93msid/v5"..., 240, undef) called at /home/sand/src/perl/repoperls/installed-perls/host/k93msid/v5.24.1/d2d1/lib/site_perl/5.24.1/POE/Kernel.pm line 1097
# eval {...} called at /home/sand/src/perl/repoperls/installed-perls/host/k93msid/v5.24.1/d2d1/lib/site_perl/5.24.1/POE/Kernel.pm line 1083
# POE::Kernel::_dispatch_event(POE::Kernel=ARRAY(0x5561f2211f68), POE::Session=ARRAY(0x5561f1cedff8), POE::Session=ARRAY(0x5561f1cedff8), "got_dns_response", 1024, ARRAY(0x5561f2cdce80), "/home/sand/src/perl/repoperls/installed-perls/host/k93msid/v5"..., 240, ...) called at /home/sand/src/perl/repoperls/installed-perls/host/k93msid/v5.24.1/d2d1/lib/site_perl/5.24.1/POE/Resource/FileHandles.pm line 238
# POE::Kernel::_data_handle_enqueue_ready(undef, undef, 50, 27, 21, 14, 15, 40, ...) called at /home/sand/src/perl/repoperls/installed-perls/host/k93msid/v5.24.1/d2d1/lib/site_perl/5.24.1/POE/Loop/Select.pm line 288
# POE::Kernel::loop_do_timeslice(POE::Kernel=ARRAY(0x5561f2211f68)) called at /home/sand/src/perl/repoperls/installed-perls/host/k93msid/v5.24.1/d2d1/lib/site_perl/5.24.1/POE/Loop/Select.pm line 317
# POE::Kernel::loop_run(POE::Kernel=ARRAY(0x5561f2211f68)) called at /home/sand/src/perl/repoperls/installed-perls/host/k93msid/v5.24.1/d2d1/lib/site_perl/5.24.1/POE/Kernel.pm line 1291
# POE::Kernel::run(POE::Kernel=ARRAY(0x5561f2211f68)) called at t/01_resolve.t line 187
#
# ----------
# Previous test 0 ''
# Use of uninitialized value $unread in integer gt (>) at /home/sand/src/perl/repoperls/installed-perls/host/k93msid/v5.24.1/d2d1/lib/site_perl/5.24.1/Net/DNS/Resolver/Base.pm line 817.
# at /home/sand/src/perl/repoperls/installed-perls/host/k93msid/v5.24.1/d2d1/lib/site_perl/5.24.1/Net/DNS/Resolver/Base.pm line 817.
# Net::DNS::Resolver::Base::_read_tcp(IO::Socket::IP=GLOB(0x5561f2ca5b28)) called at /home/sand/src/perl/repoperls/installed-perls/host/k93msid/v5.24.1/d2d1/lib/site_perl/5.24.1/Net/DNS/Resolver/Base.pm line 667
# Net::DNS::Resolver::Base::_bgread called at /home/sand/src/perl/repoperls/installed-perls/host/k93msid/v5.24.1/d2d1/lib/site_perl/5.24.1/Net/DNS/Resolver/Base.pm line 649
# Net::DNS::Resolver::Base::bgread(Net::DNS::Resolver=HASH(0x5561f1ced8a8), IO::Socket::IP=GLOB(0x5561f2ca5b28)) called at /tmp/loop_over_bdir-12204-XJTN7g/POE-Component-Client-DNS-1.054-0/blib/lib/POE/Component/Client/DNS.pm line 379
# POE::Component::Client::DNS::_dns_response(POE::Component::Client::DNS=ARRAY(0x5561f2c0b2a0), POE::Session=ARRAY(0x5561f1cedff8), POE::Kernel=ARRAY(0x5561f2211f68), HASH(0x5561f1cedf68), "got_dns_response", POE::Session=ARRAY(0x5561f1cedff8), undef, "/home/sand/src/perl/repoperls/installed-perls/host/k93msid/v5"..., ...) called at /home/sand/src/perl/repoperls/installed-perls/host/k93msid/v5.24.1/d2d1/lib/site_perl/5.24.1/POE/Session.pm line 483
# POE::Session::_invoke_state(POE::Session=ARRAY(0x5561f1cedff8), POE::Session=ARRAY(0x5561f1cedff8), "got_dns_response", ARRAY(0x5561f2ca2d88), "/home/sand/src/perl/repoperls/installed-perls/host/k93msid/v5"..., 240, undef) called at /home/sand/src/perl/repoperls/installed-perls/host/k93msid/v5.24.1/d2d1/lib/site_perl/5.24.1/POE/Kernel.pm line 1097
# eval {...} called at /home/sand/src/perl/repoperls/installed-perls/host/k93msid/v5.24.1/d2d1/lib/site_perl/5.24.1/POE/Kernel.pm line 1083
# POE::Kernel::_dispatch_event(POE::Kernel=ARRAY(0x5561f2211f68), POE::Session=ARRAY(0x5561f1cedff8), POE::Session=ARRAY(0x5561f1cedff8), "got_dns_response", 1024, ARRAY(0x5561f2ca2d88), "/home/sand/src/perl/repoperls/installed-perls/host/k93msid/v5"..., 240, ...) called at /home/sand/src/perl/repoperls/installed-perls/host/k93msid/v5.24.1/d2d1/lib/site_perl/5.24.1/POE/Resource/FileHandles.pm line 238
# POE::Kernel::_data_handle_enqueue_ready(undef, undef, 50, 27, 21, 14, 15, 40, ...) called at /home/sand/src/perl/repoperls/installed-perls/host/k93msid/v5.24.1/d2d1/lib/site_perl/5.24.1/POE/Loop/Select.pm line 288
# POE::Kernel::loop_do_timeslice(POE::Kernel=ARRAY(0x5561f2211f68)) called at /home/sand/src/perl/repoperls/installed-perls/host/k93msid/v5.24.1/d2d1/lib/site_perl/5.24.1/POE/Loop/Select.pm line 317
# POE::Kernel::loop_run(POE::Kernel=ARRAY(0x5561f2211f68)) called at /home/sand/src/perl/repoperls/installed-perls/host/k93msid/v5.24.1/d2d1/lib/site_perl/5.24.1/POE/Kernel.pm line 1291
# POE::Kernel::run(POE::Kernel=ARRAY(0x5561f2211f68)) called at t/01_resolve.t line 187
#
# ----------
# Previous test 0 ''
# Use of uninitialized value $unread in integer gt (>) at /home/sand/src/perl/repoperls/installed-perls/host/k93msid/v5.24.1/d2d1/lib/site_perl/5.24.1/Net/DNS/Resolver/Base.pm line 817.
# at /home/sand/src/perl/repoperls/installed-perls/host/k93msid/v5.24.1/d2d1/lib/site_perl/5.24.1/Net/DNS/Resolver/Base.pm line 817.
# Net::DNS::Resolver::Base::_read_tcp(IO::Socket::IP=GLOB(0x5561f2cc2020)) called at /home/sand/src/perl/repoperls/installed-perls/host/k93msid/v5.24.1/d2d1/lib/site_perl/5.24.1/Net/DNS/Resolver/Base.pm line 667
# Net::DNS::Resolver::Base::_bgread called at /home/sand/src/perl/repoperls/installed-perls/host/k93msid/v5.24.1/d2d1/lib/site_perl/5.24.1/Net/DNS/Resolver/Base.pm line 649
# Net::DNS::Resolver::Base::bgread(Net::DNS::Resolver=HASH(0x5561f1ced8a8), IO::Socket::IP=GLOB(0x5561f2cc2020)) called at /tmp/loop_over_bdir-12204-XJTN7g/POE-Component-Client-DNS-1.054-0/blib/lib/POE/Component/Client/DNS.pm line 379
# POE::Component::Client::DNS::_dns_response(POE::Component::Client::DNS=ARRAY(0x5561f2c0b2a0), POE::Session=ARRAY(0x5561f1cedff8), POE::Kernel=ARRAY(0x5561f2211f68), HASH(0x5561f1cedf68), "got_dns_response", POE::Session=ARRAY(0x5561f1cedff8), undef, "/home/sand/src/perl/repoperls/installed-perls/host/k93msid/v5"..., ...) called at /home/sand/src/perl/repoperls/installed-perls/host/k93msid/v5.24.1/d2d1/lib/site_perl/5.24.1/POE/Session.pm line 483
# POE::Session::_invoke_state(POE::Session=ARRAY(0x5561f1cedff8), POE::Session=ARRAY(0x5561f1cedff8), "got_dns_response", ARRAY(0x5561f2cc1d68), "/home/sand/src/perl/repoperls/installed-perls/host/k93msid/v5"..., 240, undef) called at /home/sand/src/perl/repoperls/installed-perls/host/k93msid/v5.24.1/d2d1/lib/site_perl/5.24.1/POE/Kernel.pm line 1097
# eval {...} called at /home/sand/src/perl/repoperls/installed-perls/host/k93msid/v5.24.1/d2d1/lib/site_perl/5.24.1/POE/Kernel.pm line 1083
# POE::Kernel::_dispatch_event(POE::Kernel=ARRAY(0x5561f2211f68), POE::Session=ARRAY(0x5561f1cedff8), POE::Session=ARRAY(0x5561f1cedff8), "got_dns_response", 1024, ARRAY(0x5561f2cc1d68), "/home/sand/src/perl/repoperls/installed-perls/host/k93msid/v5"..., 240, ...) called at /home/sand/src/perl/repoperls/installed-perls/host/k93msid/v5.24.1/d2d1/lib/site_perl/5.24.1/POE/Resource/FileHandles.pm line 238
# POE::Kernel::_data_handle_enqueue_ready(undef, undef, 50, 27, 21, 14, 15, 40, ...) called at /home/sand/src/perl/repoperls/installed-perls/host/k93msid/v5.24.1/d2d1/lib/site_perl/5.24.1/POE/Loop/Select.pm line 288
# POE::Kernel::loop_do_timeslice(POE::Kernel=ARRAY(0x5561f2211f68)) called at /home/sand/src/perl/repoperls/installed-perls/host/k93msid/v5.24.1/d2d1/lib/site_perl/5.24.1/POE/Loop/Select.pm line 317
# POE::Kernel::loop_run(POE::Kernel=ARRAY(0x5561f2211f68)) called at /home/sand/src/perl/repoperls/installed-perls/host/k93msid/v5.24.1/d2d1/lib/site_perl/5.24.1/POE/Kernel.pm line 1291
# POE::Kernel::run(POE::Kernel=ARRAY(0x5561f2211f68)) called at t/01_resolve.t line 187
#
# ----------
# Previous test 0 ''
# Use of uninitialized value $unread in integer gt (>) at /home/sand/src/perl/repoperls/installed-perls/host/k93msid/v5.24.1/d2d1/lib/site_perl/5.24.1/Net/DNS/Resolver/Base.pm line 817.
# at /home/sand/src/perl/repoperls/installed-perls/host/k93msid/v5.24.1/d2d1/lib/site_perl/5.24.1/Net/DNS/Resolver/Base.pm line 817.
# Net::DNS::Resolver::Base::_read_tcp(IO::Socket::IP=GLOB(0x5561f2ca2b18)) called at /home/sand/src/perl/repoperls/installed-perls/host/k93msid/v5.24.1/d2d1/lib/site_perl/5.24.1/Net/DNS/Resolver/Base.pm line 667
# Net::DNS::Resolver::Base::_bgread called at /home/sand/src/perl/repoperls/installed-perls/host/k93msid/v5.24.1/d2d1/lib/site_perl/5.24.1/Net/DNS/Resolver/Base.pm line 649
# Net::DNS::Resolver::Base::bgread(Net::DNS::Resolver=HASH(0x5561f1ced8a8), IO::Socket::IP=GLOB(0x5561f2ca2b18)) called at /tmp/loop_over_bdir-12204-XJTN7g/POE-Component-Client-DNS-1.054-0/blib/lib/POE/Component/Client/DNS.pm line 379
# POE::Component::Client::DNS::_dns_response(POE::Component::Client::DNS=ARRAY(0x5561f2c0b2a0), POE::Session=ARRAY(0x5561f1cedff8), POE::Kernel=ARRAY(0x5561f2211f68), HASH(0x5561f1cedf68), "got_dns_response", POE::Session=ARRAY(0x5561f1cedff8), undef, "/home/sand/src/perl/repoperls/installed-perls/host/k93msid/v5"..., ...) called at /home/sand/src/perl/repoperls/installed-perls/host/k93msid/v5.24.1/d2d1/lib/site_perl/5.24.1/POE/Session.pm line 483
# POE::Session::_invoke_state(POE::Session=ARRAY(0x5561f1cedff8), POE::Session=ARRAY(0x5561f1cedff8), "got_dns_response", ARRAY(0x5561f2ca2230), "/home/sand/src/perl/repoperls/installed-perls/host/k93msid/v5"..., 240, undef) called at /home/sand/src/perl/repoperls/installed-perls/host/k93msid/v5.24.1/d2d1/lib/site_perl/5.24.1/POE/Kernel.pm line 1097
# eval {...} called at /home/sand/src/perl/repoperls/installed-perls/host/k93msid/v5.24.1/d2d1/lib/site_perl/5.24.1/POE/Kernel.pm line 1083
# POE::Kernel::_dispatch_event(POE::Kernel=ARRAY(0x5561f2211f68), POE::Session=ARRAY(0x5561f1cedff8), POE::Session=ARRAY(0x5561f1cedff8), "got_dns_response", 1024, ARRAY(0x5561f2ca2230), "/home/sand/src/perl/repoperls/installed-perls/host/k93msid/v5"..., 240, ...) called at /home/sand/src/perl/repoperls/installed-perls/host/k93msid/v5.24.1/d2d1/lib/site_perl/5.24.1/POE/Resource/FileHandles.pm line 238
# POE::Kernel::_data_handle_enqueue_ready(undef, undef, 50, 27, 21, 14, 15, 40, ...) called at /home/sand/src/perl/repoperls/installed-perls/host/k93msid/v5.24.1/d2d1/lib/site_perl/5.24.1/POE/Loop/Select.pm line 288
# POE::Kernel::loop_do_timeslice(POE::Kernel=ARRAY(0x5561f2211f68)) called at /home/sand/src/perl/repoperls/installed-perls/host/k93msid/v5.24.1/d2d1/lib/site_perl/5.24.1/POE/Loop/Select.pm line 317
# POE::Kernel::loop_run(POE::Kernel=ARRAY(0x5561f2211f68)) called at /home/sand/src/perl/repoperls/installed-perls/host/k93msid/v5.24.1/d2d1/lib/site_perl/5.24.1/POE/Kernel.pm line 1291
# POE::Kernel::run(POE::Kernel=ARRAY(0x5561f2211f68)) called at t/01_resolve.t line 187
#
# ----------
# Previous test 0 ''
# Use of uninitialized value $unread in integer gt (>) at /home/sand/src/perl/repoperls/installed-perls/host/k93msid/v5.24.1/d2d1/lib/site_perl/5.24.1/Net/DNS/Resolver/Base.pm line 817.
# at /home/sand/src/perl/repoperls/installed-perls/host/k93msid/v5.24.1/d2d1/lib/site_perl/5.24.1/Net/DNS/Resolver/Base.pm line 817.
# Net::DNS::Resolver::Base::_read_tcp(IO::Socket::IP=GLOB(0x5561f2c89cf8)) called at /home/sand/src/perl/repoperls/installed-perls/host/k93msid/v5.24.1/d2d1/lib/site_perl/5.24.1/Net/DNS/Resolver/Base.pm line 667
# Net::DNS::Resolver::Base::_bgread called at /home/sand/src/perl/repoperls/installed-perls/host/k93msid/v5.24.1/d2d1/lib/site_perl/5.24.1/Net/DNS/Resolver/Base.pm line 649
# Net::DNS::Resolver::Base::bgread(Net::DNS::Resolver=HASH(0x5561f1ced8a8), IO::Socket::IP=GLOB(0x5561f2c89cf8)) called at /tmp/loop_over_bdir-12204-XJTN7g/POE-Component-Client-DNS-1.054-0/blib/lib/POE/Component/Client/DNS.pm line 379
# POE::Component::Client::DNS::_dns_response(POE::Component::Client::DNS=ARRAY(0x5561f2c0b2a0), POE::Session=ARRAY(0x5561f1cedff8), POE::Kernel=ARRAY(0x5561f2211f68), HASH(0x5561f1cedf68), "got_dns_response", POE::Session=ARRAY(0x5561f1cedff8), undef, "/home/sand/src/perl/repoperls/installed-perls/host/k93msid/v5"..., ...) called at /home/sand/src/perl/repoperls/installed-perls/host/k93msid/v5.24.1/d2d1/lib/site_perl/5.24.1/POE/Session.pm line 483
# POE::Session::_invoke_state(POE::Session=ARRAY(0x5561f1cedff8), POE::Session=ARRAY(0x5561f1cedff8), "got_dns_response", ARRAY(0x5561f2c89518), "/home/sand/src/perl/repoperls/installed-perls/host/k93msid/v5"..., 240, undef) called at /home/sand/src/perl/repoperls/installed-perls/host/k93msid/v5.24.1/d2d1/lib/site_perl/5.24.1/POE/Kernel.pm line 1097
# eval {...} called at /home/sand/src/perl/repoperls/installed-perls/host/k93msid/v5.24.1/d2d1/lib/site_perl/5.24.1/POE/Kernel.pm line 1083
# POE::Kernel::_dispatch_event(POE::Kernel=ARRAY(0x5561f2211f68), POE::Session=ARRAY(0x5561f1cedff8), POE::Session=ARRAY(0x5561f1cedff8), "got_dns_response", 1024, ARRAY(0x5561f2c89518), "/home/sand/src/perl/repoperls/installed-perls/host/k93msid/v5"..., 240, ...) called at /home/sand/src/perl/repoperls/installed-perls/host/k93msid/v5.24.1/d2d1/lib/site_perl/5.24.1/POE/Resource/FileHandles.pm line 238
# POE::Kernel::_data_handle_enqueue_ready(undef, undef, 50, 27, 21, 14, 15, 40, ...) called at /home/sand/src/perl/repoperls/installed-perls/host/k93msid/v5.24.1/d2d1/lib/site_perl/5.24.1/POE/Loop/Select.pm line 288
# POE::Kernel::loop_do_timeslice(POE::Kernel=ARRAY(0x5561f2211f68)) called at /home/sand/src/perl/repoperls/installed-perls/host/k93msid/v5.24.1/d2d1/lib/site_perl/5.24.1/POE/Loop/Select.pm line 317
# POE::Kernel::loop_run(POE::Kernel=ARRAY(0x5561f2211f68)) called at /home/sand/src/perl/repoperls/installed-perls/host/k93msid/v5.24.1/d2d1/lib/site_perl/5.24.1/POE/Kernel.pm line 1291
# POE::Kernel::run(POE::Kernel=ARRAY(0x5561f2211f68)) called at t/01_resolve.t line 187
#
# ----------
# Previous test 0 ''
# Use of uninitialized value $unread in integer gt (>) at /home/sand/src/perl/repoperls/installed-perls/host/k93msid/v5.24.1/d2d1/lib/site_perl/5.24.1/Net/DNS/Resolver/Base.pm line 817.
# at /home/sand/src/perl/repoperls/installed-perls/host/k93msid/v5.24.1/d2d1/lib/site_perl/5.24.1/Net/DNS/Resolver/Base.pm line 817.
# Net::DNS::Resolver::Base::_read_tcp(IO::Socket::IP=GLOB(0x5561f2ce3f58)) called at /home/sand/src/perl/repoperls/installed-perls/host/k93msid/v5.24.1/d2d1/lib/site_perl/5.24.1/Net/DNS/Resolver/Base.pm line 667
# Net::DNS::Resolver::Base::_bgread called at /home/sand/src/perl/repoperls/installed-perls/host/k93msid/v5.24.1/d2d1/lib/site_perl/5.24.1/Net/DNS/Resolver/Base.pm line 649
# Net::DNS::Resolver::Base::bgread(Net::DNS::Resolver=HASH(0x5561f1ced8a8), IO::Socket::IP=GLOB(0x5561f2ce3f58)) called at /tmp/loop_over_bdir-12204-XJTN7g/POE-Component-Client-DNS-1.054-0/blib/lib/POE/Component/Client/DNS.pm line 379
# POE::Component::Client::DNS::_dns_response(POE::Component::Client::DNS=ARRAY(0x5561f2c0b2a0), POE::Session=ARRAY(0x5561f1cedff8), POE::Kernel=ARRAY(0x5561f2211f68), HASH(0x5561f1cedf68), "got_dns_response", POE::Session=ARRAY(0x5561f1cedff8), undef, "/home/sand/src/perl/repoperls/installed-perls/host/k93msid/v5"..., ...) called at /home/sand/src/perl/repoperls/installed-perls/host/k93msid/v5.24.1/d2d1/lib/site_perl/5.24.1/POE/Session.pm line 483
# POE::Session::_invoke_state(POE::Session=ARRAY(0x5561f1cedff8), POE::Session=ARRAY(0x5561f1cedff8), "got_dns_response", ARRAY(0x5561f2cdf918), "/home/sand/src/perl/repoperls/installed-perls/host/k93msid/v5"..., 240, undef) called at /home/sand/src/perl/repoperls/installed-perls/host/k93msid/v5.24.1/d2d1/lib/site_perl/5.24.1/POE/Kernel.pm line 1097
# eval {...} called at /home/sand/src/perl/repoperls/installed-perls/host/k93msid/v5.24.1/d2d1/lib/site_perl/5.24.1/POE/Kernel.pm line 1083
# POE::Kernel::_dispatch_event(POE::Kernel=ARRAY(0x5561f2211f68), POE::Session=ARRAY(0x5561f1cedff8), POE::Session=ARRAY(0x5561f1cedff8), "got_dns_response", 1024, ARRAY(0x5561f2cdf918), "/home/sand/src/perl/repoperls/installed-perls/host/k93msid/v5"..., 240, ...) called at /home/sand/src/perl/repoperls/installed-perls/host/k93msid/v5.24.1/d2d1/lib/site_perl/5.24.1/POE/Resource/FileHandles.pm line 238
# POE::Kernel::_data_handle_enqueue_ready(undef, undef, 50, 27, 21, 14, 15, 40, ...) called at /home/sand/src/perl/repoperls/installed-perls/host/k93msid/v5.24.1/d2d1/lib/site_perl/5.24.1/POE/Loop/Select.pm line 288
# POE::Kernel::loop_do_timeslice(POE::Kernel=ARRAY(0x5561f2211f68)) called at /home/sand/src/perl/repoperls/installed-perls/host/k93msid/v5.24.1/d2d1/lib/site_perl/5.24.1/POE/Loop/Select.pm line 317
# POE::Kernel::loop_run(POE::Kernel=ARRAY(0x5561f2211f68)) called at /home/sand/src/perl/repoperls/installed-perls/host/k93msid/v5.24.1/d2d1/lib/site_perl/5.24.1/POE/Kernel.pm line 1291
# POE::Kernel::run(POE::Kernel=ARRAY(0x5561f2211f68)) called at t/01_resolve.t line 187
#
# ----------
# Previous test 0 ''
# Use of uninitialized value $unread in integer gt (>) at /home/sand/src/perl/repoperls/installed-perls/host/k93msid/v5.24.1/d2d1/lib/site_perl/5.24.1/Net/DNS/Resolver/Base.pm line 817.
# at /home/sand/src/perl/repoperls/installed-perls/host/k93msid/v5.24.1/d2d1/lib/site_perl/5.24.1/Net/DNS/Resolver/Base.pm line 817.
# Net::DNS::Resolver::Base::_read_tcp(IO::Socket::IP=GLOB(0x5561f2cc1f48)) called at /home/sand/src/perl/repoperls/installed-perls/host/k93msid/v5.24.1/d2d1/lib/site_perl/5.24.1/Net/DNS/Resolver/Base.pm line 667
# Net::DNS::Resolver::Base::_bgread called at /home/sand/src/perl/repoperls/installed-perls/host/k93msid/v5.24.1/d2d1/lib/site_perl/5.24.1/Net/DNS/Resolver/Base.pm line 649
# Net::DNS::Resolver::Base::bgread(Net::DNS::Resolver=HASH(0x5561f1ced8a8), IO::Socket::IP=GLOB(0x5561f2cc1f48)) called at /tmp/loop_over_bdir-12204-XJTN7g/POE-Component-Client-DNS-1.054-0/blib/lib/POE/Component/Client/DNS.pm line 379
# POE::Component::Client::DNS::_dns_response(POE::Component::Client::DNS=ARRAY(0x5561f2c0b2a0), POE::Session=ARRAY(0x5561f1cedff8), POE::Kernel=ARRAY(0x5561f2211f68), HASH(0x5561f1cedf68), "got_dns_response", POE::Session=ARRAY(0x5561f1cedff8), undef, "/home/sand/src/perl/repoperls/installed-perls/host/k93msid/v5"..., ...) called at /home/sand/src/perl/repoperls/installed-perls/host/k93msid/v5.24.1/d2d1/lib/site_perl/5.24.1/POE/Session.pm line 483
# POE::Session::_invoke_state(POE::Session=ARRAY(0x5561f1cedff8), POE::Session=ARRAY(0x5561f1cedff8), "got_dns_response", ARRAY(0x5561f2cc1270), "/home/sand/src/perl/repoperls/installed-perls/host/k93msid/v5"..., 240, undef) called at /home/sand/src/perl/repoperls/installed-perls/host/k93msid/v5.24.1/d2d1/lib/site_perl/5.24.1/POE/Kernel.pm line 1097
# eval {...} called at /home/sand/src/perl/repoperls/installed-perls/host/k93msid/v5.24.1/d2d1/lib/site_perl/5.24.1/POE/Kernel.pm line 1083
# POE::Kernel::_dispatch_event(POE::Kernel=ARRAY(0x5561f2211f68), POE::Session=ARRAY(0x5561f1cedff8), POE::Session=ARRAY(0x5561f1cedff8), "got_dns_response", 1024, ARRAY(0x5561f2cc1270), "/home/sand/src/perl/repoperls/installed-perls/host/k93msid/v5"..., 240, ...) called at /home/sand/src/perl/repoperls/installed-perls/host/k93msid/v5.24.1/d2d1/lib/site_perl/5.24.1/POE/Resource/FileHandles.pm line 238
# POE::Kernel::_data_handle_enqueue_ready(undef, undef, 50, 27, 21, 14, 15, 40, ...) called at /home/sand/src/perl/repoperls/installed-perls/host/k93msid/v5.24.1/d2d1/lib/site_perl/5.24.1/POE/Loop/Select.pm line 288
# POE::Kernel::loop_do_timeslice(POE::Kernel=ARRAY(0x5561f2211f68)) called at /home/sand/src/perl/repoperls/installed-perls/host/k93msid/v5.24.1/d2d1/lib/site_perl/5.24.1/POE/Loop/Select.pm line 317
# POE::Kernel::loop_run(POE::Kernel=ARRAY(0x5561f2211f68)) called at /home/sand/src/perl/repoperls/installed-perls/host/k93msid/v5.24.1/d2d1/lib/site_perl/5.24.1/POE/Kernel.pm line 1291
# POE::Kernel::run(POE::Kernel=ARRAY(0x5561f2211f68)) called at t/01_resolve.t line 187
#
# ----------
# Previous test 0 ''
# Use of uninitialized value $unread in integer gt (>) at /home/sand/src/perl/repoperls/installed-perls/host/k93msid/v5.24.1/d2d1/lib/site_perl/5.24.1/Net/DNS/Resolver/Base.pm line 817.
# at /home/sand/src/perl/repoperls/installed-perls/host/k93msid/v5.24.1/d2d1/lib/site_perl/5.24.1/Net/DNS/Resolver/Base.pm line 817.
# Net::DNS::Resolver::Base::_read_tcp(IO::Socket::IP=GLOB(0x5561f2cbd4a8)) called at /home/sand/src/perl/repoperls/installed-perls/host/k93msid/v5.24.1/d2d1/lib/site_perl/5.24.1/Net/DNS/Resolver/Base.pm line 667
# Net::DNS::Resolver::Base::_bgread called at /home/sand/src/perl/repoperls/installed-perls/host/k93msid/v5.24.1/d2d1/lib/site_perl/5.24.1/Net/DNS/Resolver/Base.pm line 649
# Net::DNS::Resolver::Base::bgread(Net::DNS::Resolver=HASH(0x5561f1ced8a8), IO::Socket::IP=GLOB(0x5561f2cbd4a8)) called at /tmp/loop_over_bdir-12204-XJTN7g/POE-Component-Client-DNS-1.054-0/blib/lib/POE/Component/Client/DNS.pm line 379
# POE::Component::Client::DNS::_dns_response(POE::Component::Client::DNS=ARRAY(0x5561f2c0b2a0), POE::Session=ARRAY(0x5561f1cedff8), POE::Kernel=ARRAY(0x5561f2211f68), HASH(0x5561f1cedf68), "got_dns_response", POE::Session=ARRAY(0x5561f1cedff8), undef, "/home/sand/src/perl/repoperls/installed-perls/host/k93msid/v5"..., ...) called at /home/sand/src/perl/repoperls/installed-perls/host/k93msid/v5.24.1/d2d1/lib/site_perl/5.24.1/POE/Session.pm line 483
# POE::Session::_invoke_state(POE::Session=ARRAY(0x5561f1cedff8), POE::Session=ARRAY(0x5561f1cedff8), "got_dns_response", ARRAY(0x5561f2cbd298), "/home/sand/src/perl/repoperls/installed-perls/host/k93msid/v5"..., 240, undef) called at /home/sand/src/perl/repoperls/installed-perls/host/k93msid/v5.24.1/d2d1/lib/site_perl/5.24.1/POE/Kernel.pm line 1097
# eval {...} called at /home/sand/src/perl/repoperls/installed-perls/host/k93msid/v5.24.1/d2d1/lib/site_perl/5.24.1/POE/Kernel.pm line 1083
# POE::Kernel::_dispatch_event(POE::Kernel=ARRAY(0x5561f2211f68), POE::Session=ARRAY(0x5561f1cedff8), POE::Session=ARRAY(0x5561f1cedff8), "got_dns_response", 1024, ARRAY(0x5561f2cbd298), "/home/sand/src/perl/repoperls/installed-perls/host/k93msid/v5"..., 240, ...) called at /home/sand/src/perl/repoperls/installed-perls/host/k93msid/v5.24.1/d2d1/lib/site_perl/5.24.1/POE/Resource/FileHandles.pm line 238
# POE::Kernel::_data_handle_enqueue_ready(undef, undef, 50, 27, 21, 14, 15, 40, ...) called at /home/sand/src/perl/repoperls/installed-perls/host/k93msid/v5.24.1/d2d1/lib/site_perl/5.24.1/POE/Loop/Select.pm line 288
# POE::Kernel::loop_do_timeslice(POE::Kernel=ARRAY(0x5561f2211f68)) called at /home/sand/src/perl/repoperls/installed-perls/host/k93msid/v5.24.1/d2d1/lib/site_perl/5.24.1/POE/Loop/Select.pm line 317
# POE::Kernel::loop_run(POE::Kernel=ARRAY(0x5561f2211f68)) called at /home/sand/src/perl/repoperls/installed-perls/host/k93msid/v5.24.1/d2d1/lib/site_perl/5.24.1/POE/Kernel.pm line 1291
# POE::Kernel::run(POE::Kernel=ARRAY(0x5561f2211f68)) called at t/01_resolve.t line 187
#
# ----------
# Previous test 0 ''
# Use of uninitialized value $unread in integer gt (>) at /home/sand/src/perl/repoperls/installed-perls/host/k93msid/v5.24.1/d2d1/lib/site_perl/5.24.1/Net/DNS/Resolver/Base.pm line 817.
# at /home/sand/src/perl/repoperls/installed-perls/host/k93msid/v5.24.1/d2d1/lib/site_perl/5.24.1/Net/DNS/Resolver/Base.pm line 817.
# Net::DNS::Resolver::Base::_read_tcp(IO::Socket::IP=GLOB(0x5561f2cac388)) called at /home/sand/src/perl/repoperls/installed-perls/host/k93msid/v5.24.1/d2d1/lib/site_perl/5.24.1/Net/DNS/Resolver/Base.pm line 667
# Net::DNS::Resolver::Base::_bgread called at /home/sand/src/perl/repoperls/installed-perls/host/k93msid/v5.24.1/d2d1/lib/site_perl/5.24.1/Net/DNS/Resolver/Base.pm line 649
# Net::DNS::Resolver::Base::bgread(Net::DNS::Resolver=HASH(0x5561f1ced8a8), IO::Socket::IP=GLOB(0x5561f2cac388)) called at /tmp/loop_over_bdir-12204-XJTN7g/POE-Component-Client-DNS-1.054-0/blib/lib/POE/Component/Client/DNS.pm line 379
# POE::Component::Client::DNS::_dns_response(POE::Component::Client::DNS=ARRAY(0x5561f2c0b2a0), POE::Session=ARRAY(0x5561f1cedff8), POE::Kernel=ARRAY(0x5561f2211f68), HASH(0x5561f1cedf68), "got_dns_response", POE::Session=ARRAY(0x5561f1cedff8), undef, "/home/sand/src/perl/repoperls/installed-perls/host/k93msid/v5"..., ...) called at /home/sand/src/perl/repoperls/installed-perls/host/k93msid/v5.24.1/d2d1/lib/site_perl/5.24.1/POE/Session.pm line 483
# POE::Session::_invoke_state(POE::Session=ARRAY(0x5561f1cedff8), POE::Session=ARRAY(0x5561f1cedff8), "got_dns_response", ARRAY(0x5561f2cac178), "/home/sand/src/perl/repoperls/installed-perls/host/k93msid/v5"..., 240, undef) called at /home/sand/src/perl/repoperls/installed-perls/host/k93msid/v5.24.1/d2d1/lib/site_perl/5.24.1/POE/Kernel.pm line 1097
# eval {...} called at /home/sand/src/perl/repoperls/installed-perls/host/k93msid/v5.24.1/d2d1/lib/site_perl/5.24.1/POE/Kernel.pm line 1083
# POE::Kernel::_dispatch_event(POE::Kernel=ARRAY(0x5561f2211f68), POE::Session=ARRAY(0x5561f1cedff8), POE::Session=ARRAY(0x5561f1cedff8), "got_dns_response", 1024, ARRAY(0x5561f2cac178), "/home/sand/src/perl/repoperls/installed-perls/host/k93msid/v5"..., 240, ...) called at /home/sand/src/perl/repoperls/installed-perls/host/k93msid/v5.24.1/d2d1/lib/site_perl/5.24.1/POE/Resource/FileHandles.pm line 238
# POE::Kernel::_data_handle_enqueue_ready(undef, undef, 50, 27, 21, 14, 15, 40, ...) called at /home/sand/src/perl/repoperls/installed-perls/host/k93msid/v5.24.1/d2d1/lib/site_perl/5.24.1/POE/Loop/Select.pm line 288
# POE::Kernel::loop_do_timeslice(POE::Kernel=ARRAY(0x5561f2211f68)) called at /home/sand/src/perl/repoperls/installed-perls/host/k93msid/v5.24.1/d2d1/lib/site_perl/5.24.1/POE/Loop/Select.pm line 317
# POE::Kernel::loop_run(POE::Kernel=ARRAY(0x5561f2211f68)) called at /home/sand/src/perl/repoperls/installed-perls/host/k93msid/v5.24.1/d2d1/lib/site_perl/5.24.1/POE/Kernel.pm line 1291
# POE::Kernel::run(POE::Kernel=ARRAY(0x5561f2211f68)) called at t/01_resolve.t line 187
#
# ----------
# Previous test 0 ''
# Use of uninitialized value $unread in integer gt (>) at /home/sand/src/perl/repoperls/installed-perls/host/k93msid/v5.24.1/d2d1/lib/site_perl/5.24.1/Net/DNS/Resolver/Base.pm line 817.
# at /home/sand/src/perl/repoperls/installed-perls/host/k93msid/v5.24.1/d2d1/lib/site_perl/5.24.1/Net/DNS/Resolver/Base.pm line 817.
# Net::DNS::Resolver::Base::_read_tcp(IO::Socket::IP=GLOB(0x5561f2c9bc88)) called at /home/sand/src/perl/repoperls/installed-perls/host/k93msid/v5.24.1/d2d1/lib/site_perl/5.24.1/Net/DNS/Resolver/Base.pm line 667
# Net::DNS::Resolver::Base::_bgread called at /home/sand/src/perl/repoperls/installed-perls/host/k93msid/v5.24.1/d2d1/lib/site_perl/5.24.1/Net/DNS/Resolver/Base.pm line 649
# Net::DNS::Resolver::Base::bgread(Net::DNS::Resolver=HASH(0x5561f1ced8a8), IO::Socket::IP=GLOB(0x5561f2c9bc88)) called at /tmp/loop_over_bdir-12204-XJTN7g/POE-Component-Client-DNS-1.054-0/blib/lib/POE/Component/Client/DNS.pm line 379
# POE::Component::Client::DNS::_dns_response(POE::Component::Client::DNS=ARRAY(0x5561f2c0b2a0), POE::Session=ARRAY(0x5561f1cedff8), POE::Kernel=ARRAY(0x5561f2211f68), HASH(0x5561f1cedf68), "got_dns_response", POE::Session=ARRAY(0x5561f1cedff8), undef, "/home/sand/src/perl/repoperls/installed-perls/host/k93msid/v5"..., ...) called at /home/sand/src/perl/repoperls/installed-perls/host/k93msid/v5.24.1/d2d1/lib/site_perl/5.24.1/POE/Session.pm line 483
# POE::Session::_invoke_state(POE::Session=ARRAY(0x5561f1cedff8), POE::Session=ARRAY(0x5561f1cedff8), "got_dns_response", ARRAY(0x5561f2c97c90), "/home/sand/src/perl/repoperls/installed-perls/host/k93msid/v5"..., 240, undef) called at /home/sand/src/perl/repoperls/installed-perls/host/k93msid/v5.24.1/d2d1/lib/site_perl/5.24.1/POE/Kernel.pm line 1097
# eval {...} called at /home/sand/src/perl/repoperls/installed-perls/host/k93msid/v5.24.1/d2d1/lib/site_perl/5.24.1/POE/Kernel.pm line 1083
# POE::Kernel::_dispatch_event(POE::Kernel=ARRAY(0x5561f2211f68), POE::Session=ARRAY(0x5561f1cedff8), POE::Session=ARRAY(0x5561f1cedff8), "got_dns_response", 1024, ARRAY(0x5561f2c97c90), "/home/sand/src/perl/repoperls/installed-perls/host/k93msid/v5"..., 240, ...) called at /home/sand/src/perl/repoperls/installed-perls/host/k93msid/v5.24.1/d2d1/lib/site_perl/5.24.1/POE/Resource/FileHandles.pm line 238
# POE::Kernel::_data_handle_enqueue_ready(undef, undef, 50, 27, 21, 14, 15, 40, ...) called at /home/sand/src/perl/repoperls/installed-perls/host/k93msid/v5.24.1/d2d1/lib/site_perl/5.24.1/POE/Loop/Select.pm line 288
# POE::Kernel::loop_do_timeslice(POE::Kernel=ARRAY(0x5561f2211f68)) called at /home/sand/src/perl/repoperls/installed-perls/host/k93msid/v5.24.1/d2d1/lib/site_perl/5.24.1/POE/Loop/Select.pm line 317
# POE::Kernel::loop_run(POE::Kernel=ARRAY(0x5561f2211f68)) called at /home/sand/src/perl/repoperls/installed-perls/host/k93msid/v5.24.1/d2d1/lib/site_perl/5.24.1/POE/Kernel.pm line 1291
# POE::Kernel::run(POE::Kernel=ARRAY(0x5561f2211f68)) called at t/01_resolve.t line 187
#
# Looks like you failed 1 test of 4.
t/01_resolve.t ...........
Dubious, test returned 1 (wstat 256, 0x100)
Failed 1/4 subtests
t/02_tag_args.t .......... ok
t/03_api_3.t ............. ok
t/04_errors.t ............ ok
t/05_api_4.t ............. ok
t/06_hosts.t ............. ok
t/author-pod-coverage.t .. skipped: these tests are for testing by the author
t/author-pod-syntax.t .... skipped: these tests are for testing by the author
Test Summary Report
-------------------
t/01_resolve.t (Wstat: 256 Tests: 4 Failed: 1)
Failed test: 4
Non-zero exit status: 1
Files=9, Tests=40, 15 wallclock secs ( 0.05 usr 0.05 sys + 1.83 cusr 0.44 csys = 2.37 CPU)
Result: FAIL
Failed 1/9 test programs. 1/40 subtests failed.
Makefile:849: recipe for target 'test_dynamic' failed
make: *** [test_dynamic] Error 255
------------------------------
PREREQUISITES
------------------------------
Prerequisite modules loaded:
requires:
Module Need Have
------------------- ----- --------
Net::DNS 0.65 1.08
POE 1.294 1.367
Test::More 0.96 1.302078
Test::NoWarnings 1.02 1.04
build_requires:
Module Need Have
------------------- ----- --------
ExtUtils::MakeMaker 0 7.24
configure_requires:
Module Need Have
------------------- ----- --------
ExtUtils::MakeMaker 0 7.24
------------------------------
ENVIRONMENT AND OTHER CONTEXT
------------------------------
Environment variables:
AUTOMATED_TESTING = 1
LANG = en_US.UTF-8
PATH = /home/sand/bin:/usr/local/bin:/usr/bin:/bin:/usr/games:/usr/local/perl/bin:/usr/X11/bin:/sbin:/usr/sbin
PERL5LIB =
PERL5OPT =
PERL5_CPANPLUS_IS_RUNNING = 12244
PERL5_CPAN_IS_RUNNING = 12244
PERL_CANARY_STABILITY_NOPROMPT = 1
PERL_MM_USE_DEFAULT = 1
PERL_USE_UNSAFE_INC = 1
SHELL = /usr/bin/zsh
TERM = screen
Perl special variables (and OS-specific diagnostics, for MSWin32):
$^X = /home/sand/src/perl/repoperls/installed-perls/host/k93msid/v5.24.1/d2d1/bin/perl
$UID/$EUID = 1005 / 1005
$GID = 1005 1005
$EGID = 1005 1005
Perl module toolchain versions installed:
Module Have
------------------- ----------
CPAN 2.17
CPAN::Meta 2.150010
Cwd 3.63_01
ExtUtils::CBuilder 0.280225
ExtUtils::Command 7.24
ExtUtils::Install 2.04
ExtUtils::MakeMaker 7.24
ExtUtils::Manifest 1.70
ExtUtils::ParseXS 3.31
File::Spec 3.63_01
JSON 2.90
JSON::PP 2.27300_01
Module::Build 0.4220
Module::Signature 0.81
Parse::CPAN::Meta 2.150010
Test::Harness 3.38
Test::More 1.302078
YAML 1.23
YAML::Syck 1.29
version 0.9916
--
Summary of my perl5 (revision 5 version 24 subversion 1) configuration:
Derived from: 443bd156a6baaf7a8fe6b6b05fcf6c4178140ed2
Platform:
osname=linux, osvers=4.9.0-2-amd64, archname=x86_64-linux
uname='linux k93msid 4.9.0-2-amd64 #1 smp debian 4.9.13-1 (2017-02-27) x86_64 gnulinux '
config_args='-Dprefix=/home/sand/src/perl/repoperls/installed-perls/host/k93msid/v5.24.1/d2d1 -Dmyhostname=k93msid -Dinstallusrbinperl=n -Uversiononly -Dusedevel -des -Ui_db -Dlibswanted=cl pthread socket inet nsl gdbm dbm malloc dl ld sun m crypt sec util c cposix posix ucb BSD gdbm_compat -Uuseithreads -Uuselongdouble -DDEBUGGING=both'
hint=recommended, useposix=true, d_sigaction=define
useithreads=undef, usemultiplicity=undef
use64bitint=define, use64bitall=define, uselongdouble=undef
usemymalloc=n, bincompat5005=undef
Compiler:
cc='cc', ccflags ='-fwrapv -DDEBUGGING -fno-strict-aliasing -pipe -fstack-protector-strong -I/usr/local/include -D_LARGEFILE_SOURCE -D_FILE_OFFSET_BITS=64',
optimize='-O2 -g',
cppflags='-fwrapv -DDEBUGGING -fno-strict-aliasing -pipe -fstack-protector-strong -I/usr/local/include'
ccversion='', gccversion='6.3.0 20170316', gccosandvers=''
intsize=4, longsize=8, ptrsize=8, doublesize=8, byteorder=12345678, doublekind=3
d_longlong=define, longlongsize=8, d_longdbl=define, longdblsize=16, longdblkind=3
ivtype='long', ivsize=8, nvtype='double', nvsize=8, Off_t='off_t', lseeksize=8
alignbytes=8, prototype=define
Linker and Libraries:
ld='cc', ldflags =' -fstack-protector-strong -L/usr/local/lib'
libpth=/usr/local/lib /usr/lib/gcc/x86_64-linux-gnu/6/include-fixed /usr/include/x86_64-linux-gnu /usr/lib /lib/x86_64-linux-gnu /lib/../lib /usr/lib/x86_64-linux-gnu /usr/lib/../lib /lib
libs=-lpthread -lnsl -ldl -lm -lcrypt -lutil -lc
perllibs=-lpthread -lnsl -ldl -lm -lcrypt -lutil -lc
libc=libc-2.24.so, so=so, useshrplib=false, libperl=libperl.a
gnulibc_version='2.24'
Dynamic Linking:
dlsrc=dl_dlopen.xs, dlext=so, d_dlsymun=undef, ccdlflags='-Wl,-E'
cccdlflags='-fPIC', lddlflags='-shared -O2 -g -L/usr/local/lib -fstack-protector-strong'
Characteristics of this binary (from libperl):
Compile-time options: DEBUGGING HAS_TIMES PERLIO_LAYERS PERL_COPY_ON_WRITE
PERL_DONT_CREATE_GVSV
PERL_HASH_FUNC_ONE_AT_A_TIME_HARD PERL_MALLOC_WRAP
PERL_PRESERVE_IVUV PERL_USE_DEVEL USE_64_BIT_ALL
USE_64_BIT_INT USE_LARGE_FILES USE_LOCALE
USE_LOCALE_COLLATE USE_LOCALE_CTYPE
USE_LOCALE_NUMERIC USE_LOCALE_TIME USE_PERLIO
USE_PERL_ATOF
Locally applied patches:
uncommitted-changes
Built under linux
Compiled at Mar 18 2017 17:26:42
%ENV:
PERL5LIB=""
PERL5OPT=""
PERL5_CPANPLUS_IS_RUNNING="12244"
PERL5_CPAN_IS_RUNNING="12244"
PERL_CANARY_STABILITY_NOPROMPT="1"
PERL_MM_USE_DEFAULT="1"
PERL_USE_UNSAFE_INC="1"
@INC:
/home/sand/src/perl/repoperls/installed-perls/host/k93msid/v5.24.1/d2d1/lib/site_perl/5.24.1/x86_64-linux
/home/sand/src/perl/repoperls/installed-perls/host/k93msid/v5.24.1/d2d1/lib/site_perl/5.24.1
/home/sand/src/perl/repoperls/installed-perls/host/k93msid/v5.24.1/d2d1/lib/5.24.1/x86_64-linux
/home/sand/src/perl/repoperls/installed-perls/host/k93msid/v5.24.1/d2d1/lib/5.24.1
.