Test-Applify v0.06 Perl 5 v5.31.5 amd64-freebsd
- Status
- Fail
- From
- Slaven Rezić (SREZIC)
- Dist
-
Test-Applify v0.06
- Platform
- Perl 5 v5.31.5 amd64-freebsd
- Date
- 2019-11-03 18:40:33
- ID
- 6b281a72-fe69-11e9-a873-25811f24ea8f
This distribution has been tested as part of the CPAN Testers
project, supporting the Perl programming language. See
http://wiki.cpantesters.org/ for more information or email
questions to cpan-testers-discuss@perl.org
--
Dear Roy Storey,
This is a computer-generated report for Test-Applify-0.06
on perl 5.31.5, created by CPAN-Reporter-1.2018.
Thank you for uploading your work to CPAN. However, there was a problem
testing your distribution.
If you think this report is invalid, please consult the CPAN Testers Wiki
for suggestions on how to avoid getting FAIL reports for missing library
or binary dependencies, unsupported operating systems, and so on:
http://wiki.cpantesters.org/wiki/CPANAuthorNotes
Sections of this report:
* Tester comments
* Program output
* Prerequisites
* Environment and other context
------------------------------
TESTER COMMENTS
------------------------------
Additional comments from tester:
none provided
------------------------------
PROGRAM OUTPUT
------------------------------
Output from '/usr/bin/make test':
PERL_DL_NONLAZY=1 "/usr/perl5.31.5p/bin/perl5.31.5" "-MExtUtils::Command::MM" "-MTest::Harness" "-e" "undef *Test::Harness::Switches; test_harness(0, 'blib/lib', 'blib/arch')" t/*.t
t/00-basic.t ............... ok
# Failed test 'no stderr'
# at t/applify-ok-subcommand.t line 46.
# got: 'Use of uninitialized value $length in numeric lt (<) at /home/cpansand/.cpan/build/2019110400/Applify-0.19-0/blib/lib/Applify.pm line 173.
# Use of uninitialized value $length in numeric lt (<) at /home/cpansand/.cpan/build/2019110400/Applify-0.19-0/blib/lib/Applify.pm line 173.
# '
# expected: ''
Can't locate object method "_attr_to_option" via package "Applify" at /usr/home/cpansand/.cpan/build/2019110400/Test-Applify-0.06-0/blib/lib/Test/Applify.pm line 122.
# Tests were run but no plan was declared and done_testing() was not seen.
# Looks like your test exited with 25 just after 35.
t/applify-ok-subcommand.t ..
Dubious, test returned 25 (wstat 6400, 0x1900)
Failed 1/35 subtests
# Failed test 'no stderr'
# at t/applify-ok.t line 25.
# got: 'Use of uninitialized value $length in numeric lt (<) at /home/cpansand/.cpan/build/2019110400/Applify-0.19-0/blib/lib/Applify.pm line 173.
# Use of uninitialized value $length in numeric lt (<) at /home/cpansand/.cpan/build/2019110400/Applify-0.19-0/blib/lib/Applify.pm line 173.
# '
# expected: ''
Can't locate object method "_attr_to_option" via package "Applify" at /usr/home/cpansand/.cpan/build/2019110400/Test-Applify-0.06-0/blib/lib/Test/Applify.pm line 110.
# Tests were run but no plan was declared and done_testing() was not seen.
# Looks like your test exited with 25 just after 16.
t/applify-ok.t .............
Dubious, test returned 25 (wstat 6400, 0x1900)
Failed 1/16 subtests
# Failed test 'no stderr'
# at t/basic.t line 29.
# got: 'Use of uninitialized value $length in numeric lt (<) at /home/cpansand/.cpan/build/2019110400/Applify-0.19-0/blib/lib/Applify.pm line 173.
# Use of uninitialized value $length in numeric lt (<) at /home/cpansand/.cpan/build/2019110400/Applify-0.19-0/blib/lib/Applify.pm line 173.
# '
# expected: ''
Can't locate object method "_attr_to_option" via package "Applify" at /usr/home/cpansand/.cpan/build/2019110400/Test-Applify-0.06-0/blib/lib/Test/Applify.pm line 110.
# Tests were run but no plan was declared and done_testing() was not seen.
# Looks like your test exited with 25 just after 11.
t/basic.t ..................
Dubious, test returned 25 (wstat 6400, 0x1900)
Failed 1/11 subtests
# Failed test 'no stderr'
# at t/file.t line 14.
# got: 'Use of uninitialized value $length in numeric lt (<) at /home/cpansand/.cpan/build/2019110400/Applify-0.19-0/blib/lib/Applify.pm line 173.
# Use of uninitialized value $length in numeric lt (<) at /home/cpansand/.cpan/build/2019110400/Applify-0.19-0/blib/lib/Applify.pm line 173.
# '
# expected: ''
Can't locate object method "_attr_to_option" via package "Applify" at /usr/home/cpansand/.cpan/build/2019110400/Test-Applify-0.06-0/blib/lib/Test/Applify.pm line 110.
# Tests were run but no plan was declared and done_testing() was not seen.
# Looks like your test exited with 25 just after 13.
t/file.t ...................
Dubious, test returned 25 (wstat 6400, 0x1900)
Failed 1/13 subtests
# Failed test 'empty stdout'
# at t/run-ok.t line 219.
# got: 'extra: -verbose
# verbosely: -verbose
# verbose: 1
# '
# expected: 'verbose: 1
# '
# Failed test 'empty stdout'
# at t/run-ok.t line 227.
# got: 'extra: -verbose here
# verbosely: -verbose here
# verbose: 1
# '
# expected: 'extra: here
# verbosely: here
# verbose: 1
# '
# Looks like you failed 2 tests of 153.
t/run-ok.t .................
Dubious, test returned 2 (wstat 512, 0x200)
Failed 2/153 subtests
t/subclass.t ............... ok
Test Summary Report
-------------------
t/applify-ok-subcommand.t (Wstat: 6400 Tests: 35 Failed: 1)
Failed test: 31
Non-zero exit status: 25
Parse errors: No plan found in TAP output
t/applify-ok.t (Wstat: 6400 Tests: 16 Failed: 1)
Failed test: 14
Non-zero exit status: 25
Parse errors: No plan found in TAP output
t/basic.t (Wstat: 6400 Tests: 11 Failed: 1)
Failed test: 10
Non-zero exit status: 25
Parse errors: No plan found in TAP output
t/file.t (Wstat: 6400 Tests: 13 Failed: 1)
Failed test: 11
Non-zero exit status: 25
Parse errors: No plan found in TAP output
t/run-ok.t (Wstat: 512 Tests: 153 Failed: 2)
Failed tests: 117, 124
Non-zero exit status: 2
Files=7, Tests=266, 1 wallclock secs ( 0.06 usr 0.02 sys + 0.83 cusr 0.26 csys = 1.16 CPU)
Result: FAIL
Failed 5/7 test programs. 6/266 subtests failed.
*** Error code 255
Stop.
make: stopped in /usr/home/cpansand/.cpan/build/2019110400/Test-Applify-0.06-0
------------------------------
PREREQUISITES
------------------------------
Prerequisite modules loaded:
requires:
Module Need Have
------------------- ---- --------
Applify 0.12 0.19
IO::String 1.08 1.08
build_requires:
Module Need Have
------------------- ---- --------
Test::More 0.90 1.302168
Test::Synopsis 0.15 0.16
configure_requires:
Module Need Have
------------------- ---- --------
ExtUtils::MakeMaker 0 7.38
------------------------------
ENVIRONMENT AND OTHER CONTEXT
------------------------------
Environment variables:
PATH = /usr/local/bin:/usr/bin:/bin:/usr/local/sbin:/usr/sbin:/sbin:/home/cpansand/bin/freebsd11.2:/home/cpansand/bin/sh:/home/cpansand/bin:/usr/games:/home/cpansand/devel:/usr/home/eserte/src/srezic-misc/scripts
PERL5LIB = /home/cpansand/.cpan/build/2019110400/Test-Synopsis-0.16-0/blib/arch:/home/cpansand/.cpan/build/2019110400/Test-Synopsis-0.16-0/blib/lib:/home/cpansand/.cpan/build/2019110400/IO-String-1.08-0/blib/arch:/home/cpansand/.cpan/build/2019110400/IO-String-1.08-0/blib/lib:/home/cpansand/.cpan/build/2019110400/Applify-0.19-0/blib/arch:/home/cpansand/.cpan/build/2019110400/Applify-0.19-0/blib/lib
PERL5OPT =
PERL5_CPANPLUS_IS_RUNNING = 84925
PERL5_CPAN_IS_RUNNING = 84925
PERL5_CPAN_IS_RUNNING_IN_RECURSION = 84908,84925
PERLDOC = -MPod::Perldoc::ToTextOverstrike
PERL_BATCH = yes
PERL_CANARY_STABILITY_NOPROMPT = 1
PERL_CPAN_REPORTER_CONFIG = /var/tmp/cpansmoker-1023/2019110400/cpanreporter_001_config.ini
PERL_EXTUTILS_AUTOINSTALL = --defaultdeps
PERL_USE_UNSAFE_INC = 1
SHELL = /usr/local/bin/zsh
TERM = screen
TMPDIR = /var/tmp/cpansmoker-1023/2019110400
Perl special variables (and OS-specific diagnostics, for MSWin32):
$^X = /usr/perl5.31.5p/bin/perl5.31.5
$UID/$EUID = 1023 / 1023
$GID = 1023 1023
$EGID = 1023 1023
Perl module toolchain versions installed:
Module Have
------------------- --------
CPAN 2.27
CPAN::Meta 2.150010
Cwd 3.78
ExtUtils::CBuilder 0.280233
ExtUtils::Command 7.38
ExtUtils::Install 2.14
ExtUtils::MakeMaker 7.38
ExtUtils::Manifest 1.72
ExtUtils::ParseXS 3.40
File::Spec 3.78
JSON n/a
JSON::PP 4.04
Module::Build n/a
Module::Signature n/a
Parse::CPAN::Meta 2.150010
Test::Harness 3.42
Test::More 1.302168
YAML 1.29
YAML::Syck 1.31
version 0.9924
--
Summary of my perl5 (revision 5 version 31 subversion 5) configuration:
Platform:
osname=freebsd
osvers=11.3-stable
archname=amd64-freebsd
uname='freebsd ali3.bbbike.org 11.3-stable freebsd 11.3-stable #0 c34876b2d15(head): thu oct 3 06:45:08 cst 2019 root@ali3.bbbike.org:usrobjusrhomeprojectsfreebsdsysgeneric amd64 '
config_args='-ds -e -Dprefix=/usr/perl5.31.5p -Dusedevel -Dusemallocwrap=no -Dcf_email=srezic@cpan.org -Doptimize=-O2 -pipe'
hint=recommended
useposix=true
d_sigaction=define
useithreads=undef
usemultiplicity=undef
use64bitint=define
use64bitall=define
uselongdouble=undef
usemymalloc=n
default_inc_excludes_dot=define
bincompat5005=undef
Compiler:
cc='cc'
ccflags ='-DHAS_FPSETMASK -DHAS_FLOATINGPOINT_H -fno-strict-aliasing -pipe -fstack-protector-strong -I/usr/local/include -D_FORTIFY_SOURCE=2'
optimize='-O2 -pipe'
cppflags='-DHAS_FPSETMASK -DHAS_FLOATINGPOINT_H -fno-strict-aliasing -pipe -fstack-protector-strong -I/usr/local/include'
ccversion=''
gccversion='4.2.1 Compatible FreeBSD Clang 8.0.1 (tags/RELEASE_801/final 366581)'
gccosandvers=''
intsize=4
longsize=8
ptrsize=8
doublesize=8
byteorder=12345678
doublekind=3
d_longlong=define
longlongsize=8
d_longdbl=define
longdblsize=16
longdblkind=3
ivtype='long'
ivsize=8
nvtype='double'
nvsize=8
Off_t='off_t'
lseeksize=8
alignbytes=8
prototype=define
Linker and Libraries:
ld='cc'
ldflags ='-pthread -Wl,-E -fstack-protector-strong -L/usr/local/lib'
libpth=/usr/lib /usr/local/lib /usr/lib/clang/8.0.1/lib /usr/lib
libs=-lpthread -lgdbm -ldl -lm -lcrypt -lutil -lc
perllibs=-lpthread -ldl -lm -lcrypt -lutil -lc
libc=
so=so
useshrplib=false
libperl=libperl.a
gnulibc_version=''
Dynamic Linking:
dlsrc=dl_dlopen.xs
dlext=so
d_dlsymun=undef
ccdlflags=' '
cccdlflags='-DPIC -fPIC'
lddlflags='-shared -L/usr/local/lib -fstack-protector-strong'
Characteristics of this binary (from libperl):
Compile-time options:
HAS_TIMES
PERLIO_LAYERS
PERL_COPY_ON_WRITE
PERL_DONT_CREATE_GVSV
PERL_OP_PARENT
PERL_PRESERVE_IVUV
PERL_USE_DEVEL
USE_64_BIT_ALL
USE_64_BIT_INT
USE_LARGE_FILES
USE_LOCALE
USE_LOCALE_COLLATE
USE_LOCALE_CTYPE
USE_LOCALE_NUMERIC
USE_LOCALE_TIME
USE_PERLIO
USE_PERL_ATOF
Built under freebsd
Compiled at Oct 20 2019 23:20:10
%ENV:
PERL5LIB="/home/cpansand/.cpan/build/2019110400/Test-Synopsis-0.16-0/blib/arch:/home/cpansand/.cpan/build/2019110400/Test-Synopsis-0.16-0/blib/lib:/home/cpansand/.cpan/build/2019110400/IO-String-1.08-0/blib/arch:/home/cpansand/.cpan/build/2019110400/IO-String-1.08-0/blib/lib:/home/cpansand/.cpan/build/2019110400/Applify-0.19-0/blib/arch:/home/cpansand/.cpan/build/2019110400/Applify-0.19-0/blib/lib"
PERL5OPT=""
PERL5_CPANPLUS_IS_RUNNING="84925"
PERL5_CPAN_IS_RUNNING="84925"
PERL5_CPAN_IS_RUNNING_IN_RECURSION="84908,84925"
PERLDOC="-MPod::Perldoc::ToTextOverstrike"
PERL_BATCH="yes"
PERL_CANARY_STABILITY_NOPROMPT="1"
PERL_CPAN_REPORTER_CONFIG="/var/tmp/cpansmoker-1023/2019110400/cpanreporter_001_config.ini"
PERL_EXTUTILS_AUTOINSTALL="--defaultdeps"
PERL_USE_UNSAFE_INC="1"
@INC:
/home/cpansand/.cpan/build/2019110400/Test-Synopsis-0.16-0/blib/arch
/home/cpansand/.cpan/build/2019110400/Test-Synopsis-0.16-0/blib/lib
/home/cpansand/.cpan/build/2019110400/IO-String-1.08-0/blib/arch
/home/cpansand/.cpan/build/2019110400/IO-String-1.08-0/blib/lib
/home/cpansand/.cpan/build/2019110400/Applify-0.19-0/blib/arch
/home/cpansand/.cpan/build/2019110400/Applify-0.19-0/blib/lib
/usr/perl5.31.5p/lib/site_perl/5.31.5/amd64-freebsd
/usr/perl5.31.5p/lib/site_perl/5.31.5
/usr/perl5.31.5p/lib/5.31.5/amd64-freebsd
/usr/perl5.31.5p/lib/5.31.5
.