CatalystX-Statsd vv0.1.0 Perl 5 v5.26.0 amd64-freebsd
- Status
- Fail
- From
- Slaven Rezić (SREZIC)
- Dist
-
CatalystX-Statsd vv0.1.0
- Platform
- Perl 5 v5.26.0 amd64-freebsd
- Date
- 2018-10-17 05:42:21
- ID
- 6ac8c3dc-d1cf-11e8-b74f-bf3624b350c1
This distribution has been tested as part of the CPAN Testers
project, supporting the Perl programming language. See
http://wiki.cpantesters.org/ for more information or email
questions to cpan-testers-discuss@perl.org
--
Dear Robert Rothenberg,
This is a computer-generated report for CatalystX-Statsd-v0.1.0
on perl 5.26.0, created by CPAN-Reporter-1.2018.
Thank you for uploading your work to CPAN. However, there was a problem
testing your distribution.
If you think this report is invalid, please consult the CPAN Testers Wiki
for suggestions on how to avoid getting FAIL reports for missing library
or binary dependencies, unsupported operating systems, and so on:
http://wiki.cpantesters.org/wiki/CPANAuthorNotes
Sections of this report:
* Tester comments
* Program output
* Prerequisites
* Environment and other context
------------------------------
TESTER COMMENTS
------------------------------
Additional comments from tester:
none provided
------------------------------
PROGRAM OUTPUT
------------------------------
Output from '/usr/bin/make test':
PERL_DL_NONLAZY=1 "/usr/perl5.26.0p/bin/perl5.26.0" "-MExtUtils::Command::MM" "-MTest::Harness" "-e" "undef *Test::Harness::Switches; test_harness(0, 'blib/lib', 'blib/arch')" t/*.t
#
# Versions for all modules listed in MYMETA.json (including optional ones):
#
# === Configure Requires ===
#
# Module Want Have
# ------------------- ---- ----
# ExtUtils::MakeMaker any 7.34
#
# === Build Requires ===
#
# Module Want Have
# ------------------- ---- ----
# ExtUtils::MakeMaker any 7.34
#
# === Test Requires ===
#
# Module Want Have
# -------------------- ---- --------
# Catalyst any 5.90118
# Catalyst::Controller any undef
# Catalyst::Test any undef
# File::Spec any 3.75
# Module::Metadata any 1.000033
# Moo any 2.003004
# Moose any 2.2011
# Net::Statsd::Tiny any v0.2.0
# Test::Log::Dispatch any 0.03
# Test::More any 1.302140
# Test::Most any 0.35
# lib any 0.64
#
# === Test Recommends ===
#
# Module Want Have
# ---------- -------- --------
# CPAN::Meta 2.120900 2.150010
#
# === Runtime Requires ===
#
# Module Want Have
# ------------------------- ---- -------
# Catalyst::Runtime any 5.90118
# Moose::Role any 2.2011
# Plack::Middleware::Statsd any v0.3.3
# namespace::autoclean any 0.28
#
t/00-report-prereqs.t ........ ok
# Failed test 'expected metrics'
# at t/100-basic.t line 14.
# Comparing $data as a Bag
# Missing: 2 references
# Extra: 'catalyst.response.time:1%s:%s|ms', 'catalyst.stats.root.base.time:1%s:%s|ms'
# 0
# Looks like you failed 1 test of 1.
t/100-basic.t ................
Dubious, test returned 1 (wstat 256, 0x100)
Failed 1/1 subtests
t/author-clean-namespaces.t .. skipped: these tests are for testing by the author
t/author-critic.t ............ skipped: these tests are for testing by the author
t/author-eof.t ............... skipped: these tests are for testing by the author
t/author-eol.t ............... skipped: these tests are for testing by the author
t/author-no-tabs.t ........... skipped: these tests are for testing by the author
t/author-pod-coverage.t ...... skipped: these tests are for testing by the author
t/author-pod-linkcheck.t ..... skipped: these tests are for testing by the author
t/author-pod-syntax.t ........ skipped: these tests are for testing by the author
t/author-portability.t ....... skipped: these tests are for testing by the author
t/release-check-manifest.t ... skipped: these tests are for release candidate testing
t/release-fixme.t ............ skipped: these tests are for release candidate testing
t/release-kwalitee.t ......... skipped: these tests are for release candidate testing
t/release-minimum-version.t .. skipped: these tests are for release candidate testing
t/release-trailing-space.t ... skipped: these tests are for release candidate testing
Test Summary Report
-------------------
t/100-basic.t (Wstat: 256 Tests: 1 Failed: 1)
Failed test: 1
Non-zero exit status: 1
Files=16, Tests=2, 2 wallclock secs ( 0.00 usr 0.04 sys + 0.21 cusr 0.70 csys = 0.95 CPU)
Result: FAIL
Failed 1/16 test programs. 1/2 subtests failed.
*** Error code 255
Stop.
make: stopped in /home/cpansand/.cpan/build/2018101700/CatalystX-Statsd-v0.1.0-2
------------------------------
PREREQUISITES
------------------------------
Prerequisite modules loaded:
requires:
Module Need Have
------------------------- -------- --------
Catalyst::Runtime 0 5.90118
Moose::Role 0 2.2011
namespace::autoclean 0 0.28
perl 5.008000 5.026000
Plack::Middleware::Statsd 0 v0.3.3
build_requires:
Module Need Have
------------------------- -------- --------
Catalyst 0 5.90118
Catalyst::Controller 0 0
Catalyst::Test 0 0
ExtUtils::MakeMaker 0 7.34
File::Spec 0 3.75
lib 0 0.64
Module::Metadata 0 1.000033
Moo 0 2.003004
Moose 0 2.2011
Net::Statsd::Tiny 0 v0.2.0
Test::Log::Dispatch 0 0.03
Test::More 0 1.302140
Test::Most 0 0.35
configure_requires:
Module Need Have
------------------------- -------- --------
ExtUtils::MakeMaker 0 7.34
------------------------------
ENVIRONMENT AND OTHER CONTEXT
------------------------------
Environment variables:
LC_ALL = de_DE.ISO8859-1
PATH = /usr/local/bin:/usr/bin:/bin:/usr/local/sbin:/usr/sbin:/sbin:/home/cpansand/bin/freebsd10.3:/home/cpansand/bin/sh:/home/cpansand/bin:/usr/games:/home/cpansand/devel:/home/eserte/src/srezic-misc/scripts
PERL5LIB = /home/cpansand/.cpan/build/2018101700/Test-Log-Dispatch-0.03-1/blib/arch:/home/cpansand/.cpan/build/2018101700/Test-Log-Dispatch-0.03-1/blib/lib:/home/cpansand/.cpan/build/2018101700/Slovo-2018.10.16-2/blib/arch:/home/cpansand/.cpan/build/2018101700/Slovo-2018.10.16-2/blib/lib
PERL5OPT =
PERL5_CPANPLUS_IS_RUNNING = 11913
PERL5_CPAN_IS_RUNNING = 11913
PERL5_CPAN_IS_RUNNING_IN_RECURSION = 10717,11913
PERLDOC = -MPod::Perldoc::ToTextOverstrike
PERL_BATCH = yes
PERL_CANARY_STABILITY_NOPROMPT = 1
PERL_CPAN_REPORTER_CONFIG = /var/tmp/cpansmoker-1023/2018101700/cpanreporter_000_config.ini
PERL_EXTUTILS_AUTOINSTALL = --defaultdeps
PERL_USE_UNSAFE_INC = 1
SHELL = /usr/local/bin/zsh
TERM = screen
TMPDIR = /var/tmp/cpansmoker-1023/2018101700
Perl special variables (and OS-specific diagnostics, for MSWin32):
$^X = /usr/perl5.26.0p/bin/perl5.26.0
$UID/$EUID = 1023 / 1023
$GID = 1023 1023
$EGID = 1023 1023
Perl module toolchain versions installed:
Module Have
------------------- --------
CPAN 2.18
CPAN::Meta 2.150010
Cwd 3.75
ExtUtils::CBuilder 0.280230
ExtUtils::Command 7.34
ExtUtils::Install 2.14
ExtUtils::MakeMaker 7.34
ExtUtils::Manifest 1.70
ExtUtils::ParseXS 3.34
File::Spec 3.75
JSON 2.97001
JSON::PP 2.97001
Module::Build 0.4224
Module::Signature 0.83
Parse::CPAN::Meta 2.150010
Test::Harness 3.42
Test::More 1.302140
YAML 1.26
YAML::Syck 1.30
version 0.9922
--
Summary of my perl5 (revision 5 version 26 subversion 0) configuration:
Platform:
osname=freebsd
osvers=10.3-release-p11
archname=amd64-freebsd
uname='freebsd cvrsnica-freebsd-101.herceg.de 10.3-release-p11 freebsd 10.3-release-p11 #0: mon oct 24 18:49:24 utc 2016 root@amd64-builder.daemonology.net:usrobjusrsrcsysgeneric amd64 '
config_args='-ds -e -Dprefix=/usr/perl5.26.0p -Dcf_email=srezic@cpan.org -Doptimize=-O2 -pipe'
hint=recommended
useposix=true
d_sigaction=define
useithreads=undef
usemultiplicity=undef
use64bitint=define
use64bitall=define
uselongdouble=undef
usemymalloc=n
default_inc_excludes_dot=define
bincompat5005=undef
Compiler:
cc='cc'
ccflags ='-DHAS_FPSETMASK -DHAS_FLOATINGPOINT_H -fno-strict-aliasing -pipe -fstack-protector -I/usr/local/include -D_FORTIFY_SOURCE=2'
optimize='-O2 -pipe'
cppflags='-DHAS_FPSETMASK -DHAS_FLOATINGPOINT_H -fno-strict-aliasing -pipe -fstack-protector -I/usr/local/include'
ccversion=''
gccversion='4.2.1 Compatible FreeBSD Clang 3.4.1 (tags/RELEASE_34/dot1-final 208032)'
gccosandvers=''
intsize=4
longsize=8
ptrsize=8
doublesize=8
byteorder=12345678
doublekind=3
d_longlong=define
longlongsize=8
d_longdbl=define
longdblsize=16
longdblkind=3
ivtype='long'
ivsize=8
nvtype='double'
nvsize=8
Off_t='off_t'
lseeksize=8
alignbytes=8
prototype=define
Linker and Libraries:
ld='cc'
ldflags ='-pthread -Wl,-E -fstack-protector -L/usr/local/lib'
libpth=/usr/lib /usr/local/lib /usr/include/clang/3.4.1 /usr/lib
libs=-lpthread -lgdbm -lm -lcrypt -lutil -lc -lelf
perllibs=-lpthread -lm -lcrypt -lutil -lc -lelf
libc=
so=so
useshrplib=false
libperl=libperl.a
gnulibc_version=''
Dynamic Linking:
dlsrc=dl_dlopen.xs
dlext=so
d_dlsymun=undef
ccdlflags=' '
cccdlflags='-DPIC -fPIC'
lddlflags='-shared -L/usr/local/lib -fstack-protector'
Characteristics of this binary (from libperl):
Compile-time options:
HAS_TIMES
PERLIO_LAYERS
PERL_COPY_ON_WRITE
PERL_DONT_CREATE_GVSV
PERL_MALLOC_WRAP
PERL_OP_PARENT
PERL_PRESERVE_IVUV
USE_64_BIT_ALL
USE_64_BIT_INT
USE_LARGE_FILES
USE_LOCALE
USE_LOCALE_COLLATE
USE_LOCALE_CTYPE
USE_LOCALE_NUMERIC
USE_LOCALE_TIME
USE_PERLIO
USE_PERL_ATOF
Built under freebsd
Compiled at Jun 3 2017 22:58:33
%ENV:
PERL5LIB="/home/cpansand/.cpan/build/2018101700/Test-Log-Dispatch-0.03-1/blib/arch:/home/cpansand/.cpan/build/2018101700/Test-Log-Dispatch-0.03-1/blib/lib:/home/cpansand/.cpan/build/2018101700/Slovo-2018.10.16-2/blib/arch:/home/cpansand/.cpan/build/2018101700/Slovo-2018.10.16-2/blib/lib"
PERL5OPT=""
PERL5_CPANPLUS_IS_RUNNING="11913"
PERL5_CPAN_IS_RUNNING="11913"
PERL5_CPAN_IS_RUNNING_IN_RECURSION="10717,11913"
PERLDOC="-MPod::Perldoc::ToTextOverstrike"
PERL_BATCH="yes"
PERL_CANARY_STABILITY_NOPROMPT="1"
PERL_CPAN_REPORTER_CONFIG="/var/tmp/cpansmoker-1023/2018101700/cpanreporter_000_config.ini"
PERL_EXTUTILS_AUTOINSTALL="--defaultdeps"
PERL_USE_UNSAFE_INC="1"
@INC:
/home/cpansand/.cpan/build/2018101700/Test-Log-Dispatch-0.03-1/blib/arch
/home/cpansand/.cpan/build/2018101700/Test-Log-Dispatch-0.03-1/blib/lib
/home/cpansand/.cpan/build/2018101700/Slovo-2018.10.16-2/blib/arch
/home/cpansand/.cpan/build/2018101700/Slovo-2018.10.16-2/blib/lib
/usr/perl5.26.0p/lib/site_perl/5.26.0/amd64-freebsd
/usr/perl5.26.0p/lib/site_perl/5.26.0
/usr/perl5.26.0p/lib/5.26.0/amd64-freebsd
/usr/perl5.26.0p/lib/5.26.0
.