Report for Lexical-Types-0.12

Back
From: metabase:user:320bfe00-2aae-11df-837a-5e0a49663a4f
Subject: FAIL Lexical-Types-0.12 v5.19.8 GNU/Linux
Date: 2014-01-21T14:22:11Z

This distribution has been tested as part of the CPAN Testers
project, supporting the Perl programming language.  See
http://wiki.cpantesters.org/ for more information or email
questions to cpan-testers-discuss@perl.org


--
Dear Vincent Pit,

This is a computer-generated report for Lexical-Types-0.12
on perl 5.19.8, created by CPAN-Reporter-1.2010.

Thank you for uploading your work to CPAN.  However, there was a problem
testing your distribution.

If you think this report is invalid, please consult the CPAN Testers Wiki
for suggestions on how to avoid getting FAIL reports for missing library
or binary dependencies, unsupported operating systems, and so on:

http://wiki.cpantesters.org/wiki/CPANAuthorNotes

Sections of this report:

    * Tester comments
    * Program output
    * Prerequisites
    * Environment and other context

------------------------------
TESTER COMMENTS
------------------------------

Additional comments from tester:

this report is from an automated smoke testing program
and was not reviewed by a human for accuracy

------------------------------
PROGRAM OUTPUT
------------------------------

Output from '/usr/bin/make test':

Running Mkbootstrap for Lexical::Types ()
chmod 644 Types.bs
PERL_DL_NONLAZY=1 /tmp/basesmoker-reloperl-mdE6/bin/perl "-MExtUtils::Command::MM" "-MTest::Harness" "-e" "undef *Test::Harness::Switches; test_harness(0, 'blib/lib', 'blib/arch')" t/*.t
# Testing Lexical::Types 0.12, Perl 5.019008, /tmp/basesmoker-reloperl-mdE6/bin/perl
t/00-load.t ............... ok

#   Failed test 'double (a)'
#   at t/10-base.t line 17.
#          got: undef
#     expected: '16'

#   Failed test 'double (b)'
#   at t/10-base.t line 18.
#          got: undef
#     expected: '16'
# Looks like you failed 2 tests of 4.
t/10-base.t ............... 
Dubious, test returned 2 (wstat 512, 0x200)
Failed 2/4 subtests 
t/11-args.t ............... ok
t/12-integrate.t .......... ok
t/13-padsv.t .............. ok
t/14-ro.t ................. ok

#   Failed test 'my constant_type ($y,'
#   at t/15-constants.t line 25.
#          got: undef
#     expected: 'int:MyTypes::Int'

#   Failed test 'my constant_type  $z)'
#   at t/15-constants.t line 26.
#          got: undef
#     expected: 'int:MyTypes::Int'
# Looks like you failed 2 tests of 6.
t/15-constants.t .......... 
Dubious, test returned 2 (wstat 512, 0x200)
Failed 2/6 subtests 
t/16-scope.t .............. ok
t/17-peep.t ............... ok
t/18-hints.t .............. ok
t/20-object.t ............. ok
t/21-tie.t ................ ok
# Using Variable::Magic 0.53
t/22-magic.t .............. ok
# Using Variable::Magic 0.53
t/23-magic-uvar.t ......... ok
# Using threads 1.91
t/30-threads.t ............ ok
# Using threads 1.91
t/31-threads-teardown.t ... ok
t/40-stress.t ............. ok
t/91-pod.t ................ ok
t/92-pod-coverage.t ....... ok
t/95-portability-files.t .. ok
These tests should not be running unless AUTHOR_TESTING=1 and/or RELEASE_TESTING=1!
t/99-kwalitee.t ........... ok

Test Summary Report
-------------------
t/10-base.t             (Wstat: 512 Tests: 4 Failed: 2)
  Failed tests:  2-3
  Non-zero exit status: 2
t/15-constants.t        (Wstat: 512 Tests: 6 Failed: 2)
  Failed tests:  2-3
  Non-zero exit status: 2
Files=21, Tests=1353,  2 wallclock secs ( 0.20 usr  0.02 sys +  1.18 cusr  0.18 csys =  1.58 CPU)
Result: FAIL
Failed 2/21 test programs. 4/1353 subtests failed.
make: *** [test_dynamic] Error 255

------------------------------
PREREQUISITES
------------------------------

Prerequisite modules loaded:

requires:

    Module              Need     Have    
    ------------------- -------- --------
    Carp                0        1.32    
    perl                5.008003 5.019008
    XSLoader            0        0.17    

build_requires:

    Module              Need     Have    
    ------------------- -------- --------
    ExtUtils::MakeMaker 0        6.86    

configure_requires:

    Module              Need     Have    
    ------------------- -------- --------
    ExtUtils::MakeMaker 0        6.86    


------------------------------
ENVIRONMENT AND OTHER CONTEXT
------------------------------

Environment variables:

    AUTOMATED_TESTING = 1
    LANG = en_US.UTF-8
    LANGUAGE = en_US:en
    PATH = /usr/lib/ccache:/home/sand/bin:/usr/local/bin:/usr/bin:/bin:/usr/bin/X11:/usr/games:/usr/local/perl/bin:/usr/X11/bin:/sbin:/usr/sbin
    PERL5LIB = /tmp/loop_over_bdir-23910-dM4Ia_/FusionInventory-Agent-2.3.5.1-c9wWKO/blib/arch:/tmp/loop_over_bdir-23910-dM4Ia_/FusionInventory-Agent-2.3.5.1-c9wWKO/blib/lib
    PERL5OPT = 
    PERL5_CPANPLUS_IS_RUNNING = 6414
    PERL5_CPAN_IS_RUNNING = 6414
    PERL_MM_USE_DEFAULT = 1
    SHELL = /usr/bin/zsh
    TERM = screen

Perl special variables (and OS-specific diagnostics, for MSWin32):

    $^X = /tmp/basesmoker-reloperl-mdE6/bin/perl
    $UID/$EUID = 1005 / 1005
    $GID = 1005 1005
    $EGID = 1005 1005

Perl module toolchain versions installed:

    Module              Have    
    ------------------- --------
    CPAN                2.00    
    CPAN::Meta          2.133380
    Cwd                 3.45    
    ExtUtils::CBuilder  0.280213
    ExtUtils::Command   1.18    
    ExtUtils::Install   1.61    
    ExtUtils::MakeMaker 6.86    
    ExtUtils::Manifest  1.63    
    ExtUtils::ParseXS   3.23    
    File::Spec          3.45    
    JSON                2.90    
    JSON::PP            2.27203 
    Module::Build       0.4204  
    Module::Signature   0.73    
    Parse::CPAN::Meta   1.4409  
    Test::Harness       3.30    
    Test::More          1.001002
    YAML                0.88    
    YAML::Syck          1.27    
    version             0.9907  


--

Summary of my perl5 (revision 5 version 19 subversion 8) configuration:
  Commit id: 20e5bab43efd0e449d0741f5c5a278e7e20ee9dc
  Platform:
    osname=linux, osvers=3.12-1-amd64, archname=x86_64-linux-thread-multi-ld
    uname='linux k83 3.12-1-amd64 #1 smp debian 3.12.6-2 (2013-12-29) x86_64 gnulinux '
    config_args='-Dprefix=/home/sand/src/perl/repoperls/installed-perls/perl/v5.19.7-394-g20e5bab/a2da -Dmyhostname=k83 -Dinstallusrbinperl=n -Uversiononly -Dusedevel -des -Ui_db -Duseithreads -Duselongdouble -DDEBUGGING=-g'
    hint=recommended, useposix=true, d_sigaction=define
    useithreads=define, usemultiplicity=define
    use64bitint=define, use64bitall=define, uselongdouble=define
    usemymalloc=n, bincompat5005=undef
  Compiler:
    cc='cc', ccflags ='-D_REENTRANT -D_GNU_SOURCE -fno-strict-aliasing -pipe -fstack-protector -I/usr/local/include -D_LARGEFILE_SOURCE -D_FILE_OFFSET_BITS=64',
    optimize='-O2 -g',
    cppflags='-D_REENTRANT -D_GNU_SOURCE -fno-strict-aliasing -pipe -fstack-protector -I/usr/local/include'
    ccversion='', gccversion='4.8.2', gccosandvers=''
    intsize=4, longsize=8, ptrsize=8, doublesize=8, byteorder=12345678
    d_longlong=define, longlongsize=8, d_longdbl=define, longdblsize=16
    ivtype='long', ivsize=8, nvtype='long double', nvsize=16, Off_t='off_t', lseeksize=8
    alignbytes=16, prototype=define
  Linker and Libraries:
    ld='cc', ldflags =' -fstack-protector -L/usr/local/lib'
    libpth=/usr/local/lib /usr/lib/gcc/x86_64-linux-gnu/4.8/include-fixed /usr/include/x86_64-linux-gnu /usr/lib /lib/x86_64-linux-gnu /lib/../lib /usr/lib/x86_64-linux-gnu /usr/lib/../lib /lib
    libs=-lnsl -lgdbm -ldb -ldl -lm -lcrypt -lutil -lpthread -lc -lgdbm_compat
    perllibs=-lnsl -ldl -lm -lcrypt -lutil -lpthread -lc
    libc=, so=so, useshrplib=false, libperl=libperl.a
    gnulibc_version='2.17'
  Dynamic Linking:
    dlsrc=dl_dlopen.xs, dlext=so, d_dlsymun=undef, ccdlflags='-Wl,-E'
    cccdlflags='-fPIC', lddlflags='-shared -O2 -g -L/usr/local/lib -fstack-protector'


Characteristics of this binary (from libperl): 
  Compile-time options: HAS_TIMES MULTIPLICITY PERLIO_LAYERS
                        PERL_DONT_CREATE_GVSV
                        PERL_HASH_FUNC_ONE_AT_A_TIME_HARD
                        PERL_IMPLICIT_CONTEXT PERL_MALLOC_WRAP
                        PERL_NEW_COPY_ON_WRITE PERL_PRESERVE_IVUV
                        PERL_USE_DEVEL USE_64_BIT_ALL USE_64_BIT_INT
                        USE_ITHREADS USE_LARGE_FILES USE_LOCALE
                        USE_LOCALE_COLLATE USE_LOCALE_CTYPE
                        USE_LOCALE_NUMERIC USE_LONG_DOUBLE USE_PERLIO
                        USE_PERL_ATOF USE_REENTRANT_API
  Built under linux
  Compiled at Jan 20 2014 02:42:19
  %ENV:
    PERL5LIB="/tmp/loop_over_bdir-23910-dM4Ia_/FusionInventory-Agent-2.3.5.1-c9wWKO/blib/arch:/tmp/loop_over_bdir-23910-dM4Ia_/FusionInventory-Agent-2.3.5.1-c9wWKO/blib/lib"
    PERL5OPT=""
    PERL5_CPANPLUS_IS_RUNNING="6414"
    PERL5_CPAN_IS_RUNNING="6414"
    PERL_MM_USE_DEFAULT="1"
  @INC:
    /tmp/loop_over_bdir-23910-dM4Ia_/FusionInventory-Agent-2.3.5.1-c9wWKO/blib/arch
    /tmp/loop_over_bdir-23910-dM4Ia_/FusionInventory-Agent-2.3.5.1-c9wWKO/blib/lib
    /home/sand/src/perl/repoperls/installed-perls/perl/v5.19.7-394-g20e5bab/a2da/lib/site_perl/5.19.8/x86_64-linux-thread-multi-ld
    /home/sand/src/perl/repoperls/installed-perls/perl/v5.19.7-394-g20e5bab/a2da/lib/site_perl/5.19.8
    /home/sand/src/perl/repoperls/installed-perls/perl/v5.19.7-394-g20e5bab/a2da/lib/5.19.8/x86_64-linux-thread-multi-ld
    /home/sand/src/perl/repoperls/installed-perls/perl/v5.19.7-394-g20e5bab/a2da/lib/5.19.8
    .