DBD-Redbase v0.22 Perl 5 v5.12.0 i686-linux-thread-multi
- Status
- Fail
- From
- Serguei Trouchelle (STRO)
- Dist
-
DBD-Redbase v0.22
- Platform
- Perl 5 v5.12.0 i686-linux-thread-multi
- Date
- 2010-06-19 18:28:11
- ID
- 6a87730e-7bd0-11df-a1a1-9a8922083bed
This distribution has been tested as part of the CPAN Testers
project, supporting the Perl programming language. See
http://wiki.cpantesters.org/ for more information or email
questions to cpan-testers-discuss@perl.org
--
Dear Ilya Verlinsky,
This is a computer-generated report for DBD-Redbase-0.22
on perl 5.12.0, created by CPAN-Reporter-1.1711.
Thank you for uploading your work to CPAN. However, there was a problem
testing your distribution.
If you think this report is invalid, please consult the CPAN Testers Wiki
for suggestions on how to avoid getting FAIL reports for missing library
or binary dependencies, unsupported operating systems, and so on:
http://wiki.cpantesters.org/wiki/CPANAuthorNotes
Sections of this report:
* Tester comments
* Program output
* Prerequisites
* Environment and other context
------------------------------
TESTER COMMENTS
------------------------------
Additional comments from tester:
this report is from an automated smoke testing program
and was not reviewed by a human for accuracy
------------------------------
PROGRAM OUTPUT
------------------------------
Output from '"C:\Program Files\Microsoft Visual Studio\VC98\bin\nmake.EXE" test':
Microsoft (R) Program Maintenance Utility Version 6.00.8168.0
Copyright (C) Microsoft Corp 1988-1998. All rights reserved.
C:\home\stro\perl5120\bin\perl.exe "-MExtUtils::Command::MM" "-e" "test_harness(0, 'blib\lib', 'blib\arch')" t/*.t
t/00base.t ......... ok
t/10dsnlist.t ......
Dubious, test returned 10 (wstat 2560, 0xa00)
Failed 3/3 subtests
t/20createdrop.t ...
Dubious, test returned 10 (wstat 2560, 0xa00)
Failed 5/5 subtests
t/30insertfetch.t ..
Dubious, test returned 10 (wstat 2560, 0xa00)
Failed 17/17 subtests
t/40bindparam.t ....
Dubious, test returned 10 (wstat 2560, 0xa00)
Failed 28/28 subtests
t/40listfields.t ...
Dubious, test returned 10 (wstat 2560, 0xa00)
Failed 13/13 subtests
t/40nulls.t ........
Dubious, test returned 10 (wstat 2560, 0xa00)
Failed 11/11 subtests
t/40numrows.t ......
Dubious, test returned 10 (wstat 2560, 0xa00)
Failed 25/25 subtests
t/50chopblanks.t ...
Dubious, test returned 10 (wstat 2560, 0xa00)
Failed 35/35 subtests
t/50commit.t .......
Dubious, test returned 255 (wstat 65280, 0xff00)
Failed 30/30 subtests
Test Summary Report
-------------------
t/10dsnlist.t (Wstat: 2560 Tests: 1 Failed: 1)
Failed test: 1
Non-zero exit status: 10
Parse errors: Bad plan. You planned 3 tests but ran 1.
t/20createdrop.t (Wstat: 2560 Tests: 1 Failed: 1)
Failed test: 1
Non-zero exit status: 10
Parse errors: Bad plan. You planned 5 tests but ran 1.
t/30insertfetch.t (Wstat: 2560 Tests: 1 Failed: 1)
Failed test: 1
Non-zero exit status: 10
Parse errors: Bad plan. You planned 17 tests but ran 1.
t/40bindparam.t (Wstat: 2560 Tests: 1 Failed: 1)
Failed test: 1
Non-zero exit status: 10
Parse errors: Bad plan. You planned 28 tests but ran 1.
t/40listfields.t (Wstat: 2560 Tests: 1 Failed: 1)
Failed test: 1
Non-zero exit status: 10
Parse errors: Bad plan. You planned 13 tests but ran 1.
t/40nulls.t (Wstat: 2560 Tests: 1 Failed: 1)
Failed test: 1
Non-zero exit status: 10
Parse errors: Bad plan. You planned 11 tests but ran 1.
t/40numrows.t (Wstat: 2560 Tests: 1 Failed: 1)
Failed test: 1
Non-zero exit status: 10
Parse errors: Bad plan. You planned 25 tests but ran 1.
t/50chopblanks.t (Wstat: 2560 Tests: 1 Failed: 1)
Failed test: 1
Non-zero exit status: 10
Parse errors: Bad plan. You planned 35 tests but ran 1.
t/50commit.t (Wstat: 65280 Tests: 1 Failed: 1)
Failed test: 1
Non-zero exit status: 255
Parse errors: Bad plan. You planned 30 tests but ran 1.
Files=10, Tests=14, 16 wallclock secs ( 0.11 usr + 0.17 sys = 0.28 CPU)
Result: FAIL
Failed 9/10 test programs. 9/14 subtests failed.
NMAKE : fatal error U1077: 'C:\home\stro\perl5120\bin\perl.exe' : return code '0xff'
Stop.
------------------------------
PREREQUISITES
------------------------------
Prerequisite modules loaded:
requires:
Module Need Have
--------------------- ---- ----
Bit::Vector 6.1 7.1
Bit::Vector::Overload 6.1 7.1
Unicode::String 2.06 2.09
------------------------------
ENVIRONMENT AND OTHER CONTEXT
------------------------------
Environment variables:
AUTOMATED_TESTING = 1
COMSPEC = C:\WINDOWS\system32\cmd.exe
INCLUDE = C:\Program Files\Microsoft Visual Studio\VC98\atl\include;C:\Program Files\Microsoft Visual Studio\VC98\mfc\include;C:\Program Files\Microsoft Visual Studio\VC98\include
LIB = C:\Program Files\Microsoft Visual Studio\VC98\mfc\lib;C:\Program Files\Microsoft Visual Studio\VC98\lib
NUMBER_OF_PROCESSORS = 1
PATH = C:\Program Files\Far2\;C:\Program Files\CollabNet\Subversion Client;C:\usr\site\bin;C:\usr\bin;C:\Program Files\Common Files\Microsoft Shared\Windows Live;C:\WINDOWS\system32;C:\WINDOWS;C:\WINDOWS\System32\Wbem;C:\WINDOWS\system32\WindowsPowerShell\v1.0;C:\Program Files\TortoiseSVN\bin;C:\Program Files\Microsoft Visual Studio\Common\Tools\WinNT;C:\Program Files\Microsoft Visual Studio\Common\MSDev98\Bin;C:\Program Files\Microsoft Visual Studio\Common\Tools;C:\Program Files\Microsoft Visual Studio\VC98\bin;%CommonProgramFiles%\Microsoft Shared\Windows Live
PERL5LIB =
PERL5OPT =
PERL5_CPANPLUS_IS_RUNNING = 6644
PERL5_CPAN_IS_RUNNING = 6644
PERL5_CPAN_IS_RUNNING_IN_RECURSION = 2384,6644
PERL_CR_SMOKER_CURRENT = DBD-Redbase-0.22
PERL_EXTUTILS_AUTOINSTALL = --defaultdeps
PERL_MM_USE_DEFAULT = 1
PROCESSOR_IDENTIFIER = x86 Family 15 Model 44 Stepping 2, AuthenticAMD
TEMP = C:\DOCUME~1\root\LOCALS~1\Temp
Perl special variables (and OS-specific diagnostics, for MSWin32):
$^X = C:\home\stro\perl5120\bin\perl.exe
$UID/$EUID = 0 / 0
$GID = 0
$EGID = 0
Win32::GetOSName = WinXP/.Net
Win32::GetOSVersion = Service Pack 3, 5, 1, 2600, 2, 3, 0, 256, 1
Win32::FsType = NTFS
Win32::IsAdminUser = 1
Perl module toolchain versions installed:
Module Have
------------------- -------
CPAN 1.94_57
Cwd 3.31
ExtUtils::CBuilder 0.2703
ExtUtils::Command 1.16
ExtUtils::Install 1.54
ExtUtils::MakeMaker 6.56
ExtUtils::Manifest 1.58
ExtUtils::ParseXS 2.2205
File::Spec 3.31
Module::Build 0.36_08
Module::Signature n/a
Test::Harness 3.21
Test::More 0.95_02
YAML 0.71
YAML::Syck 1.09
version 0.82
--
Summary of my perl5 (revision 5 version 12 subversion 0) configuration:
Platform:
osname=MSWin32, osvers=5.1, archname=MSWin32-x86-multi-thread
uname=''
config_args='undef'
hint=recommended, useposix=true, d_sigaction=undef
useithreads=define, usemultiplicity=define
useperlio=define, d_sfio=undef, uselargefiles=define, usesocks=undef
use64bitint=undef, use64bitall=undef, uselongdouble=undef
usemymalloc=n, bincompat5005=undef
Compiler:
cc='cl', ccflags ='-nologo -GF -W3 -MD -Zi -DNDEBUG -O1 -DWIN32 -D_CONSOLE -DNO_STRICT -DHAVE_DES_FCRYPT -DPERL_IMPLICIT_CONTEXT -DPERL_IMPLICIT_SYS -DUSE_PERLIO -DPERL_MSVCRT_READFIX',
optimize='-MD -Zi -DNDEBUG -O1',
cppflags='-DWIN32'
ccversion='12.00.8168', gccversion='', gccosandvers=''
intsize=4, longsize=4, ptrsize=4, doublesize=8, byteorder=1234
d_longlong=undef, longlongsize=8, d_longdbl=define, longdblsize=8
ivtype='long', ivsize=4, nvtype='double', nvsize=8, Off_t='__int64', lseeksize=8
alignbytes=8, prototype=define
Linker and Libraries:
ld='link', ldflags ='-nologo -nodefaultlib -debug -opt:ref,icf -libpath:"c:\home\stro\perl5120\lib\CORE" -machine:x86'
libpth=\lib
libs= oldnames.lib kernel32.lib user32.lib gdi32.lib winspool.lib comdlg32.lib advapi32.lib shell32.lib ole32.lib oleaut32.lib netapi32.lib uuid.lib ws2_32.lib mpr.lib winmm.lib version.lib odbc32.lib odbccp32.lib comctl32.lib msvcrt.lib
perllibs= oldnames.lib kernel32.lib user32.lib gdi32.lib winspool.lib comdlg32.lib advapi32.lib shell32.lib ole32.lib oleaut32.lib netapi32.lib uuid.lib ws2_32.lib mpr.lib winmm.lib version.lib odbc32.lib odbccp32.lib comctl32.lib msvcrt.lib
libc=msvcrt.lib, so=dll, useshrplib=true, libperl=perl512.lib
gnulibc_version=''
Dynamic Linking:
dlsrc=dl_win32.xs, dlext=dll, d_dlsymun=undef, ccdlflags=' '
cccdlflags=' ', lddlflags='-dll -nologo -nodefaultlib -debug -opt:ref,icf -libpath:"c:\home\stro\perl5120\lib\CORE" -machine:x86'
Characteristics of this binary (from libperl):
Compile-time options: MULTIPLICITY PERL_DONT_CREATE_GVSV
PERL_IMPLICIT_CONTEXT PERL_IMPLICIT_SYS
PERL_MALLOC_WRAP PL_OP_SLAB_ALLOC USE_ITHREADS
USE_LARGE_FILES USE_PERLIO USE_PERL_ATOF
Built under MSWin32
Compiled at Apr 25 2010 18:24:36
%ENV:
PERL5_CPANPLUS_IS_RUNNING="6644"
PERL5_CPAN_IS_RUNNING="6644"
PERL5_CPAN_IS_RUNNING_IN_RECURSION="2384,6644"
PERL_CR_SMOKER_CURRENT="DBD-Redbase-0.22"
PERL_EXTUTILS_AUTOINSTALL="--defaultdeps"
PERL_MM_USE_DEFAULT="1"
@INC:
C:/home/stro/perl5120/site/lib
C:/home/stro/perl5120/lib
.