Back
From: metabase:user:30f4dfbe-2aae-11df-837a-5e0a49663a4f
Subject: FAIL Class-PObject-2.17 v5.20.0
Date: 2014-07-19T20:08:14Z
This distribution has been tested as part of the CPAN Testers
project, supporting the Perl programming language. See
http://wiki.cpantesters.org/ for more information or email
questions to cpan-testers-discuss@perl.org
--
Dear Sherzod Ruzmetov,
This is a computer-generated report for Class-PObject-2.17
on perl 5.20.0, created by CPAN-Reporter-1.2011.
Thank you for uploading your work to CPAN. However, there was a problem
testing your distribution.
If you think this report is invalid, please consult the CPAN Testers Wiki
for suggestions on how to avoid getting FAIL reports for missing library
or binary dependencies, unsupported operating systems, and so on:
http://wiki.cpantesters.org/wiki/CPANAuthorNotes
Sections of this report:
* Tester comments
* Program output
* Prerequisites
* Environment and other context
------------------------------
TESTER COMMENTS
------------------------------
Additional comments from tester:
none provided
------------------------------
PROGRAM OUTPUT
------------------------------
Output from 'dmake test':
C:\strawberry5.20.0\perl\bin\perl.exe "-MExtUtils::Command::MM" "-MTest::Harness" "-e" "undef *Test::Harness::Switches; test_harness(0, 'blib\lib', 'blib\arch')" t/*.t
t/01basic_file.t ..... ok
DBD::CSV::db do failed:
Execution ERROR: Cannot create table po_author: Already exists at C:/strawberry5.20.0/perl/vendor/lib/DBI/DBD/SqlEngine.pm line 1589.
called from I:\cpan\build\Class-PObject-2.17-zSNvh4\blib\lib/Class/PObject/Driver/csv.pm at 124.
at C:/strawberry5.20.0/perl/vendor/lib/DBI/DBD/SqlEngine.pm line 1239.
[for Statement "
CREATE TABLE po_author (
id INTEGER PRIMARY KEY ,
name VARCHAR(40) ,
url VARCHAR(255) ,
email VARCHAR(255)
)"] at I:\cpan\build\Class-PObject-2.17-zSNvh4\blib\lib/Class/PObject/Driver/csv.pm line 124.
DBD::CSV::db do failed:
Execution ERROR: Cannot create table po_author: Already exists at C:/strawberry5.20.0/perl/vendor/lib/DBI/DBD/SqlEngine.pm line 1589.
called from I:\cpan\build\Class-PObject-2.17-zSNvh4\blib\lib/Class/PObject/Driver/csv.pm at 124.
at C:/strawberry5.20.0/perl/vendor/lib/DBI/DBD/SqlEngine.pm line 1239.
[for Statement "
CREATE TABLE po_author (
id INTEGER PRIMARY KEY ,
name VARCHAR(40) ,
url VARCHAR(255) ,
email VARCHAR(255)
)"] at I:\cpan\build\Class-PObject-2.17-zSNvh4\blib\lib/Class/PObject/Driver/csv.pm line 124.
# Looks like you planned 204 tests but ran 43.
# Looks like your test exited with 2 just after 43.
t/06basic_csv.t ......
Dubious, test returned 2 (wstat 512, 0x200)
Failed 161/204 subtests
t/11basic_mysql.t .... skipped: Read INSTALL for details on running mysql-related tests
t/16basic_db_file.t .. ok
# Failed test at I:\cpan\build\Class-PObject-2.17-zSNvh4\blib\lib/Class/PObject/Test/Basic.pm line 195.
# Failed test at I:\cpan\build\Class-PObject-2.17-zSNvh4\blib\lib/Class/PObject/Test/Basic.pm line 198.
# Failed test at I:\cpan\build\Class-PObject-2.17-zSNvh4\blib\lib/Class/PObject/Test/Basic.pm line 231.
Can't call method "title" on an undefined value at I:\cpan\build\Class-PObject-2.17-zSNvh4\blib\lib/Class/PObject/Test/Basic.pm line 233.
# Looks like you planned 204 tests but ran 51.
# Looks like you failed 3 tests of 51 run.
# Looks like your test exited with 255 just after 51.
t/21basic_sqlite.t ...
Dubious, test returned 255 (wstat 65280, 0xff00)
Failed 156/204 subtests
t/61types_file.t ..... ok
DBD::CSV::db do failed:
Execution ERROR: Cannot create table user: Already exists at C:/strawberry5.20.0/perl/vendor/lib/DBI/DBD/SqlEngine.pm line 1589.
called from I:\cpan\build\Class-PObject-2.17-zSNvh4\blib\lib/Class/PObject/Driver/csv.pm at 124.
at C:/strawberry5.20.0/perl/vendor/lib/DBI/DBD/SqlEngine.pm line 1239.
[for Statement "
CREATE TABLE user (
id INTEGER PRIMARY KEY ,
name VARCHAR(40) ,
login CHAR(18) ,
psswd CHAR(18) ,
activation_key CHAR(32)
)"] at I:\cpan\build\Class-PObject-2.17-zSNvh4\blib\lib/Class/PObject/Driver/csv.pm line 124.
DBD::CSV::db do failed:
Execution ERROR: Cannot create table user: Already exists at C:/strawberry5.20.0/perl/vendor/lib/DBI/DBD/SqlEngine.pm line 1589.
called from I:\cpan\build\Class-PObject-2.17-zSNvh4\blib\lib/Class/PObject/Driver/csv.pm at 124.
at C:/strawberry5.20.0/perl/vendor/lib/DBI/DBD/SqlEngine.pm line 1239.
[for Statement "
CREATE TABLE user (
id INTEGER PRIMARY KEY ,
name VARCHAR(40) ,
login CHAR(18) ,
psswd CHAR(18) ,
activation_key CHAR(32)
)"] at I:\cpan\build\Class-PObject-2.17-zSNvh4\blib\lib/Class/PObject/Driver/csv.pm line 124.
# Looks like you planned 46 tests but ran 19.
# Looks like your test exited with 2 just after 19.
t/62types_csv.t ......
Dubious, test returned 2 (wstat 512, 0x200)
Failed 27/46 subtests
t/63types_db_file.t .. ok
t/64types_mysql.t .... skipped: Read INSTALL for details on running mysql-related tests
# Failed test at I:\cpan\build\Class-PObject-2.17-zSNvh4\blib\lib/Class/PObject/Test/Types.pm line 105.
Can't call method "name" on an undefined value at I:\cpan\build\Class-PObject-2.17-zSNvh4\blib\lib/Class/PObject/Test/Types.pm line 113.
# Looks like you planned 46 tests but ran 21.
# Looks like you failed 1 test of 21 run.
# Looks like your test exited with 2 just after 21.
t/65types_sqlite.t ...
Dubious, test returned 2 (wstat 512, 0x200)
Failed 26/46 subtests
t/70hasa_file.t ...... ok
DBD::CSV::db do failed:
Execution ERROR: Cannot create table po_author: Already exists at C:/strawberry5.20.0/perl/vendor/lib/DBI/DBD/SqlEngine.pm line 1589.
called from I:\cpan\build\Class-PObject-2.17-zSNvh4\blib\lib/Class/PObject/Driver/csv.pm at 124.
at C:/strawberry5.20.0/perl/vendor/lib/DBI/DBD/SqlEngine.pm line 1239.
[for Statement "
CREATE TABLE po_author (
id INTEGER PRIMARY KEY ,
name VARCHAR(255)
)"] at I:\cpan\build\Class-PObject-2.17-zSNvh4\blib\lib/Class/PObject/Driver/csv.pm line 124.
DBD::CSV::db do failed:
Execution ERROR: Cannot create table po_author: Already exists at C:/strawberry5.20.0/perl/vendor/lib/DBI/DBD/SqlEngine.pm line 1589.
called from I:\cpan\build\Class-PObject-2.17-zSNvh4\blib\lib/Class/PObject/Driver/csv.pm at 124.
at C:/strawberry5.20.0/perl/vendor/lib/DBI/DBD/SqlEngine.pm line 1239.
[for Statement "
CREATE TABLE po_author (
id INTEGER PRIMARY KEY ,
name VARCHAR(255)
)"] at I:\cpan\build\Class-PObject-2.17-zSNvh4\blib\lib/Class/PObject/Driver/csv.pm line 124.
# Looks like you planned 37 tests but ran 7.
# Looks like your test exited with 2 just after 7.
t/71hasa_csv.t .......
Dubious, test returned 2 (wstat 512, 0x200)
Failed 30/37 subtests
t/72hasa_mysql.t ..... skipped: Read INSTALL for details on running mysql-related tests
t/73hasa_db_file.t ... ok
# Failed test at I:\cpan\build\Class-PObject-2.17-zSNvh4\blib\lib/Class/PObject/Test/HAS_A.pm line 99.
# Failed test at I:\cpan\build\Class-PObject-2.17-zSNvh4\blib\lib/Class/PObject/Test/HAS_A.pm line 108.
Can't call method "author" on an undefined value at I:\cpan\build\Class-PObject-2.17-zSNvh4\blib\lib/Class/PObject/Test/HAS_A.pm line 112.
# Looks like you planned 37 tests but ran 15.
# Looks like you failed 2 tests of 15 run.
# Looks like your test exited with 2 just after 15.
t/74hasa_sqlite.t ....
Dubious, test returned 2 (wstat 512, 0x200)
Failed 24/37 subtests
Test Summary Report
-------------------
t/06basic_csv.t (Wstat: 512 Tests: 43 Failed: 0)
Non-zero exit status: 2
Parse errors: Bad plan. You planned 204 tests but ran 43.
t/21basic_sqlite.t (Wstat: 65280 Tests: 51 Failed: 3)
Failed tests: 45-46, 51
Non-zero exit status: 255
Parse errors: Bad plan. You planned 204 tests but ran 51.
t/62types_csv.t (Wstat: 512 Tests: 19 Failed: 0)
Non-zero exit status: 2
Parse errors: Bad plan. You planned 46 tests but ran 19.
t/65types_sqlite.t (Wstat: 512 Tests: 21 Failed: 1)
Failed test: 21
Non-zero exit status: 2
Parse errors: Bad plan. You planned 46 tests but ran 21.
t/71hasa_csv.t (Wstat: 512 Tests: 7 Failed: 0)
Non-zero exit status: 2
Parse errors: Bad plan. You planned 37 tests but ran 7.
t/74hasa_sqlite.t (Wstat: 512 Tests: 15 Failed: 2)
Failed tests: 12, 15
Non-zero exit status: 2
Parse errors: Bad plan. You planned 37 tests but ran 15.
Files=15, Tests=730, 3 wallclock secs ( 0.08 usr + 0.00 sys = 0.08 CPU)
Result: FAIL
Failed 6/15 test programs. 6/730 subtests failed.
dmake: Error code 130, while making 'test_dynamic'
------------------------------
PREREQUISITES
------------------------------
Prerequisite modules loaded:
requires:
Module Need Have
------------------- ---- --------
File::Basename 0 2.85
File::Path 0 2.09
File::Spec 0 3.47
IO::Dir 0 1.10
Log::Agent 0 1.000
Storable 0 2.51
Test::More 0 1.001003
build_requires:
Module Need Have
------------------- ---- --------
ExtUtils::MakeMaker 0 6.98
------------------------------
ENVIRONMENT AND OTHER CONTEXT
------------------------------
Environment variables:
COMSPEC = C:\Windows\system32\cmd.exe
NUMBER_OF_PROCESSORS = 12
PATH = C:\Program Files (x86)\NVIDIA Corporation\PhysX\Common;C:\Program Files (x86)\Intel\iCLS Client\;C:\Program Files\Intel\iCLS Client\;C:\Windows\system32;C:\Windows;C:\Windows\System32\Wbem;C:\Windows\System32\WindowsPowerShell\v1.0\;C:\Program Files\Intel\Intel(R) Management Engine Components\DAL;C:\Program Files\Intel\Intel(R) Management Engine Components\IPT;C:\Program Files (x86)\Intel\Intel(R) Management Engine Components\DAL;C:\Program Files (x86)\Intel\Intel(R) Management Engine Components\IPT;C:\Program Files (x86)\Windows Kits\8.1\Windows Performance Toolkit\;C:\Program Files (x86)\Windows Live\Shared;C:\Program Files (x86)\Windows Kits\8.0\Windows Performance Toolkit\;C:\strawberry5.20.0\c\bin;C:\strawberry5.20.0\perl\site\bin;C:\strawberry5.20.0\perl\bin
PERL5LIB =
PERL5OPT =
PERL5_CPANPLUS_IS_RUNNING = 4184
PERL5_CPAN_IS_RUNNING = 4184
PROCESSOR_IDENTIFIER = Intel64 Family 6 Model 62 Stepping 4, GenuineIntel
TEMP = I:\TEMP
Perl special variables (and OS-specific diagnostics, for MSWin32):
$^X = C:\strawberry5.20.0\perl\bin\perl.exe
$UID/$EUID = 0 / 0
$GID = 0
$EGID = 0
Win32::GetOSName = Win8
Win32::GetOSVersion = , 6, 2, 9200, 2, 0, 0, 768, 1
Win32::FsType = NTFS
Win32::IsAdminUser = 0
Perl module toolchain versions installed:
Module Have
------------------- --------
CPAN 2.05
CPAN::Meta 2.141520
Cwd 3.47
ExtUtils::CBuilder 0.280216
ExtUtils::Command 1.18
ExtUtils::Install 1.68
ExtUtils::MakeMaker 6.98
ExtUtils::Manifest 1.64
ExtUtils::ParseXS 3.24
File::Spec 3.47
JSON 2.90
JSON::PP 2.27203
Module::Build 0.4206
Module::Signature n/a
Parse::CPAN::Meta 1.4414
Test::Harness 3.32
Test::More 1.001003
YAML 0.97
YAML::Syck n/a
version 0.9908
--
Summary of my perl5 (revision 5 version 20 subversion 0) configuration:
Platform:
osname=MSWin32, osvers=6.2, archname=MSWin32-x64-multi-thread
uname='Win32 strawberry-perl 5.20.0.1 #1 Fri May 30 08:27:00 2014 x64'
config_args='undef'
hint=recommended, useposix=true, d_sigaction=undef
useithreads=define, usemultiplicity=define
use64bitint=define, use64bitall=undef, uselongdouble=undef
usemymalloc=n, bincompat5005=undef
Compiler:
cc='gcc', ccflags =' -s -O2 -DWIN32 -DWIN64 -DCONSERVATIVE -DPERL_TEXTMODE_SCRIPTS -DPERL_IMPLICIT_CONTEXT -DPERL_IMPLICIT_SYS -DUSE_PERLIO -fwrapv -fno-strict-aliasing -mms-bitfields',
optimize='-s -O2',
cppflags='-DWIN32'
ccversion='', gccversion='4.8.2', gccosandvers=''
intsize=4, longsize=4, ptrsize=8, doublesize=8, byteorder=12345678
d_longlong=define, longlongsize=8, d_longdbl=define, longdblsize=12
ivtype='long long', ivsize=8, nvtype='double', nvsize=8, Off_t='long long', lseeksize=8
alignbytes=8, prototype=define
Linker and Libraries:
ld='g++', ldflags ='-s -L"C:\STRAWB~3.0\perl\lib\CORE" -L"C:\STRAWB~3.0\c\lib"'
libpth=C:\STRAWB~3.0\c\lib C:\STRAWB~3.0\c\x86_64-w64-mingw32\lib C:\STRAWB~3.0\c\lib\gcc\x86_64-w64-mingw32\4.8.2
libs=-lmoldname -lkernel32 -luser32 -lgdi32 -lwinspool -lcomdlg32 -ladvapi32 -lshell32 -lole32 -loleaut32 -lnetapi32 -luuid -lws2_32 -lmpr -lwinmm -lversion -lodbc32 -lodbccp32 -lcomctl32
perllibs=-lmoldname -lkernel32 -luser32 -lgdi32 -lwinspool -lcomdlg32 -ladvapi32 -lshell32 -lole32 -loleaut32 -lnetapi32 -luuid -lws2_32 -lmpr -lwinmm -lversion -lodbc32 -lodbccp32 -lcomctl32
libc=, so=dll, useshrplib=true, libperl=libperl520.a
gnulibc_version=''
Dynamic Linking:
dlsrc=dl_win32.xs, dlext=xs.dll, d_dlsymun=undef, ccdlflags=' '
cccdlflags=' ', lddlflags='-mdll -s -L"C:\STRAWB~3.0\perl\lib\CORE" -L"C:\STRAWB~3.0\c\lib"'
Characteristics of this binary (from libperl):
Compile-time options: HAS_TIMES HAVE_INTERP_INTERN MULTIPLICITY
PERLIO_LAYERS PERL_DONT_CREATE_GVSV
PERL_HASH_FUNC_ONE_AT_A_TIME_HARD
PERL_IMPLICIT_CONTEXT PERL_IMPLICIT_SYS
PERL_MALLOC_WRAP PERL_NEW_COPY_ON_WRITE
PERL_PRESERVE_IVUV USE_64_BIT_INT USE_ITHREADS
USE_LARGE_FILES USE_LOCALE USE_LOCALE_COLLATE
USE_LOCALE_CTYPE USE_LOCALE_NUMERIC USE_PERLIO
USE_PERL_ATOF
Built under MSWin32
Compiled at May 30 2014 08:30:58
%ENV:
PERL5_CPANPLUS_IS_RUNNING="4184"
PERL5_CPAN_IS_RUNNING="4184"
@INC:
C:/strawberry5.20.0/perl/site/lib
C:/strawberry5.20.0/perl/vendor/lib
C:/strawberry5.20.0/perl/lib
.