Back
From: metabase:user:314402c4-2aae-11df-837a-5e0a49663a4f
Subject: FAIL Acme-PricelessMethods-0.01 v5.10.1 GNU/Linux
Date: 2015-11-12T18:15:55Z
This distribution has been tested as part of the CPAN Testers
project, supporting the Perl programming language. See
http://wiki.cpantesters.org/ for more information or email
questions to cpan-testers-discuss@perl.org
--
Dear Jose' Alves de Castro,
This is a computer-generated report for Acme-PricelessMethods-0.01
on perl 5.10.1, created by CPAN-Reporter-1.2015.
Thank you for uploading your work to CPAN. However, there was a problem
testing your distribution.
If you think this report is invalid, please consult the CPAN Testers Wiki
for suggestions on how to avoid getting FAIL reports for missing library
or binary dependencies, unsupported operating systems, and so on:
http://wiki.cpantesters.org/wiki/CPANAuthorNotes
Sections of this report:
* Tester comments
* Program output
* Prerequisites
* Environment and other context
------------------------------
TESTER COMMENTS
------------------------------
Additional comments from tester:
none provided
------------------------------
PROGRAM OUTPUT
------------------------------
Output from '/usr/bin/make test':
PERL_DL_NONLAZY=1 "/bbbike/perl-5.10.1/bin/perl" "-MExtUtils::Command::MM" "-MTest::Harness" "-e" "undef *Test::Harness::Switches; test_harness(0, 'blib/lib', 'blib/arch')" t/*.t
# Testing Acme::PricelessMethods 0.01
t/00.load.t .......................... ok
t/91-version_numbers_are_the_same.t .. ok
# Failed test 'Test::Perl::Critic for "blib/lib/Acme/PricelessMethods.pm"'
# at /opt/perl-5.10.1/lib/site_perl/5.10.1/Test/Perl/Critic.pm line 104.
#
# Variable, subroutine, and package names have to be in CamelCase at line 12, column 8. (no explanation). (Severity: 5)
# Variable, subroutine, and package names have to be in CamelCase at line 14, column 8. (no explanation). (Severity: 5)
# Variable, subroutine, and package names have to be in CamelCase at line 16, column 18. (no explanation). (Severity: 5)
# Variable, subroutine, and package names have to be in CamelCase at line 16, column 27. (no explanation). (Severity: 5)
# Variable, subroutine, and package names have to be in CamelCase at line 19, column 1. (no explanation). (Severity: 5)
# Variable, subroutine, and package names have to be in CamelCase at line 20, column 8. (no explanation). (Severity: 5)
# Variable, subroutine, and package names have to be in CamelCase at line 26, column 1. (no explanation). (Severity: 5)
# Variable, subroutine, and package names have to be in CamelCase at line 27, column 8. (no explanation). (Severity: 5)
# Variable, subroutine, and package names have to be in CamelCase at line 34, column 1. (no explanation). (Severity: 5)
# Variable, subroutine, and package names have to be in CamelCase at line 35, column 8. (no explanation). (Severity: 5)
# Variable, subroutine, and package names have to be in CamelCase at line 38, column 25. (no explanation). (Severity: 5)
# Variable, subroutine, and package names have to be in CamelCase at line 41, column 1. (no explanation). (Severity: 5)
# Variable, subroutine, and package names have to be in CamelCase at line 42, column 8. (no explanation). (Severity: 5)
# Variable, subroutine, and package names have to be in CamelCase at line 49, column 1. (no explanation). (Severity: 5)
# Variable, subroutine, and package names have to be in CamelCase at line 50, column 8. (no explanation). (Severity: 5)
# Variable, subroutine, and package names have to be in CamelCase at line 53, column 8. (no explanation). (Severity: 5)
# Variable, subroutine, and package names have to be in CamelCase at line 55, column 8. (no explanation). (Severity: 5)
# Variable, subroutine, and package names have to be in CamelCase at line 57, column 12. (no explanation). (Severity: 5)
# Variable, subroutine, and package names have to be in CamelCase at line 57, column 21. (no explanation). (Severity: 5)
# Variable, subroutine, and package names have to be in CamelCase at line 60, column 1. (no explanation). (Severity: 5)
# Variable, subroutine, and package names have to be in CamelCase at line 61, column 8. (no explanation). (Severity: 5)
t/92-perl_critic.t ...................
Dubious, test returned 1 (wstat 256, 0x100)
Failed 1/1 subtests
t/pod-coverage.t ..................... ok
t/pod.t .............................. ok
Test Summary Report
-------------------
t/92-perl_critic.t (Wstat: 256 Tests: 1 Failed: 1)
Failed test: 1
Non-zero exit status: 1
Files=5, Tests=13, 11 wallclock secs ( 0.04 usr 0.05 sys + 3.45 cusr 1.40 csys = 4.94 CPU)
Result: FAIL
Failed 1/5 test programs. 1/13 subtests failed.
make: *** [test_dynamic] Error 255
------------------------------
PREREQUISITES
------------------------------
Prerequisite modules loaded:
build_requires:
Module Need Have
------------------- ---- ----
ExtUtils::MakeMaker 0 7.04
------------------------------
ENVIRONMENT AND OTHER CONTEXT
------------------------------
Environment variables:
LANG = C
PATH = /usr/local/bin:/usr/bin:/bin:/usr/local/sbin:/usr/sbin:/sbin:/home/eserte/bin/linux-gnu:/home/eserte/bin/sh:/home/eserte/bin:/usr/games:/home/eserte/devel:/home/eserte/src/srezic-misc/scripts
PERL5LIB = /home/eserte/.cpan/build/2015111206/Acme-Can't-0.01-JELlgA/blib/arch:/home/eserte/.cpan/build/2015111206/Acme-Can't-0.01-JELlgA/blib/lib:/home/eserte/.cpan/build/2015111206/Math-SymbolicX-ParserExtensionFactory-3.02-xhhdfu/blib/arch:/home/eserte/.cpan/build/2015111206/Math-SymbolicX-ParserExtensionFactory-3.02-xhhdfu/blib/lib:/home/eserte/.cpan/build/2015111206/Perl6-Attributes-0.04-WnZ3nb/blib/arch:/home/eserte/.cpan/build/2015111206/Perl6-Attributes-0.04-WnZ3nb/blib/lib:/home/eserte/.cpan/build/2015111206/Math-Symbolic-0.612-p79PlV/blib/arch:/home/eserte/.cpan/build/2015111206/Math-Symbolic-0.612-p79PlV/blib/lib:/home/eserte/.cpan/build/2015111206/XML-Stream-1.24-bV2qdC/blib/arch:/home/eserte/.cpan/build/2015111206/XML-Stream-1.24-bV2qdC/blib/lib:/home/eserte/.cpan/build/2015111206/Net-SSLeay-OO-0.02-iyjBQ5/blib/arch:/home/eserte/.cpan/build/2015111206/Net-SSLeay-OO-0.02-iyjBQ5/blib/lib:/home/eserte/.cpan/build/2015111206/Tie-InsertOrderHash-0.01-HysAAJ/blib/arch:/home/eserte/.cpan/build/2015111206/Tie-InsertOrderHash-0.01-HysAAJ/blib/lib
PERL5OPT =
PERL5_CPANPLUS_IS_RUNNING = 14890
PERL5_CPAN_IS_RUNNING = 14890
PERL5_CPAN_IS_RUNNING_IN_RECURSION = 5546,14890
PERLDOC = -MPod::Perldoc::ToTextOverstrike
PERL_BATCH = yes
PERL_CANARY_STABILITY_NOPROMPT = 1
PERL_CPAN_REPORTER_CONFIG = /var/tmp/cpansmoker-1001/2015111203/cpanreporter_003_config.ini
PERL_EXTUTILS_AUTOINSTALL = --defaultdeps
SHELL = /bin/zsh
TERM = screen
TMPDIR = /var/tmp/cpansmoker-1001/2015111203
Perl special variables (and OS-specific diagnostics, for MSWin32):
$^X = /bbbike/perl-5.10.1/bin/perl
$UID/$EUID = 1001 / 1001
$GID = 1001 109 1001
$EGID = 1001 109 1001
Perl module toolchain versions installed:
Module Have
------------------- --------
CPAN 2.05
CPAN::Meta 2.150005
Cwd 3.47
ExtUtils::CBuilder 0.280223
ExtUtils::Command 1.16
ExtUtils::Install 2.04
ExtUtils::MakeMaker 7.04
ExtUtils::Manifest 1.68
ExtUtils::ParseXS 3.24
File::Spec 3.47
JSON 2.90
JSON::PP 2.27203
Module::Build 0.4214
Module::Signature 0.78
Parse::CPAN::Meta 1.4414
Test::Harness 3.35
Test::More 1.001014
YAML 1.15
YAML::Syck 1.29
version 0.9912
--
Summary of my perl5 (revision 5 version 10 subversion 1) configuration:
Platform:
osname=linux, osvers=3.2.0-4-amd64, archname=x86_64-linux
uname='linux eserte 3.2.0-4-amd64 #1 smp debian 3.2.60-1+deb7u3 x86_64 gnulinux '
config_args='-ds -e -Dprefix=/opt/perl-5.10.1'
hint=recommended, useposix=true, d_sigaction=define
useithreads=undef, usemultiplicity=undef
useperlio=define, d_sfio=undef, uselargefiles=define, usesocks=undef
use64bitint=define, use64bitall=define, uselongdouble=undef
usemymalloc=n, bincompat5005=undef
Compiler:
cc='cc', ccflags ='-fno-strict-aliasing -pipe -fstack-protector -I/usr/local/include -D_LARGEFILE_SOURCE -D_FILE_OFFSET_BITS=64',
optimize='-O2',
cppflags='-fno-strict-aliasing -pipe -fstack-protector -I/usr/local/include'
ccversion='', gccversion='4.7.2', gccosandvers=''
intsize=4, longsize=8, ptrsize=8, doublesize=8, byteorder=12345678
d_longlong=define, longlongsize=8, d_longdbl=define, longdblsize=16
ivtype='long', ivsize=8, nvtype='double', nvsize=8, Off_t='off_t', lseeksize=8
alignbytes=8, prototype=define
Linker and Libraries:
ld='cc', ldflags =' -fstack-protector -L/usr/local/lib'
libpth=/usr/local/lib /lib/x86_64-linux-gnu /lib/../lib /usr/lib/x86_64-linux-gnu /usr/lib/../lib /lib /usr/lib
libs=-lnsl -ldb -ldl -lm -lcrypt -lutil -lc
perllibs=-lnsl -ldl -lm -lcrypt -lutil -lc
libc=libc-2.13.so, so=so, useshrplib=false, libperl=libperl.a
gnulibc_version='2.13'
Dynamic Linking:
dlsrc=dl_dlopen.xs, dlext=so, d_dlsymun=undef, ccdlflags='-Wl,-E'
cccdlflags='-fPIC', lddlflags='-shared -O2 -L/usr/local/lib -fstack-protector'
Characteristics of this binary (from libperl):
Compile-time options: PERL_DONT_CREATE_GVSV PERL_MALLOC_WRAP USE_64_BIT_ALL
USE_64_BIT_INT USE_LARGE_FILES USE_PERLIO
Built under linux
Compiled at Aug 18 2014 20:38:33
%ENV:
PERL5LIB="/home/eserte/.cpan/build/2015111206/Acme-Can't-0.01-JELlgA/blib/arch:/home/eserte/.cpan/build/2015111206/Acme-Can't-0.01-JELlgA/blib/lib:/home/eserte/.cpan/build/2015111206/Math-SymbolicX-ParserExtensionFactory-3.02-xhhdfu/blib/arch:/home/eserte/.cpan/build/2015111206/Math-SymbolicX-ParserExtensionFactory-3.02-xhhdfu/blib/lib:/home/eserte/.cpan/build/2015111206/Perl6-Attributes-0.04-WnZ3nb/blib/arch:/home/eserte/.cpan/build/2015111206/Perl6-Attributes-0.04-WnZ3nb/blib/lib:/home/eserte/.cpan/build/2015111206/Math-Symbolic-0.612-p79PlV/blib/arch:/home/eserte/.cpan/build/2015111206/Math-Symbolic-0.612-p79PlV/blib/lib:/home/eserte/.cpan/build/2015111206/XML-Stream-1.24-bV2qdC/blib/arch:/home/eserte/.cpan/build/2015111206/XML-Stream-1.24-bV2qdC/blib/lib:/home/eserte/.cpan/build/2015111206/Net-SSLeay-OO-0.02-iyjBQ5/blib/arch:/home/eserte/.cpan/build/2015111206/Net-SSLeay-OO-0.02-iyjBQ5/blib/lib:/home/eserte/.cpan/build/2015111206/Tie-InsertOrderHash-0.01-HysAAJ/blib/arch:/home/eserte/.cpan/build/2015111206/Tie-InsertOrderHash-0.01-HysAAJ/blib/lib"
PERL5OPT=""
PERL5_CPANPLUS_IS_RUNNING="14890"
PERL5_CPAN_IS_RUNNING="14890"
PERL5_CPAN_IS_RUNNING_IN_RECURSION="5546,14890"
PERLDOC="-MPod::Perldoc::ToTextOverstrike"
PERL_BATCH="yes"
PERL_CANARY_STABILITY_NOPROMPT="1"
PERL_CPAN_REPORTER_CONFIG="/var/tmp/cpansmoker-1001/2015111203/cpanreporter_003_config.ini"
PERL_EXTUTILS_AUTOINSTALL="--defaultdeps"
@INC:
/home/eserte/.cpan/build/2015111206/Acme-Can't-0.01-JELlgA/blib/arch
/home/eserte/.cpan/build/2015111206/Acme-Can't-0.01-JELlgA/blib/lib
/home/eserte/.cpan/build/2015111206/Math-SymbolicX-ParserExtensionFactory-3.02-xhhdfu/blib/arch
/home/eserte/.cpan/build/2015111206/Math-SymbolicX-ParserExtensionFactory-3.02-xhhdfu/blib/lib
/home/eserte/.cpan/build/2015111206/Perl6-Attributes-0.04-WnZ3nb/blib/arch
/home/eserte/.cpan/build/2015111206/Perl6-Attributes-0.04-WnZ3nb/blib/lib
/home/eserte/.cpan/build/2015111206/Math-Symbolic-0.612-p79PlV/blib/arch
/home/eserte/.cpan/build/2015111206/Math-Symbolic-0.612-p79PlV/blib/lib
/home/eserte/.cpan/build/2015111206/XML-Stream-1.24-bV2qdC/blib/arch
/home/eserte/.cpan/build/2015111206/XML-Stream-1.24-bV2qdC/blib/lib
/home/eserte/.cpan/build/2015111206/Net-SSLeay-OO-0.02-iyjBQ5/blib/arch
/home/eserte/.cpan/build/2015111206/Net-SSLeay-OO-0.02-iyjBQ5/blib/lib
/home/eserte/.cpan/build/2015111206/Tie-InsertOrderHash-0.01-HysAAJ/blib/arch
/home/eserte/.cpan/build/2015111206/Tie-InsertOrderHash-0.01-HysAAJ/blib/lib
/opt/perl-5.10.1/lib/5.10.1/x86_64-linux
/opt/perl-5.10.1/lib/5.10.1
/opt/perl-5.10.1/lib/site_perl/5.10.1/x86_64-linux
/opt/perl-5.10.1/lib/site_perl/5.10.1
.