Report for Sendmail-Queue-0.400

Back
From: metabase:user:9820532a-708b-1014-9a05-b18a96298da1
Subject: FAIL Sendmail-Queue-0.400 v5.15.5 FreeBSD
Date: 2011-12-04T16:17:09Z

This distribution has been tested as part of the CPAN Testers
project, supporting the Perl programming language.  See
http://wiki.cpantesters.org/ for more information or email
questions to cpan-testers-discuss@perl.org


--
Dear David O'Neill,

This is a computer-generated report for Sendmail-Queue-0.400
on perl 5.15.5, created by CPAN-Reporter-1.2002.

Thank you for uploading your work to CPAN.  However, there was a problem
testing your distribution.

If you think this report is invalid, please consult the CPAN Testers Wiki
for suggestions on how to avoid getting FAIL reports for missing library
or binary dependencies, unsupported operating systems, and so on:

http://wiki.cpantesters.org/wiki/CPANAuthorNotes

Sections of this report:

    * Tester comments
    * Program output
    * Prerequisites
    * Environment and other context

------------------------------
TESTER COMMENTS
------------------------------

Additional comments from tester:

this report is from an automated smoke testing program
and was not reviewed by a human for accuracy

------------------------------
PROGRAM OUTPUT
------------------------------

Output from '/usr/bin/make test':

PERL_DL_NONLAZY=1 /usr/home/test/perl5/perlbrew/perls/perl-5.15.5-th/bin/perl5.15.5 "-MExtUtils::Command::MM" "-e" "test_harness(0, 'inc', 'blib/lib', 'blib/arch')" t/*.t
Use of qw(...) as parentheses is deprecated at /usr/home/test/.cpan/build/Sendmail-Queue-0.400-JBbm7Q/blib/lib/Sendmail/Queue.pm line 244.
Use of qw(...) as parentheses is deprecated at /usr/home/test/.cpan/build/Sendmail-Queue-0.400-JBbm7Q/blib/lib/Sendmail/Queue.pm line 364.
Use of qw(...) as parentheses is deprecated at /usr/home/test/.cpan/build/Sendmail-Queue-0.400-JBbm7Q/blib/lib/Sendmail/Queue.pm line 387.
# Testing Sendmail::Queue 0.400, Perl 5.015005, /usr/home/test/perl5/perlbrew/perls/perl-5.15.5-th/bin/perl5.15.5
t/00-load.t ............ ok
Use of qw(...) as parentheses is deprecated at /usr/home/test/.cpan/build/Sendmail-Queue-0.400-JBbm7Q/blib/lib/Sendmail/Queue.pm line 244.
Use of qw(...) as parentheses is deprecated at /usr/home/test/.cpan/build/Sendmail-Queue-0.400-JBbm7Q/blib/lib/Sendmail/Queue.pm line 364.
Use of qw(...) as parentheses is deprecated at /usr/home/test/.cpan/build/Sendmail-Queue-0.400-JBbm7Q/blib/lib/Sendmail/Queue.pm line 387.
t/pod-coverage.t ....... ok
t/pod.t ................ ok
t/sendmail-queue-df.t .. ok

#   Failed test 'Got expected Received header'
#   at t/sendmail-queue-qf.t line 240.
#   (in test_queue_df->clone_qf_file)
#                   'Received: from loser (broken.dynamic.server.example.com [999.888.777.666])
# 	by mail.roaringpenguin.com (envelope-sender <dmo@dmo.ca>) (Sendmail::Queue) with ESMTP id lAE0Qe00092523
# 	for <dmo@roaringpenguin.com>; Wed, 14 Nov 2007 00:26:40 +0000'
#     doesn't match '(?^:^Received: from loser \(broken\.dynamic\.server\.example\.com\ \[999\.888\.777\.666\]\)\
# \	by\ mail\.roaringpenguin\.com\ \(envelope\-sender\ \<dmo\@dmo.ca>\)\ \(Sendmail\:\:Queue\) with ESMTP id lAE0Qe..\d{6}\n\tfor <dmo\@roaringpenguin\.com>; Tue, 13 Nov 2007 19:26:40 -0500$)'

#   Failed test 'Got expected Received header'
#   at t/sendmail-queue-qf.t line 196.
#   (in test_queue_df->generate_received)
#                   'Received: (from test@localhost)
# 	by localhost (Sendmail::Queue) id lAE0Qe00092523; Wed, 14 Nov 2007 00:26:40 +0000'
#     doesn't match '(?^:^Received: \(from test\@localhost\)\n\tby localhost \(Sendmail::Queue\) id lAE0Qe..\d{6}; Tue, 13 Nov 2007 19:26:40 -0500$)'

#   Failed test 'Got expected Received header'
#   at t/sendmail-queue-qf.t line 214.
#   (in test_queue_df->generate_received)
#                   'Received: from loser (broken.dynamic.server.example.com [999.888.777.666])
# 	by mail.roaringpenguin.com (envelope-sender <dmo@dmo.ca>) (Sendmail::Queue) with ESMTP id lAE0Qe00092523
# 	for <dmo@roaringpenguin.com>; Wed, 14 Nov 2007 00:26:40 +0000'
#     doesn't match '(?^:^Received: from loser \(broken\.dynamic\.server\.example\.com\ \[999\.888\.777\.666\]\)\
# \	by\ mail\.roaringpenguin\.com\ \(envelope\-sender\ \<dmo\@dmo.ca>\)\ \(Sendmail\:\:Queue\) with ESMTP id lAE0Qe..\d{6}\n\tfor <dmo\@roaringpenguin\.com>; Tue, 13 Nov 2007 19:26:40 -0500$)'
# Looks like you failed 3 tests of 46.
t/sendmail-queue-qf.t .. 
Dubious, test returned 3 (wstat 768, 0x300)
Failed 3/46 subtests 
Use of qw(...) as parentheses is deprecated at /usr/home/test/.cpan/build/Sendmail-Queue-0.400-JBbm7Q/blib/lib/Sendmail/Queue.pm line 244.
Use of qw(...) as parentheses is deprecated at /usr/home/test/.cpan/build/Sendmail-Queue-0.400-JBbm7Q/blib/lib/Sendmail/Queue.pm line 364.
Use of qw(...) as parentheses is deprecated at /usr/home/test/.cpan/build/Sendmail-Queue-0.400-JBbm7Q/blib/lib/Sendmail/Queue.pm line 387.

#   Failed test 'Wrote expected qf data'
#   at t/sendmail-queue.t line 116.
#   (in test_queue->queue_message)
#                   'V6
# T1234567890
# K0
# N0
# P30000
# F
# ${daemon_flags}
# $rESMTP
# S<dmo@dmo.ca>
# rRFC822; dmo@roaringpenguin.com
# RPFD:dmo@roaringpenguin.com
# rRFC822; dfs@roaringpenguin.com
# RPFD:dfs@roaringpenguin.com
# H??Received: (from test@localhost)
# 	by localhost (envelope-sender <dmo@dmo.ca>) (Sendmail::Queue) with ESMTP id n1DNVU5V092551; Fri, 13 Feb 2009 23:31:30 +0000
# H??From: foobar
# H??To: someone
# H??Date: Wed, 07 Nov 2007 14:54:33 -0500
# .
# '
#     doesn't match '(?^:^V6
# T1234567890
# K0
# N0
# P30000
# F
# \${daemon_flags}
# \$rESMTP
# S<dmo\@dmo.ca>
# rRFC822; dmo\@roaringpenguin.com
# RPFD:dmo\@roaringpenguin.com
# rRFC822; dfs\@roaringpenguin.com
# RPFD:dfs\@roaringpenguin.com
# H\?\?Received: \(from test\@localhost\)
# 	by localhost \(envelope-sender <dmo\@dmo\.ca>\) \(Sendmail::Queue\) with ESMTP id n1DNVU..\d{6}; Fri, 13 Feb 2009 18:31:30 -0500
# H\?\?From: foobar
# H\?\?To: someone
# H\?\?Date: Wed, 07 Nov 2007 14:54:33 -0500
# .
# $)'

#   Failed test 'Wrote expected qf data'
#   at t/sendmail-queue.t line 398.
#   (in test_queue->queue_message_8bit)
#                   'V6
# T1234567890
# K0
# N0
# P30000
# F8
# ${daemon_flags}
# $rESMTP
# S<dmo@dmo.ca>
# rRFC822; dmo@roaringpenguin.com
# RPFD:dmo@roaringpenguin.com
# rRFC822; dfs@roaringpenguin.com
# RPFD:dfs@roaringpenguin.com
# H??Received: (from test@localhost)
# 	by localhost (envelope-sender <dmo@dmo.ca>) (Sendmail::Queue) with ESMTP id n1DNVU2e092551; Fri, 13 Feb 2009 23:31:30 +0000
# H??From: foobar
# H??To: someone
# H??Date: Wed, 07 Nov 2007 14:54:33 -0500
# .
# '
#     doesn't match '(?^:^V6
# T1234567890
# K0
# N0
# P30000
# F8
# \${daemon_flags}
# \$rESMTP
# S<dmo\@dmo.ca>
# rRFC822; dmo\@roaringpenguin.com
# RPFD:dmo\@roaringpenguin.com
# rRFC822; dfs\@roaringpenguin.com
# RPFD:dfs\@roaringpenguin.com
# H\?\?Received: \(from test\@localhost\)
# 	by localhost \(envelope-sender <dmo\@dmo\.ca>\) \(Sendmail::Queue\) with ESMTP id n1DNVU..\d{6}; Fri, 13 Feb 2009 18:31:30 -0500
# H\?\?From: foobar
# H\?\?To: someone
# H\?\?Date: Wed, 07 Nov 2007 14:54:33 -0500
# .
# $)'

#   Failed test 'Wrote expected qf data'
#   at t/sendmail-queue.t line 219.
#   (in test_queue->queue_multiple_success)
#                   'V6
# T1234567890
# K0
# N0
# P30000
# F
# ${daemon_flags}
# $rESMTP
# S<dmo@dmo.ca>
# rRFC822; dmo@roaringpenguin.com
# RPFD:dmo@roaringpenguin.com
# rRFC822; dfs@roaringpenguin.com
# RPFD:dfs@roaringpenguin.com
# H??Received: (from test@localhost)
# 	by localhost (envelope-sender <dmo@dmo.ca>) (Sendmail::Queue) with ESMTP id n1DNVULB092551; Fri, 13 Feb 2009 23:31:30 +0000
# H??From: foobar
# H??To: someone
# H??Date: Wed, 07 Nov 2007 14:54:33 -0500
# .
# '
#     doesn't match '(?^:^V6
# T1234567890
# K0
# N0
# P30000
# F
# \${daemon_flags}
# \$rESMTP
# S<dmo\@dmo.ca>
# rRFC822; dmo\@roaringpenguin.com
# RPFD:dmo\@roaringpenguin.com
# rRFC822; dfs\@roaringpenguin.com
# RPFD:dfs\@roaringpenguin.com
# H\?\?Received: \(from test\@localhost\)
# 	by localhost \(envelope-sender <dmo\@dmo\.ca>\) \(Sendmail::Queue\) with ESMTP id n1DNVU..\d{6}; Fri, 13 Feb 2009 18:31:30 -0500
# H\?\?From: foobar
# H\?\?To: someone
# H\?\?Date: Wed, 07 Nov 2007 14:54:33 -0500
# .
# $)'

#   Failed test 'Wrote expected qf data'
#   at t/sendmail-queue.t line 220.
#   (in test_queue->queue_multiple_success)
#                   'V6
# T1234567890
# K0
# N0
# P30000
# F
# ${daemon_flags}
# $rESMTP
# S<dmo@dmo.ca>
# rRFC822; foo@roaringpenguin.com
# RPFD:foo@roaringpenguin.com
# rRFC822; bar@roaringpenguin.com
# RPFD:bar@roaringpenguin.com
# H??Received: (from test@localhost)
# 	by localhost (envelope-sender <dmo@dmo.ca>) (Sendmail::Queue) with ESMTP id n1DNVUMA092551; Fri, 13 Feb 2009 23:31:30 +0000
# H??From: foobar
# H??To: someone
# H??Date: Wed, 07 Nov 2007 14:54:33 -0500
# .
# '
#     doesn't match '(?^:^V6
# T1234567890
# K0
# N0
# P30000
# F
# \${daemon_flags}
# \$rESMTP
# S<dmo\@dmo.ca>
# rRFC822; foo\@roaringpenguin.com
# RPFD:foo\@roaringpenguin.com
# rRFC822; bar\@roaringpenguin.com
# RPFD:bar\@roaringpenguin.com
# H\?\?Received: \(from test\@localhost\)
# 	by localhost \(envelope-sender <dmo\@dmo\.ca>\) \(Sendmail::Queue\) with ESMTP id n1DNVU..\d{6}; Fri, 13 Feb 2009 18:31:30 -0500
# H\?\?From: foobar
# H\?\?To: someone
# H\?\?Date: Wed, 07 Nov 2007 14:54:33 -0500
# .
# $)'
# Looks like you failed 4 tests of 36.
t/sendmail-queue.t ..... 
Dubious, test returned 4 (wstat 1024, 0x400)
Failed 4/36 subtests 

Test Summary Report
-------------------
t/sendmail-queue-qf.t (Wstat: 768 Tests: 46 Failed: 3)
  Failed tests:  2, 17-18
  Non-zero exit status: 3
t/sendmail-queue.t   (Wstat: 1024 Tests: 36 Failed: 4)
  Failed tests:  1, 5, 22-23
  Non-zero exit status: 4
Files=6, Tests=104,  3 wallclock secs ( 0.03 usr  0.22 sys +  0.77 cusr  0.31 csys =  1.33 CPU)
Result: FAIL
Failed 2/6 test programs. 7/104 subtests failed.
*** Error code 4

Stop in /usr/home/test/.cpan/build/Sendmail-Queue-0.400-JBbm7Q.

------------------------------
PREREQUISITES
------------------------------

Prerequisite modules loaded:

requires:

    Module                  Need  Have    
    ----------------------- ----- --------
    File::Spec              0     3.34    
    IO::File                0     1.15    
    Mail::Header::Generator 0     0.301   
    perl                    5.008 5.015005
    Scalar::Util            0     1.23    
    Storable                0     2.30    
    Time::Local             0     1.2000  

build_requires:

    Module                  Need  Have    
    ----------------------- ----- --------
    ExtUtils::MakeMaker     6.42  6.62    
    Test::Class             0     0.36    
    Test::Most              0     0.25    

configure_requires:

    Module                  Need  Have    
    ----------------------- ----- --------
    ExtUtils::MakeMaker     6.42  6.62    


------------------------------
ENVIRONMENT AND OTHER CONTEXT
------------------------------

Environment variables:

    AUTOMATED_TESTING = 1
    LANG = C
    LC_ALL = C
    PATH = /home/test/perl5/perlbrew/bin:/home/test/perl5/perlbrew/perls/perl-5.15.5-th/bin:~/bin:/sbin:/bin:/usr/sbin:/usr/bin:/usr/games:/usr/local/sbin:/usr/local/bin:/home/test/bin
    PATH_WITHOUT_PERLBREW = ~/bin:/sbin:/bin:/usr/sbin:/usr/bin:/usr/games:/usr/local/sbin:/usr/local/bin:/home/test/bin
    PERL5LIB = 
    PERL5OPT = 
    PERL5_CPANPLUS_IS_RUNNING = 92336
    PERL5_CPAN_IS_RUNNING = 92336
    PERL5_CPAN_IS_RUNNING_IN_RECURSION = 1018,92336
    PERLBREW_BASHRC_VERSION = 0.33
    PERLBREW_HOME = /home/test/.perlbrew
    PERLBREW_PATH = /home/test/perl5/perlbrew/bin:/home/test/perl5/perlbrew/perls/perl-5.15.5-th/bin
    PERLBREW_PERL = perl-5.15.5-th
    PERLBREW_ROOT = /home/test/perl5/perlbrew
    PERLBREW_VERSION = 0.33
    PERL_CPANM_OPT = --prompt --mirror http://172.16.1.3/cpan/
    PERL_CR_SMOKER_CURRENT = Sendmail-Queue-0.400
    PERL_EXTUTILS_AUTOINSTALL = --defaultdeps
    PERL_MM_USE_DEFAULT = 1
    SHELL = /usr/local/bin/bash
    TERM = linux

Perl special variables (and OS-specific diagnostics, for MSWin32):

    $^X = /usr/home/test/perl5/perlbrew/perls/perl-5.15.5-th/bin/perl5.15.5
    $UID/$EUID = 1002 / 1002
    $GID = 1002 1002
    $EGID = 1002 1002

Perl module toolchain versions installed:

    Module              Have    
    ------------------- --------
    CPAN                1.9800  
    CPAN::Meta          2.112621
    Cwd                 3.37    
    ExtUtils::CBuilder  0.280202
    ExtUtils::Command   1.17    
    ExtUtils::Install   1.57    
    ExtUtils::MakeMaker 6.62    
    ExtUtils::Manifest  1.60    
    ExtUtils::ParseXS   3.05    
    File::Spec          3.34    
    JSON                2.53    
    JSON::PP            2.27200 
    Module::Build       0.3800  
    Module::Signature   n/a     
    Parse::CPAN::Meta   1.4401  
    Test::Harness       3.23    
    Test::More          0.98    
    YAML                0.73    
    YAML::Syck          1.19    
    version             0.95    


--

Summary of my perl5 (revision 5 version 15 subversion 5) configuration:
   
  Platform:
    osname=freebsd, osvers=8.1-release, archname=amd64-freebsd-thread-multi
    uname='freebsd fbsd.local 8.1-release freebsd 8.1-release #0: mon jul 19 02:36:49 utc 2010 root@mason.cse.buffalo.edu:usrobjusrsrcsysgeneric amd64 '
    config_args='-de -Dprefix=/home/test/perl5/perlbrew/perls/perl-5.15.5-th -Dusethreads -Dusedevel'
    hint=recommended, useposix=true, d_sigaction=define
    useithreads=define, usemultiplicity=define
    useperlio=define, d_sfio=undef, uselargefiles=define, usesocks=undef
    use64bitint=define, use64bitall=define, uselongdouble=undef
    usemymalloc=n, bincompat5005=undef
  Compiler:
    cc='cc', ccflags ='-DHAS_FPSETMASK -DHAS_FLOATINGPOINT_H -fno-strict-aliasing -pipe -fstack-protector -I/usr/local/include',
    optimize='-O',
    cppflags='-DHAS_FPSETMASK -DHAS_FLOATINGPOINT_H -fno-strict-aliasing -pipe -fstack-protector -I/usr/local/include'
    ccversion='', gccversion='4.2.1 20070719  [FreeBSD]', gccosandvers=''
    intsize=4, longsize=8, ptrsize=8, doublesize=8, byteorder=12345678
    d_longlong=define, longlongsize=8, d_longdbl=define, longdblsize=16
    ivtype='long', ivsize=8, nvtype='double', nvsize=8, Off_t='off_t', lseeksize=8
    alignbytes=8, prototype=define
  Linker and Libraries:
    ld='cc', ldflags ='-pthread -Wl,-E  -fstack-protector -L/usr/local/lib'
    libpth=/usr/lib /usr/local/lib
    libs=-lm -lcrypt
    perllibs=-lm -lcrypt
    libc=, so=so, useshrplib=false, libperl=libperl.a
    gnulibc_version=''
  Dynamic Linking:
    dlsrc=dl_dlopen.xs, dlext=so, d_dlsymun=undef, ccdlflags=' '
    cccdlflags='-DPIC -fPIC', lddlflags='-shared  -L/usr/local/lib -fstack-protector'


Characteristics of this binary (from libperl): 
  Compile-time options: HAS_TIMES MULTIPLICITY PERLIO_LAYERS
                        PERL_DONT_CREATE_GVSV PERL_IMPLICIT_CONTEXT
                        PERL_MALLOC_WRAP PERL_PRESERVE_IVUV PERL_USE_DEVEL
                        USE_64_BIT_ALL USE_64_BIT_INT USE_ITHREADS
                        USE_LARGE_FILES USE_LOCALE USE_LOCALE_COLLATE
                        USE_LOCALE_CTYPE USE_LOCALE_NUMERIC USE_PERLIO
                        USE_PERL_ATOF USE_REENTRANT_API
  Built under freebsd
  Compiled at Nov 29 2011 23:43:57
  %ENV:
    PERL5LIB=""
    PERL5OPT=""
    PERL5_CPANPLUS_IS_RUNNING="92336"
    PERL5_CPAN_IS_RUNNING="92336"
    PERL5_CPAN_IS_RUNNING_IN_RECURSION="1018,92336"
    PERLBREW_BASHRC_VERSION="0.33"
    PERLBREW_HOME="/home/test/.perlbrew"
    PERLBREW_PATH="/home/test/perl5/perlbrew/bin:/home/test/perl5/perlbrew/perls/perl-5.15.5-th/bin"
    PERLBREW_PERL="perl-5.15.5-th"
    PERLBREW_ROOT="/home/test/perl5/perlbrew"
    PERLBREW_VERSION="0.33"
    PERL_CPANM_OPT="--prompt --mirror http://172.16.1.3/cpan/"
    PERL_CR_SMOKER_CURRENT="Sendmail-Queue-0.400"
    PERL_EXTUTILS_AUTOINSTALL="--defaultdeps"
    PERL_MM_USE_DEFAULT="1"
  @INC:
    /home/test/perl5/perlbrew/perls/perl-5.15.5-th/lib/site_perl/5.15.5/amd64-freebsd-thread-multi
    /home/test/perl5/perlbrew/perls/perl-5.15.5-th/lib/site_perl/5.15.5
    /home/test/perl5/perlbrew/perls/perl-5.15.5-th/lib/5.15.5/amd64-freebsd-thread-multi
    /home/test/perl5/perlbrew/perls/perl-5.15.5-th/lib/5.15.5
    .