Tapper-Reports-Web v5.0.17 Perl 5 v5.20.2 amd64-freebsd

Status
Fail
From
Slaven Rezić
Dist
Tapper-Reports-Web v5.0.17
Platform
Perl 5 v5.20.2 amd64-freebsd
Date
2024-11-20 16:20:53
ID
6a5a3634-a75b-11ef-bb9a-0c026e8775ea
This distribution has been tested as part of the CPAN Testers
project, supporting the Perl programming language.  See
http://wiki.cpantesters.org/ for more information or email
questions to cpan-testers-discuss@perl.org


--
Dear Tapper Team,

This is a computer-generated report for Tapper-Reports-Web-5.0.17
on perl 5.20.2, created by CPAN-Reporter-1.2019.

Thank you for uploading your work to CPAN.  However, there was a problem
testing your distribution.

If you think this report is invalid, please consult the CPAN Testers Wiki
for suggestions on how to avoid getting FAIL reports for missing library
or binary dependencies, unsupported operating systems, and so on:

http://wiki.cpantesters.org/wiki/CPANAuthorNotes

Sections of this report:

    * Tester comments
    * Program output
    * Prerequisites
    * Environment and other context

------------------------------
TESTER COMMENTS
------------------------------

Additional comments from tester:

none provided

------------------------------
PROGRAM OUTPUT
------------------------------

Output from '/usr/bin/make test':

Skip blib/lib/auto/share/dist/Tapper-Reports-Web/tapper/static/images_magenta/n3.gif (unchanged)
Skip blib/lib/auto/share/dist/Tapper-Reports-Web/tapper/static/css/jquery-ui/jquery.ui.css (unchanged)
Skip blib/lib/auto/share/dist/Tapper-Reports-Web/tapper/static/images/jquery-ui/ui-bg_flat_75_ffffff_40x100.png (unchanged)
Skip blib/lib/auto/share/dist/Tapper-Reports-Web/tapper/static/js/jquery-plugins/jquery.timepicker.js (unchanged)
Skip blib/lib/auto/share/dist/Tapper-Reports-Web/formfu/field_layout_contentbutton_field (unchanged)
Skip blib/lib/auto/share/dist/Tapper-Reports-Web/forms/tapper/testruns/fill_usecase.yml (unchanged)
Skip blib/lib/auto/share/dist/Tapper-Reports-Web/formfu/field_layout_comment (unchanged)
Skip blib/lib/auto/share/dist/Tapper-Reports-Web/mpc/kernel_reboot.mpc (unchanged)
Skip blib/lib/auto/share/dist/Tapper-Reports-Web/tapper/title.mas (unchanged)
Skip blib/lib/auto/share/dist/Tapper-Reports-Web/tapper/static/css/jquery-plugins/jquery.tablesorter.css (unchanged)
Skip blib/lib/auto/share/dist/Tapper-Reports-Web/tapper/static/images_green/n2.gif (unchanged)
Skip blib/lib/auto/share/dist/Tapper-Reports-Web/tapper/footer.mas (unchanged)
Skip blib/lib/auto/share/dist/Tapper-Reports-Web/tapper/static/js/tap_formatter_html_jquery-1.2.3.pack.js (unchanged)
Skip blib/lib/auto/share/dist/Tapper-Reports-Web/tapper/static/css/style_magenta.css (unchanged)
Skip blib/lib/auto/share/dist/Tapper-Reports-Web/tapper/continuoustestruns/edit_page.mas (unchanged)
Skip blib/lib/auto/share/dist/Tapper-Reports-Web/tapper/static/images/yellow_bar_dimmed.png (unchanged)
Skip blib/lib/auto/share/dist/Tapper-Reports-Web/tapper/static/images/plus.png (unchanged)
Skip blib/lib/auto/share/dist/Tapper-Reports-Web/tapper/navi.mas (unchanged)
Skip blib/lib/auto/share/dist/Tapper-Reports-Web/tapper/reports/reportlist.mas (unchanged)
Skip blib/lib/auto/share/dist/Tapper-Reports-Web/mpc/kernel_buildbot.mpc (unchanged)
Skip blib/lib/auto/share/dist/Tapper-Reports-Web/favicon.ico (unchanged)
Skip blib/lib/auto/share/dist/Tapper-Reports-Web/tapper/testruns/pause.mas (unchanged)
Skip blib/lib/auto/share/dist/Tapper-Reports-Web/tapper/static/images/yellow_bar.png (unchanged)
Skip blib/lib/auto/share/dist/Tapper-Reports-Web/tapper/testruns/delete.mas (unchanged)
Skip blib/lib/auto/share/dist/Tapper-Reports-Web/tapper/static/images_red/spacer.gif (unchanged)
Skip blib/lib/auto/share/dist/Tapper-Reports-Web/tapper/static/images/btn_88x31_built.png (unchanged)
Skip blib/lib/auto/share/dist/Tapper-Reports-Web/tapper/static/images_magenta/n6.gif (unchanged)
Skip blib/lib/auto/share/dist/Tapper-Reports-Web/tapper/static/images_green/n5.gif (unchanged)
Skip blib/lib/auto/share/dist/Tapper-Reports-Web/formfu/field_layout_label_field (unchanged)
Skip blib/lib/auto/share/dist/Tapper-Reports-Web/tapper/reports/report_group_list.mas (unchanged)
Skip blib/lib/auto/share/dist/Tapper-Reports-Web/mpc/kernel_reboot.yml (unchanged)
Skip blib/lib/auto/share/dist/Tapper-Reports-Web/tapper/static/css/metareports/edit.css (unchanged)
Skip blib/lib/auto/share/dist/Tapper-Reports-Web/formfu/field_layout_select_field (unchanged)
Skip blib/lib/auto/share/dist/Tapper-Reports-Web/tapper/continuoustestruns/prepare_list.mas (unchanged)
Skip blib/lib/auto/share/dist/Tapper-Reports-Web/tapper/reports/all_reportlist.mas (unchanged)
Skip blib/lib/auto/share/dist/Tapper-Reports-Web/tapper/static/images_brown/n5.gif (unchanged)
Skip blib/lib/auto/share/dist/Tapper-Reports-Web/formfu/start_form (unchanged)
Skip blib/lib/auto/share/dist/Tapper-Reports-Web/tapper/static/images_red/n4.gif (unchanged)
Skip blib/lib/auto/share/dist/Tapper-Reports-Web/tapper/static/images/jquery-plugins/jquery.tablesorter.asc.gif (unchanged)
Skip blib/lib/auto/share/dist/Tapper-Reports-Web/tapper/static/images/minus.png (unchanged)
Skip blib/lib/auto/share/dist/Tapper-Reports-Web/formfu/repeatable (unchanged)
Skip blib/lib/auto/share/dist/Tapper-Reports-Web/tapper/static/images_green/n6.gif (unchanged)
Skip blib/lib/auto/share/dist/Tapper-Reports-Web/tapper/manual/index.mas (unchanged)
Skip blib/lib/auto/share/dist/Tapper-Reports-Web/formfu/field_layout_checkboxgroup_field (unchanged)
Skip blib/lib/auto/share/dist/Tapper-Reports-Web/tapper/static/images/btn_120x50_built.png (unchanged)
Skip blib/lib/auto/share/dist/Tapper-Reports-Web/tapper/static/images/btn_120x50_powered_shadow.png (unchanged)
Skip blib/lib/auto/share/dist/Tapper-Reports-Web/tapper/message.mas (unchanged)
Skip blib/lib/auto/share/dist/Tapper-Reports-Web/tapper/static/images/jquery-plugins/jquery.tablesorter.bg.gif (unchanged)
Skip blib/lib/auto/share/dist/Tapper-Reports-Web/tapper/static/images_green/n4.gif (unchanged)
Skip blib/lib/auto/share/dist/Tapper-Reports-Web/tapper/static/images_magenta/spacer.gif (unchanged)
Skip blib/lib/auto/share/dist/Tapper-Reports-Web/tapper/static/images/json.png (unchanged)
Skip blib/lib/auto/share/dist/Tapper-Reports-Web/tapper/static/css/style_red.css (unchanged)
Skip blib/lib/auto/share/dist/Tapper-Reports-Web/tapper/selects/benchmark_operators.mas (unchanged)
Skip blib/lib/auto/share/dist/Tapper-Reports-Web/tapper/static/images/btn_120x50_built_shadow.png (unchanged)
Skip blib/lib/auto/share/dist/Tapper-Reports-Web/tapper/static/images_blue/n1.gif (unchanged)
Skip blib/lib/auto/share/dist/Tapper-Reports-Web/tapper/overview/index.mas (unchanged)
Skip blib/lib/auto/share/dist/Tapper-Reports-Web/tapper/static/js/metareports.js (unchanged)
Skip blib/lib/auto/share/dist/Tapper-Reports-Web/tapper/selects/chart_axis_types.mas (unchanged)
Skip blib/lib/auto/share/dist/Tapper-Reports-Web/tapper/reports/week_reportlists.mas (unchanged)
Skip blib/lib/auto/share/dist/Tapper-Reports-Web/tapper/static/images_green/spacer.gif (unchanged)
Skip blib/lib/auto/share/dist/Tapper-Reports-Web/tapper/testruns/index.mas (unchanged)
Skip blib/lib/auto/share/dist/Tapper-Reports-Web/mpc/kernel_boot.mpc (unchanged)
Skip blib/lib/auto/share/dist/Tapper-Reports-Web/tapper/static/images/jquery-ui/ui-bg_highlight-soft_75_cccccc_1x100.png (unchanged)
Skip blib/lib/auto/share/dist/Tapper-Reports-Web/tapper/static/images/rss.png (unchanged)
Skip blib/lib/auto/share/dist/Tapper-Reports-Web/tapper/static/images/jquery-ui/ui-bg_glass_55_fbf9ee_1x400.png (unchanged)
Skip blib/lib/auto/share/dist/Tapper-Reports-Web/tapper/static/images_red/n1.small.gif (unchanged)
Skip blib/lib/auto/share/dist/Tapper-Reports-Web/tapper/static/css/formfu.css (unchanged)
Skip blib/lib/auto/share/dist/Tapper-Reports-Web/tapper/testruns/id/index.mas (unchanged)
Skip blib/lib/auto/share/dist/Tapper-Reports-Web/tapper/static/images_red/loader.gif (unchanged)
Skip blib/lib/auto/share/dist/Tapper-Reports-Web/forms/tapper/testruns/add_usecase.yml (unchanged)
Skip blib/lib/auto/share/dist/Tapper-Reports-Web/formfu/block (unchanged)
Skip blib/lib/auto/share/dist/Tapper-Reports-Web/formfu/field_layout_textarea_field (unchanged)
Skip blib/lib/auto/share/dist/Tapper-Reports-Web/tapper/static/images_green/n1.gif (unchanged)
Skip blib/lib/auto/share/dist/Tapper-Reports-Web/formfu/field_layout_javascript (unchanged)
Skip blib/lib/auto/share/dist/Tapper-Reports-Web/tapper/static/images/add.small.png (unchanged)
Skip blib/lib/auto/share/dist/Tapper-Reports-Web/tapper/static/js/qTip.js (unchanged)
Skip blib/lib/auto/share/dist/Tapper-Reports-Web/tapper/static/js/jquery-plugins/jquery.tablesorter.js (unchanged)
Skip blib/lib/auto/share/dist/Tapper-Reports-Web/tapper/static/images/catalyst_logo.png (unchanged)
Skip blib/lib/auto/share/dist/Tapper-Reports-Web/tapper/static/js/jquery-ui/jquery.ui.effect.js (unchanged)
Skip blib/lib/auto/share/dist/Tapper-Reports-Web/tapper/preconditions/id/index.mas (unchanged)
Skip blib/lib/auto/share/dist/Tapper-Reports-Web/tapper/static/images_blue/n3.gif (unchanged)
Skip blib/lib/auto/share/dist/Tapper-Reports-Web/tapper/testruns/new_create.mas (unchanged)
Skip blib/lib/auto/share/dist/Tapper-Reports-Web/tapper/static/images_red/n5.gif (unchanged)
Skip blib/lib/auto/share/dist/Tapper-Reports-Web/tapper/static/images/tag.png (unchanged)
Skip blib/lib/auto/share/dist/Tapper-Reports-Web/tapper/static/images_magenta/n2.gif (unchanged)
Skip blib/lib/auto/share/dist/Tapper-Reports-Web/tapper/metareports/edit_chart.mas (unchanged)
Skip blib/lib/auto/share/dist/Tapper-Reports-Web/formfu/field_layout_label_text (unchanged)
Skip blib/lib/auto/share/dist/Tapper-Reports-Web/tapper/static/images/btn_88x31_powered.png (unchanged)
Skip blib/lib/auto/share/dist/Tapper-Reports-Web/tapper/static/css/jquery-ui/jquery.ui.core.css (unchanged)
Skip blib/lib/auto/share/dist/Tapper-Reports-Web/formfu/field_layout_errors (unchanged)
Skip blib/lib/auto/share/dist/Tapper-Reports-Web/formfu/form (unchanged)
Skip blib/lib/auto/share/dist/Tapper-Reports-Web/tapper/testruns/update_precondition.mas (unchanged)
Skip blib/lib/auto/share/dist/Tapper-Reports-Web/mpc/buildbot.yml (unchanged)
Skip blib/lib/auto/share/dist/Tapper-Reports-Web/tapper/static/images/clone.small.png (unchanged)
Skip blib/lib/auto/share/dist/Tapper-Reports-Web/tapper/testplan/testplan_overview.mas (unchanged)
Skip blib/lib/auto/share/dist/Tapper-Reports-Web/tapper/static/js/jquery-ui/jquery-ui-autocomplete.js (unchanged)
Skip blib/lib/auto/share/dist/Tapper-Reports-Web/tapper/testruns/show_precondition.mas (unchanged)
Skip blib/lib/auto/share/dist/Tapper-Reports-Web/tapper/testruns/edit.mas (unchanged)
Skip blib/lib/auto/share/dist/Tapper-Reports-Web/tapper/static/images/btn_120x50_powered.png (unchanged)
Skip blib/lib/auto/share/dist/Tapper-Reports-Web/tapper/testplan/add/index.mas (unchanged)
Skip blib/lib/auto/share/dist/Tapper-Reports-Web/tapper/static/images/rss.svg (unchanged)
Skip blib/lib/auto/share/dist/Tapper-Reports-Web/tapper/static/images/green_bar_dimmed.png (unchanged)
Skip blib/lib/auto/share/dist/Tapper-Reports-Web/tapper/user/logout.mas (unchanged)
Skip blib/lib/auto/share/dist/Tapper-Reports-Web/tapper/static/images_red/n3.gif (unchanged)
Skip blib/lib/auto/share/dist/Tapper-Reports-Web/tapper/static/images/delete.small.png (unchanged)
Skip blib/lib/auto/share/dist/Tapper-Reports-Web/tapper/static/js/jquery-plugins/jquery.flot.time.js (unchanged)
Skip blib/lib/auto/share/dist/Tapper-Reports-Web/tapper/indent.mas (unchanged)
Skip blib/lib/auto/share/dist/Tapper-Reports-Web/mpc/autoinstall.mpc (unchanged)
Skip blib/lib/auto/share/dist/Tapper-Reports-Web/tapper/static/images/red_bar.png (unchanged)
Skip blib/lib/auto/share/dist/Tapper-Reports-Web/formfu/end_form (unchanged)
Skip blib/lib/auto/share/dist/Tapper-Reports-Web/formfu/start_block (unchanged)
Skip blib/lib/auto/share/dist/Tapper-Reports-Web/tapper/testruns/testrunlists.mas (unchanged)
Skip blib/lib/auto/share/dist/Tapper-Reports-Web/tapper/testplan/taskjuggler/index.mas (unchanged)
Skip blib/lib/auto/share/dist/Tapper-Reports-Web/tapper/static/images/grey_bar.png (unchanged)
Skip blib/lib/auto/share/dist/Tapper-Reports-Web/forms/tapper/builder/new_create.yml (unchanged)
Skip blib/lib/auto/share/dist/Tapper-Reports-Web/tapper/manual/README (unchanged)
Skip blib/lib/auto/share/dist/Tapper-Reports-Web/tapper/static/images_blue/n4.gif (unchanged)
Skip blib/lib/auto/share/dist/Tapper-Reports-Web/tapper/static/images_blue/n6.gif (unchanged)
Skip blib/lib/auto/share/dist/Tapper-Reports-Web/tapper/static/images/questionmark.png (unchanged)
Skip blib/lib/auto/share/dist/Tapper-Reports-Web/tapper/static/images_magenta/n1.gif (unchanged)
Skip blib/lib/auto/share/dist/Tapper-Reports-Web/tapper/manual/tapper-manual.html (unchanged)
Skip blib/lib/auto/share/dist/Tapper-Reports-Web/tapper/testruns/cancel.mas (unchanged)
Skip blib/lib/auto/share/dist/Tapper-Reports-Web/tapper/static/images/jquery-ui/ui-bg_glass_75_dadada_1x400.png (unchanged)
Skip blib/lib/auto/share/dist/Tapper-Reports-Web/formfu/end_block (unchanged)
Skip blib/lib/auto/share/dist/Tapper-Reports-Web/formfu/non_block (unchanged)
Skip blib/lib/auto/share/dist/Tapper-Reports-Web/tapper/static/images/pic.gif (unchanged)
Skip blib/lib/auto/share/dist/Tapper-Reports-Web/tapper/static/images_brown/n4.gif (unchanged)
Skip blib/lib/auto/share/dist/Tapper-Reports-Web/formfu/field_layout_label (unchanged)
Skip blib/lib/auto/share/dist/Tapper-Reports-Web/tapper/static/images/jquery-ui/ui-icons_222222_256x240.png (unchanged)
Skip blib/lib/auto/share/dist/Tapper-Reports-Web/tapper/static/js/jquery-ui/jquery.ui.effect-slide.js (unchanged)
Skip blib/lib/auto/share/dist/Tapper-Reports-Web/tapper/builder/new_create.mas (unchanged)
Skip blib/lib/auto/share/dist/Tapper-Reports-Web/tapper/static/images/btn_88x31_powered_shadow.png (unchanged)
Skip blib/lib/auto/share/dist/Tapper-Reports-Web/tapper/static/js/jquery-plugins/jquery.flot.js (unchanged)
Skip blib/lib/auto/share/dist/Tapper-Reports-Web/tapper/selects/owner.mas (unchanged)
Skip blib/lib/auto/share/dist/Tapper-Reports-Web/tapper/static/js/jquery-2.0.3.min.js (unchanged)
Skip blib/lib/auto/share/dist/Tapper-Reports-Web/tapper/static/images/btn_88x31_built_shadow.png (unchanged)
Skip blib/lib/auto/share/dist/Tapper-Reports-Web/tapper/testruns/testrunlist.mas (unchanged)
Skip blib/lib/auto/share/dist/Tapper-Reports-Web/tapper/static/js/jquery-ui/jquery.ui.datepicker.js (unchanged)
Skip blib/lib/auto/share/dist/Tapper-Reports-Web/tapper/static/images_magenta/n5.gif (unchanged)
Skip blib/lib/auto/share/dist/Tapper-Reports-Web/tapper/static/images_red/n6.gif (unchanged)
Skip blib/lib/auto/share/dist/Tapper-Reports-Web/forms/tapper/testruns/new_create.yml (unchanged)
Skip blib/lib/auto/share/dist/Tapper-Reports-Web/tapper/static/images_brown/n6.gif (unchanged)
Skip blib/lib/auto/share/dist/Tapper-Reports-Web/tapper/testruns/continue.mas (unchanged)
Skip blib/lib/auto/share/dist/Tapper-Reports-Web/tapper/static/images_brown/spacer.gif (unchanged)
Skip blib/lib/auto/share/dist/Tapper-Reports-Web/mpc/autoinstall.yml (unchanged)
Skip blib/lib/auto/share/dist/Tapper-Reports-Web/formfu/field_layout_field (unchanged)
Skip blib/lib/auto/share/dist/Tapper-Reports-Web/tapper/static/js/support.js (unchanged)
Skip blib/lib/auto/share/dist/Tapper-Reports-Web/tapper/static/manual/tapper-manual.pdf (unchanged)
Skip blib/lib/auto/share/dist/Tapper-Reports-Web/tapper/testruns/similar.mas (unchanged)
Skip blib/lib/auto/share/dist/Tapper-Reports-Web/tapper/static/js/jquery-ui/jquery.ui.core.js (unchanged)
Skip blib/lib/auto/share/dist/Tapper-Reports-Web/tapper/static/css/metareports/chart_overview.css (unchanged)
Skip blib/lib/auto/share/dist/Tapper-Reports-Web/tapper/autohandler (unchanged)
Skip blib/lib/auto/share/dist/Tapper-Reports-Web/tapper/static/images_red/n1.gif (unchanged)
Skip blib/lib/auto/share/dist/Tapper-Reports-Web/tapper/logo.mas (unchanged)
Skip blib/lib/auto/share/dist/Tapper-Reports-Web/formfu/field_layout (unchanged)
Skip blib/lib/auto/share/dist/Tapper-Reports-Web/tapper/reports/index.mas (unchanged)
Skip blib/lib/auto/share/dist/Tapper-Reports-Web/tapper/static/css/metareports/detail.css (unchanged)
Skip blib/lib/auto/share/dist/Tapper-Reports-Web/tapper/static/css/metareports/default.css (unchanged)
Skip blib/lib/auto/share/dist/Tapper-Reports-Web/tapper/preconditions/index.mas (unchanged)
Skip blib/lib/auto/share/dist/Tapper-Reports-Web/tapper/static/images/edit.small.png (unchanged)
Skip blib/lib/auto/share/dist/Tapper-Reports-Web/tapper/selects/chart_types.mas (unchanged)
Skip blib/lib/auto/share/dist/Tapper-Reports-Web/tapper/static/images_brown/n1.gif (unchanged)
Skip blib/lib/auto/share/dist/Tapper-Reports-Web/tapper/testplan/rerun.mas (unchanged)
Skip blib/lib/auto/share/dist/Tapper-Reports-Web/tapper/static/images/jquery-plugins/jquery.tablesorter.desc.gif (unchanged)
Skip blib/lib/auto/share/dist/Tapper-Reports-Web/tapper/static/images_red/plus_big.png (unchanged)
Skip blib/lib/auto/share/dist/Tapper-Reports-Web/tapper/static/css/jquery-ui/jquery.ui.autocomplete.css (unchanged)
Skip blib/lib/auto/share/dist/Tapper-Reports-Web/tapper/reports/report_files.mas (unchanged)
Skip blib/lib/auto/share/dist/Tapper-Reports-Web/tapper/testruns/rerun.mas (unchanged)
Skip blib/lib/auto/share/dist/Tapper-Reports-Web/tapper/preconditions/delete.mas (unchanged)
Skip blib/lib/auto/share/dist/Tapper-Reports-Web/tapper/reports/report_details.mas (unchanged)
Skip blib/lib/auto/share/dist/Tapper-Reports-Web/tapper/testplan/delete.mas (unchanged)
Skip blib/lib/auto/share/dist/Tapper-Reports-Web/tapper/preconditions/new_create.mas (unchanged)
Skip blib/lib/auto/share/dist/Tapper-Reports-Web/tapper/testruns/fill_usecase.mas (unchanged)
Skip blib/lib/auto/share/dist/Tapper-Reports-Web/formfu/field_layout_block (unchanged)
Skip blib/lib/auto/share/dist/Tapper-Reports-Web/tapper/static/images_green/n3.gif (unchanged)
Skip blib/lib/auto/share/dist/Tapper-Reports-Web/tapper/start/index.mas (unchanged)
Skip blib/lib/auto/share/dist/Tapper-Reports-Web/tapper/selects/queue.mas (unchanged)
Skip blib/lib/auto/share/dist/Tapper-Reports-Web/tapper/static/js/jquery-plugins/jquery.json.js (unchanged)
Skip blib/lib/auto/share/dist/Tapper-Reports-Web/tapper/static/css/tap_formatter_html.css (unchanged)
Skip blib/lib/auto/share/dist/Tapper-Reports-Web/forms/tapper/preconditions/new_create.yml (unchanged)
Skip blib/lib/auto/share/dist/Tapper-Reports-Web/formfu/recaptcha (unchanged)
Skip blib/lib/auto/share/dist/Tapper-Reports-Web/tapper/static/css/style_green.css (unchanged)
Skip blib/lib/auto/share/dist/Tapper-Reports-Web/tapper/metareports/detail.mas (unchanged)
Skip blib/lib/auto/share/dist/Tapper-Reports-Web/tapper/reports/id/index.mas (unchanged)
Skip blib/lib/auto/share/dist/Tapper-Reports-Web/tapper/static/css/style_brown.css (unchanged)
Skip blib/lib/auto/share/dist/Tapper-Reports-Web/tapper/preconditions/testrun/index.mas (unchanged)
Skip blib/lib/auto/share/dist/Tapper-Reports-Web/tapper/testruns/add_usecase.mas (unchanged)
Skip blib/lib/auto/share/dist/Tapper-Reports-Web/tapper/static/js/jquery-plugins/jquery.flot.selection.js (unchanged)
Skip blib/lib/auto/share/dist/Tapper-Reports-Web/tapper/static/images/red_bar_dimmed.png (unchanged)
Skip blib/lib/auto/share/dist/Tapper-Reports-Web/tapper/static/images_blue/n5.gif (unchanged)
Skip blib/lib/auto/share/dist/Tapper-Reports-Web/tapper/metareports/chart_tags.mas (unchanged)
Skip blib/lib/auto/share/dist/Tapper-Reports-Web/mpc/kernel_build.mpc (unchanged)
Skip blib/lib/auto/share/dist/Tapper-Reports-Web/tapper/static/images_blue/spacer.gif (unchanged)
Skip blib/lib/auto/share/dist/Tapper-Reports-Web/tapper/static/images_red/n2.gif (unchanged)
Skip blib/lib/auto/share/dist/Tapper-Reports-Web/forms/tapper/testruns/edit.yml (unchanged)
Skip blib/lib/auto/share/dist/Tapper-Reports-Web/mpc/tests.yml (unchanged)
Skip blib/lib/auto/share/dist/Tapper-Reports-Web/tapper/static/images/pause.small.png (unchanged)
Skip blib/lib/auto/share/dist/Tapper-Reports-Web/tapper/static/images/continue.small.png (unchanged)
Skip blib/lib/auto/share/dist/Tapper-Reports-Web/tapper/user/login.mas (unchanged)
Skip blib/lib/auto/share/dist/Tapper-Reports-Web/tapper/static/images_blue/n2.gif (unchanged)
Skip blib/lib/auto/share/dist/Tapper-Reports-Web/mpc/oprofile.mpc (unchanged)
Skip blib/lib/auto/share/dist/Tapper-Reports-Web/tapper/testplan/index.mas (unchanged)
Skip blib/lib/auto/share/dist/Tapper-Reports-Web/formfu/field (unchanged)
Skip blib/lib/auto/share/dist/Tapper-Reports-Web/tapper/testplan/id/index.mas (unchanged)
Skip blib/lib/auto/share/dist/Tapper-Reports-Web/tapper/testruns/testrun_overview.mas (unchanged)
Skip blib/lib/auto/share/dist/Tapper-Reports-Web/formfu/field_layout_parser (unchanged)
Skip blib/lib/auto/share/dist/Tapper-Reports-Web/tapper/static/css/qtip.css (unchanged)
Skip blib/lib/auto/share/dist/Tapper-Reports-Web/formfu/field_layout_multi_field (unchanged)
Skip blib/lib/auto/share/dist/Tapper-Reports-Web/tapper/static/images/achtung.png (unchanged)
Skip blib/lib/auto/share/dist/Tapper-Reports-Web/tapper/static/images_brown/n2.gif (unchanged)
Skip blib/lib/auto/share/dist/Tapper-Reports-Web/tapper/static/images_magenta/n4.gif (unchanged)
Skip blib/lib/auto/share/dist/Tapper-Reports-Web/tapper/static/css/jquery-ui/jquery.ui.datepicker.css (unchanged)
Skip blib/lib/auto/share/dist/Tapper-Reports-Web/tapper/static/images/green_bar.png (unchanged)
Skip blib/lib/auto/share/dist/Tapper-Reports-Web/tapper/static/images_brown/n3.gif (unchanged)
Skip blib/lib/auto/share/dist/Tapper-Reports-Web/tapper/static/js/tap_formatter_html.js (unchanged)
Skip blib/lib/auto/share/dist/Tapper-Reports-Web/tapper/metareports/chart_overview.mas (unchanged)
Skip blib/lib/auto/share/dist/Tapper-Reports-Web/tapper/static/css/style_blue.css (unchanged)
Skip blib/lib/auto/share/dist/Tapper-Reports-Web/tapper/static/images/jquery-ui/ui-bg_glass_75_e6e6e6_1x400.png (unchanged)
PERL_DL_NONLAZY=1 "/usr/perl5.20.2p/bin/perl" "-MExtUtils::Command::MM" "-MTest::Harness" "-e" "undef *Test::Harness::Switches; test_harness(0, 'blib/lib', 'blib/arch')" t/*.t
t/00-compile.t ............................ ok
t/00-use.t ................................ ok
t/01app.t ................................. ok
t/02pod.t ................................. skipped: set TEST_POD to enable this test
t/03podcoverage.t ......................... skipped: set TEST_POD to enable this test
t/author-eol.t ............................ skipped: these tests are for testing by the author
t/author-no-tabs.t ........................ skipped: these tests are for testing by the author
t/author-pod-syntax.t ..................... skipped: these tests are for testing by the author
t/config.t ................................ ok
t/controller-create-kernelboot-usecase.t .. ok

#   Failed test 'GET /tapper/testruns/id/1'
#   at t/controller_edit_precondition.t line 24.
# http://localhost/tapper/testruns/id/1
# 500
# Internal Server Error

#   Failed test 'Click on 'Edit precondition''
#   at t/controller_edit_precondition.t line 25.
# http://localhost/tapper/testruns/id/1
# 500
# Internal Server Error

#   Failed test 'Form with input for update preconditions'
#   at t/controller_edit_precondition.t line 27.
#          got: undef
#     expected: '1'
# Tests were run but no plan was declared and done_testing() was not seen.
# Looks like your test exited with 255 just after 5.
t/controller_edit_precondition.t .......... 
Dubious, test returned 255 (wstat 65280, 0xff00)
Failed 3/5 subtests 
t/controller_Tapper-ReportFile-Id.t ....... ok
t/controller_Tapper-Reports-Id.t .......... ok
t/controller_Tapper-Reports-LastId.t ...... ok
t/controller_Tapper-Reports.t ............. ok
t/controller_Tapper-Schedule.t ............ ok
t/controller_Tapper-Testruns.t ............ ok
t/controller_Tapper.t ..................... ok
t/model_ReportsDB.t ....................... ok
t/util_Tapper-Filter.t .................... ok
t/view_Mason.t ............................ ok

Test Summary Report
-------------------
t/controller_edit_precondition.t        (Wstat: 65280 (exited 255) Tests: 5 Failed: 3)
  Failed tests:  3-5
  Non-zero exit status: 255
  Parse errors: No plan found in TAP output
Files=21, Tests=103, 57 wallclock secs ( 0.02 usr  0.14 sys + 29.05 cusr 25.76 csys = 54.97 CPU)
Result: FAIL
Failed 1/21 test programs. 3/103 subtests failed.
*** Error code 255

Stop.
make: stopped in /home/cpansand/.cpan/build/2024111916/Tapper-Reports-Web-5.0.17-11

------------------------------
PREREQUISITES
------------------------------

Prerequisite modules loaded:

requires:

    Module                                    Need    Have    
    ----------------------------------------- ------- --------
    base                                      0       2.22    
    BenchmarkAnything::Storage::Frontend::Lib 0       0.020   
    Catalyst                                  0       5.90132 
    Catalyst::Action::RenderView              0       0.17    
    Catalyst::Controller                      0       0       
    Catalyst::Controller::HTML::FormFu        0       2.02    
    Catalyst::DispatchType::Regex             0       5.90035 
    Catalyst::Engine                          0       0       
    Catalyst::Model::DBIC::Schema             0       0.65    
    Catalyst::Plugin::ConfigLoader            0       0.35    
    Catalyst::Plugin::Redirect                0       0.02    
    Catalyst::Plugin::Session                 0       0.40    
    Catalyst::Plugin::Session::State::Cookie  0       0.17    
    Catalyst::Plugin::Session::Store::File    0       0.18    
    Catalyst::Plugin::Static::Simple          0       0.37    
    Catalyst::Runtime                         0       5.90132 
    Catalyst::ScriptRunner                    0       0       
    Catalyst::View                            0       0       
    Catalyst::View::HTML::Mason               0       0.19    
    CGI::Carp                                 0       4.66    
    Cwd                                       0       3.75    
    Daemon::Control                           0       0.001008
    Data::DPath                               0       0.58    
    Data::Dumper                              0       2.183   
    DateTime                                  0       1.65    
    DateTime::Format::Atom                    0       v1.2.0  
    DateTime::Format::DateParse               0       0.05    
    DateTime::Format::Epoch                   0       0.16    
    DateTime::Format::Natural                 0       1.10    
    DateTime::Format::Strptime                1.67    1.79    
    DateTime::Format::W3CDTF                  0       0.07    
    FCGI                                      0       0.81    
    File::Basename                            0       2.85    
    File::Copy::Recursive                     0       0.45    
    File::Path                                0       2.18    
    File::ShareDir                            0       1.118   
    File::stat                                0       1.07    
    FindBin                                   0       1.54    
    Getopt::Long                              0       2.55    
    Hash::Merge::Simple                       0       0.052   
    HTML::FromANSI                            0       2.03    
    JSON::API                                 0       v1.1.0  
    JSON::XS                                  0       4.03    
    lib                                       0       0.63    
    List::MoreUtils                           0       0.430   
    List::Util                                0       1.68    
    Log::Log4perl::Catalyst                   0       1.53    
    Mo::builder                               0       0.40    
    Mo::default                               0       0.40    
    Module::Find                              0.11    0.14    
    Moose                                     0       2.2207  
    Moose::Role                               0       2.2207  
    namespace::autoclean                      0       0.31    
    parent                                    0       0.239   
    perl                                      5.010   5.020002
    Perl6::Junction                           0       1.60000 
    Pod::Usage                                0       2.03    
    Readonly                                  0       2.05    
    Set::Intersection                         0       0.04    
    strict                                    0       1.08    
    TAP::Formatter::HTML                      0       0.11    
    Tapper::Cmd                               v5.0.11 5.0.12  
    Tapper::Cmd::Precondition                 0       5.0.12  
    Tapper::Cmd::Testplan                     0       5.0.12  
    Tapper::Cmd::Testrun                      0       5.0.12  
    Tapper::Config                            v5.0.2  5.0.3   
    Tapper::Model                             v5.0.1  5.0.2   
    Tapper::Schema                            v5.0.6  5.0.9   
    Template                                  0       3.102   
    Text::CSV_XS                              0       1.55    
    Try::Tiny                                 0       0.32    
    warnings                                  0       1.23    
    XML::Feed                                 0       0.65    
    YAML                                      0       1.30    
    YAML::Syck                                0       1.34    

build_requires:

    Module                                    Need    Have    
    ----------------------------------------- ------- --------
    ExtUtils::MakeMaker                       0       7.70    
    File::Spec                                0       3.75    
    IO::Handle                                0       1.55    
    IPC::Open3                                0       1.16    
    Tapper::Schema::TestTools                 0       5.0.9   
    Test::Fixture::DBIC::Schema               0       0.04    
    Test::More                                0       1.302204
    Test::WWW::Mechanize::Catalyst            0       0.62    

configure_requires:

    Module                                    Need    Have    
    ----------------------------------------- ------- --------
    ExtUtils::MakeMaker                       0       7.70    
    File::ShareDir::Install                   0.06    0.14    


------------------------------
ENVIRONMENT AND OTHER CONTEXT
------------------------------

Environment variables:

    LC_ALL = de_DE.ISO8859-1
    PATH = /usr/local/bin:/usr/bin:/bin:/usr/local/sbin:/usr/sbin:/sbin:/home/cpansand/bin/freebsd10.3:/home/cpansand/bin/sh:/home/cpansand/bin:/usr/games:/home/cpansand/devel:/home/eserte/src/srezic-misc/scripts
    PERL5LIB = 
    PERL5OPT = 
    PERL5_CPANPLUS_IS_RUNNING = 16854
    PERL5_CPAN_IS_RUNNING = 16854
    PERL5_CPAN_IS_RUNNING_IN_RECURSION = 12187,16854
    PERLDOC = -MPod::Perldoc::ToTextOverstrike
    PERL_BATCH = yes
    PERL_CANARY_STABILITY_NOPROMPT = 1
    PERL_CPAN_REPORTER_CONFIG = /var/tmp/cpansmoker-1023/2024111916/cpanreporter_000_config.ini
    PERL_EXTUTILS_AUTOINSTALL = --defaultdeps
    PERL_USE_UNSAFE_INC = 1
    SHELL = /usr/local/bin/zsh
    TERM = screen
    TMPDIR = /var/tmp/cpansmoker-1023/2024111916

Perl special variables (and OS-specific diagnostics, for MSWin32):

    $^X = /usr/perl5.20.2p/bin/perl
    $UID/$EUID = 1023 / 1023
    $GID = 1023 1023
    $EGID = 1023 1023

Perl module toolchain versions installed:

    Module              Have    
    ------------------- --------
    CPAN                2.37    
    CPAN::Meta          2.150010
    Cwd                 3.75    
    ExtUtils::CBuilder  0.280236
    ExtUtils::Command   7.70    
    ExtUtils::Install   2.20    
    ExtUtils::MakeMaker 7.70    
    ExtUtils::Manifest  1.75    
    ExtUtils::ParseXS   3.51    
    File::Spec          3.75    
    JSON                4.10    
    JSON::PP            4.16    
    Module::Build       0.4234  
    Module::Signature   0.89    
    Parse::CPAN::Meta   2.150010
    Test2               1.302204
    Test::Harness       3.50    
    Test::More          1.302204
    YAML                1.30    
    YAML::Syck          1.34    
    version             0.9933  


--

Summary of my perl5 (revision 5 version 20 subversion 2) configuration:
   
  Platform:
    osname=freebsd, osvers=10.1-release, archname=amd64-freebsd
    uname='freebsd cvrsnica-freebsd-101.herceg.de 10.1-release freebsd 10.1-release #0 r274401: tue nov 11 21:02:49 utc 2014 root@releng1.nyi.freebsd.org:usrobjusrsrcsysgeneric amd64 '
    config_args='-ds -e -Dprefix=/usr/perl5.20.2p'
    hint=recommended, useposix=true, d_sigaction=define
    useithreads=undef, usemultiplicity=undef
    use64bitint=define, use64bitall=define, uselongdouble=undef
    usemymalloc=n, bincompat5005=undef
  Compiler:
    cc='cc', ccflags ='-DHAS_FPSETMASK -DHAS_FLOATINGPOINT_H -fno-strict-aliasing -pipe -fstack-protector -I/usr/local/include',
    optimize='-O',
    cppflags='-DHAS_FPSETMASK -DHAS_FLOATINGPOINT_H -fno-strict-aliasing -pipe -fstack-protector -I/usr/local/include'
    ccversion='', gccversion='4.2.1 Compatible FreeBSD Clang 3.4.1 (tags/RELEASE_34/dot1-final 208032)', gccosandvers=''
    intsize=4, longsize=8, ptrsize=8, doublesize=8, byteorder=12345678
    d_longlong=define, longlongsize=8, d_longdbl=define, longdblsize=16
    ivtype='long', ivsize=8, nvtype='double', nvsize=8, Off_t='off_t', lseeksize=8
    alignbytes=8, prototype=define
  Linker and Libraries:
    ld='cc', ldflags ='-pthread -Wl,-E  -fstack-protector -L/usr/local/lib'
    libpth=/usr/lib /usr/local/lib /usr/include/clang/3.4.1 /usr/lib
    libs=-lgdbm -lm -lcrypt -lutil -lc
    perllibs=-lm -lcrypt -lutil -lc
    libc=, so=so, useshrplib=false, libperl=libperl.a
    gnulibc_version=''
  Dynamic Linking:
    dlsrc=dl_dlopen.xs, dlext=so, d_dlsymun=undef, ccdlflags=' '
    cccdlflags='-DPIC -fPIC', lddlflags='-shared  -L/usr/local/lib -fstack-protector'


Characteristics of this binary (from libperl): 
  Compile-time options: HAS_TIMES PERLIO_LAYERS PERL_DONT_CREATE_GVSV
                        PERL_HASH_FUNC_ONE_AT_A_TIME_HARD PERL_MALLOC_WRAP
                        PERL_NEW_COPY_ON_WRITE PERL_PRESERVE_IVUV
                        USE_64_BIT_ALL USE_64_BIT_INT USE_LARGE_FILES
                        USE_LOCALE USE_LOCALE_COLLATE USE_LOCALE_CTYPE
                        USE_LOCALE_NUMERIC USE_PERLIO USE_PERL_ATOF
  Built under freebsd
  Compiled at Feb 14 2015 20:35:40
  %ENV:
    PERL5LIB=""
    PERL5OPT=""
    PERL5_CPANPLUS_IS_RUNNING="16854"
    PERL5_CPAN_IS_RUNNING="16854"
    PERL5_CPAN_IS_RUNNING_IN_RECURSION="12187,16854"
    PERLDOC="-MPod::Perldoc::ToTextOverstrike"
    PERL_BATCH="yes"
    PERL_CANARY_STABILITY_NOPROMPT="1"
    PERL_CPAN_REPORTER_CONFIG="/var/tmp/cpansmoker-1023/2024111916/cpanreporter_000_config.ini"
    PERL_EXTUTILS_AUTOINSTALL="--defaultdeps"
    PERL_USE_UNSAFE_INC="1"
  @INC:
    /usr/perl5.20.2p/lib/site_perl/5.20.2/amd64-freebsd
    /usr/perl5.20.2p/lib/site_perl/5.20.2
    /usr/perl5.20.2p/lib/5.20.2/amd64-freebsd
    /usr/perl5.20.2p/lib/5.20.2
    .