Report for Params-Validate-Aggregated-0.05

Back
From: metabase:user:30977d10-2aae-11df-837a-5e0a49663a4f
Subject: FAIL Params-Validate-Aggregated-0.05 v5.12.2 GNU/Linux
Date: 2011-01-29T01:59:32Z

This distribution has been tested as part of the CPAN Testers
project, supporting the Perl programming language.  See
http://wiki.cpantesters.org/ for more information or email
questions to cpan-testers-discuss@perl.org


--
Dear Diab Jerius,

This is a computer-generated report for Params-Validate-Aggregated-0.05
on perl 5.12.2, created by CPAN-Reporter-1.1803.

Thank you for uploading your work to CPAN.  However, there was a problem
testing your distribution.

If you think this report is invalid, please consult the CPAN Testers Wiki
for suggestions on how to avoid getting FAIL reports for missing library
or binary dependencies, unsupported operating systems, and so on:

http://wiki.cpantesters.org/wiki/CPANAuthorNotes

Sections of this report:

    * Tester comments
    * Program output
    * Prerequisites
    * Environment and other context

------------------------------
TESTER COMMENTS
------------------------------

Additional comments from tester:

this report is from an automated smoke testing program
and was not reviewed by a human for accuracy

------------------------------
PROGRAM OUTPUT
------------------------------

Output from '/usr/bin/make test':

PERL_DL_NONLAZY=1 /home/stro/perl/perl5122m/bin/perl "-MExtUtils::Command::MM" "-e" "test_harness(0, 'inc', 'blib/lib', 'blib/arch')" t/00-load.t t/alias.t t/perlcritic.t t/pod-coverage.t t/pod.t t/run.t t/spec.t t/with.t
# Testing Params::Validate::Aggregated 0.05, Perl 5.012002, /home/stro/perl/perl5122m/bin/perl
t/00-load.t ....... ok
t/alias.t ......... ok

#   Failed test 'Test::Perl::Critic for "blib/lib/Params/Validate/Aggregated.pm"'
#   at /home/stro/perl/perl5122m/lib/site_perl/5.12.2/Test/Perl/Critic.pm line 110.
# 
# Perl::Critic found these violations in "blib/lib/Params/Validate/Aggregated.pm":
# Modules have to return a true value ("1;") at line 1, column 1.  Use "1;" as the last statement of the module.  (Severity: 5)
# Variable, subroutine, and package names have to be in CamelCase at line 29, column 5.  (no explanation).  (Severity: 5)
# Variable, subroutine, and package names have to be in CamelCase at line 30, column 5.  (no explanation).  (Severity: 5)
# Variable, subroutine, and package names have to be in CamelCase at line 30, column 30.  (no explanation).  (Severity: 5)
# Variable, subroutine, and package names have to be in CamelCase at line 46, column 9.  (no explanation).  (Severity: 5)
# Variable, subroutine, and package names have to be in CamelCase at line 48, column 8.  (no explanation).  (Severity: 5)
# Variable, subroutine, and package names have to be in CamelCase at line 51, column 22.  (no explanation).  (Severity: 5)
# Variable, subroutine, and package names have to be in CamelCase at line 51, column 30.  (no explanation).  (Severity: 5)
# Variable, subroutine, and package names have to be in CamelCase at line 53, column 27.  (no explanation).  (Severity: 5)
# Variable, subroutine, and package names have to be in CamelCase at line 53, column 35.  (no explanation).  (Severity: 5)
# Variable, subroutine, and package names have to be in CamelCase at line 53, column 45.  (no explanation).  (Severity: 5)
# Variable, subroutine, and package names have to be in CamelCase at line 53, column 53.  (no explanation).  (Severity: 5)
# Variable, subroutine, and package names have to be in CamelCase at line 56, column 1.  (no explanation).  (Severity: 5)
# Variable, subroutine, and package names have to be in CamelCase at line 58, column 8.  (no explanation).  (Severity: 5)
# Variable, subroutine, and package names have to be in CamelCase at line 79, column 15.  (no explanation).  (Severity: 5)
# Variable, subroutine, and package names have to be in CamelCase at line 79, column 26.  (no explanation).  (Severity: 5)
# Variable, subroutine, and package names have to be in CamelCase at line 83, column 10.  (no explanation).  (Severity: 5)
# Variable, subroutine, and package names have to be in CamelCase at line 83, column 19.  (no explanation).  (Severity: 5)
# Variable, subroutine, and package names have to be in CamelCase at line 83, column 26.  (no explanation).  (Severity: 5)
# Variable, subroutine, and package names have to be in CamelCase at line 83, column 43.  (no explanation).  (Severity: 5)
# Variable, subroutine, and package names have to be in CamelCase at line 87, column 8.  (no explanation).  (Severity: 5)
# Variable, subroutine, and package names have to be in CamelCase at line 87, column 18.  (no explanation).  (Severity: 5)
# Variable, subroutine, and package names have to be in CamelCase at line 88, column 5.  (no explanation).  (Severity: 5)
# Variable, subroutine, and package names have to be in CamelCase at line 88, column 27.  (no explanation).  (Severity: 5)
# Variable, subroutine, and package names have to be in CamelCase at line 88, column 40.  (no explanation).  (Severity: 5)
# Variable, subroutine, and package names have to be in CamelCase at line 88, column 58.  (no explanation).  (Severity: 5)
# Variable, subroutine, and package names have to be in CamelCase at line 91, column 8.  (no explanation).  (Severity: 5)
# Variable, subroutine, and package names have to be in CamelCase at line 91, column 23.  (no explanation).  (Severity: 5)
# Variable, subroutine, and package names have to be in CamelCase at line 92, column 8.  (no explanation).  (Severity: 5)
# Variable, subroutine, and package names have to be in CamelCase at line 92, column 36.  (no explanation).  (Severity: 5)
# Variable, subroutine, and package names have to be in CamelCase at line 93, column 8.  (no explanation).  (Severity: 5)
# Variable, subroutine, and package names have to be in CamelCase at line 93, column 34.  (no explanation).  (Severity: 5)
# Variable, subroutine, and package names have to be in CamelCase at line 96, column 8.  (no explanation).  (Severity: 5)
# Variable, subroutine, and package names have to be in CamelCase at line 99, column 8.  (no explanation).  (Severity: 5)
# Variable, subroutine, and package names have to be in CamelCase at line 103, column 8.  (no explanation).  (Severity: 5)
# Variable, subroutine, and package names have to be in CamelCase at line 109, column 18.  (no explanation).  (Severity: 5)
# Variable, subroutine, and package names have to be in CamelCase at line 109, column 24.  (no explanation).  (Severity: 5)
# Variable, subroutine, and package names have to be in CamelCase at line 109, column 40.  (no explanation).  (Severity: 5)
# Variable, subroutine, and package names have to be in CamelCase at line 111, column 12.  (no explanation).  (Severity: 5)
# Variable, subroutine, and package names have to be in CamelCase at line 113, column 12.  (no explanation).  (Severity: 5)
# Variable, subroutine, and package names have to be in CamelCase at line 113, column 28.  (no explanation).  (Severity: 5)
# Variable, subroutine, and package names have to be in CamelCase at line 114, column 23.  (no explanation).  (Severity: 5)
# Variable, subroutine, and package names have to be in CamelCase at line 118, column 12.  (no explanation).  (Severity: 5)
# Variable, subroutine, and package names have to be in CamelCase at line 119, column 22.  (no explanation).  (Severity: 5)
# Variable, subroutine, and package names have to be in CamelCase at line 121, column 24.  (no explanation).  (Severity: 5)
# Variable, subroutine, and package names have to be in CamelCase at line 121, column 30.  (no explanation).  (Severity: 5)
# Variable, subroutine, and package names have to be in CamelCase at line 123, column 17.  (no explanation).  (Severity: 5)
# Variable, subroutine, and package names have to be in CamelCase at line 123, column 26.  (no explanation).  (Severity: 5)
# Variable, subroutine, and package names have to be in CamelCase at line 123, column 32.  (no explanation).  (Severity: 5)
# Variable, subroutine, and package names have to be in CamelCase at line 127, column 17.  (no explanation).  (Severity: 5)
# Variable, subroutine, and package names have to be in CamelCase at line 127, column 34.  (no explanation).  (Severity: 5)
# Method invokation should use "()" at line 127, column 40.  Use "->MethodName()" instead of "->MethodName".  (Severity: 5)
# Variable, subroutine, and package names have to be in CamelCase at line 127, column 55.  (no explanation).  (Severity: 5)
# Variable, subroutine, and package names have to be in CamelCase at line 128, column 17.  (no explanation).  (Severity: 5)
# Variable, subroutine, and package names have to be in CamelCase at line 128, column 23.  (no explanation).  (Severity: 5)
# Variable, subroutine, and package names have to be in CamelCase at line 128, column 33.  (no explanation).  (Severity: 5)
# Variable, subroutine, and package names have to be in CamelCase at line 133, column 13.  (no explanation).  (Severity: 5)
# Variable, subroutine, and package names have to be in CamelCase at line 133, column 23.  (no explanation).  (Severity: 5)
# Variable, subroutine, and package names have to be in CamelCase at line 136, column 12.  (no explanation).  (Severity: 5)
# Variable, subroutine, and package names have to be in CamelCase at line 136, column 21.  (no explanation).  (Severity: 5)
# Use of low precedence operators is not allowed at line 136, column 36.  Replace low precedence operators with the high precedence substitutes.  (Severity: 5)
# Variable, subroutine, and package names have to be in CamelCase at line 139, column 21.  (no explanation).  (Severity: 5)
# Variable, subroutine, and package names have to be in CamelCase at line 139, column 46.  (no explanation).  (Severity: 5)
# Variable, subroutine, and package names have to be in CamelCase at line 141, column 13.  (no explanation).  (Severity: 5)
# Variable, subroutine, and package names have to be in CamelCase at line 143, column 21.  (no explanation).  (Severity: 5)
# Variable, subroutine, and package names have to be in CamelCase at line 143, column 32.  (no explanation).  (Severity: 5)
# Variable, subroutine, and package names have to be in CamelCase at line 144, column 26.  (no explanation).  (Severity: 5)
# Variable, subroutine, and package names have to be in CamelCase at line 144, column 32.  (no explanation).  (Severity: 5)
# Variable, subroutine, and package names have to be in CamelCase at line 144, column 48.  (no explanation).  (Severity: 5)
# Variable, subroutine, and package names have to be in CamelCase at line 146, column 20.  (no explanation).  (Severity: 5)
# Variable, subroutine, and package names have to be in CamelCase at line 146, column 28.  (no explanation).  (Severity: 5)
# Variable, subroutine, and package names have to be in CamelCase at line 146, column 37.  (no explanation).  (Severity: 5)
# Method invokation should use "()" at line 146, column 43.  Use "->MethodName()" instead of "->MethodName".  (Severity: 5)
# Variable, subroutine, and package names have to be in CamelCase at line 146, column 46.  (no explanation).  (Severity: 5)
# Variable, subroutine, and package names have to be in CamelCase at line 146, column 54.  (no explanation).  (Severity: 5)
# Variable, subroutine, and package names have to be in CamelCase at line 147, column 17.  (no explanation).  (Severity: 5)
# Variable, subroutine, and package names have to be in CamelCase at line 147, column 23.  (no explanation).  (Severity: 5)
# Variable, subroutine, and package names have to be in CamelCase at line 147, column 32.  (no explanation).  (Severity: 5)
# Variable, subroutine, and package names have to be in CamelCase at line 147, column 52.  (no explanation).  (Severity: 5)
# Variable, subroutine, and package names have to be in CamelCase at line 147, column 61.  (no explanation).  (Severity: 5)
# Variable, subroutine, and package names have to be in CamelCase at line 152, column 26.  (no explanation).  (Severity: 5)
# Variable, subroutine, and package names have to be in CamelCase at line 152, column 32.  (no explanation).  (Severity: 5)
# Variable, subroutine, and package names have to be in CamelCase at line 152, column 48.  (no explanation).  (Severity: 5)
# Variable, subroutine, and package names have to be in CamelCase at line 154, column 20.  (no explanation).  (Severity: 5)
# Variable, subroutine, and package names have to be in CamelCase at line 154, column 28.  (no explanation).  (Severity: 5)
# Variable, subroutine, and package names have to be in CamelCase at line 154, column 37.  (no explanation).  (Severity: 5)
# Method invokation should use "()" at line 154, column 43.  Use "->MethodName()" instead of "->MethodName".  (Severity: 5)
# Variable, subroutine, and package names have to be in CamelCase at line 154, column 46.  (no explanation).  (Severity: 5)
# Variable, subroutine, and package names have to be in CamelCase at line 154, column 54.  (no explanation).  (Severity: 5)
# Variable, subroutine, and package names have to be in CamelCase at line 155, column 29.  (no explanation).  (Severity: 5)
# Variable, subroutine, and package names have to be in CamelCase at line 155, column 38.  (no explanation).  (Severity: 5)
# Variable, subroutine, and package names have to be in CamelCase at line 157, column 24.  (no explanation).  (Severity: 5)
# Variable, subroutine, and package names have to be in CamelCase at line 157, column 32.  (no explanation).  (Severity: 5)
# Variable, subroutine, and package names have to be in CamelCase at line 157, column 41.  (no explanation).  (Severity: 5)
# Variable, subroutine, and package names have to be in CamelCase at line 158, column 21.  (no explanation).  (Severity: 5)
# Variable, subroutine, and package names have to be in CamelCase at line 158, column 27.  (no explanation).  (Severity: 5)
# Variable, subroutine, and package names have to be in CamelCase at line 159, column 27.  (no explanation).  (Severity: 5)
# Variable, subroutine, and package names have to be in CamelCase at line 159, column 34.  (no explanation).  (Severity: 5)
# Variable, subroutine, and package names have to be in CamelCase at line 159, column 43.  (no explanation).  (Severity: 5)
# Variable, subroutine, and package names have to be in CamelCase at line 159, column 49.  (no explanation).  (Severity: 5)
# Variable, subroutine, and package names have to be in CamelCase at line 164, column 9.  (no explanation).  (Severity: 5)
# Variable, subroutine, and package names have to be in CamelCase at line 164, column 16.  (no explanation).  (Severity: 5)
# Variable, subroutine, and package names have to be in CamelCase at line 164, column 25.  (no explanation).  (Severity: 5)
# Variable, subroutine, and package names have to be in CamelCase at line 167, column 13.  (no explanation).  (Severity: 5)
# Variable, subroutine, and package names have to be in CamelCase at line 167, column 27.  (no explanation).  (Severity: 5)
# Variable, subroutine, and package names have to be in CamelCase at line 169, column 12.  (no explanation).  (Severity: 5)
# Variable, subroutine, and package names have to be in CamelCase at line 169, column 26.  (no explanation).  (Severity: 5)
# Variable, subroutine, and package names have to be in CamelCase at line 169, column 43.  (no explanation).  (Severity: 5)
# Variable, subroutine, and package names have to be in CamelCase at line 171, column 19.  (no explanation).  (Severity: 5)
# Variable, subroutine, and package names have to be in CamelCase at line 171, column 42.  (no explanation).  (Severity: 5)
# Looks like you failed 1 test of 1.
t/perlcritic.t .... 
Dubious, test returned 1 (wstat 256, 0x100)
Failed 1/1 subtests 
t/pod-coverage.t .. ok
t/pod.t ........... ok
t/run.t ........... ok
t/spec.t .......... ok
t/with.t .......... ok

Test Summary Report
-------------------
t/perlcritic.t  (Wstat: 256 Tests: 1 Failed: 1)
  Failed test:  1
  Non-zero exit status: 1
Files=8, Tests=40,  2 wallclock secs ( 0.07 usr  0.02 sys +  1.49 cusr  0.32 csys =  1.90 CPU)
Result: FAIL
Failed 1/8 test programs. 1/40 subtests failed.
make: *** [test_dynamic] Error 255

------------------------------
PREREQUISITES
------------------------------

Prerequisite modules loaded:

requires:

    Module              Need Have 
    ------------------- ---- -----
    Data::Alias         0    1.11 
    ExtUtils::MakeMaker 6.42 6.56 
    Hash::Util          0    0.07 
    Params::Validate    0    0.95 
    parent              0    0.224
    Storable            0    2.24 
    Test::More          0    0.96 

configure_requires:

    Module              Need Have 
    ------------------- ---- -----
    ExtUtils::MakeMaker 6.42 6.56 


------------------------------
ENVIRONMENT AND OTHER CONTEXT
------------------------------

Environment variables:

    AUTOMATED_TESTING = 1
    LANG = en_US.UTF-8
    PATH = /usr/local/bin:/usr/bin:/bin:/usr/games
    PERL5LIB = 
    PERL5OPT = 
    PERL5_CPANPLUS_IS_RUNNING = 23033
    PERL5_CPAN_IS_RUNNING = 23033
    PERL5_CPAN_IS_RUNNING_IN_RECURSION = 16822,23033
    PERL_CR_SMOKER_CURRENT = Params-Validate-Aggregated-0.05
    PERL_EXTUTILS_AUTOINSTALL = --defaultdeps
    PERL_MM_USE_DEFAULT = 1
    SHELL = /bin/bash
    TERM = xterm

Perl special variables (and OS-specific diagnostics, for MSWin32):

    $^X = /home/stro/perl/perl5122m/bin/perl
    $UID/$EUID = 1000 / 1000
    $GID = 1000 20 24 25 29 44 46 1000
    $EGID = 1000 20 24 25 29 44 46 1000

Perl module toolchain versions installed:

    Module              Have   
    ------------------- -------
    CPAN                1.94_56
    Cwd                 3.33   
    ExtUtils::CBuilder  0.2802 
    ExtUtils::Command   1.16   
    ExtUtils::Install   1.55   
    ExtUtils::MakeMaker 6.56   
    ExtUtils::Manifest  1.57   
    ExtUtils::ParseXS   2.2206 
    File::Spec          3.33   
    Module::Build       0.36_17
    Module::Signature   0.66   
    Test::Harness       3.22   
    Test::More          0.96   
    YAML                0.72   
    YAML::Syck          1.17   
    version             0.88   


--

Summary of my perl5 (revision 5 version 12 subversion 2) configuration:
   
  Platform:
    osname=linux, osvers=2.6.26-2-686, archname=i686-linux-multi
    uname='linux debian5 2.6.26-2-686 #1 smp mon jun 21 05:58:44 utc 2010 i686 gnulinux '
    config_args=''
    hint=recommended, useposix=true, d_sigaction=define
    useithreads=undef, usemultiplicity=define
    useperlio=define, d_sfio=undef, uselargefiles=define, usesocks=undef
    use64bitint=undef, use64bitall=undef, uselongdouble=undef
    usemymalloc=n, bincompat5005=undef
  Compiler:
    cc='cc', ccflags ='-fno-strict-aliasing -pipe -fstack-protector -I/usr/local/include -D_LARGEFILE_SOURCE -D_FILE_OFFSET_BITS=64',
    optimize='-O2',
    cppflags='-fno-strict-aliasing -pipe -fstack-protector -I/usr/local/include'
    ccversion='', gccversion='4.3.2', gccosandvers=''
    intsize=4, longsize=4, ptrsize=4, doublesize=8, byteorder=1234
    d_longlong=define, longlongsize=8, d_longdbl=define, longdblsize=12
    ivtype='long', ivsize=4, nvtype='double', nvsize=8, Off_t='off_t', lseeksize=8
    alignbytes=4, prototype=define
  Linker and Libraries:
    ld='cc', ldflags =' -fstack-protector -L/usr/local/lib'
    libpth=/usr/local/lib /lib /usr/lib
    libs=-lnsl -ldb -ldl -lm -lcrypt -lutil -lc
    perllibs=-lnsl -ldl -lm -lcrypt -lutil -lc
    libc=/lib/libc-2.7.so, so=so, useshrplib=false, libperl=libperl.a
    gnulibc_version='2.7'
  Dynamic Linking:
    dlsrc=dl_dlopen.xs, dlext=so, d_dlsymun=undef, ccdlflags='-Wl,-E'
    cccdlflags='-fPIC', lddlflags='-shared -O2 -L/usr/local/lib -fstack-protector'


Characteristics of this binary (from libperl): 
  Compile-time options: MULTIPLICITY PERL_DONT_CREATE_GVSV
                        PERL_IMPLICIT_CONTEXT PERL_MALLOC_WRAP
                        USE_LARGE_FILES USE_PERLIO USE_PERL_ATOF
  Built under linux
  Compiled at Sep 10 2010 15:11:21
  %ENV:
    PERL5LIB=""
    PERL5OPT=""
    PERL5_CPANPLUS_IS_RUNNING="23033"
    PERL5_CPAN_IS_RUNNING="23033"
    PERL5_CPAN_IS_RUNNING_IN_RECURSION="16822,23033"
    PERL_CR_SMOKER_CURRENT="Params-Validate-Aggregated-0.05"
    PERL_EXTUTILS_AUTOINSTALL="--defaultdeps"
    PERL_MM_USE_DEFAULT="1"
  @INC:
    /home/stro/perl/perl5122m/lib/site_perl/5.12.2/i686-linux-multi
    /home/stro/perl/perl5122m/lib/site_perl/5.12.2
    /home/stro/perl/perl5122m/lib/5.12.2/i686-linux-multi
    /home/stro/perl/perl5122m/lib/5.12.2
    .