Report for Robotics-0.23

Back
From: metabase:user:d1ac2ff8-7f34-11e0-ad7d-d635d302c8a1
Subject: FAIL Robotics-0.23 v5.14.0 GNU/Linux
Date: 2011-06-02T19:35:03Z

This distribution has been tested as part of the CPAN Testers
project, supporting the Perl programming language.  See
http://wiki.cpantesters.org/ for more information or email
questions to cpan-testers-discuss@perl.org


--
Dear Jonathan Cline,

This is a computer-generated report for Robotics-0.23
on perl 5.14.0, created by CPAN-Reporter-1.1902.

Thank you for uploading your work to CPAN.  However, there was a problem
testing your distribution.

If you think this report is invalid, please consult the CPAN Testers Wiki
for suggestions on how to avoid getting FAIL reports for missing library
or binary dependencies, unsupported operating systems, and so on:

http://wiki.cpantesters.org/wiki/CPANAuthorNotes

Sections of this report:

    * Tester comments
    * Program output
    * Prerequisites
    * Environment and other context

------------------------------
TESTER COMMENTS
------------------------------

Additional comments from tester:

this report is from an automated smoke testing program
and was not reviewed by a human for accuracy

------------------------------
PROGRAM OUTPUT
------------------------------

Output from '/usr/bin/make test':

PERL_DL_NONLAZY=1 /home/lonesome/perl-5.14.0/bin/perl "-MExtUtils::Command::MM" "-e" "test_harness(0, 'blib/lib', 'blib/arch')" t/*.t
# Testing Robotics 0.23, Perl 5.014000, /home/lonesome/perl-5.14.0/bin/perl
t/00-load.t ......................... ok
# Looks like you planned 4 tests but ran 6.
t/boilerplate.t ..................... 
Dubious, test returned 255 (wstat 65280, 0xff00)
All 4 subtests passed 
	(6 TODO tests unexpectedly succeeded)
# Testing Robotics 0.23, Perl 5.014000, /home/lonesome/perl-5.14.0/bin/perl
# Looks like you planned 7 tests but ran 8.
t/client-2.t ........................ 
Dubious, test returned 255 (wstat 65280, 0xff00)
All 7 subtests passed 
	(less 7 skipped subtests: 0 okay)
# Testing Robotics 0.23, Perl 5.014000, /home/lonesome/perl-5.14.0/bin/perl
# Looks like you planned 13 tests but ran 15.
t/client.t .......................... 
Dubious, test returned 255 (wstat 65280, 0xff00)
All 13 subtests passed 
	(less 13 skipped subtests: 0 okay)
t/named-pipe-cygwin-activeperl.t .... ok
t/named-pipe-cygwin-perl.t .......... ok
t/named-pipe-mscmd-activeperl.t ..... ok
t/named-pipe-win32io-cygwin-perl.t .. ok

#   Failed test 'Pod coverage on Robotics'
#   at /home/lonesome/perl-5.14.0/lib/site_perl/5.14.0/Test/Pod/Coverage.pm line 126.
# Coverage for Robotics is 55.6%, with 4 naked subroutines:
# 	BUILD
# 	findDevice
# 	printDevices
# 	probe

#   Failed test 'Pod coverage on Robotics::Tecan'
#   at /home/lonesome/perl-5.14.0/lib/site_perl/5.14.0/Test/Pod/Coverage.pm line 126.
# Coverage for Robotics::Tecan is 62.5%, with 9 naked subroutines:
# 	BUILD
# 	Read
# 	WriteRaw
# 	aspirate
# 	command1
# 	configure_place
# 	dispense
# 	hw_get_version
# 	move_object

#   Failed test 'Pod coverage on Robotics::Tecan::Client'
#   at /home/lonesome/perl-5.14.0/lib/site_perl/5.14.0/Test/Pod/Coverage.pm line 126.
# Coverage for Robotics::Tecan::Client is 0.0%, with 5 naked subroutines:
# 	BUILD
# 	attach
# 	close
# 	read
# 	write

#   Failed test 'Pod coverage on Robotics::Tecan::Server'
#   at /home/lonesome/perl-5.14.0/lib/site_perl/5.14.0/Test/Pod/Coverage.pm line 126.
# Coverage for Robotics::Tecan::Server is 50.0%, with 1 naked subroutine:
# 	SOMAXCONN

#   Failed test 'Pod coverage on Robotics::Tecan::Genesis'
#   at /home/lonesome/perl-5.14.0/lib/site_perl/5.14.0/Test/Pod/Coverage.pm line 126.
# Coverage for Robotics::Tecan::Genesis is 0.0%, with 1 naked subroutine:
# 	probe

#   Failed test 'Pod coverage on Robotics::Tecan::Gemini'
#   at /home/lonesome/perl-5.14.0/lib/site_perl/5.14.0/Test/Pod/Coverage.pm line 126.
# Coverage for Robotics::Tecan::Gemini is 28.6%, with 5 naked subroutines:
# 	BUILD
# 	attach
# 	close
# 	read
# 	write

#   Failed test 'Pod coverage on Robotics::Fialab::Microsia'
#   at /home/lonesome/perl-5.14.0/lib/site_perl/5.14.0/Test/Pod/Coverage.pm line 126.
# Coverage for Robotics::Fialab::Microsia is 0.0%, with 1 naked subroutine:
# 	probe

#   Failed test 'Pod coverage on Robotics::Tecan::Genesis::Compiler'
#   at /home/lonesome/perl-5.14.0/lib/site_perl/5.14.0/Test/Pod/Coverage.pm line 126.
# Coverage for Robotics::Tecan::Genesis::Compiler is 0.0%, with 6 naked subroutines:
# 	compile
# 	compile1
# 	compile_xp
# 	decompile1_reply
# 	decompile_reply
# 	decompile_reply_xp

#   Failed test 'Pod coverage on Robotics::Tecan::Genesis::Liha'
#   at /home/lonesome/perl-5.14.0/lib/site_perl/5.14.0/Test/Pod/Coverage.pm line 126.
# Coverage for Robotics::Tecan::Genesis::Liha is 44.4%, with 10 naked subroutines:
# 	checkPipetteSteps
# 	convertVolToSteps
# 	getPipetteDelay
# 	getPipettePosition
# 	getPipetteSpeed
# 	tip_aspirate_type0
# 	tip_aspirate_type2
# 	tip_coupleWorklist
# 	tip_dispense_type0
# 	tip_dispense_type2

#   Failed test 'Pod coverage on Robotics::Fialab::Microsia::Compiler'
#   at /home/lonesome/perl-5.14.0/lib/site_perl/5.14.0/Test/Pod/Coverage.pm line 126.
# Coverage for Robotics::Fialab::Microsia::Compiler is 0.0%, with 1 naked subroutine:
# 	compile
# Looks like you failed 10 tests of 14.
t/pod-coverage.t .................... 
Dubious, test returned 10 (wstat 2560, 0xa00)
Failed 10/14 subtests 

#   Failed test 'POD test for blib/lib/Robotics.pm'
#   at /home/lonesome/perl-5.14.0/lib/site_perl/5.14.0/Test/Pod.pm line 182.
# blib/lib/Robotics.pm (149): Unknown directive: =secret
# blib/lib/Robotics.pm (379): '=item' outside of any '=over'
# blib/lib/Robotics.pm (387): You forgot a '=back' before '=head2'
# blib/lib/Robotics.pm (398): '=item' outside of any '=over'
# blib/lib/Robotics.pm (416): You forgot a '=back' before '=head2'
# blib/lib/Robotics.pm (427): '=item' outside of any '=over'
# blib/lib/Robotics.pm (444): You forgot a '=back' before '=head2'
# blib/lib/Robotics.pm (451): '=item' outside of any '=over'
# blib/lib/Robotics.pm (469): You forgot a '=back' before '=head2'

#   Failed test 'POD test for blib/lib/Robotics/Manual.pod'
#   at /home/lonesome/perl-5.14.0/lib/site_perl/5.14.0/Test/Pod.pm line 182.
# blib/lib/Robotics/Manual.pod (20): '=item' outside of any '=over'
# blib/lib/Robotics/Manual.pod (50): You forgot a '=back' before '=head1'

#   Failed test 'POD test for blib/lib/Robotics/Tecan.pm'
#   at /home/lonesome/perl-5.14.0/lib/site_perl/5.14.0/Test/Pod.pm line 182.
# blib/lib/Robotics/Tecan.pm (127): '=item' outside of any '=over'
# blib/lib/Robotics/Tecan.pm (161): You forgot a '=back' before '=head2'
# blib/lib/Robotics/Tecan.pm (351): '=item' outside of any '=over'
# blib/lib/Robotics/Tecan.pm (634): You forgot a '=back' before '=head2'
# blib/lib/Robotics/Tecan.pm (640): '=item' outside of any '=over'
# blib/lib/Robotics/Tecan.pm (1080): You forgot a '=back' before '=head2'
# blib/lib/Robotics/Tecan.pm (1145): '=item' outside of any '=over'
# blib/lib/Robotics/Tecan.pm (1207): You forgot a '=back' before '=head2'

#   Failed test 'POD test for blib/lib/Robotics/Fialab.pm'
#   at /home/lonesome/perl-5.14.0/lib/site_perl/5.14.0/Test/Pod.pm line 182.
# blib/lib/Robotics/Fialab.pm (118): '=item' outside of any '=over'
# blib/lib/Robotics/Fialab.pm (168): You forgot a '=back' before '=head2'
# blib/lib/Robotics/Fialab.pm (232): '=item' outside of any '=over'
# blib/lib/Robotics/Fialab.pm (267): You forgot a '=back' before '=head2'

#   Failed test 'POD test for blib/lib/Robotics/Tecan/Gemini.pm'
#   at /home/lonesome/perl-5.14.0/lib/site_perl/5.14.0/Test/Pod.pm line 182.
# blib/lib/Robotics/Tecan/Gemini.pm (75): '=item' outside of any '=over'
# blib/lib/Robotics/Tecan/Gemini.pm (83): You forgot a '=back' before '=head2'
# blib/lib/Robotics/Tecan/Gemini.pm (92): '=item' outside of any '=over'

#   Failed test 'POD test for blib/lib/Robotics/Fialab/Serial.pm'
#   at /home/lonesome/perl-5.14.0/lib/site_perl/5.14.0/Test/Pod.pm line 182.
# blib/lib/Robotics/Fialab/Serial.pm (80): '=item' outside of any '=over'
# blib/lib/Robotics/Fialab/Serial.pm (88): You forgot a '=back' before '=head2'

#   Failed test 'POD test for blib/lib/Robotics/Tecan/Genesis/Liha.pm'
#   at /home/lonesome/perl-5.14.0/lib/site_perl/5.14.0/Test/Pod.pm line 182.
# blib/lib/Robotics/Tecan/Genesis/Liha.pm (188): '=item' outside of any '=over'
# blib/lib/Robotics/Tecan/Genesis/Liha.pm (398): You forgot a '=back' before '=head2'
# blib/lib/Robotics/Tecan/Genesis/Liha.pm (408): '=item' outside of any '=over'
# blib/lib/Robotics/Tecan/Genesis/Liha.pm (507): You forgot a '=back' before '=head2'
# blib/lib/Robotics/Tecan/Genesis/Liha.pm (513): '=item' outside of any '=over'
# blib/lib/Robotics/Tecan/Genesis/Liha.pm (535): You forgot a '=back' before '=head2'
# blib/lib/Robotics/Tecan/Genesis/Liha.pm (541): '=item' outside of any '=over'
# blib/lib/Robotics/Tecan/Genesis/Liha.pm (557): You forgot a '=back' before '=head2'
# blib/lib/Robotics/Tecan/Genesis/Liha.pm (563): '=item' outside of any '=over'
# blib/lib/Robotics/Tecan/Genesis/Liha.pm (580): You forgot a '=back' before '=head2'
# blib/lib/Robotics/Tecan/Genesis/Liha.pm (602): '=item' outside of any '=over'
# blib/lib/Robotics/Tecan/Genesis/Liha.pm (638): You forgot a '=back' before '=head2'
# blib/lib/Robotics/Tecan/Genesis/Liha.pm (642): '=item' outside of any '=over'
# blib/lib/Robotics/Tecan/Genesis/Liha.pm (670): You forgot a '=back' before '=head2'
# blib/lib/Robotics/Tecan/Genesis/Liha.pm (674): '=item' outside of any '=over'
# blib/lib/Robotics/Tecan/Genesis/Liha.pm (699): You forgot a '=back' before '=head2'
# blib/lib/Robotics/Tecan/Genesis/Liha.pm (704): '=item' outside of any '=over'
# blib/lib/Robotics/Tecan/Genesis/Liha.pm (777): You forgot a '=back' before '=head3'
# Looks like you failed 7 tests of 15.
t/pod.t ............................. 
Dubious, test returned 7 (wstat 1792, 0x700)
Failed 7/15 subtests 
# Testing Robotics 0.23, Perl 5.014000, /home/lonesome/perl-5.14.0/bin/perl
t/server.t .......................... ok
# Testing Robotics 0.23, Perl 5.014000, /home/lonesome/perl-5.14.0/bin/perl
t/tecan-1.t ......................... ok
# Testing Robotics 0.23, Perl 5.014000, /home/lonesome/perl-5.14.0/bin/perl
t/tecan-2.t ......................... ok

Test Summary Report
-------------------
t/boilerplate.t                   (Wstat: 65280 Tests: 6 Failed: 2)
  Failed tests:  5-6
  TODO passed:   1-6
  Non-zero exit status: 255
  Parse errors: Bad plan.  You planned 4 tests but ran 6.
t/client-2.t                      (Wstat: 65280 Tests: 8 Failed: 1)
  Failed test:  8
  Non-zero exit status: 255
  Parse errors: Bad plan.  You planned 7 tests but ran 8.
t/client.t                        (Wstat: 65280 Tests: 15 Failed: 2)
  Failed tests:  14-15
  Non-zero exit status: 255
  Parse errors: Bad plan.  You planned 13 tests but ran 15.
t/pod-coverage.t                  (Wstat: 2560 Tests: 14 Failed: 10)
  Failed tests:  1-2, 4-8, 11, 13-14
  Non-zero exit status: 10
t/pod.t                           (Wstat: 1792 Tests: 15 Failed: 7)
  Failed tests:  1-4, 8, 10, 14
  Non-zero exit status: 7
Files=13, Tests=100,  3 wallclock secs ( 0.06 usr  0.03 sys +  2.62 cusr  0.18 csys =  2.89 CPU)
Result: FAIL
Failed 5/13 test programs. 22/100 subtests failed.
make: *** [test_dynamic] Error 255

------------------------------
PREREQUISITES
------------------------------

Prerequisite modules loaded:

requires:

    Module              Need Have   
    ------------------- ---- -------
    Test::More          0    0.98   

build_requires:

    Module              Need Have   
    ------------------- ---- -------
    ExtUtils::MakeMaker 0    6.57_11


------------------------------
ENVIRONMENT AND OTHER CONTEXT
------------------------------

Environment variables:

    AUTOMATED_TESTING = 1
    LANG = en_GB.UTF-8
    PATH = /usr/lib/ccache:/usr/local/bin:/bin:/usr/bin:/usr/local/sbin:/usr/sbin:/sbin:/home/lonesome/bin
    PERL5LIB = 
    PERL5OPT = 
    PERL5_CPANPLUS_IS_RUNNING = 16513
    PERL5_CPAN_IS_RUNNING = 16513
    PERL5_CPAN_IS_RUNNING_IN_RECURSION = 9665,16513
    PERL_CR_SMOKER_CURRENT = Robotics-0.23
    PERL_EXTUTILS_AUTOINSTALL = --defaultdeps
    PERL_MM_USE_DEFAULT = 1
    SHELL = /bin/bash
    TERM = screen

Perl special variables (and OS-specific diagnostics, for MSWin32):

    $^X = /home/lonesome/perl-5.14.0/bin/perl
    $UID/$EUID = 500 / 500
    $GID = 500 10 500
    $EGID = 500 10 500

Perl module toolchain versions installed:

    Module              Have    
    ------------------- --------
    CPAN                1.9600  
    Cwd                 3.33    
    ExtUtils::CBuilder  0.280202
    ExtUtils::Command   1.17    
    ExtUtils::Install   1.56    
    ExtUtils::MakeMaker 6.57_11 
    ExtUtils::Manifest  1.58    
    ExtUtils::ParseXS   2.2206  
    File::Spec          3.33    
    Module::Build       0.3800  
    Module::Signature   0.68    
    Test::Harness       3.23    
    Test::More          0.98    
    YAML                0.73    
    YAML::Syck          1.17    
    version             0.90    


--

Summary of my perl5 (revision 5 version 14 subversion 0) configuration:
   
  Platform:
    osname=linux, osvers=2.6.38.6-27.fc15.i686, archname=i686-linux
    uname='linux fedora15 2.6.38.6-27.fc15.i686 #1 smp sun may 15 17:57:13 utc 2011 i686 i686 i386 gnulinux '
    config_args='-des -Dcc=ccache gcc -Dld=gcc -Dprefix=/home/lonesome/perl-5.14.0'
    hint=recommended, useposix=true, d_sigaction=define
    useithreads=undef, usemultiplicity=undef
    useperlio=define, d_sfio=undef, uselargefiles=define, usesocks=undef
    use64bitint=undef, use64bitall=undef, uselongdouble=undef
    usemymalloc=n, bincompat5005=undef
  Compiler:
    cc='ccache gcc', ccflags ='-fno-strict-aliasing -pipe -fstack-protector -I/usr/local/include -D_LARGEFILE_SOURCE -D_FILE_OFFSET_BITS=64',
    optimize='-O2',
    cppflags='-fno-strict-aliasing -pipe -fstack-protector -I/usr/local/include'
    ccversion='', gccversion='4.6.0 20110509 (Red Hat 4.6.0-7)', gccosandvers=''
    intsize=4, longsize=4, ptrsize=4, doublesize=8, byteorder=1234
    d_longlong=define, longlongsize=8, d_longdbl=define, longdblsize=12
    ivtype='long', ivsize=4, nvtype='double', nvsize=8, Off_t='off_t', lseeksize=8
    alignbytes=4, prototype=define
  Linker and Libraries:
    ld='gcc', ldflags =' -fstack-protector -L/usr/local/lib'
    libpth=/usr/local/lib /lib /usr/lib
    libs=-lnsl -ldl -lm -lcrypt -lutil -lc
    perllibs=-lnsl -ldl -lm -lcrypt -lutil -lc
    libc=/lib/libc-2.13.90.so, so=so, useshrplib=false, libperl=libperl.a
    gnulibc_version='2.13.90'
  Dynamic Linking:
    dlsrc=dl_dlopen.xs, dlext=so, d_dlsymun=undef, ccdlflags='-Wl,-E'
    cccdlflags='-fPIC', lddlflags='-shared -O2 -L/usr/local/lib -fstack-protector'


Characteristics of this binary (from libperl): 
  Compile-time options: PERL_DONT_CREATE_GVSV PERL_MALLOC_WRAP
                        PERL_PRESERVE_IVUV USE_LARGE_FILES USE_PERLIO
                        USE_PERL_ATOF
  Built under linux
  Compiled at Jun  1 2011 10:32:53
  %ENV:
    PERL5LIB=""
    PERL5OPT=""
    PERL5_CPANPLUS_IS_RUNNING="16513"
    PERL5_CPAN_IS_RUNNING="16513"
    PERL5_CPAN_IS_RUNNING_IN_RECURSION="9665,16513"
    PERL_CR_SMOKER_CURRENT="Robotics-0.23"
    PERL_EXTUTILS_AUTOINSTALL="--defaultdeps"
    PERL_MM_USE_DEFAULT="1"
  @INC:
    /home/lonesome/perl-5.14.0/lib/site_perl/5.14.0/i686-linux
    /home/lonesome/perl-5.14.0/lib/site_perl/5.14.0
    /home/lonesome/perl-5.14.0/lib/5.14.0/i686-linux
    /home/lonesome/perl-5.14.0/lib/5.14.0
    .