IPC-MorseSignals v0.17 Perl 5 v5.32.1 i386-openbsd

Status
Fail
From
Alceu Rodrigues de Freitas Junior
Dist
IPC-MorseSignals v0.17
Platform
Perl 5 v5.32.1 i386-openbsd
Date
2022-06-22 01:41:18
ID
6985cddc-f1cc-11ec-b737-db65ffa5fe2c
This distribution has been tested as part of the CPAN Testers
project, supporting the Perl programming language.  See
http://wiki.cpantesters.org/ for more information or email
questions to cpan-testers-discuss@perl.org


--
Dear Vincent Pit,

This is a computer-generated report for IPC-MorseSignals-0.17
on perl 5.32.1, created by CPAN-Reporter-1.2018.

Thank you for uploading your work to CPAN.  However, there was a problem
testing your distribution.

If you think this report is invalid, please consult the CPAN Testers Wiki
for suggestions on how to avoid getting FAIL reports for missing library
or binary dependencies, unsupported operating systems, and so on:

http://wiki.cpantesters.org/wiki/CPANAuthorNotes

Sections of this report:

    * Tester comments
    * Program output
    * Prerequisites
    * Environment and other context

------------------------------
TESTER COMMENTS
------------------------------

Additional comments from tester:

this report is from an automated smoke testing program
and was not reviewed by a human for accuracy

------------------------------
PROGRAM OUTPUT
------------------------------

Output from '/usr/bin/make test':

PERL_DL_NONLAZY=1 "/usr/bin/perl" "-MExtUtils::Command::MM" "-MTest::Harness" "-e" "undef *Test::Harness::Switches; test_harness(0, 'blib/lib', 'blib/arch')" t/*.t
# Testing IPC::MorseSignals 0.17, Perl 5.032001, /usr/bin/perl
t/00-load.t ........... ok
t/02-can.t ............ ok
t/10-sigusr.t ......... ok
t/20-emitter-obj.t .... ok
t/30-receiver-obj.t ... ok
t/50-self-plain.t ..... ok
t/51-self-utf8.t ...... ok
t/52-self-storable.t .. ok
# respawn (5 lives left)
# respawn (4 lives left)
# respawn (3 lives left)
# respawn (2 lives left)
# respawn (1 lives left)
# respawn (0 lives left)

#   Failed test 'plain 2 (died : forked too many times at t/lib/IPC/MorseSignals/TestSuite.pm line 27.
# )'
#   at t/60-fork-plain.t line 19.
Use of uninitialized value $len in concatenation (.) or string at t/60-fork-plain.t line 20.
Use of uninitialized value $speed in concatenation (.) or string at t/60-fork-plain.t line 20.

#   Failed test 'plain 2 ( bits @  bauds)'
#   at t/60-fork-plain.t line 20.
# respawn (-1 lives left)

#   Failed test 'plain 3 (died : forked too many times at t/lib/IPC/MorseSignals/TestSuite.pm line 27.
# )'
#   at t/60-fork-plain.t line 19.
Use of uninitialized value $len in concatenation (.) or string at t/60-fork-plain.t line 20.
Use of uninitialized value $speed in concatenation (.) or string at t/60-fork-plain.t line 20.

#   Failed test 'plain 3 ( bits @  bauds)'
#   at t/60-fork-plain.t line 20.
# respawn (-2 lives left)

#   Failed test 'plain 4 (died : forked too many times at t/lib/IPC/MorseSignals/TestSuite.pm line 27.
# )'
#   at t/60-fork-plain.t line 19.
Use of uninitialized value $len in concatenation (.) or string at t/60-fork-plain.t line 20.
Use of uninitialized value $speed in concatenation (.) or string at t/60-fork-plain.t line 20.

#   Failed test 'plain 4 ( bits @  bauds)'
#   at t/60-fork-plain.t line 20.
# respawn (-3 lives left)

#   Failed test 'plain 5 (died : forked too many times at t/lib/IPC/MorseSignals/TestSuite.pm line 27.
# )'
#   at t/60-fork-plain.t line 19.
Use of uninitialized value $len in concatenation (.) or string at t/60-fork-plain.t line 20.
Use of uninitialized value $speed in concatenation (.) or string at t/60-fork-plain.t line 20.

#   Failed test 'plain 5 ( bits @  bauds)'
#   at t/60-fork-plain.t line 20.
# respawn (-4 lives left)

#   Failed test 'plain 6 (died : forked too many times at t/lib/IPC/MorseSignals/TestSuite.pm line 27.
# )'
#   at t/60-fork-plain.t line 19.
Use of uninitialized value $len in concatenation (.) or string at t/60-fork-plain.t line 20.
Use of uninitialized value $speed in concatenation (.) or string at t/60-fork-plain.t line 20.

#   Failed test 'plain 6 ( bits @  bauds)'
#   at t/60-fork-plain.t line 20.
# respawn (-5 lives left)

#   Failed test 'plain 7 (died : forked too many times at t/lib/IPC/MorseSignals/TestSuite.pm line 27.
# )'
#   at t/60-fork-plain.t line 19.
Use of uninitialized value $len in concatenation (.) or string at t/60-fork-plain.t line 20.
Use of uninitialized value $speed in concatenation (.) or string at t/60-fork-plain.t line 20.

#   Failed test 'plain 7 ( bits @  bauds)'
#   at t/60-fork-plain.t line 20.
# Looks like you planned 7 tests but ran 13.
# Looks like you failed 12 tests of 13 run.
t/60-fork-plain.t ..... 
Dubious, test returned 12 (wstat 3072, 0xc00)
Failed 6/7 subtests 
t/61-fork-utf8.t ...... ok
# respawn (5 lives left)
# respawn (4 lives left)
# respawn (3 lives left)
# respawn (2 lives left)
# respawn (1 lives left)
# respawn (0 lives left)

#   Failed test 'storable 1 (died : forked too many times at t/lib/IPC/MorseSignals/TestSuite.pm line 27.
# )'
#   at t/62-fork-storable.t line 21.
Use of uninitialized value $len in concatenation (.) or string at t/62-fork-storable.t line 22.
Use of uninitialized value $speed in concatenation (.) or string at t/62-fork-storable.t line 22.

#   Failed test 'storable 1 ( bits @  bauds)'
#   at t/62-fork-storable.t line 22.
# respawn (-1 lives left)

#   Failed test 'storable 2 (died : forked too many times at t/lib/IPC/MorseSignals/TestSuite.pm line 27.
# )'
#   at t/62-fork-storable.t line 21.
Use of uninitialized value $len in concatenation (.) or string at t/62-fork-storable.t line 22.
Use of uninitialized value $speed in concatenation (.) or string at t/62-fork-storable.t line 22.

#   Failed test 'storable 2 ( bits @  bauds)'
#   at t/62-fork-storable.t line 22.
# respawn (-2 lives left)

#   Failed test 'storable 3 (died : forked too many times at t/lib/IPC/MorseSignals/TestSuite.pm line 27.
# )'
#   at t/62-fork-storable.t line 21.
Use of uninitialized value $len in concatenation (.) or string at t/62-fork-storable.t line 22.
Use of uninitialized value $speed in concatenation (.) or string at t/62-fork-storable.t line 22.

#   Failed test 'storable 3 ( bits @  bauds)'
#   at t/62-fork-storable.t line 22.
# respawn (-3 lives left)

#   Failed test 'storable 4 (died : forked too many times at t/lib/IPC/MorseSignals/TestSuite.pm line 27.
# )'
#   at t/62-fork-storable.t line 21.
Use of uninitialized value $len in concatenation (.) or string at t/62-fork-storable.t line 22.
Use of uninitialized value $speed in concatenation (.) or string at t/62-fork-storable.t line 22.

#   Failed test 'storable 4 ( bits @  bauds)'
#   at t/62-fork-storable.t line 22.
# respawn (-4 lives left)

#   Failed test 'storable 5 (died : forked too many times at t/lib/IPC/MorseSignals/TestSuite.pm line 27.
# )'
#   at t/62-fork-storable.t line 21.
Use of uninitialized value $len in concatenation (.) or string at t/62-fork-storable.t line 22.
Use of uninitialized value $speed in concatenation (.) or string at t/62-fork-storable.t line 22.

#   Failed test 'storable 5 ( bits @  bauds)'
#   at t/62-fork-storable.t line 22.
# respawn (-5 lives left)

#   Failed test 'storable 6 (died : forked too many times at t/lib/IPC/MorseSignals/TestSuite.pm line 27.
# )'
#   at t/62-fork-storable.t line 21.
Use of uninitialized value $len in concatenation (.) or string at t/62-fork-storable.t line 22.
Use of uninitialized value $speed in concatenation (.) or string at t/62-fork-storable.t line 22.

#   Failed test 'storable 6 ( bits @  bauds)'
#   at t/62-fork-storable.t line 22.
# respawn (-6 lives left)

#   Failed test 'storable 7 (died : forked too many times at t/lib/IPC/MorseSignals/TestSuite.pm line 27.
# )'
#   at t/62-fork-storable.t line 21.
Use of uninitialized value $len in concatenation (.) or string at t/62-fork-storable.t line 22.
Use of uninitialized value $speed in concatenation (.) or string at t/62-fork-storable.t line 22.

#   Failed test 'storable 7 ( bits @  bauds)'
#   at t/62-fork-storable.t line 22.
# respawn (-7 lives left)

#   Failed test 'storable 8 (died : forked too many times at t/lib/IPC/MorseSignals/TestSuite.pm line 27.
# )'
#   at t/62-fork-storable.t line 21.
Use of uninitialized value $len in concatenation (.) or string at t/62-fork-storable.t line 22.
Use of uninitialized value $speed in concatenation (.) or string at t/62-fork-storable.t line 22.

#   Failed test 'storable 8 ( bits @  bauds)'
#   at t/62-fork-storable.t line 22.
# Looks like you planned 8 tests but ran 16.
# Looks like you failed 16 tests of 16 run.
t/62-fork-storable.t .. 
Dubious, test returned 16 (wstat 4096, 0x1000)
Failed 8/8 subtests 
forked too many times at t/lib/IPC/MorseSignals/TestSuite.pm line 27.
# Looks like your test exited with 4 before it could output anything.
t/70-speed.t .......... 
Dubious, test returned 4 (wstat 1024, 0x400)
Failed 6/6 subtests 

Test Summary Report
-------------------
t/60-fork-plain.t   (Wstat: 3072 (exited 12) Tests: 13 Failed: 12)
  Failed tests:  2-13
  Non-zero exit status: 12
  Parse errors: Bad plan.  You planned 7 tests but ran 13.
t/62-fork-storable.t (Wstat: 4096 (exited 16) Tests: 16 Failed: 16)
  Failed tests:  1-16
  Non-zero exit status: 16
  Parse errors: Bad plan.  You planned 8 tests but ran 16.
t/70-speed.t        (Wstat: 1024 (exited 4) Tests: 0 Failed: 0)
  Non-zero exit status: 4
  Parse errors: Bad plan.  You planned 6 tests but ran 0.
Files=12, Tests=107, 139 wallclock secs ( 0.06 usr  0.06 sys +  1.61 cusr  1.08 csys =  2.81 CPU)
Result: FAIL
Failed 3/12 test programs. 28/107 subtests failed.
*** Error 4 in /mnt/cpan_build_dir/goku/IPC-MorseSignals-0.17-0 (Makefile:906 'test_dynamic')

------------------------------
PREREQUISITES
------------------------------

Prerequisite modules loaded:

requires:

    Module              Need  Have     
    ------------------- ----- ---------
    base                0     2.27     
    Bit::MorseSignals   0.05  0.08     
    Carp                0     1.50     
    perl                5.008 5.032001 
    POSIX               0     1.94     
    Time::HiRes         0     1.9764_02

build_requires:

    Module              Need  Have     
    ------------------- ----- ---------
    ExtUtils::MakeMaker 0     7.65_01  

configure_requires:

    Module              Need  Have     
    ------------------- ----- ---------
    Config              0     5.032001 
    ExtUtils::MakeMaker 0     7.65_01  


------------------------------
ENVIRONMENT AND OTHER CONTEXT
------------------------------

Environment variables:

    AUTOMATED_TESTING = 1
    PATH = /home/goku/perl5/bin:/usr/bin:/bin:/usr/sbin:/sbin:/usr/X11R6/bin:/usr/local/bin:/usr/local/sbin
    PERL5LIB = /home/goku/perl5/lib/perl5
    PERL5OPT = 
    PERL5_CPANPLUS_IS_RUNNING = 5969
    PERL5_CPAN_IS_RUNNING = 5969
    PERL5_CPAN_IS_RUNNING_IN_RECURSION = 4138,5969
    PERL_CR_SMOKER_CURRENT = IPC-MorseSignals-0.17
    PERL_EXTUTILS_AUTOINSTALL = --defaultdeps
    PERL_LOCAL_LIB_ROOT = /home/goku/perl5
    PERL_MB_OPT = --install_base "/home/goku/perl5"
    PERL_MM_OPT = INSTALL_BASE=/home/goku/perl5
    PERL_MM_USE_DEFAULT = 1
    PERL_USE_UNSAFE_INC = 1
    SHELL = /bin/ksh
    TERM = xterm-256color

Perl special variables (and OS-specific diagnostics, for MSWin32):

    $^X = /usr/bin/perl
    $UID/$EUID = 1001 / 1001
    $GID = 1002 1002 1001
    $EGID = 1002 1002 1001

Perl module toolchain versions installed:

    Module              Have    
    ------------------- --------
    CPAN                2.34    
    CPAN::Meta          2.150010
    Cwd                 3.78    
    ExtUtils::CBuilder  0.280236
    ExtUtils::Command   7.65_01 
    ExtUtils::Install   2.20    
    ExtUtils::MakeMaker 7.65_01 
    ExtUtils::Manifest  1.73    
    ExtUtils::ParseXS   3.44    
    File::Spec          3.78    
    JSON                4.06    
    JSON::PP            4.09    
    Module::Build       0.4231  
    Module::Signature   n/a     
    Parse::CPAN::Meta   2.150010
    Test::Harness       3.44    
    Test::More          1.302190
    YAML                1.30    
    YAML::Syck          1.34    
    version             0.9929  


--

Summary of my perl5 (revision 5 version 32 subversion 1) configuration:
   
  Platform:
    osname=openbsd
    osvers=7.1
    archname=i386-openbsd
    uname='openbsd'
    config_args='-dse -Dopenbsd_distribution=defined -Dmksymlinks'
    hint=recommended
    useposix=true
    d_sigaction=define
    useithreads=undef
    usemultiplicity=undef
    use64bitint=undef
    use64bitall=undef
    uselongdouble=undef
    usemymalloc=n
    default_inc_excludes_dot=define
    bincompat5005=undef
  Compiler:
    cc='cc'
    ccflags ='-DNO_LOCALE_NUMERIC -DNO_LOCALE_COLLATE -fno-strict-aliasing -fno-delete-null-pointer-checks -pipe -fstack-protector-strong -I/usr/local/include'
    optimize='-O2'
    cppflags='-DBIG_TIME -DNO_LOCALE_NUMERIC -DNO_LOCALE_COLLATE -fno-strict-aliasing -fno-delete-null-pointer-checks -pipe -fstack-protector-strong -I/usr/local/include'
    ccversion=''
    gccversion='OpenBSD Clang 13.0.0'
    gccosandvers=''
    intsize=4
    longsize=4
    ptrsize=4
    doublesize=8
    byteorder=1234
    doublekind=3
    d_longlong=define
    longlongsize=8
    d_longdbl=define
    longdblsize=12
    longdblkind=3
    ivtype='long'
    ivsize=4
    nvtype='double'
    nvsize=8
    Off_t='off_t'
    lseeksize=8
    alignbytes=4
    prototype=define
  Linker and Libraries:
    ld='cc'
    ldflags ='-Wl,-E  -fstack-protector-strong -L/usr/local/lib'
    libpth=/usr/lib /usr/lib/clang/13.0.0/lib /usr/lib
    libs=-lm -lc
    perllibs=-lm -lc
    libc=/usr/lib/libc.so.96.1
    so=so
    useshrplib=true
    libperl=libperl.so.22.0
    gnulibc_version=''
  Dynamic Linking:
    dlsrc=dl_dlopen.xs
    dlext=so
    d_dlsymun=undef
    ccdlflags='-Wl,-R/usr/libdata/perl5/i386-openbsd/CORE'
    cccdlflags='-DPIC -fpic '
    lddlflags='-shared -fpic  -fstack-protector-strong -L/usr/local/lib'


Characteristics of this binary (from libperl): 
  Compile-time options:
    HAS_TIMES
    PERLIO_LAYERS
    PERL_COPY_ON_WRITE
    PERL_DONT_CREATE_GVSV
    PERL_MALLOC_WRAP
    PERL_OP_PARENT
    PERL_PRESERVE_IVUV
    USE_LARGE_FILES
    USE_LOCALE
    USE_LOCALE_CTYPE
    USE_LOCALE_TIME
    USE_PERLIO
    USE_PERL_ATOF
  Built under openbsd
  %ENV:
    PERL5LIB="/home/goku/perl5/lib/perl5"
    PERL5OPT=""
    PERL5_CPANPLUS_IS_RUNNING="5969"
    PERL5_CPAN_IS_RUNNING="5969"
    PERL5_CPAN_IS_RUNNING_IN_RECURSION="4138,5969"
    PERL_CR_SMOKER_CURRENT="IPC-MorseSignals-0.17"
    PERL_EXTUTILS_AUTOINSTALL="--defaultdeps"
    PERL_LOCAL_LIB_ROOT="/home/goku/perl5"
    PERL_MB_OPT="--install_base "/home/goku/perl5""
    PERL_MM_OPT="INSTALL_BASE=/home/goku/perl5"
    PERL_MM_USE_DEFAULT="1"
    PERL_USE_UNSAFE_INC="1"
  @INC:
    /home/goku/perl5/lib/perl5/i386-openbsd
    /home/goku/perl5/lib/perl5
    /usr/local/libdata/perl5/site_perl/i386-openbsd
    /usr/local/libdata/perl5/site_perl
    /usr/libdata/perl5/i386-openbsd
    /usr/libdata/perl5
    .