JSON-API vv1.1.1 Perl 5 v5.8.8 x86_64-linux
- Status
- Fail
- From
- Andreas J. König (ANDK)
- Dist
-
JSON-API vv1.1.1
- Platform
- Perl 5 v5.8.8 x86_64-linux
- Date
- 2019-07-01 13:44:55
- ID
- 691e451e-9c06-11e9-a6f7-4e18054b919f
This distribution has been tested as part of the CPAN Testers
project, supporting the Perl programming language. See
http://wiki.cpantesters.org/ for more information or email
questions to cpan-testers-discuss@perl.org
--
Dear Geoff Franks,
This is a computer-generated report for JSON-API-v1.1.1
on perl 5.8.8, created by CPAN-Reporter-1.2018.
Thank you for uploading your work to CPAN. However, there was a problem
testing your distribution.
If you think this report is invalid, please consult the CPAN Testers Wiki
for suggestions on how to avoid getting FAIL reports for missing library
or binary dependencies, unsupported operating systems, and so on:
http://wiki.cpantesters.org/wiki/CPANAuthorNotes
Sections of this report:
* Tester comments
* Program output
* Prerequisites
* Environment and other context
------------------------------
TESTER COMMENTS
------------------------------
Additional comments from tester:
this report is from an automated smoke testing program
and was not reviewed by a human for accuracy
------------------------------
PROGRAM OUTPUT
------------------------------
Output from './Build test':
t/000_pod.t ... ok
t/001_load.t .. ok
# Failed test 'Invalid object sent for serialization returns undef'
# at t/core.t line 54.
# got: '"asdf"'
# expected: undef
# Failed test 'Bad encode sets proper errstr'
# at t/core.t line 55.
# got: ''
# expected: 'hash- or arrayref expected (not a simple scalar, use allow_nonref to allow this)'
# Looks like you failed 2 tests of 24.
t/core.t ......
Dubious, test returned 2 (wstat 512, 0x200)
Failed 2/24 subtests
# Failed test 'Scalar context for /put_invalid_json bails before request'
# at t/requests.t line 17.
# Structures begin differing at:
# $got->{code} = 'success'
# $expected->{code} = Does not exist
# Failed test 'List context HTTP Code for /put_invalid_json bails before request should return 500'
# at t/requests.t line 19.
# got: '200'
# expected: '500'
# Failed test 'List context response for /put_invalid_json bails before request'
# at t/requests.t line 20.
# Structures begin differing at:
# $got->{code} = 'success'
# $expected->{code} = Does not exist
# Looks like you failed 3 tests of 35.
t/requests.t ..
Dubious, test returned 3 (wstat 768, 0x300)
Failed 3/35 subtests
Test Summary Report
-------------------
t/core.t (Wstat: 512 Tests: 24 Failed: 2)
Failed tests: 9-10
Non-zero exit status: 2
t/requests.t (Wstat: 768 Tests: 35 Failed: 3)
Failed tests: 20-22
Non-zero exit status: 3
Files=4, Tests=70, 1 wallclock secs ( 0.02 usr 0.03 sys + 0.58 cusr 0.13 csys = 0.76 CPU)
Result: FAIL
Failed 2/4 test programs. 5/70 subtests failed.
------------------------------
PREREQUISITES
------------------------------
Prerequisite modules loaded:
requires:
Module Need Have
------------------- ---- --------
JSON 0 4.02
LWP::UserAgent 0 6.38
URI::Encode 0 1.1.1
build_requires:
Module Need Have
------------------- ---- --------
IO::Capture 0 0.05
JSON 0 4.02
LWP::UserAgent 0 6.38
Test::Fake::HTTPD 0 0.08
Test::More 0 1.302162
Test::Pod::Coverage 0 1.10
configure_requires:
Module Need Have
------------------- ---- --------
Module::Build 0.38 0.4224
------------------------------
ENVIRONMENT AND OTHER CONTEXT
------------------------------
Environment variables:
AUTOMATED_TESTING = 1
LANG = en_US.UTF-8
PATH = /home/sand/bin:/usr/local/bin:/usr/bin:/bin:/usr/games:/usr/local/perl/bin:/usr/X11/bin:/sbin:/usr/sbin
PERL5LIB =
PERL5OPT =
PERL5_CPANPLUS_IS_RUNNING = 20728
PERL5_CPAN_IS_RUNNING = 20728
PERL_CANARY_STABILITY_NOPROMPT = 1
PERL_MM_USE_DEFAULT = 1
PERL_USE_UNSAFE_INC = 1
SHELL = /usr/bin/zsh
TERM = screen
Perl special variables (and OS-specific diagnostics, for MSWin32):
$^X = /home/sand/src/perl/repoperls/installed-perls/host/k93msid/perl-5.8.8/6fdb/bin/perl
$UID/$EUID = 1005 / 1005
$GID = 1005 1005
$EGID = 1005 1005
Perl module toolchain versions installed:
Module Have
------------------- --------
CPAN 2.25
CPAN::Meta 2.150010
Cwd 3.75
ExtUtils::CBuilder 0.280231
ExtUtils::Command 7.37_02
ExtUtils::Install 2.06
ExtUtils::MakeMaker 7.37_02
ExtUtils::Manifest 1.70
ExtUtils::ParseXS 3.35
File::Spec 3.75
JSON 4.02
JSON::PP 4.03
Module::Build 0.4224
Module::Signature 0.83
Parse::CPAN::Meta 2.150010
Test::Harness 3.42
Test::More 1.302162
YAML 1.29
YAML::Syck 1.31
version 0.9924
--
Summary of my perl5 (revision 5 version 8 subversion 8) configuration:
Platform:
osname=linux, osvers=4.18.0-2-amd64, archname=x86_64-linux
uname='linux k93msid 4.18.0-2-amd64 #1 smp debian 4.18.10-2 (2018-10-07) x86_64 gnulinux '
config_args='-Dprefix=/home/sand/src/perl/repoperls/installed-perls/host/k93msid/perl-5.8.8/6fdb -Dmyhostname=k93msid -Dinstallusrbinperl=n -Uversiononly -Dusedevel -des -Ui_db -Dlibswanted=cl pthread socket inet nsl gdbm dbm malloc dl ld sun m crypt sec util c cposix posix ucb BSD gdbm_compat -Uuseithreads -Uuselongdouble -Doptimize=-g'
hint=recommended, useposix=true, d_sigaction=define
usethreads=undef use5005threads=undef useithreads=undef usemultiplicity=undef
useperlio=define d_sfio=undef uselargefiles=define usesocks=undef
use64bitint=define use64bitall=define uselongdouble=undef
usemymalloc=n, bincompat5005=undef
Compiler:
cc='cc', ccflags ='-DDEBUGGING -fno-strict-aliasing -pipe -Wdeclaration-after-statement -I/usr/local/include -D_LARGEFILE_SOURCE -D_FILE_OFFSET_BITS=64',
optimize='-g',
cppflags='-DDEBUGGING -fno-strict-aliasing -pipe -Wdeclaration-after-statement -I/usr/local/include'
ccversion='', gccversion='8.2.0', gccosandvers=''
intsize=4, longsize=8, ptrsize=8, doublesize=8, byteorder=12345678
d_longlong=define, longlongsize=8, d_longdbl=define, longdblsize=16
ivtype='long', ivsize=8, nvtype='double', nvsize=8, Off_t='off_t', lseeksize=8
alignbytes=8, prototype=define
Linker and Libraries:
ld='cc', ldflags =' -L/usr/local/lib'
libpth=/usr/local/lib /lib/x86_64-linux-gnu /lib/../lib /usr/lib/x86_64-linux-gnu /usr/lib/../lib /lib /usr/lib
libs=-lpthread -lnsl -ldl -lm -lcrypt -lutil -lc
perllibs=-lpthread -lnsl -ldl -lm -lcrypt -lutil -lc
libc=libc-2.27.so, so=so, useshrplib=false, libperl=libperl.a
gnulibc_version='2.27'
Dynamic Linking:
dlsrc=dl_dlopen.xs, dlext=so, d_dlsymun=undef, ccdlflags='-Wl,-E'
cccdlflags='-fpic', lddlflags='-shared -L/usr/local/lib'
Characteristics of this binary (from libperl):
Compile-time options: DEBUGGING PERL_MALLOC_WRAP USE_64_BIT_ALL
USE_64_BIT_INT USE_LARGE_FILES USE_PERLIO
Built under linux
Compiled at Dec 1 2018 02:39:29
%ENV:
PERL5LIB=""
PERL5OPT=""
PERL5_CPANPLUS_IS_RUNNING="20728"
PERL5_CPAN_IS_RUNNING="20728"
PERL_CANARY_STABILITY_NOPROMPT="1"
PERL_MM_USE_DEFAULT="1"
PERL_USE_UNSAFE_INC="1"
@INC:
/home/sand/src/perl/repoperls/installed-perls/host/k93msid/perl-5.8.8/6fdb/lib/5.8.8/x86_64-linux
/home/sand/src/perl/repoperls/installed-perls/host/k93msid/perl-5.8.8/6fdb/lib/5.8.8
/home/sand/src/perl/repoperls/installed-perls/host/k93msid/perl-5.8.8/6fdb/lib/site_perl/5.8.8/x86_64-linux
/home/sand/src/perl/repoperls/installed-perls/host/k93msid/perl-5.8.8/6fdb/lib/site_perl/5.8.8
/home/sand/src/perl/repoperls/installed-perls/host/k93msid/perl-5.8.8/6fdb/lib/site_perl
.