Report for String-Gsub-0.04

Back
From: metabase:user:20a45eae-6c1a-1014-abaf-4bc2b30e56df
Subject: FAIL String-Gsub-0.04 v5.14.1 Windows (Cygwin)
Date: 2011-08-31T07:33:18Z

This distribution has been tested as part of the CPAN Testers
project, supporting the Perl programming language.  See
http://wiki.cpantesters.org/ for more information or email
questions to cpan-testers-discuss@perl.org


--
Dear YAMASHINA Hio,

This is a computer-generated report for String-Gsub-0.04
on perl 5.14.1, created by CPAN-Reporter-1.2002.

Thank you for uploading your work to CPAN.  However, there was a problem
testing your distribution.

If you think this report is invalid, please consult the CPAN Testers Wiki
for suggestions on how to avoid getting FAIL reports for missing library
or binary dependencies, unsupported operating systems, and so on:

http://wiki.cpantesters.org/wiki/CPANAuthorNotes

Sections of this report:

    * Tester comments
    * Program output
    * Prerequisites
    * Environment and other context

------------------------------
TESTER COMMENTS
------------------------------

Additional comments from tester:

this report is from an automated smoke testing program
and was not reviewed by a human for accuracy

------------------------------
PROGRAM OUTPUT
------------------------------

Output from '/usr/bin/make test':

PERL_DL_NONLAZY=1 /opt/perl/inst/perl-5.14.1-cygwin-multi-64int/bin/perl5.14.1.exe "-MExtUtils::Command::MM" "-e" "test_harness(0, 'blib/lib', 'blib/arch')" t/*.t
# Testing String::Gsub 0.04, Perl 5.014001, /opt/perl/inst/perl-5.14.1-cygwin-multi-64int/bin/perl5.14.1
t/00-load.t ......... ok
t/boilerplate.t ..... ok
t/gsub-functions.t .. ok

#   Failed test 'gsub result'
#   at t/gsub.t line 17.
# An error occurred while using eq:
# ------------------------------------
# Operation "eq": no method found,
# 	left argument in overloaded package String::Gsub,
# 	right argument has no overloaded magic at (eval in cmp_ok) t/gsub.t line 17.
# 
# ------------------------------------
#          got: 'aBcaBc'
#     expected: 'aBcaBc'

#   Failed test 'gsub returns new object'
#   at t/gsub.t line 18.
# An error occurred while using ne:
# ------------------------------------
# Operation "ne": no method found,
# 	left argument in overloaded package String::Gsub,
# 	right argument in overloaded package String::Gsub at (eval in cmp_ok) t/gsub.t line 18.
# 
# ------------------------------------
#          got: 'aBcaBc'
#     expected: anything else

#   Failed test 'gsub twice'
#   at t/gsub.t line 20.
# An error occurred while using eq:
# ------------------------------------
# Operation "eq": no method found,
# 	left argument in overloaded package String::Gsub,
# 	right argument has no overloaded magic at (eval in cmp_ok) t/gsub.t line 20.
# 
# ------------------------------------
#          got: 'AbCAbC'
#     expected: 'AbCAbC'

#   Failed test 'gsub doesnt change original'
#   at t/gsub.t line 21.
# An error occurred while using eq:
# ------------------------------------
# Operation "eq": no method found,
# 	left argument in overloaded package String::Gsub,
# 	right argument has no overloaded magic at (eval in cmp_ok) t/gsub.t line 21.
# 
# ------------------------------------
#          got: 'abcabc'
#     expected: 'abcabc'

#   Failed test 'gsubx result'
#   at t/gsub.t line 28.
# An error occurred while using eq:
# ------------------------------------
# Operation "eq": no method found,
# 	left argument in overloaded package String::Gsub,
# 	right argument has no overloaded magic at (eval in cmp_ok) t/gsub.t line 28.
# 
# ------------------------------------
#          got: 'aBcaBc'
#     expected: 'aBcaBc'

#   Failed test 'gsubx returns itself'
#   at t/gsub.t line 29.
# An error occurred while using eq:
# ------------------------------------
# Operation "eq": no method found,
# 	left argument in overloaded package String::Gsub,
# 	right argument in overloaded package String::Gsub at (eval in cmp_ok) t/gsub.t line 29.
# 
# ------------------------------------
#          got: 'aBcaBc'
#     expected: 'aBcaBc'

#   Failed test 'gsubx changes original'
#   at t/gsub.t line 30.
# An error occurred while using eq:
# ------------------------------------
# Operation "eq": no method found,
# 	left argument in overloaded package String::Gsub,
# 	right argument has no overloaded magic at (eval in cmp_ok) t/gsub.t line 30.
# 
# ------------------------------------
#          got: 'aBcaBc'
#     expected: 'aBcaBc'

#   Failed test 'sub result'
#   at t/gsub.t line 37.
# An error occurred while using eq:
# ------------------------------------
# Operation "eq": no method found,
# 	left argument in overloaded package String::Gsub,
# 	right argument has no overloaded magic at (eval in cmp_ok) t/gsub.t line 37.
# 
# ------------------------------------
#          got: 'aBcabc'
#     expected: 'aBcabc'

#   Failed test 'sub returns new object'
#   at t/gsub.t line 38.
# An error occurred while using ne:
# ------------------------------------
# Operation "ne": no method found,
# 	left argument in overloaded package String::Gsub,
# 	right argument in overloaded package String::Gsub at (eval in cmp_ok) t/gsub.t line 38.
# 
# ------------------------------------
#          got: 'aBcabc'
#     expected: anything else

#   Failed test 'sub twice'
#   at t/gsub.t line 40.
# An error occurred while using eq:
# ------------------------------------
# Operation "eq": no method found,
# 	left argument in overloaded package String::Gsub,
# 	right argument has no overloaded magic at (eval in cmp_ok) t/gsub.t line 40.
# 
# ------------------------------------
#          got: 'AbCabc'
#     expected: 'AbCabc'

#   Failed test 'sub doesnt change original'
#   at t/gsub.t line 41.
# An error occurred while using eq:
# ------------------------------------
# Operation "eq": no method found,
# 	left argument in overloaded package String::Gsub,
# 	right argument has no overloaded magic at (eval in cmp_ok) t/gsub.t line 41.
# 
# ------------------------------------
#          got: 'abcabc'
#     expected: 'abcabc'

#   Failed test 'subx result'
#   at t/gsub.t line 48.
# An error occurred while using eq:
# ------------------------------------
# Operation "eq": no method found,
# 	left argument in overloaded package String::Gsub,
# 	right argument has no overloaded magic at (eval in cmp_ok) t/gsub.t line 48.
# 
# ------------------------------------
#          got: 'aBcabc'
#     expected: 'aBcabc'

#   Failed test 'subx returns itself'
#   at t/gsub.t line 49.
# An error occurred while using eq:
# ------------------------------------
# Operation "eq": no method found,
# 	left argument in overloaded package String::Gsub,
# 	right argument in overloaded package String::Gsub at (eval in cmp_ok) t/gsub.t line 49.
# 
# ------------------------------------
#          got: 'aBcabc'
#     expected: 'aBcabc'

#   Failed test 'subx changes original'
#   at t/gsub.t line 50.
# An error occurred while using eq:
# ------------------------------------
# Operation "eq": no method found,
# 	left argument in overloaded package String::Gsub,
# 	right argument has no overloaded magic at (eval in cmp_ok) t/gsub.t line 50.
# 
# ------------------------------------
#          got: 'aBcabc'
#     expected: 'aBcabc'
# Looks like you failed 14 tests of 16.
t/gsub.t ............ 
Dubious, test returned 14 (wstat 3584, 0xe00)
Failed 14/16 subtests 
t/pod-coverage.t .... ok
t/pod.t ............. ok

#   Failed test 'gsub result'
#   at t/string-pattern.t line 21.
# An error occurred while using eq:
# ------------------------------------
# Operation "eq": no method found,
# 	left argument in overloaded package String::Gsub,
# 	right argument has no overloaded magic at (eval in cmp_ok) t/string-pattern.t line 21.
# 
# ------------------------------------
#          got: 'a(b)ca(b)c'
#     expected: 'a(b)ca(b)c'

#   Failed test 'gsub returns new object'
#   at t/string-pattern.t line 22.
# An error occurred while using ne:
# ------------------------------------
# Operation "ne": no method found,
# 	left argument in overloaded package String::Gsub,
# 	right argument in overloaded package String::Gsub at (eval in cmp_ok) t/string-pattern.t line 22.
# 
# ------------------------------------
#          got: 'a(b)ca(b)c'
#     expected: anything else

#   Failed test 'gsub doesnt change original'
#   at t/string-pattern.t line 23.
# An error occurred while using eq:
# ------------------------------------
# Operation "eq": no method found,
# 	left argument in overloaded package String::Gsub,
# 	right argument has no overloaded magic at (eval in cmp_ok) t/string-pattern.t line 23.
# 
# ------------------------------------
#          got: 'abcabc'
#     expected: 'abcabc'

#   Failed test 'gsubx result'
#   at t/string-pattern.t line 30.
# An error occurred while using eq:
# ------------------------------------
# Operation "eq": no method found,
# 	left argument in overloaded package String::Gsub,
# 	right argument has no overloaded magic at (eval in cmp_ok) t/string-pattern.t line 30.
# 
# ------------------------------------
#          got: 'a(b)ca(b)c'
#     expected: 'a(b)ca(b)c'

#   Failed test 'gsubx returns itself'
#   at t/string-pattern.t line 31.
# An error occurred while using eq:
# ------------------------------------
# Operation "eq": no method found,
# 	left argument in overloaded package String::Gsub,
# 	right argument in overloaded package String::Gsub at (eval in cmp_ok) t/string-pattern.t line 31.
# 
# ------------------------------------
#          got: 'a(b)ca(b)c'
#     expected: 'a(b)ca(b)c'

#   Failed test 'gsubx changes original'
#   at t/string-pattern.t line 32.
# An error occurred while using eq:
# ------------------------------------
# Operation "eq": no method found,
# 	left argument in overloaded package String::Gsub,
# 	right argument has no overloaded magic at (eval in cmp_ok) t/string-pattern.t line 32.
# 
# ------------------------------------
#          got: 'a(b)ca(b)c'
#     expected: 'a(b)ca(b)c'

#   Failed test 'sub result'
#   at t/string-pattern.t line 39.
# An error occurred while using eq:
# ------------------------------------
# Operation "eq": no method found,
# 	left argument in overloaded package String::Gsub,
# 	right argument has no overloaded magic at (eval in cmp_ok) t/string-pattern.t line 39.
# 
# ------------------------------------
#          got: 'a(b)cabc'
#     expected: 'a(b)cabc'

#   Failed test 'sub returns new object'
#   at t/string-pattern.t line 40.
# An error occurred while using ne:
# ------------------------------------
# Operation "ne": no method found,
# 	left argument in overloaded package String::Gsub,
# 	right argument in overloaded package String::Gsub at (eval in cmp_ok) t/string-pattern.t line 40.
# 
# ------------------------------------
#          got: 'a(b)cabc'
#     expected: anything else

#   Failed test 'sub doesnt change original'
#   at t/string-pattern.t line 41.
# An error occurred while using eq:
# ------------------------------------
# Operation "eq": no method found,
# 	left argument in overloaded package String::Gsub,
# 	right argument has no overloaded magic at (eval in cmp_ok) t/string-pattern.t line 41.
# 
# ------------------------------------
#          got: 'abcabc'
#     expected: 'abcabc'

#   Failed test 'subx result'
#   at t/string-pattern.t line 48.
# An error occurred while using eq:
# ------------------------------------
# Operation "eq": no method found,
# 	left argument in overloaded package String::Gsub,
# 	right argument has no overloaded magic at (eval in cmp_ok) t/string-pattern.t line 48.
# 
# ------------------------------------
#          got: 'a(b)cabc'
#     expected: 'a(b)cabc'

#   Failed test 'subx returns itself'
#   at t/string-pattern.t line 49.
# An error occurred while using eq:
# ------------------------------------
# Operation "eq": no method found,
# 	left argument in overloaded package String::Gsub,
# 	right argument in overloaded package String::Gsub at (eval in cmp_ok) t/string-pattern.t line 49.
# 
# ------------------------------------
#          got: 'a(b)cabc'
#     expected: 'a(b)cabc'

#   Failed test 'subx changes original'
#   at t/string-pattern.t line 50.
# An error occurred while using eq:
# ------------------------------------
# Operation "eq": no method found,
# 	left argument in overloaded package String::Gsub,
# 	right argument has no overloaded magic at (eval in cmp_ok) t/string-pattern.t line 50.
# 
# ------------------------------------
#          got: 'a(b)cabc'
#     expected: 'a(b)cabc'

#   Failed test 'argument of match callback'
#   at t/string-pattern.t line 57.
# An error occurred while using eq:
# ------------------------------------
# Operation "eq": no method found,
# 	left argument in overloaded package String::Gsub,
# 	right argument has no overloaded magic at (eval in cmp_ok) t/string-pattern.t line 57.
# 
# ------------------------------------
#          got: 'aBcaBc'
#     expected: 'aBcaBc'

#   Failed test 'gsub match value'
#   at t/string-pattern.t line 64.
# An error occurred while using eq:
# ------------------------------------
# Operation "eq": no method found,
# 	left argument in overloaded package String::Gsub,
# 	right argument has no overloaded magic at (eval in cmp_ok) t/string-pattern.t line 64.
# 
# ------------------------------------
#          got: 'a(b)ca(b)c'
#     expected: 'a(b)ca(b)c'

#   Failed test 'gsub prematch value'
#   at t/string-pattern.t line 68.
# An error occurred while using eq:
# ------------------------------------
# Operation "eq": no method found,
# 	left argument in overloaded package String::Gsub,
# 	right argument has no overloaded magic at (eval in cmp_ok) t/string-pattern.t line 68.
# 
# ------------------------------------
#          got: 'a(a)ca(abca)c'
#     expected: 'a(a)ca(abca)c'

#   Failed test 'gsub postmatch value'
#   at t/string-pattern.t line 72.
# An error occurred while using eq:
# ------------------------------------
# Operation "eq": no method found,
# 	left argument in overloaded package String::Gsub,
# 	right argument has no overloaded magic at (eval in cmp_ok) t/string-pattern.t line 72.
# 
# ------------------------------------
#          got: 'a(cabc)ca(c)c'
#     expected: 'a(cabc)ca(c)c'

#   Failed test '. matches just `.''
#   at t/string-pattern.t line 79.
# An error occurred while using eq:
# ------------------------------------
# Operation "eq": no method found,
# 	left argument in overloaded package String::Gsub,
# 	right argument has no overloaded magic at (eval in cmp_ok) t/string-pattern.t line 79.
# 
# ------------------------------------
#          got: 'abc(.)abc(.)'
#     expected: 'abc(.)abc(.)'
# Looks like you failed 17 tests of 17.
t/string-pattern.t .. 
Dubious, test returned 17 (wstat 4352, 0x1100)
Failed 17/17 subtests 

Test Summary Report
-------------------
t/gsub.t          (Wstat: 3584 Tests: 16 Failed: 14)
  Failed tests:  1-2, 4-10, 12-16
  Non-zero exit status: 14
t/string-pattern.t (Wstat: 4352 Tests: 17 Failed: 17)
  Failed tests:  1-17
  Non-zero exit status: 17
Files=7, Tests=58,  9 wallclock secs ( 0.70 usr  0.12 sys +  1.55 cusr  1.60 csys =  3.98 CPU)
Result: FAIL
Failed 2/7 test programs. 31/58 subtests failed.
make: *** [test_dynamic] Error 17

------------------------------
PREREQUISITES
------------------------------

Prerequisite modules loaded:

requires:

    Module              Need Have   
    ------------------- ---- -------
    Exporter            0    5.64_03
    Test::More          0    0.98   

build_requires:

    Module              Need Have   
    ------------------- ---- -------
    ExtUtils::MakeMaker 0    6.59   


------------------------------
ENVIRONMENT AND OTHER CONTEXT
------------------------------

Environment variables:

    AUTOMATED_TESTING = 1
    COMSPEC = C:\WINDOWS\system32\cmd.exe
    NUMBER_OF_PROCESSORS = 4
    PATH = /opt/perl/inst/perl-5.14.1-cygwin-multi-64int/local/bin:/opt/perl/inst/perl-5.14.1-cygwin-multi-64int/bin:/usr/local/bin:/usr/bin
    PERL5LIB = /opt/perl/inst/perl-5.14.1-cygwin-multi-64int/local/lib/site_perl:/opt/perl/inst/perl-5.14.1-cygwin-multi-64int/local/lib/perl5:/opt/perl/inst/perl-5.14.1-cygwin-multi-64int/local/lib
    PERL5OPT = 
    PERL5_CPANPLUS_IS_RUNNING = 5584
    PERL5_CPAN_IS_RUNNING = 5584
    PERL_EXTUTILS_AUTOINSTALL = 1
    PERL_MM_USE_DEFAULT = 1
    PERL_TEST_CRITIC = 1
    PROCESSOR_IDENTIFIER = x86 Family 6 Model 37 Stepping 5, GenuineIntel
    TEMP = /tmp
    TERM = cygwin

Perl special variables (and OS-specific diagnostics, for MSWin32):

    $^X = /opt/perl/inst/perl-5.14.1-cygwin-multi-64int/bin/perl5.14.1
    $UID/$EUID = 22755 / 22755
    $GID = 10513 0 544 545 555 1004 10571 43588 44771 44776 47153 45205 10513 51781 18818 43061 18761 56667 12652 12669 12778 42734 20077 51528 11073 51645 61702 17963 51289 43366 55368 57206 20667 20955 49381 50556 23333 65644 65646 51916 51926 51837 45099 30321 49625 31369 67201 45094
    $EGID = 10513 0 544 545 555 1004 10571 43588 44771 44776 47153 45205 10513 51781 18818 43061 18761 56667 12652 12669 12778 42734 20077 51528 11073 51645 61702 17963 51289 43366 55368 57206 20667 20955 49381 50556 23333 65644 65646 51916 51926 51837 45099 30321 49625 31369 67201 45094

Perl module toolchain versions installed:

    Module              Have    
    ------------------- --------
    CPAN                1.9800  
    CPAN::Meta          2.112150
    Cwd                 3.36    
    ExtUtils::CBuilder  0.280203
    ExtUtils::Command   1.17    
    ExtUtils::Install   1.56    
    ExtUtils::MakeMaker 6.59    
    ExtUtils::Manifest  1.58    
    ExtUtils::ParseXS   3.03    
    File::Spec          3.33    
    JSON                2.53    
    JSON::PP            2.27105 
    Module::Build       0.3800  
    Module::Signature   0.68    
    Parse::CPAN::Meta   1.4401  
    Test::Harness       3.23    
    Test::More          0.98    
    YAML                0.73    
    YAML::Syck          1.17    
    version             0.88    


--

Summary of my perl5 (revision 5 version 14 subversion 1) configuration:
   
  Platform:
    osname=cygwin, osvers=1.7.9(0.23753), archname=cygwin-multi-64int
    uname='cygwin_nt-5.1 los116 1.7.9(0.23753) 2011-03-29 10:10 i686 cygwin '
    config_args='-de -Dcc=gcc-4 -Dprefix=/opt/perl/inst/perl-5.14.1-cygwin-multi-64int -Dperladmin=pjacklam@online.no -Dusedevel -Dmksymlinks -Uusethreads -Dusemultiplicity -Duse64bitint'
    hint=recommended, useposix=true, d_sigaction=define
    useithreads=undef, usemultiplicity=define
    useperlio=define, d_sfio=undef, uselargefiles=define, usesocks=undef
    use64bitint=define, use64bitall=undef, uselongdouble=undef
    usemymalloc=y, bincompat5005=undef
  Compiler:
    cc='gcc-4', ccflags ='-DPERL_USE_SAFE_PUTENV -U__STRICT_ANSI__ -fno-strict-aliasing -pipe -fstack-protector',
    optimize='-O3',
    cppflags='-DPERL_USE_SAFE_PUTENV -U__STRICT_ANSI__ -fno-strict-aliasing -pipe -fstack-protector'
    ccversion='', gccversion='4.3.4 20090804 (release) 1', gccosandvers=''
    intsize=4, longsize=4, ptrsize=4, doublesize=8, byteorder=12345678
    d_longlong=define, longlongsize=8, d_longdbl=define, longdblsize=12
    ivtype='long long', ivsize=8, nvtype='double', nvsize=8, Off_t='off_t', lseeksize=8
    alignbytes=8, prototype=define
  Linker and Libraries:
    ld='g++', ldflags =' -Wl,--enable-auto-import -Wl,--export-all-symbols -Wl,--enable-auto-image-base -fstack-protector -L/usr/local/lib'
    libpth=/usr/local/lib /usr/lib /lib
    libs=-lgdbm -ldb -ldl -lcrypt -lgdbm_compat
    perllibs=-ldl -lcrypt
    libc=/usr/lib/libc.a, so=dll, useshrplib=true, libperl=cygperl5_14_1.dll
    gnulibc_version=''
  Dynamic Linking:
    dlsrc=dl_dlopen.xs, dlext=dll, d_dlsymun=undef, ccdlflags=' '
    cccdlflags=' ', lddlflags=' --shared  -Wl,--enable-auto-import -Wl,--export-all-symbols -Wl,--enable-auto-image-base -L/usr/local/lib -fstack-protector'


Characteristics of this binary (from libperl): 
  Compile-time options: MULTIPLICITY MYMALLOC PERL_DONT_CREATE_GVSV
                        PERL_IMPLICIT_CONTEXT PERL_MALLOC_WRAP
                        PERL_PRESERVE_IVUV PERL_USE_DEVEL
                        PERL_USE_SAFE_PUTENV USE_64_BIT_INT USE_LARGE_FILES
                        USE_PERLIO USE_PERL_ATOF
  Built under cygwin
  Compiled at Aug  6 2011 16:36:46
  %ENV:
    PERL5LIB="/opt/perl/inst/perl-5.14.1-cygwin-multi-64int/local/lib/site_perl:/opt/perl/inst/perl-5.14.1-cygwin-multi-64int/local/lib/perl5:/opt/perl/inst/perl-5.14.1-cygwin-multi-64int/local/lib"
    PERL5OPT=""
    PERL5_CPANPLUS_IS_RUNNING="5584"
    PERL5_CPAN_IS_RUNNING="5584"
    PERL_EXTUTILS_AUTOINSTALL="1"
    PERL_MM_USE_DEFAULT="1"
    PERL_TEST_CRITIC="1"
    CYGWIN="codepage:utf8 nodosfilewarning"
  @INC:
    /opt/perl/inst/perl-5.14.1-cygwin-multi-64int/local/lib/site_perl/5.14.1/cygwin-multi-64int
    /opt/perl/inst/perl-5.14.1-cygwin-multi-64int/local/lib/site_perl/5.14.1
    /opt/perl/inst/perl-5.14.1-cygwin-multi-64int/local/lib/site_perl
    /opt/perl/inst/perl-5.14.1-cygwin-multi-64int/local/lib/perl5/cygwin-multi-64int
    /opt/perl/inst/perl-5.14.1-cygwin-multi-64int/local/lib/perl5
    /opt/perl/inst/perl-5.14.1-cygwin-multi-64int/local/lib/5.14.1/cygwin-multi-64int
    /opt/perl/inst/perl-5.14.1-cygwin-multi-64int/local/lib/5.14.1
    /opt/perl/inst/perl-5.14.1-cygwin-multi-64int/local/lib
    /opt/perl/inst/perl-5.14.1-cygwin-multi-64int/lib/site_perl/5.14.1/cygwin-multi-64int
    /opt/perl/inst/perl-5.14.1-cygwin-multi-64int/lib/site_perl/5.14.1
    /opt/perl/inst/perl-5.14.1-cygwin-multi-64int/lib/5.14.1/cygwin-multi-64int
    /opt/perl/inst/perl-5.14.1-cygwin-multi-64int/lib/5.14.1
    .