Report for Gtk2-1.24992

Back
From: metabase:user:335852aa-f82e-11e5-bdcc-0c73bd8c6fc3
Subject: FAIL Gtk2-1.24992 v5.24.1 GNU/Linux
Date: 2017-04-22T19:03:44Z

This distribution has been tested as part of the CPAN Testers
project, supporting the Perl programming language.  See
http://wiki.cpantesters.org/ for more information or email
questions to cpan-testers-discuss@perl.org


--
Dear Brian Manning,

This is a computer-generated report for Gtk2-1.24992
on perl 5.24.1, created by CPAN-Reporter-1.2018.

Thank you for uploading your work to CPAN.  However, there was a problem
testing your distribution.

If you think this report is invalid, please consult the CPAN Testers Wiki
for suggestions on how to avoid getting FAIL reports for missing library
or binary dependencies, unsupported operating systems, and so on:

http://wiki.cpantesters.org/wiki/CPANAuthorNotes

Sections of this report:

    * Tester comments
    * Program output
    * Prerequisites
    * Environment and other context

------------------------------
TESTER COMMENTS
------------------------------

Additional comments from tester:

none provided

------------------------------
PROGRAM OUTPUT
------------------------------

Output from '/usr/bin/make test':

"/usr/bin/perl" -MExtUtils::Command::MM -e 'cp_nonempty' -- Gtk2.bs blib/arch/auto/Gtk2/Gtk2.bs 644
PERL_DL_NONLAZY=1 "/usr/bin/perl" "-MExtUtils::Command::MM" "-MTest::Harness" "-e" "undef *Test::Harness::Switches; test_harness(0, 'blib/lib', 'blib/arch')" t/*.t
# Testing Gtk2 1.24992
#    Running against gtk+ 2.24.31
#   Compiled against gtk+ 2.24.31
t/00.Gtk2.t ........................ ok
t/01.GtkWindow.t ................... ok
t/02.GtkContainer.t ................ ok
t/constants.t ...................... ok
t/Gdk.t ............................ ok
t/GdkCairo.t ....................... ok
t/GdkColor.t ....................... ok
t/GdkCursor.t ...................... ok
t/GdkDisplay.t ..................... ok
t/GdkDisplayManager.t .............. ok
t/GdkDrawable.t .................... ok
t/GdkEvent.t ....................... ok
t/GdkGC.t .......................... ok
t/GdkImage.t ....................... ok
t/GdkInput.t ....................... ok
t/GdkKeys.t ........................ ok
t/GdkPango.t ....................... ok
GdkPixbuf-LOG **: gdk_pixbuf_from_pixdata() called on: at t/GdkPixbuf.t line 185.
GdkPixbuf-LOG **: 	Encoding rle at t/GdkPixbuf.t line 185.
GdkPixbuf-LOG **: 	Dimensions: 4 x 5 at t/GdkPixbuf.t line 185.
GdkPixbuf-LOG **: 	Rowstride: 16, Length: 91 at t/GdkPixbuf.t line 185.
GdkPixbuf-LOG **: 	Copy pixels == true at t/GdkPixbuf.t line 185.
t/GdkPixbuf.t ...................... ok
t/GdkPixbufLoader.t ................ ok
t/GdkPixbufSimpleAnim.t ............ ok
t/GdkPixmap.t ...................... ok
t/GdkProperty.t .................... ok
t/GdkRegion.t ...................... ok
t/GdkRgb.t ......................... ok
t/GdkScreen.t ...................... ok
t/GdkSelection.t ................... ok
t/GdkVisual.t ...................... ok
t/GdkWindow.t ...................... ok
t/GdkX11.t ......................... ok
t/GtkAboutDialog.t ................. ok
t/GtkAccelGroup.t .................. ok
t/GtkAccelLabel.t .................. ok
t/GtkAccelMap.t .................... ok
t/GtkAction.t ...................... ok
t/GtkActionGroup.t ................. ok
t/GtkActivatable.t ................. ok
t/GtkAdjustment.t .................. ok
t/GtkAlignment.t ................... ok
t/GtkArrow.t ....................... ok
t/GtkAspectFrame.t ................. ok
t/GtkAssistant.t ................... ok
t/GtkBin.t ......................... ok
t/GtkBindings.t .................... ok
t/GtkBox.t ......................... ok
t/GtkBuildable.t ................... ok
GLib-GObject-WARNING **: gsignal.c:1250: unable to lookup signal "changed" for non instantiatable type 'GtkBuildable' at /usr/lib/perl5/site_perl/Glib/Object/Subclass.pm line 235.
t/GtkBuildableIface.t .............. ok
t/GtkBuilder.t ..................... ok
t/GtkButton.t ...................... ok
t/GtkButtonBox.t ................... ok
t/GtkCalendar.t .................... ok
GLib-GObject-CRITICAL **: Object class EditableTest doesn't implement property 'editing-canceled' from interface 'GtkCellEditable' at /usr/lib/perl5/site_perl/Glib/Object/Subclass.pm line 235.
t/GtkCellEditable.t ................ ok
t/GtkCellLayout.t .................. ok
t/GtkCellLayoutIface.t ............. ok
t/GtkCellRenderer.t ................ ok
t/GtkCellRendererAccel.t ........... ok
t/GtkCellRendererCombo.t ........... ok
t/GtkCellRendererIface-Chaining.t .. ok
t/GtkCellRendererPixbuf.t .......... ok
t/GtkCellRendererProgress.t ........ ok
t/GtkCellRendererSpin.t ............ ok
t/GtkCellRendererSpinner.t ......... ok
t/GtkCellRendererText.t ............ ok
t/GtkCellRendererToggle.t .......... ok
t/GtkCellView.t .................... ok
t/GtkCheckButton.t ................. ok
t/GtkCheckMenuItem.t ............... ok
t/GtkClipboard.t ................... ok
t/GtkColorButton.t ................. ok
t/GtkColorSelection.t .............. ok
t/GtkColorSelectionDialog.t ........ ok
t/GtkCombo.t ....................... ok
t/GtkComboBox.t .................... ok
t/GtkComboBoxEntry.t ............... ok
t/GtkCurve.t ....................... ok
t/GtkDialog.t ...................... ok
t/GtkDrawingArea.t ................. ok
t/GtkEditable.t .................... ok
t/GtkEntry.t ....................... ok
t/GtkEntryBuffer.t ................. ok
t/GtkEntryCompletion.t ............. ok
t/GtkEventBox.t .................... ok
t/GtkExpander.t .................... ok
t/GtkFileChooser.t ................. skipped: this test is unreliable
t/GtkFileChooserButton.t ........... ok
t/GtkFileChooserDialog.t ........... ok
t/GtkFileChooserWidget.t ........... ok
t/GtkFileFilter.t .................. ok
t/GtkFileSelection.t ............... ok
t/GtkFixed.t ....................... ok
t/GtkFontButton.t .................. ok
t/GtkFontSelection.t ............... ok
t/GtkFrame.t ....................... ok
GdkPixbuf-LOG **: gdk_pixbuf_from_pixdata() called on: at t/GtkGammaCurve.t line 20.
GdkPixbuf-LOG **: 	Encoding rle at t/GtkGammaCurve.t line 20.
GdkPixbuf-LOG **: 	Dimensions: 16 x 16 at t/GtkGammaCurve.t line 20.
GdkPixbuf-LOG **: 	Rowstride: 64, Length: 347 at t/GtkGammaCurve.t line 20.
GdkPixbuf-LOG **: 	Copy pixels == true at t/GtkGammaCurve.t line 20.
GdkPixbuf-LOG **: gdk_pixbuf_from_pixdata() called on: at t/GtkGammaCurve.t line 20.
GdkPixbuf-LOG **: 	Encoding rle at t/GtkGammaCurve.t line 20.
GdkPixbuf-LOG **: 	Dimensions: 16 x 16 at t/GtkGammaCurve.t line 20.
GdkPixbuf-LOG **: 	Rowstride: 64, Length: 206 at t/GtkGammaCurve.t line 20.
GdkPixbuf-LOG **: 	Copy pixels == true at t/GtkGammaCurve.t line 20.
GdkPixbuf-LOG **: gdk_pixbuf_from_pixdata() called on: at t/GtkGammaCurve.t line 20.
GdkPixbuf-LOG **: 	Encoding rle at t/GtkGammaCurve.t line 20.
GdkPixbuf-LOG **: 	Dimensions: 16 x 16 at t/GtkGammaCurve.t line 20.
GdkPixbuf-LOG **: 	Rowstride: 64, Length: 228 at t/GtkGammaCurve.t line 20.
GdkPixbuf-LOG **: 	Copy pixels == true at t/GtkGammaCurve.t line 20.
GdkPixbuf-LOG **: gdk_pixbuf_from_pixdata() called on: at t/GtkGammaCurve.t line 20.
GdkPixbuf-LOG **: 	Encoding rle at t/GtkGammaCurve.t line 20.
GdkPixbuf-LOG **: 	Dimensions: 16 x 16 at t/GtkGammaCurve.t line 20.
GdkPixbuf-LOG **: 	Rowstride: 64, Length: 242 at t/GtkGammaCurve.t line 20.
GdkPixbuf-LOG **: 	Copy pixels == true at t/GtkGammaCurve.t line 20.
GdkPixbuf-LOG **: gdk_pixbuf_from_pixdata() called on: at t/GtkGammaCurve.t line 20.
GdkPixbuf-LOG **: 	Encoding rle at t/GtkGammaCurve.t line 20.
GdkPixbuf-LOG **: 	Dimensions: 16 x 16 at t/GtkGammaCurve.t line 20.
GdkPixbuf-LOG **: 	Rowstride: 64, Length: 197 at t/GtkGammaCurve.t line 20.
GdkPixbuf-LOG **: 	Copy pixels == true at t/GtkGammaCurve.t line 20.
t/GtkGammaCurve.t .................. ok
t/GtkGC.t .......................... ok
t/GtkHandleBox.t ................... ok
t/GtkHBox.t ........................ ok
t/GtkHButtonBox.t .................. ok
t/GtkHPaned.t ...................... ok
t/GtkHRuler.t ...................... ok
t/GtkHScale.t ...................... ok
t/GtkHScrollbar.t .................. ok
t/GtkHSeparator.t .................. ok
t/GtkHSV.t ......................... ok
t/GtkIconFactory.t ................. ok
t/GtkIconTheme.t ................... ok
t/GtkIconView.t .................... ok
t/GtkImage.t ....................... ok
t/GtkImageMenuItem.t ............... ok
t/GtkIMContext.t ................... ok
t/GtkInfoBar.t ..................... ok
t/GtkInputDialog.t ................. ok
t/GtkInvisible.t ................... ok
t/GtkItemFactory.t ................. ok
t/GtkLabel.t ....................... ok
t/GtkLayout.t ...................... ok
t/GtkLinkButton.t .................. ok
t/GtkListStore.t ................... ok

#   Failed test 'popup positioning die() - popup runs'
#   at t/GtkMenu.t line 185.

#   Failed test 'popup positioning die() - die not fatal, turned into warning'
#   at t/GtkMenu.t line 187.
# Looks like you failed 2 tests of 66.
t/GtkMenu.t ........................ 
Dubious, test returned 2 (wstat 512, 0x200)
Failed 2/66 subtests 
t/GtkMenuBar.t ..................... ok
t/GtkMenuItem.t .................... ok
t/GtkMenuShell.t ................... ok
t/GtkMenuToolButton.t .............. ok
t/GtkMessageDialog.t ............... ok
t/GtkMisc.t ........................ ok
t/GtkNotebook.t .................... ok
t/GtkObject.t ...................... ok
t/GtkOffscreenWindow.t ............. ok
t/GtkOptionMenu.t .................. ok
t/GtkOrientable.t .................. ok
t/GtkPageSetup.t ................... ok
t/GtkPaned.t ....................... ok
t/GtkPaperSize.t ................... ok
t/GtkPrintContext.t ................ ok
t/GtkPrintOperation.t .............. ok
t/GtkPrintOperationPreview.t ....... ok
t/GtkPrintSettings.t ............... ok
t/GtkProgressBar.t ................. ok
t/GtkRadioAction.t ................. ok
t/GtkRadioButton.t ................. ok
t/GtkRadioMenuItem.t ............... ok
t/GtkRadioToolButton.t ............. ok
t/GtkRange.t ....................... ok
t/GtkRc.t .......................... ok
t/GtkRecentAction.t ................ ok
GLib-CRITICAL **: Source ID 5 was not found when attempting to remove it at t/GtkRecentChooser.t line 67.
GLib-CRITICAL **: Source ID 9 was not found when attempting to remove it at /tmp/cpan/Gtk2-1.24992-0/blib/lib/Gtk2/TestHelper.pm line 84.
GLib-CRITICAL **: Source ID 12 was not found when attempting to remove it at t/GtkRecentChooser.t line 103.
t/GtkRecentChooser.t ............... ok
t/GtkRecentChooserDialog.t ......... ok
t/GtkRecentChooserMenu.t ........... ok
t/GtkRecentChooserWidget.t ......... ok
t/GtkRecentFilter.t ................ ok
t/GtkRecentManager.t ............... ok
t/GtkRuler.t ....................... ok
t/GtkScale.t ....................... ok
t/GtkScaleButton.t ................. ok
t/GtkScrolledWindow.t .............. ok
t/GtkSelection.t ................... ok
t/GtkSeparatorMenuItem.t ........... ok
t/GtkSeparatorToolItem.t ........... ok
t/GtkShow.t ........................ skipped: can only test interactively
t/GtkSimpleList.t .................. ok
t/GtkSimpleMenu.t .................. ok
t/GtkSizeGroup.t ................... ok
t/GtkSpinButton.t .................. ok
t/GtkSpinner.t ..................... ok
t/GtkStatusbar.t ................... ok
t/GtkStatusIcon.t .................. ok
t/GtkStock.t ....................... ok
t/GtkStyle.t ....................... ok
t/GtkTable.t ....................... ok
t/GtkTearoffMenuItem.t ............. ok
t/GtkTextBuffer.t .................. ok
GLib-WARNING **: (gerror.c:405):g_error_new_valist: runtime check failed: (domain != 0) at t/GtkTextBufferRichText.t line 210, <DATA> line 1.
t/GtkTextBufferRichText.t .......... ok
t/GtkTextChildAnchor.t ............. ok
t/GtkTextIter.t .................... ok
t/GtkTextMark.t .................... ok
t/GtkTextTag.t ..................... ok
t/GtkTextTagTable.t ................ ok
t/GtkTextView.t .................... ok
t/GtkToggleAction.t ................ ok
t/GtkToggleButton.t ................ ok
t/GtkToggleToolButton.t ............ ok
t/GtkToolbar.t ..................... ok
t/GtkToolButton.t .................. ok
t/GtkToolItem.t .................... ok
t/GtkToolItemGroup.t ............... ok
t/GtkToolPalette.t ................. ok
t/GtkToolShell.t ................... ok
t/GtkTooltip.t ..................... ok
t/GtkTooltips.t .................... ok
t/GtkTreeDnd.t ..................... ok
t/GtkTreeModel.t ................... ok
t/GtkTreeModelFilter.t ............. ok
t/GtkTreeModelIface.t .............. ok
t/GtkTreeModelSort.t ............... ok
t/GtkTreeSelection.t ............... ok
t/GtkTreeSortable.t ................ ok
t/GtkTreeStore.t ................... ok
t/GtkTreeView-Dnd.t ................ skipped: this test is interactive
t/GtkTreeView.t .................... ok
t/GtkUIManager.t ................... ok
t/GtkVBox.t ........................ ok
t/GtkVButtonBox.t .................. ok
t/GtkViewport.t .................... ok
t/GtkVolumeButton.t ................ ok
t/GtkVPaned.t ...................... ok
t/GtkVRuler.t ...................... ok
t/GtkVScale.t ...................... ok
t/GtkVScrollbar.t .................. ok
t/GtkVSeparator.t .................. ok
t/GtkWidget.t ...................... ok
t/options.t ........................ ok
t/pango-compat.t ................... ok
t/PangoAttributes.t ................ ok
t/PangoCairo.t ..................... ok
t/PangoContext.t ................... ok
t/PangoFont.t ...................... ok
t/PangoFontMap.t ................... ok
t/PangoFontset.t ................... ok
t/PangoGravity.t ................... ok
t/PangoLayout.t .................... ok
t/PangoMatrix.t .................... ok
t/PangoRenderer.t .................. ok
t/PangoScript.t .................... ok
t/PangoTabs.t ...................... ok
t/PangoTypes.t ..................... ok
t/set-scroll-adjustments-signal.t .. ok
t/signal-chaining.t ................ ok
t/tied-objects.t ................... ok
t/version-checks.t ................. ok

Test Summary Report
-------------------
t/GtkMenu.t                      (Wstat: 512 Tests: 66 Failed: 2)
  Failed tests:  62-63
  Non-zero exit status: 2
Files=228, Tests=5063, 33 wallclock secs ( 1.00 usr  0.17 sys + 19.64 cusr  2.11 csys = 22.92 CPU)
Result: FAIL
Failed 1/228 test programs. 2/5063 subtests failed.
make: *** [Makefile:3696: test_dynamic] Error 255

------------------------------
PREREQUISITES
------------------------------

Prerequisite modules loaded:

requires:

    Module              Need  Have 
    ------------------- ----- -----
    Cairo               1.000 1.106
    ExtUtils::Depends   0.300 0.405
    ExtUtils::PkgConfig 1.030 1.16 
    Glib                1.280 1.325
    Pango               1.220 1.227

build_requires:

    Module              Need  Have 
    ------------------- ----- -----
    ExtUtils::MakeMaker 0     7.24 

configure_requires:

    Module              Need  Have 
    ------------------- ----- -----
    Cairo               1.000 1.106
    ExtUtils::Depends   0.300 0.405
    ExtUtils::PkgConfig 1.030 1.16 
    Glib                1.280 1.325
    Pango               1.220 1.227


------------------------------
ENVIRONMENT AND OTHER CONTEXT
------------------------------

Environment variables:

    LANG = en_US.UTF-8
    LC_CTYPE = en_US.UTF-8
    PATH = /usr/lib/ccache/bin:/usr/local/sbin:/usr/local/bin:/usr/bin:/usr/lib/jvm/default/bin:/usr/bin/site_perl:/usr/bin/vendor_perl:/usr/bin/core_perl:/usr/share/perl6/vendor/bin
    PERL5LIB = 
    PERL5OPT = 
    PERL5_CPANPLUS_IS_RUNNING = 5810
    PERL5_CPAN_IS_RUNNING = 5810
    SHELL = /usr/bin/zsh
    TERM = xterm

Perl special variables (and OS-specific diagnostics, for MSWin32):

    $^X = /usr/bin/perl
    $UID/$EUID = 0 / 0
    $GID = 0 0 1 2 3 4 6 10 19
    $EGID = 0 0 1 2 3 4 6 10 19

Perl module toolchain versions installed:

    Module              Have    
    ------------------- --------
    CPAN                2.16    
    CPAN::Meta          2.150010
    Cwd                 3.62    
    ExtUtils::CBuilder  0.280224
    ExtUtils::Command   7.24    
    ExtUtils::Install   2.04    
    ExtUtils::MakeMaker 7.24    
    ExtUtils::Manifest  1.70    
    ExtUtils::ParseXS   3.30    
    File::Spec          3.62    
    JSON                2.90    
    JSON::PP            2.27400 
    Module::Build       0.4222  
    Module::Signature   0.81    
    Parse::CPAN::Meta   2.150010
    Test::Harness       3.39    
    Test::More          1.302083
    YAML                1.23    
    YAML::Syck          n/a     
    version             0.9917  


--

Summary of my perl5 (revision 5 version 24 subversion 1) configuration:
   
  Platform:
    osname=linux, osvers=4.9.3-1-arch, archname=x86_64-linux-thread-multi
    uname='linux flo-64 4.9.3-1-arch #1 smp preempt thu jan 12 21:34:12 cet 2017 x86_64 gnulinux '
    config_args='-des -Dusethreads -Duseshrplib -Doptimize=-march=x86-64 -mtune=generic -O2 -pipe -fstack-protector-strong -Dprefix=/usr -Dvendorprefix=/usr -Dprivlib=/usr/share/perl5/core_perl -Darchlib=/usr/lib/perl5/core_perl -Dsitelib=/usr/share/perl5/site_perl -Dsitearch=/usr/lib/perl5/site_perl -Dvendorlib=/usr/share/perl5/vendor_perl -Dvendorarch=/usr/lib/perl5/vendor_perl -Dscriptdir=/usr/bin/core_perl -Dsitescript=/usr/bin/site_perl -Dvendorscript=/usr/bin/vendor_perl -Dinc_version_list=none -Dman1ext=1perl -Dman3ext=3perl -Dcccdlflags='-fPIC' -Dlddlflags=-shared -Wl,-O1,--sort-common,--as-needed,-z,relro -Dldflags=-Wl,-O1,--sort-common,--as-needed,-z,relro'
    hint=recommended, useposix=true, d_sigaction=define
    useithreads=define, usemultiplicity=define
    use64bitint=define, use64bitall=define, uselongdouble=undef
    usemymalloc=n, bincompat5005=undef
  Compiler:
    cc='cc', ccflags ='-D_REENTRANT -D_GNU_SOURCE -fwrapv -fno-strict-aliasing -pipe -fstack-protector-strong -I/usr/local/include -D_LARGEFILE_SOURCE -D_FILE_OFFSET_BITS=64',
    optimize='-march=x86-64 -mtune=generic -O2 -pipe -fstack-protector-strong',
    cppflags='-D_REENTRANT -D_GNU_SOURCE -fwrapv -fno-strict-aliasing -pipe -fstack-protector-strong -I/usr/local/include'
    ccversion='', gccversion='6.3.1 20170109', gccosandvers=''
    intsize=4, longsize=8, ptrsize=8, doublesize=8, byteorder=12345678, doublekind=3
    d_longlong=define, longlongsize=8, d_longdbl=define, longdblsize=16, longdblkind=3
    ivtype='long', ivsize=8, nvtype='double', nvsize=8, Off_t='off_t', lseeksize=8
    alignbytes=8, prototype=define
  Linker and Libraries:
    ld='cc', ldflags ='-Wl,-O1,--sort-common,--as-needed,-z,relro -fstack-protector-strong -L/usr/local/lib'
    libpth=/usr/local/lib /usr/lib/gcc/x86_64-pc-linux-gnu/6.3.1/include-fixed /usr/lib /lib/../lib /usr/lib/../lib /lib /lib64 /usr/lib64
    libs=-lpthread -lnsl -lgdbm -ldb -ldl -lm -lcrypt -lutil -lc -lgdbm_compat
    perllibs=-lpthread -lnsl -ldl -lm -lcrypt -lutil -lc
    libc=libc-2.24.so, so=so, useshrplib=true, libperl=libperl.so
    gnulibc_version='2.24'
  Dynamic Linking:
    dlsrc=dl_dlopen.xs, dlext=so, d_dlsymun=undef, ccdlflags='-Wl,-E -Wl,-rpath,/usr/lib/perl5/core_perl/CORE'
    cccdlflags='-fPIC', lddlflags='-shared -Wl,-O1,--sort-common,--as-needed,-z,relro -L/usr/local/lib -fstack-protector-strong'


Characteristics of this binary (from libperl): 
  Compile-time options: HAS_TIMES MULTIPLICITY PERLIO_LAYERS
                        PERL_COPY_ON_WRITE PERL_DONT_CREATE_GVSV
                        PERL_HASH_FUNC_ONE_AT_A_TIME_HARD
                        PERL_IMPLICIT_CONTEXT PERL_MALLOC_WRAP
                        PERL_PRESERVE_IVUV USE_64_BIT_ALL USE_64_BIT_INT
                        USE_ITHREADS USE_LARGE_FILES USE_LOCALE
                        USE_LOCALE_COLLATE USE_LOCALE_CTYPE
                        USE_LOCALE_NUMERIC USE_LOCALE_TIME USE_PERLIO
                        USE_PERL_ATOF USE_REENTRANT_API
  Built under linux
  Compiled at Jan 15 2017 14:53:40
  %ENV:
    PERL5LIB=""
    PERL5OPT=""
    PERL5_CPANPLUS_IS_RUNNING="5810"
    PERL5_CPAN_IS_RUNNING="5810"
  @INC:
    /usr/lib/perl5/site_perl
    /usr/share/perl5/site_perl
    /usr/lib/perl5/vendor_perl
    /usr/share/perl5/vendor_perl
    /usr/lib/perl5/core_perl
    /usr/share/perl5/core_perl
    .