Report for ORLite-Array-0.02

Back
From: metabase:user:a0e144f2-373b-11e6-8edd-c6848980b093
Subject: FAIL ORLite-Array-0.02 v5.25.6 GNU/Linux
Date: 2016-11-09T08:35:00Z

This distribution has been tested as part of the CPAN Testers
project, supporting the Perl programming language.  See
http://wiki.cpantesters.org/ for more information or email
questions to cpan-testers-discuss@perl.org


--
Dear Peter Makholm,

This is a computer-generated report for ORLite-Array-0.02
on perl 5.25.6, created by CPAN-Reporter-1.2018.

Thank you for uploading your work to CPAN.  However, there was a problem
testing your distribution.

If you think this report is invalid, please consult the CPAN Testers Wiki
for suggestions on how to avoid getting FAIL reports for missing library
or binary dependencies, unsupported operating systems, and so on:

http://wiki.cpantesters.org/wiki/CPANAuthorNotes

Sections of this report:

    * Tester comments
    * Program output
    * Prerequisites
    * Environment and other context

------------------------------
TESTER COMMENTS
------------------------------

Additional comments from tester:

this report is from an automated smoke testing program
and was not reviewed by a human for accuracy

------------------------------
PROGRAM OUTPUT
------------------------------

Output from '/usr/bin/make test':

PERL_DL_NONLAZY=1 "/home/cpan2/install/bin/perl" "-MExtUtils::Command::MM" "-MTest::Harness" "-e" "undef *Test::Harness::Switches; test_harness(0, 'inc', 'blib/lib', 'blib/arch')" t/*.t
t/01_compile.t ... ok
DBD::SQLite::db do failed: disk I/O error at t/lib/Test.pm line 61.
DBD::SQLite::db do failed: attempt to write a readonly database at t/lib/Test.pm line 61.
DBD::SQLite::db do failed: attempt to write a readonly database at t/lib/Test.pm line 61.
DBD::SQLite::db do failed: no such table: table_two at t/lib/Test.pm line 61.
Can't locate object method "select" via package "Foo::Bar::TableTwo" (perhaps you forgot to load "Foo::Bar::TableTwo"?) at t/03_fk.t line 45.
# Looks like your test exited with 2 just after 1.
t/03_fk.t ........ 
Dubious, test returned 2 (wstat 512, 0x200)
Failed 4/5 subtests 
DBD::SQLite::db do failed: disk I/O error at t/lib/Test.pm line 61.
t/04_readonly.t .. ok
DBD::SQLite::db do failed: no such table: table_one at (eval 28) line 170.
DBD::SQLite::db do failed: no such table: table_one at (eval 28) line 170.

#   Failed test '->col1 ok'
#   at t/02_basics.t line 62.
#          got: '0'
#     expected: '2'
DBD::SQLite::db do failed: no such table: table_one at (eval 28) line 170.
DBD::SQLite::db selectrow_array failed: no such table: table_one at (eval 28) line 46.

#   Failed test 'Found 3 rows'
#   at t/02_basics.t line 70.
#          got: undef
#     expected: '3'
DBD::SQLite::db selectrow_array failed: no such table: table_one at (eval 28) line 46.

#   Failed test 'Condition count works'
#   at t/02_basics.t line 71.
#          got: undef
#     expected: '2'
DBD::SQLite::db selectall_arrayref failed: no such table: table_one at (eval 28) line 34.

#   Failed test 'Got 3 objects'
#   at t/02_basics.t line 75.
#          got: '0'
#     expected: '3'

#   Failed test 'undef isa 'Foo::Bar::TableOne''
#   at t/02_basics.t line 76.
#     undef isn't defined
Can't call method "col1" on an undefined value at t/02_basics.t line 77.
# Looks like your test exited with 2 just after 15.
t/02_basics.t .... 
Dubious, test returned 2 (wstat 512, 0x200)
Failed 55/65 subtests 
DBD::SQLite::db do failed: disk I/O error at (eval 28) line 30.
DBD::SQLite::db do failed: disk I/O error at t/lib/Test.pm line 61.
DBD::SQLite::db do failed: attempt to write a readonly database at t/lib/Test.pm line 66.
Schema user_version mismatch (got 0, wanted 10) at /home/cpan2/.cpan/build/ORLite-Array-0.02-0/blib/lib/ORLite/Array.pm line 119.
BEGIN failed--compilation aborted at (eval 27) line 9.
# Looks like your test exited with 2 just after 3.
t/05_notables.t .. 
Dubious, test returned 2 (wstat 512, 0x200)
Failed 2/5 subtests 

#   Failed test 'Set user_version'
#   at t/06_create.t line 48.
#          got: '0'
#     expected: '2'

#   Failed test 'Confirm user_version changed'
#   at t/06_create.t line 49.
#          got: '0'
#     expected: '2'
DBD::SQLite::db do failed: disk I/O error at (eval 28) line 30.

#   Failed test 'Created test table'
#   at t/06_create.t line 52.
t/07_pk.t ........ ok

#   Failed test 'schema_version is zero'
#   at t/06_create.t line 53.
#          got: '0'
#     expected: '1'
t/97_meta.t ...... ok
t/08_prune.t ..... ok

#   Failed test 'POD test for blib/lib/ORLite/Array.pm'
#   at /home/cpan2/install/lib/perl5/site_perl/5.25.6/Test/Pod.pm line 187.
# blib/lib/ORLite/Array.pm (507): Non-ASCII character seen before =encoding in 'µs/call'. Assuming CP1252
# Looks like you failed 1 test of 1.
t/98_pod.t ....... 
Dubious, test returned 1 (wstat 256, 0x100)
Failed 1/1 subtests 
# Looks like you failed 4 tests of 20.
t/06_create.t .... 
Dubious, test returned 4 (wstat 1024, 0x400)
Failed 4/20 subtests 

#   Failed test 'Makefile.PL'
#   at /home/cpan2/install/lib/perl5/site_perl/5.25.6/Test/MinimumVersion.pm line 161.
# Makefile.PL requires 5.010 due to syntax
# version markers for 5.010:
# - _perl_5010_operators 
# Looks like you failed 1 test of 15.
t/99_pmv.t ....... 
Dubious, test returned 1 (wstat 256, 0x100)
Failed 1/15 subtests 

Test Summary Report
-------------------
t/03_fk.t      (Wstat: 512 Tests: 1 Failed: 0)
  Non-zero exit status: 2
  Parse errors: Bad plan.  You planned 5 tests but ran 1.
t/02_basics.t  (Wstat: 512 Tests: 15 Failed: 5)
  Failed tests:  9, 12-15
  Non-zero exit status: 2
  Parse errors: Bad plan.  You planned 65 tests but ran 15.
t/05_notables.t (Wstat: 512 Tests: 3 Failed: 0)
  Non-zero exit status: 2
  Parse errors: Bad plan.  You planned 5 tests but ran 3.
t/98_pod.t     (Wstat: 256 Tests: 1 Failed: 1)
  Failed test:  1
  Non-zero exit status: 1
t/06_create.t  (Wstat: 1024 Tests: 20 Failed: 4)
  Failed tests:  5-8
  Non-zero exit status: 4
t/99_pmv.t     (Wstat: 256 Tests: 15 Failed: 1)
  Failed test:  15
  Non-zero exit status: 1
Files=11, Tests=82,  7 wallclock secs ( 0.07 usr  0.00 sys +  3.22 cusr  0.06 csys =  3.35 CPU)
Result: FAIL
Failed 6/11 test programs. 11/82 subtests failed.
Makefile:778: recipe for target 'test_dynamic' failed
make: *** [test_dynamic] Error 1

------------------------------
PREREQUISITES
------------------------------

Prerequisite modules loaded:

requires:

    Module              Need  Have    
    ------------------- ----- --------
    DBD::SQLite         1.25  1.51_07 
    DBI                 1.607 1.636   
    ExtUtils::MakeMaker 6.42  7.24    
    File::Basename      0     2.85    
    File::Path          2.04  2.12    
    File::Remove        1.40  1.57    
    File::Spec          0.80  3.62    
    File::Temp          0.20  0.2304  
    Params::Util        0.33  1.07    
    Test::More          0.47  1.302059
    Test::Script        1.06  1.14    

build_requires:

    Module              Need  Have    
    ------------------- ----- --------
    ExtUtils::MakeMaker 0     7.24    

configure_requires:

    Module              Need  Have    
    ------------------- ----- --------
    ExtUtils::MakeMaker 6.42  7.24    


------------------------------
ENVIRONMENT AND OTHER CONTEXT
------------------------------

Environment variables:

    AUTOMATED_TESTING = 1
    HARNESS_OPTIONS = j3
    LANG = en_US.UTF-8
    PATH = /usr/local/bin:/usr/bin:/bin:/usr/local/games:/usr/games
    PERL5LIB = 
    PERL5OPT = 
    PERL5_CPANPLUS_IS_RUNNING = 17831
    PERL5_CPAN_IS_RUNNING = 17831
    PERL5_CPAN_IS_RUNNING_IN_RECURSION = 20451,17831
    PERLBREW_BASHRC_VERSION = 0.76
    PERLBREW_HOME = /home/dcollins/.perlbrew
    PERLBREW_ROOT = /home/dcollins/toolchain/perl5
    PERL_CR_SMOKER_CURRENT = ORLite-Array-0.02
    PERL_CR_SMOKER_RUNONCE = 1
    PERL_EXTUTILS_AUTOINSTALL = --defaultdeps
    PERL_MM_USE_DEFAULT = 1
    SHELL = /bin/bash
    TERM = putty

Perl special variables (and OS-specific diagnostics, for MSWin32):

    $^X = /home/cpan2/install/bin/perl
    $UID/$EUID = 1003 / 1003
    $GID = 1003 1003
    $EGID = 1003 1003

Perl module toolchain versions installed:

    Module              Have    
    ------------------- --------
    CPAN                2.14    
    CPAN::Meta          2.150010
    Cwd                 3.62    
    ExtUtils::CBuilder  0.280224
    ExtUtils::Command   7.24    
    ExtUtils::Install   2.04    
    ExtUtils::MakeMaker 7.24    
    ExtUtils::Manifest  1.70    
    ExtUtils::ParseXS   3.30    
    File::Spec          3.62    
    JSON                2.90    
    JSON::PP            2.27400 
    Module::Build       0.4220  
    Module::Signature   0.81    
    Parse::CPAN::Meta   2.150010
    Test::Harness       3.36    
    Test::More          1.302059
    YAML                1.18    
    YAML::Syck          1.29    
    version             0.9917  


--

Summary of my perl5 (revision 5 version 25 subversion 6) configuration:
  Commit id: 4eadd82f8c152034818f42956737102f674f9118
  Platform:
    osname=linux
    osvers=3.16.0-4-amd64
    archname=x86_64-linux-thread-multi
    uname='linux digitalis 3.16.0-4-amd64 #1 smp debian 3.16.36-1+deb8u1 (2016-09-03) x86_64 gnulinux '
    config_args='-Dusedevel -DDEBUGGING -Dusethreads -Dprefix=/home/cpan2/install -Uversiononly -des'
    hint=recommended
    useposix=true
    d_sigaction=define
    useithreads=define
    usemultiplicity=define
    use64bitint=define
    use64bitall=define
    uselongdouble=undef
    usemymalloc=n
    bincompat5005=undef
  Compiler:
    cc='cc'
    ccflags ='-D_REENTRANT -D_GNU_SOURCE -fwrapv -DDEBUGGING -fno-strict-aliasing -pipe -fstack-protector-strong -I/usr/local/include -D_LARGEFILE_SOURCE -D_FILE_OFFSET_BITS=64 -D_FORTIFY_SOURCE=2'
    optimize='-O2 -g'
    cppflags='-D_REENTRANT -D_GNU_SOURCE -fwrapv -DDEBUGGING -fno-strict-aliasing -pipe -fstack-protector-strong -I/usr/local/include'
    ccversion=''
    gccversion='4.9.2'
    gccosandvers=''
    intsize=4
    longsize=8
    ptrsize=8
    doublesize=8
    byteorder=12345678
    doublekind=3
    d_longlong=define
    longlongsize=8
    d_longdbl=define
    longdblsize=16
    longdblkind=3
    ivtype='long'
    ivsize=8
    nvtype='double'
    nvsize=8
    Off_t='off_t'
    lseeksize=8
    alignbytes=8
    prototype=define
  Linker and Libraries:
    ld='cc'
    ldflags =' -fstack-protector-strong -L/usr/local/lib'
    libpth=/usr/local/lib /usr/lib/gcc/x86_64-linux-gnu/4.9/include-fixed /usr/include/x86_64-linux-gnu /usr/lib /lib/x86_64-linux-gnu /lib/../lib /usr/lib/x86_64-linux-gnu /usr/lib/../lib /lib
    libs=-lpthread -lnsl -ldl -lm -lcrypt -lutil -lc
    perllibs=-lpthread -lnsl -ldl -lm -lcrypt -lutil -lc
    libc=libc-2.19.so
    so=so
    useshrplib=false
    libperl=libperl.a
    gnulibc_version='2.19'
  Dynamic Linking:
    dlsrc=dl_dlopen.xs
    dlext=so
    d_dlsymun=undef
    ccdlflags='-Wl,-E'
    cccdlflags='-fPIC'
    lddlflags='-shared -O2 -g -L/usr/local/lib -fstack-protector-strong'


Characteristics of this binary (from libperl): 
  Compile-time options:
    DEBUGGING
    HAS_TIMES
    MULTIPLICITY
    PERLIO_LAYERS
    PERL_COPY_ON_WRITE
    PERL_DONT_CREATE_GVSV
    PERL_HASH_FUNC_ONE_AT_A_TIME_HARD
    PERL_IMPLICIT_CONTEXT
    PERL_MALLOC_WRAP
    PERL_OP_PARENT
    PERL_PRESERVE_IVUV
    PERL_TRACK_MEMPOOL
    PERL_USE_DEVEL
    USE_64_BIT_ALL
    USE_64_BIT_INT
    USE_ITHREADS
    USE_LARGE_FILES
    USE_LOCALE
    USE_LOCALE_COLLATE
    USE_LOCALE_CTYPE
    USE_LOCALE_NUMERIC
    USE_LOCALE_TIME
    USE_PERLIO
    USE_PERL_ATOF
    USE_REENTRANT_API
  Built under linux
  Compiled at Oct 17 2016 18:50:03
  %ENV:
    PERL5LIB=""
    PERL5OPT=""
    PERL5_CPANPLUS_IS_RUNNING="17831"
    PERL5_CPAN_IS_RUNNING="17831"
    PERL5_CPAN_IS_RUNNING_IN_RECURSION="20451,17831"
    PERLBREW_BASHRC_VERSION="0.76"
    PERLBREW_HOME="/home/dcollins/.perlbrew"
    PERLBREW_ROOT="/home/dcollins/toolchain/perl5"
    PERL_CR_SMOKER_CURRENT="ORLite-Array-0.02"
    PERL_CR_SMOKER_RUNONCE="1"
    PERL_EXTUTILS_AUTOINSTALL="--defaultdeps"
    PERL_MM_USE_DEFAULT="1"
  @INC:
    /home/cpan2/install/lib/perl5/site_perl/5.25.6/x86_64-linux-thread-multi
    /home/cpan2/install/lib/perl5/site_perl/5.25.6
    /home/cpan2/install/lib/perl5/5.25.6/x86_64-linux-thread-multi
    /home/cpan2/install/lib/perl5/5.25.6
    .