Back
From: metabase:user:3198cbe2-2aae-11df-837a-5e0a49663a4f
Subject: FAIL DBIx-Skinny-0.0742 v5.16.3 GNU/Linux
Date: 2013-11-07T12:30:35Z
This distribution has been tested as part of the CPAN Testers
project, supporting the Perl programming language. See
http://wiki.cpantesters.org/ for more information or email
questions to cpan-testers-discuss@perl.org
--
Dear Atsushi Kobayashi,
This is a computer-generated report for DBIx-Skinny-0.0742
on perl 5.16.3, created by CPAN-Reporter-1.2010.
Thank you for uploading your work to CPAN. However, there was a problem
testing your distribution.
If you think this report is invalid, please consult the CPAN Testers Wiki
for suggestions on how to avoid getting FAIL reports for missing library
or binary dependencies, unsupported operating systems, and so on:
http://wiki.cpantesters.org/wiki/CPANAuthorNotes
Sections of this report:
* Tester comments
* Program output
* Prerequisites
* Environment and other context
------------------------------
TESTER COMMENTS
------------------------------
Additional comments from tester:
this report is from an automated smoke testing program
and was not reviewed by a human for accuracy
------------------------------
PROGRAM OUTPUT
------------------------------
Output from '/usr/bin/make test':
PERL_DL_NONLAZY=1 /home/graham/perls/perl5.16.3-thread/bin/perl "-MExtUtils::Command::MM" "-MTest::Harness" "-e" "undef *Test::Harness::Switches; test_harness(0, 'inc', 'blib/lib', 'blib/arch')" t/*.t t/*/*.t t/*/*/*.t
# DBD::SQLite versin is 1.41_03
t/001_basic/001_compile.t ............................................... ok
t/001_basic/002_schema_info.t ........................................... ok
t/001_basic/003_explicit_schema.t ....................................... ok
t/001_basic/004_sql.t ................................................... ok
t/001_basic/005_set_columns.t ........................................... ok
t/001_basic/006_all_in_one_file.t ....................................... ok
t/001_basic/007_connect_info.t .......................................... ok
t/001_basic/008_mixin.t ................................................. ok
t/001_basic/009_no_check_schema.t ....................................... ok
t/001_basic/010_dbh.t ................................................... ok
t/001_basic/011_inflate.t ............................................... ok
t/001_basic/012_trigger.t ............................................... ok
t/001_basic/013_common_trigger.t ........................................ ok
t/001_basic/014_utf8.t .................................................. ok
t/001_basic/015_row_class.t ............................................. ok
t/001_basic/016_row_exception.t ......................................... ok
t/001_basic/017_profile.t ............................................... ok
t/001_basic/018_custom_profiler.t ....................................... ok
t/001_basic/019_profiler_trace.t ........................................ ok
t/001_basic/020_on_connect_do.t ......................................... ok
t/001_basic/021_reconnect.t ............................................. ok
t/001_basic/022_transaction.t ........................................... ok
t/001_basic/023_bulk_insert.t ........................................... ok
t/001_basic/024_bind_column.t ........................................... ok
t/002_common/000_new.t .................................................. ok
t/002_common/001_insert.t ............................................... ok
t/002_common/002_update.t ............................................... ok
t/002_common/003_delete.t ............................................... ok
t/002_common/004_find_or_create.t ....................................... ok
t/002_common/005_count.t ................................................ ok
t/002_common/006_single.t ............................................... ok
t/002_common/007_search.t ............................................... ok
t/002_common/008_search_named.t ......................................... ok
t/002_common/009_search_by_sql.t ........................................ ok
t/002_common/010_resultset.t ............................................ ok
t/002_common/011_do.t ................................................... ok
t/002_common/012_replace.t .............................................. ok
t/002_common/014_find_or_new.t .......................................... ok
t/002_common/015_data2row.t ............................................. ok
t/002_common/016_hash_to_row.t .......................................... ok
t/002_common/017_iterator.t ............................................. ok
t/002_common/018_refetch.t .............................................. ok
t/002_common/019_get_columns.t .......................................... ok
t/002_common/020_get_column.t ........................................... ok
t/002_common/021_quote.t ................................................ ok
t/002_common/022_disconnect.t ........................................... ok
t/002_common/023_multi_pk.t ............................................. ok
t/002_common/024_txn_scope.t ............................................ ok
t/002_common/999_delete_by_sql.t ........................................ ok
t/002_common/999_update_by_sql.t ........................................ ok
t/500_deprecated/001_deprecated_setup.t ................................. ok
t/500_deprecated/002_deprecated_profiler.t .............................. ok
t/999_regression/bind_param.t ........................................... ok
t/999_regression/data2itr_objectarray.t ................................. ok
t/999_regression/dbh_and_txn_manager.t .................................. ok
t/999_regression/deflate_bug.t .......................................... ok
t/999_regression/deflate_scalarref.t .................................... ok
t/999_regression/duplicate_update.t ..................................... ok
t/999_regression/empty_update.t ......................................... ok
t/999_regression/get_row_class.t ........................................ ok
t/999_regression/guess_table_name.t ..................................... ok
t/999_regression/loose_connect_options_after_new.t ...................... ok
t/999_regression/new_attr.t ............................................. ok
t/999_regression/no_schema.t ............................................ ok
t/999_regression/prepare_error_handling.t ............................... ok
t/999_regression/row_update_by_scalarref.t .............................. ok
@@@@@@@@@@@@@@@@@@@@@@@@@@@@@@@@@@@@@
@@@@@ DBIx::Skinny 's Exception @@@@@
Reason : DBD::SQLite::db prepare failed: no such table: mock_basic at /home/graham/perls/caches/perl-5.16.3-thread/build/DBIx-Skinny-0.0742-9ZqkSo/blib/lib/DBIx/Skinny.pm line 778.
SQL : SELECT id, name, delete_fg
FROM mock_basic
WHERE (name = ?)
LIMIT 1
BIND : $VAR1 = [
'ruby'
];
@@@@@@@@@@@@@@@@@@@@@@@@@@@@@@@@@@@@@
at /home/graham/perls/caches/perl-5.16.3-thread/build/DBIx-Skinny-0.0742-9ZqkSo/blib/lib/DBIx/Skinny/SQL.pm line 329.
# Tests were run but no plan was declared and done_testing() was not seen.
# Looks like your test exited with 255 just after 4.
t/999_regression/transaction/call_txn_scope_after_fork.t ................
Dubious, test returned 255 (wstat 65280, 0xff00)
All 4 subtests passed
t/999_regression/transaction/call_txn_scope_after_missing_connect.t ..... ok
Detected transaction during a reconnect operation (last known transaction at t/999_regression/transaction/call_txn_scope_and_fork.t line 19, pid 25918). Refusing to proceed at at /home/graham/perls/caches/perl-5.16.3-thread/build/DBIx-Skinny-0.0742-9ZqkSo/blib/lib/DBIx/Skinny.pm line 225.
DBIx::Skinny::reconnect("Mock::Basic") called at /home/graham/perls/caches/perl-5.16.3-thread/build/DBIx-Skinny-0.0742-9ZqkSo/blib/lib/DBIx/Skinny.pm line 313
DBIx::Skinny::dbh("Mock::Basic") called at t/999_regression/transaction/call_txn_scope_and_fork.t line 23
Transaction was aborted without calling an explicit commit or rollback. (Guard created at t/999_regression/transaction/call_txn_scope_and_fork.t line 19) at /home/graham/perls/perl5.16.3-thread/lib/site_perl/5.16.3/DBIx/TransactionManager.pm line 111.
# Tests were run but no plan was declared and done_testing() was not seen.
# Looks like your test exited with 2 just after 1.
t/999_regression/transaction/call_txn_scope_and_fork.t ..................
Dubious, test returned 2 (wstat 512, 0x200)
All 1 subtests passed
@@@@@@@@@@@@@@@@@@@@@@@@@@@@@@@@@@@@@
@@@@@ DBIx::Skinny 's Exception @@@@@
Reason : DBD::SQLite::db prepare failed: no such table: mock_basic at /home/graham/perls/caches/perl-5.16.3-thread/build/DBIx-Skinny-0.0742-9ZqkSo/blib/lib/DBIx/Skinny.pm line 778.
SQL : SELECT id, name, delete_fg
FROM mock_basic
WHERE (name = ?)
LIMIT 1
BIND : $VAR1 = [
'ruby'
];
@@@@@@@@@@@@@@@@@@@@@@@@@@@@@@@@@@@@@
at /home/graham/perls/caches/perl-5.16.3-thread/build/DBIx-Skinny-0.0742-9ZqkSo/blib/lib/DBIx/Skinny/SQL.pm line 329.
# Tests were run but no plan was declared and done_testing() was not seen.
# Looks like your test exited with 255 just after 5.
t/999_regression/transaction/call_txn_scope_before_fork.t ...............
Dubious, test returned 255 (wstat 65280, 0xff00)
All 5 subtests passed
@@@@@@@@@@@@@@@@@@@@@@@@@@@@@@@@@@@@@
@@@@@ DBIx::Skinny 's Exception @@@@@
Reason : DBD::SQLite::db prepare failed: no such table: mock_basic at /home/graham/perls/caches/perl-5.16.3-thread/build/DBIx-Skinny-0.0742-9ZqkSo/blib/lib/DBIx/Skinny.pm line 778.
SQL : SELECT id, name, delete_fg
FROM mock_basic
WHERE (name = ?)
LIMIT 1
BIND : $VAR1 = [
'lestrrat'
];
@@@@@@@@@@@@@@@@@@@@@@@@@@@@@@@@@@@@@
at /home/graham/perls/caches/perl-5.16.3-thread/build/DBIx-Skinny-0.0742-9ZqkSo/blib/lib/DBIx/Skinny/SQL.pm line 329.
# Tests were run but no plan was declared and done_testing() was not seen.
# Looks like your test exited with 255 just after 5.
t/999_regression/transaction/call_txn_scope_before_fork_and_rollback.t ..
Dubious, test returned 255 (wstat 65280, 0xff00)
All 5 subtests passed
t/999_regression/where_condition_in.t ................................... ok
Test Summary Report
-------------------
t/999_regression/transaction/call_txn_scope_after_fork.t (Wstat: 65280 Tests: 4 Failed: 0)
Non-zero exit status: 255
Parse errors: No plan found in TAP output
t/999_regression/transaction/call_txn_scope_and_fork.t (Wstat: 512 Tests: 1 Failed: 0)
Non-zero exit status: 2
Parse errors: No plan found in TAP output
t/999_regression/transaction/call_txn_scope_before_fork.t (Wstat: 65280 Tests: 5 Failed: 0)
Non-zero exit status: 255
Parse errors: No plan found in TAP output
t/999_regression/transaction/call_txn_scope_before_fork_and_rollback.t (Wstat: 65280 Tests: 5 Failed: 0)
Non-zero exit status: 255
Parse errors: No plan found in TAP output
Files=72, Tests=270, 9 wallclock secs ( 0.46 usr 0.09 sys + 6.27 cusr 0.90 csys = 7.72 CPU)
Result: FAIL
Failed 4/72 test programs. 0/270 subtests failed.
Makefile:873: recipe for target 'test_dynamic' failed
make: *** [test_dynamic] Error 255
------------------------------
PREREQUISITES
------------------------------
Prerequisite modules loaded:
requires:
Module Need Have
------------------------ ---- --------
Carp 0 1.32
Class::Accessor::Lite 0 0.05
Class::Load 0 0.20
DBI 0 1.630
DBIx::TransactionManager 1.07 1.12
IO::Handle 0 1.33
Scalar::Util 0 1.35
Try::Tiny 0 0.18
UNIVERSAL::require 0 0.15
build_requires:
Module Need Have
------------------------ ---- --------
ExtUtils::MakeMaker 6.42 6.83_01
Test::More 0.96 1.001002
Test::SharedFork 0.15 0.21
configure_requires:
Module Need Have
------------------------ ---- --------
ExtUtils::MakeMaker 6.42 6.83_01
------------------------------
ENVIRONMENT AND OTHER CONTEXT
------------------------------
Environment variables:
AUTOMATED_TESTING = 1
LANG = en_GB.UTF-8
LC_ADDRESS = en_GB.UTF-8
LC_COLLATE = en_GB.UTF-8
LC_CTYPE = en_GB.UTF-8
LC_IDENTIFICATION = en_GB.UTF-8
LC_MEASUREMENT = en_GB.UTF-8
LC_MESSAGES = en_GB.UTF-8
LC_MONETARY = en_GB.UTF-8
LC_NAME = en_GB.UTF-8
LC_NUMERIC = en_GB.UTF-8
LC_PAPER = en_GB.UTF-8
LC_TELEPHONE = en_GB.UTF-8
LC_TIME = en_GB.UTF-8
PATH = /home/graham/perls/perl5.16.3-thread/bin:/usr/local/sbin:/usr/local/bin:/usr/bin:/usr/bin/core_perl
PERL5LIB =
PERL5OPT =
PERL5_CPANPLUS_IS_RUNNING = 25634
PERL5_CPAN_IS_RUNNING = 25634
PERL5_CPAN_IS_RUNNING_IN_RECURSION = 469,25634
PERL_CR_SMOKER_CURRENT = DBIx-Skinny-Schema-Loader-0.25
PERL_EXTUTILS_AUTOINSTALL = --defaultdeps
PERL_MM_USE_DEFAULT = 1
SHELL = /bin/bash
TERM = xterm
Perl special variables (and OS-specific diagnostics, for MSWin32):
$^X = /home/graham/perls/perl5.16.3-thread/bin/perl
$UID/$EUID = 1000 / 1000
$GID = 100 10 100
$EGID = 100 10 100
Perl module toolchain versions installed:
Module Have
------------------- --------
CPAN 2.00
CPAN::Meta 2.132830
Cwd 3.40
ExtUtils::CBuilder 0.280212
ExtUtils::Command 1.18
ExtUtils::Install 1.58
ExtUtils::MakeMaker 6.83_01
ExtUtils::Manifest 1.63
ExtUtils::ParseXS 3.22
File::Spec 3.40
JSON 2.90
JSON::PP 2.27203
Module::Build 0.39_01
Module::Signature n/a
Parse::CPAN::Meta 1.4409
Test::Harness 3.29
Test::More 1.001002
YAML 0.84
YAML::Syck 1.27
version 0.9904
--
Summary of my perl5 (revision 5 version 16 subversion 3) configuration:
Platform:
osname=linux, osvers=3.11.6-1-arch, archname=x86_64-linux-thread-multi
uname='linux arch002 3.11.6-1-arch #1 smp preempt fri oct 18 23:22:36 cest 2013 x86_64 gnulinux '
config_args=''
hint=recommended, useposix=true, d_sigaction=define
useithreads=define, usemultiplicity=define
useperlio=define, d_sfio=undef, uselargefiles=define, usesocks=undef
use64bitint=define, use64bitall=define, uselongdouble=undef
usemymalloc=n, bincompat5005=undef
Compiler:
cc='cc', ccflags ='-D_REENTRANT -D_GNU_SOURCE -fno-strict-aliasing -pipe -fstack-protector -I/usr/local/include -D_LARGEFILE_SOURCE -D_FILE_OFFSET_BITS=64',
optimize='-O2',
cppflags='-D_REENTRANT -D_GNU_SOURCE -fno-strict-aliasing -pipe -fstack-protector -I/usr/local/include'
ccversion='', gccversion='4.8.2', gccosandvers=''
intsize=4, longsize=8, ptrsize=8, doublesize=8, byteorder=12345678
d_longlong=define, longlongsize=8, d_longdbl=define, longdblsize=16
ivtype='long', ivsize=8, nvtype='double', nvsize=8, Off_t='off_t', lseeksize=8
alignbytes=8, prototype=define
Linker and Libraries:
ld='cc', ldflags =' -fstack-protector -L/usr/local/lib'
libpth=/usr/local/lib /lib/../lib /usr/lib/../lib /lib /usr/lib /lib64 /usr/lib64
libs=-lnsl -lgdbm -ldb -ldl -lm -lcrypt -lutil -lpthread -lc -lgdbm_compat
perllibs=-lnsl -ldl -lm -lcrypt -lutil -lpthread -lc
libc=/lib/libc-2.18.so, so=so, useshrplib=false, libperl=libperl.a
gnulibc_version='2.18'
Dynamic Linking:
dlsrc=dl_dlopen.xs, dlext=so, d_dlsymun=undef, ccdlflags='-Wl,-E'
cccdlflags='-fPIC', lddlflags='-shared -O2 -L/usr/local/lib -fstack-protector'
Characteristics of this binary (from libperl):
Compile-time options: HAS_TIMES MULTIPLICITY PERLIO_LAYERS
PERL_DONT_CREATE_GVSV PERL_IMPLICIT_CONTEXT
PERL_MALLOC_WRAP PERL_PRESERVE_IVUV USE_64_BIT_ALL
USE_64_BIT_INT USE_ITHREADS USE_LARGE_FILES
USE_LOCALE USE_LOCALE_COLLATE USE_LOCALE_CTYPE
USE_LOCALE_NUMERIC USE_PERLIO USE_PERL_ATOF
USE_REENTRANT_API
Built under linux
Compiled at Nov 3 2013 12:08:50
%ENV:
PERL5LIB=""
PERL5OPT=""
PERL5_CPANPLUS_IS_RUNNING="25634"
PERL5_CPAN_IS_RUNNING="25634"
PERL5_CPAN_IS_RUNNING_IN_RECURSION="469,25634"
PERL_CR_SMOKER_CURRENT="DBIx-Skinny-Schema-Loader-0.25"
PERL_EXTUTILS_AUTOINSTALL="--defaultdeps"
PERL_MM_USE_DEFAULT="1"
@INC:
/home/graham/perls/perl5.16.3-thread/lib/site_perl/5.16.3/x86_64-linux-thread-multi
/home/graham/perls/perl5.16.3-thread/lib/site_perl/5.16.3
/home/graham/perls/perl5.16.3-thread/lib/5.16.3/x86_64-linux-thread-multi
/home/graham/perls/perl5.16.3-thread/lib/5.16.3
.