Plack-Server-AnyEvent v0.04 Perl 5 v5.12.0 i686-linux-thread-multi
- Status
- Fail
- From
- Serguei Trouchelle (STRO)
- Dist
-
Plack-Server-AnyEvent v0.04
- Platform
- Perl 5 v5.12.0 i686-linux-thread-multi
- Date
- 2010-05-20 18:20:41
- ID
- 65d6522c-643c-11df-9b1f-85a55eed3741
This distribution has been tested as part of the CPAN Testers
project, supporting the Perl programming language. See
http://wiki.cpantesters.org/ for more information or email
questions to cpan-testers-discuss@perl.org
--
Dear Tatsuhiko Miyagawa,
This is a computer-generated report for Plack-Server-AnyEvent-0.04
on perl 5.12.0, created by CPAN-Reporter-1.1711.
Thank you for uploading your work to CPAN. However, there was a problem
testing your distribution.
If you think this report is invalid, please consult the CPAN Testers Wiki
for suggestions on how to avoid getting FAIL reports for missing library
or binary dependencies, unsupported operating systems, and so on:
http://wiki.cpantesters.org/wiki/CPANAuthorNotes
Sections of this report:
* Tester comments
* Program output
* Prerequisites
* Environment and other context
------------------------------
TESTER COMMENTS
------------------------------
Additional comments from tester:
this report is from an automated smoke testing program
and was not reviewed by a human for accuracy
------------------------------
PROGRAM OUTPUT
------------------------------
Output from '"C:\Program Files\Microsoft Visual Studio\VC98\bin\nmake.EXE" test':
Microsoft (R) Program Maintenance Utility Version 6.00.8168.0
Copyright (C) Microsoft Corp 1988-1998. All rights reserved.
C:\home\stro\perl5120\bin\perl.exe "-MExtUtils::Command::MM" "-e" "test_harness(0, 'inc', 'blib\lib', 'blib\arch')" t/*.t
t/00_compile.t ........... ok
Accepting requests at http://127.0.0.1:10001/
# Failed test at C:\home\stro\cpan\build\5.12.0\Plack-Server-AnyEvent-0.04-PseOSG\inc/Test/Builder.pm line 1027.
# ''
# doesn't match '(?-xism:^package )'
# Failed test at C:\home\stro\cpan\build\5.12.0\Plack-Server-AnyEvent-0.04-PseOSG\inc/Test/Builder.pm line 1027.
# ''
# doesn't match '(?-xism:END_MARK_FOR_TESTING$)'
# Failed test at C:\home\stro\cpan\build\5.12.0\Plack-Server-AnyEvent-0.04-PseOSG\inc/Test/Builder.pm line 892.
# got: '500'
# expected: '200'
# Failed test at C:\home\stro\cpan\build\5.12.0\Plack-Server-AnyEvent-0.04-PseOSG\inc/Test/Builder.pm line 892.
# got: 'text/plain'
# expected: 'image/jpeg'
# Failed test at C:\home\stro\cpan\build\5.12.0\Plack-Server-AnyEvent-0.04-PseOSG\inc/Test/Builder.pm line 892.
# got: '17'
# expected: '4745'
# Failed test at C:\home\stro\cpan\build\5.12.0\Plack-Server-AnyEvent-0.04-PseOSG\inc/Test/Builder.pm line 892.
# got: '500'
# expected: '200'
# Failed test at C:\home\stro\cpan\build\5.12.0\Plack-Server-AnyEvent-0.04-PseOSG\inc/Test/Builder.pm line 892.
# got: 'text/plain'
# expected: 'image/jpeg'
# Failed test at C:\home\stro\cpan\build\5.12.0\Plack-Server-AnyEvent-0.04-PseOSG\inc/Test/Builder.pm line 892.
# got: '17'
# expected: '2397701'
# Failed test at C:\home\stro\cpan\build\5.12.0\Plack-Server-AnyEvent-0.04-PseOSG\inc/Test/Builder.pm line 892.
# got: '997ea5cdec50ac1b81df5c6e87734511'
# expected: '9c6d7249a77204a88be72e9b2fe279e8'
# Failed test at C:\home\stro\cpan\build\5.12.0\Plack-Server-AnyEvent-0.04-PseOSG\inc/Test/Builder.pm line 892.
# got: '500'
# expected: '200'
# Failed test at C:\home\stro\cpan\build\5.12.0\Plack-Server-AnyEvent-0.04-PseOSG\inc/Test/Builder.pm line 892.
# got: '500 read timeout
# '
# expected: 'Bar'
# Failed test at C:\home\stro\cpan\build\5.12.0\Plack-Server-AnyEvent-0.04-PseOSG\inc/Test/Builder.pm line 892.
# got: '500'
# expected: '200'
# Failed test at C:\home\stro\cpan\build\5.12.0\Plack-Server-AnyEvent-0.04-PseOSG\inc/Test/Builder.pm line 892.
# got: '500 read timeout
# '
# expected: 'foo'
# Failed test at C:\home\stro\cpan\build\5.12.0\Plack-Server-AnyEvent-0.04-PseOSG\inc/Test/Builder.pm line 892.
# got: '500'
# expected: '200'
# Failed test at C:\home\stro\cpan\build\5.12.0\Plack-Server-AnyEvent-0.04-PseOSG\inc/Test/Builder.pm line 892.
# got: '500 read timeout
# '
# expected: 'REQUEST_METHOD:GET
# PATH_INFO:/foo/
# QUERY_STRING:dankogai=kogaidan
# SERVER_NAME:127.0.0.1
# SERVER_PORT:10001
# '
# Failed test 'PATH_INFO should be decoded per RFC 3875'
# at C:\home\stro\cpan\build\5.12.0\Plack-Server-AnyEvent-0.04-PseOSG\inc/Test/Builder.pm line 892.
# got: '500 read timeout
# '
# expected: '/foo/bar,baz'
# Failed test 'PATH_INFO should be decoded only once, per RFC 3875'
# at C:\home\stro\cpan\build\5.12.0\Plack-Server-AnyEvent-0.04-PseOSG\inc/Test/Builder.pm line 892.
# got: '500 read timeout
# '
# expected: '/foo/bar%2cbaz'
# Failed test at C:\home\stro\cpan\build\5.12.0\Plack-Server-AnyEvent-0.04-PseOSG\inc/Test/Builder.pm line 892.
# got: '500'
# expected: '200'
# Failed test at C:\home\stro\cpan\build\5.12.0\Plack-Server-AnyEvent-0.04-PseOSG\inc/Test/Builder.pm line 1027.
# '500 read timeout
# '
# doesn't match '(?-xism:^HTTP/1\.[01]$)'
# Failed test at C:\home\stro\cpan\build\5.12.0\Plack-Server-AnyEvent-0.04-PseOSG\inc/Test/Builder.pm line 892.
# got: '500 read timeout
# '
# expected: '1'
# Failed test at C:\home\stro\cpan\build\5.12.0\Plack-Server-AnyEvent-0.04-PseOSG\inc/Test/Builder.pm line 892.
# got: '500 read timeout
# '
# expected: '1234'
# Failed test at C:\home\stro\cpan\build\5.12.0\Plack-Server-AnyEvent-0.04-PseOSG\inc/Test/Builder.pm line 892.
# got: '500 read timeout
# '
# expected: '1'
# Failed test at C:\home\stro\cpan\build\5.12.0\Plack-Server-AnyEvent-0.04-PseOSG\inc/Test/Builder.pm line 892.
# got: '500 read timeout'
# expected: '200 OK'
# Failed test at C:\home\stro\cpan\build\5.12.0\Plack-Server-AnyEvent-0.04-PseOSG\inc/Test/Builder.pm line 892.
# got: '500 read timeout
# '
# expected: 'bar, baz'
# Failed test at C:\home\stro\cpan\build\5.12.0\Plack-Server-AnyEvent-0.04-PseOSG\inc/Test/Builder.pm line 892.
# got: '500'
# expected: '304'
# Failed test at C:\home\stro\cpan\build\5.12.0\Plack-Server-AnyEvent-0.04-PseOSG\inc/Test/Builder.pm line 892.
# got: '500 read timeout
# '
# expected: ''
# Failed test 'No Content-Type'
# at C:/home/stro/perl5120/site/lib/Plack/Test/Suite.pm line 378.
# Failed test at C:\home\stro\cpan\build\5.12.0\Plack-Server-AnyEvent-0.04-PseOSG\inc/Test/Builder.pm line 892.
# got: '500 read timeout
# '
# expected: '/foo/bar%20baz?x=a'
# Failed test at C:\home\stro\cpan\build\5.12.0\Plack-Server-AnyEvent-0.04-PseOSG\inc/Test/Builder.pm line 892.
# got: '500'
# expected: '200'
# Failed test at C:\home\stro\cpan\build\5.12.0\Plack-Server-AnyEvent-0.04-PseOSG\inc/Test/Builder.pm line 892.
# got: 'text/plain'
# expected: 'image/jpeg'
# Failed test at C:\home\stro\cpan\build\5.12.0\Plack-Server-AnyEvent-0.04-PseOSG\inc/Test/Builder.pm line 892.
# got: '17'
# expected: '4745'
# Looks like you failed 31 tests of 51.
t/anyevent.t .............
Dubious, test returned 31 (wstat 7936, 0x1f00)
Failed 31/51 subtests
Accepting requests at http://127.0.0.1:10001/
t/anyevent_extensions.t .. ok
Test Summary Report
-------------------
t/anyevent.t (Wstat: 7936 Tests: 51 Failed: 31)
Failed tests: 14-23, 25-26, 28-29, 31-34, 36-40, 42-45
48-51
Non-zero exit status: 31
Files=3, Tests=64, 3254 wallclock secs ( 0.11 usr + 0.16 sys = 0.27 CPU)
Result: FAIL
Failed 1/3 test programs. 31/64 subtests failed.
NMAKE : fatal error U1077: 'C:\home\stro\perl5120\bin\perl.exe' : return code '0xff'
Stop.
------------------------------
PREREQUISITES
------------------------------
Prerequisite modules loaded:
requires:
Module Need Have
-------------------------------- ---- -----
AnyEvent 0 5.261
ExtUtils::MakeMaker 6.42 6.56
Filter::Util::Call 0 1.08
HTTP::Status 0 5.817
namespace::clean 0 0.14
Plack::Middleware::ContentLength 0 0
Plack::Util 0 0
Test::More 0 0.94
Try::Tiny 0 0.04
configure_requires:
Module Need Have
-------------------------------- ---- -----
ExtUtils::MakeMaker 6.42 6.56
------------------------------
ENVIRONMENT AND OTHER CONTEXT
------------------------------
Environment variables:
AUTOMATED_TESTING = 1
COMSPEC = C:\WINDOWS\system32\cmd.exe
INCLUDE = C:\Program Files\Microsoft Visual Studio\VC98\atl\include;C:\Program Files\Microsoft Visual Studio\VC98\mfc\include;C:\Program Files\Microsoft Visual Studio\VC98\include
LIB = C:\Program Files\Microsoft Visual Studio\VC98\mfc\lib;C:\Program Files\Microsoft Visual Studio\VC98\lib
NUMBER_OF_PROCESSORS = 1
PATH = C:\Program Files\Far2\;C:\Program Files\CollabNet\Subversion Client;C:\usr\site\bin;C:\usr\bin;C:\Program Files\Common Files\Microsoft Shared\Windows Live;C:\WINDOWS\system32;C:\WINDOWS;C:\WINDOWS\System32\Wbem;C:\WINDOWS\system32\WindowsPowerShell\v1.0;C:\Program Files\TortoiseSVN\bin;C:\Program Files\Microsoft Visual Studio\Common\Tools\WinNT;C:\Program Files\Microsoft Visual Studio\Common\MSDev98\Bin;C:\Program Files\Microsoft Visual Studio\Common\Tools;C:\Program Files\Microsoft Visual Studio\VC98\bin;%CommonProgramFiles%\Microsoft Shared\Windows Live
PERL5LIB =
PERL5OPT =
PERL5_CPANPLUS_IS_RUNNING = 124
PERL5_CPAN_IS_RUNNING = 124
PERL5_CPAN_IS_RUNNING_IN_RECURSION = 3036,124
PERL_CR_SMOKER_CURRENT = Plack-Server-AnyEvent-0.04
PERL_EXTUTILS_AUTOINSTALL = --defaultdeps
PERL_MM_USE_DEFAULT = 1
PROCESSOR_IDENTIFIER = x86 Family 15 Model 44 Stepping 2, AuthenticAMD
TEMP = C:\DOCUME~1\root\LOCALS~1\Temp
Perl special variables (and OS-specific diagnostics, for MSWin32):
$^X = C:\home\stro\perl5120\bin\perl.exe
$UID/$EUID = 0 / 0
$GID = 0
$EGID = 0
Win32::GetOSName = WinXP/.Net
Win32::GetOSVersion = Service Pack 3, 5, 1, 2600, 2, 3, 0, 256, 1
Win32::FsType = NTFS
Win32::IsAdminUser = 1
Perl module toolchain versions installed:
Module Have
------------------- -------
CPAN 1.9304
Cwd 3.31
ExtUtils::CBuilder 0.2703
ExtUtils::Command 1.16
ExtUtils::Install 1.54
ExtUtils::MakeMaker 6.56
ExtUtils::Manifest 1.58
ExtUtils::ParseXS 2.2205
File::Spec 3.31
Module::Build 0.36_08
Module::Signature n/a
Test::Harness 3.21
Test::More 0.94
YAML 0.71
YAML::Syck 1.07
version 0.82
--
Summary of my perl5 (revision 5 version 12 subversion 0) configuration:
Platform:
osname=MSWin32, osvers=5.1, archname=MSWin32-x86-multi-thread
uname=''
config_args='undef'
hint=recommended, useposix=true, d_sigaction=undef
useithreads=define, usemultiplicity=define
useperlio=define, d_sfio=undef, uselargefiles=define, usesocks=undef
use64bitint=undef, use64bitall=undef, uselongdouble=undef
usemymalloc=n, bincompat5005=undef
Compiler:
cc='cl', ccflags ='-nologo -GF -W3 -MD -Zi -DNDEBUG -O1 -DWIN32 -D_CONSOLE -DNO_STRICT -DHAVE_DES_FCRYPT -DPERL_IMPLICIT_CONTEXT -DPERL_IMPLICIT_SYS -DUSE_PERLIO -DPERL_MSVCRT_READFIX',
optimize='-MD -Zi -DNDEBUG -O1',
cppflags='-DWIN32'
ccversion='12.00.8168', gccversion='', gccosandvers=''
intsize=4, longsize=4, ptrsize=4, doublesize=8, byteorder=1234
d_longlong=undef, longlongsize=8, d_longdbl=define, longdblsize=8
ivtype='long', ivsize=4, nvtype='double', nvsize=8, Off_t='__int64', lseeksize=8
alignbytes=8, prototype=define
Linker and Libraries:
ld='link', ldflags ='-nologo -nodefaultlib -debug -opt:ref,icf -libpath:"c:\home\stro\perl5120\lib\CORE" -machine:x86'
libpth=\lib
libs= oldnames.lib kernel32.lib user32.lib gdi32.lib winspool.lib comdlg32.lib advapi32.lib shell32.lib ole32.lib oleaut32.lib netapi32.lib uuid.lib ws2_32.lib mpr.lib winmm.lib version.lib odbc32.lib odbccp32.lib comctl32.lib msvcrt.lib
perllibs= oldnames.lib kernel32.lib user32.lib gdi32.lib winspool.lib comdlg32.lib advapi32.lib shell32.lib ole32.lib oleaut32.lib netapi32.lib uuid.lib ws2_32.lib mpr.lib winmm.lib version.lib odbc32.lib odbccp32.lib comctl32.lib msvcrt.lib
libc=msvcrt.lib, so=dll, useshrplib=true, libperl=perl512.lib
gnulibc_version=''
Dynamic Linking:
dlsrc=dl_win32.xs, dlext=dll, d_dlsymun=undef, ccdlflags=' '
cccdlflags=' ', lddlflags='-dll -nologo -nodefaultlib -debug -opt:ref,icf -libpath:"c:\home\stro\perl5120\lib\CORE" -machine:x86'
Characteristics of this binary (from libperl):
Compile-time options: MULTIPLICITY PERL_DONT_CREATE_GVSV
PERL_IMPLICIT_CONTEXT PERL_IMPLICIT_SYS
PERL_MALLOC_WRAP PL_OP_SLAB_ALLOC USE_ITHREADS
USE_LARGE_FILES USE_PERLIO USE_PERL_ATOF
Built under MSWin32
Compiled at Apr 25 2010 18:24:36
%ENV:
PERL5_CPANPLUS_IS_RUNNING="124"
PERL5_CPAN_IS_RUNNING="124"
PERL5_CPAN_IS_RUNNING_IN_RECURSION="3036,124"
PERL_CR_SMOKER_CURRENT="Plack-Server-AnyEvent-0.04"
PERL_EXTUTILS_AUTOINSTALL="--defaultdeps"
PERL_MM_USE_DEFAULT="1"
@INC:
C:/home/stro/perl5120/site/lib
C:/home/stro/perl5120/lib
.