Report for String-Gsub-0.04

Back
From: metabase:user:30f0bd62-2aae-11df-837a-5e0a49663a4f
Subject: FAIL String-Gsub-0.04 v5.12.3 OpenBSD
Date: 2011-06-12T14:08:07Z

This distribution has been tested as part of the CPAN Testers
project, supporting the Perl programming language.  See
http://wiki.cpantesters.org/ for more information or email
questions to cpan-testers-discuss@perl.org


--
Dear YAMASHINA Hio,

This is a computer-generated report for String-Gsub-0.04
on perl 5.12.3, created by CPAN-Reporter-1.1902.

Thank you for uploading your work to CPAN.  However, there was a problem
testing your distribution.

If you think this report is invalid, please consult the CPAN Testers Wiki
for suggestions on how to avoid getting FAIL reports for missing library
or binary dependencies, unsupported operating systems, and so on:

http://wiki.cpantesters.org/wiki/CPANAuthorNotes

Sections of this report:

    * Tester comments
    * Program output
    * Prerequisites
    * Environment and other context

------------------------------
TESTER COMMENTS
------------------------------

Additional comments from tester:

this report is from an automated smoke testing program
and was not reviewed by a human for accuracy

------------------------------
PROGRAM OUTPUT
------------------------------

Output from '/usr/bin/make test':

PERL_DL_NONLAZY=1 /home/sts/cpansmoke/perl-5.12.3/bin/perl "-MExtUtils::Command::MM" "-e" "test_harness(0, 'blib/lib', 'blib/arch')" t/*.t
# Testing String::Gsub 0.04, Perl 5.012003, /home/sts/cpansmoke/perl-5.12.3/bin/perl
t/00-load.t ......... ok
t/boilerplate.t ..... ok
t/gsub-functions.t .. ok

#   Failed test 'gsub result'
#   at t/gsub.t line 17.
# An error occurred while using eq:
# ------------------------------------
# Operation "eq": no method found,
# 	left argument in overloaded package String::Gsub,
# 	right argument has no overloaded magic at (eval in cmp_ok) t/gsub.t line 17.
# 
# ------------------------------------
#          got: 'aBcaBc'
#     expected: 'aBcaBc'

#   Failed test 'gsub returns new object'
#   at t/gsub.t line 18.
# An error occurred while using ne:
# ------------------------------------
# Operation "ne": no method found,
# 	left argument in overloaded package String::Gsub,
# 	right argument in overloaded package String::Gsub at (eval in cmp_ok) t/gsub.t line 18.
# 
# ------------------------------------
#          got: 'aBcaBc'
#     expected: anything else

#   Failed test 'gsub twice'
#   at t/gsub.t line 20.
# An error occurred while using eq:
# ------------------------------------
# Operation "eq": no method found,
# 	left argument in overloaded package String::Gsub,
# 	right argument has no overloaded magic at (eval in cmp_ok) t/gsub.t line 20.
# 
# ------------------------------------
#          got: 'AbCAbC'
#     expected: 'AbCAbC'

#   Failed test 'gsub doesnt change original'
#   at t/gsub.t line 21.
# An error occurred while using eq:
# ------------------------------------
# Operation "eq": no method found,
# 	left argument in overloaded package String::Gsub,
# 	right argument has no overloaded magic at (eval in cmp_ok) t/gsub.t line 21.
# 
# ------------------------------------
#          got: 'abcabc'
#     expected: 'abcabc'

#   Failed test 'gsubx result'
#   at t/gsub.t line 28.
# An error occurred while using eq:
# ------------------------------------
# Operation "eq": no method found,
# 	left argument in overloaded package String::Gsub,
# 	right argument has no overloaded magic at (eval in cmp_ok) t/gsub.t line 28.
# 
# ------------------------------------
#          got: 'aBcaBc'
#     expected: 'aBcaBc'

#   Failed test 'gsubx returns itself'
#   at t/gsub.t line 29.
# An error occurred while using eq:
# ------------------------------------
# Operation "eq": no method found,
# 	left argument in overloaded package String::Gsub,
# 	right argument in overloaded package String::Gsub at (eval in cmp_ok) t/gsub.t line 29.
# 
# ------------------------------------
#          got: 'aBcaBc'
#     expected: 'aBcaBc'

#   Failed test 'gsubx changes original'
#   at t/gsub.t line 30.
# An error occurred while using eq:
# ------------------------------------
# Operation "eq": no method found,
# 	left argument in overloaded package String::Gsub,
# 	right argument has no overloaded magic at (eval in cmp_ok) t/gsub.t line 30.
# 
# ------------------------------------
#          got: 'aBcaBc'
#     expected: 'aBcaBc'

#   Failed test 'sub result'
#   at t/gsub.t line 37.
# An error occurred while using eq:
# ------------------------------------
# Operation "eq": no method found,
# 	left argument in overloaded package String::Gsub,
# 	right argument has no overloaded magic at (eval in cmp_ok) t/gsub.t line 37.
# 
# ------------------------------------
#          got: 'aBcabc'
#     expected: 'aBcabc'

#   Failed test 'sub returns new object'
#   at t/gsub.t line 38.
# An error occurred while using ne:
# ------------------------------------
# Operation "ne": no method found,
# 	left argument in overloaded package String::Gsub,
# 	right argument in overloaded package String::Gsub at (eval in cmp_ok) t/gsub.t line 38.
# 
# ------------------------------------
#          got: 'aBcabc'
#     expected: anything else

#   Failed test 'sub twice'
#   at t/gsub.t line 40.
# An error occurred while using eq:
# ------------------------------------
# Operation "eq": no method found,
# 	left argument in overloaded package String::Gsub,
# 	right argument has no overloaded magic at (eval in cmp_ok) t/gsub.t line 40.
# 
# ------------------------------------
#          got: 'AbCabc'
#     expected: 'AbCabc'

#   Failed test 'sub doesnt change original'
#   at t/gsub.t line 41.
# An error occurred while using eq:
# ------------------------------------
# Operation "eq": no method found,
# 	left argument in overloaded package String::Gsub,
# 	right argument has no overloaded magic at (eval in cmp_ok) t/gsub.t line 41.
# 
# ------------------------------------
#          got: 'abcabc'
#     expected: 'abcabc'

#   Failed test 'subx result'
#   at t/gsub.t line 48.
# An error occurred while using eq:
# ------------------------------------
# Operation "eq": no method found,
# 	left argument in overloaded package String::Gsub,
# 	right argument has no overloaded magic at (eval in cmp_ok) t/gsub.t line 48.
# 
# ------------------------------------
#          got: 'aBcabc'
#     expected: 'aBcabc'

#   Failed test 'subx returns itself'
#   at t/gsub.t line 49.
# An error occurred while using eq:
# ------------------------------------
# Operation "eq": no method found,
# 	left argument in overloaded package String::Gsub,
# 	right argument in overloaded package String::Gsub at (eval in cmp_ok) t/gsub.t line 49.
# 
# ------------------------------------
#          got: 'aBcabc'
#     expected: 'aBcabc'

#   Failed test 'subx changes original'
#   at t/gsub.t line 50.
# An error occurred while using eq:
# ------------------------------------
# Operation "eq": no method found,
# 	left argument in overloaded package String::Gsub,
# 	right argument has no overloaded magic at (eval in cmp_ok) t/gsub.t line 50.
# 
# ------------------------------------
#          got: 'aBcabc'
#     expected: 'aBcabc'
# Looks like you failed 14 tests of 16.
t/gsub.t ............ 
Dubious, test returned 14 (wstat 3584, 0xe00)
Failed 14/16 subtests 
t/pod-coverage.t .... ok
t/pod.t ............. ok

#   Failed test 'gsub result'
#   at t/string-pattern.t line 21.
# An error occurred while using eq:
# ------------------------------------
# Operation "eq": no method found,
# 	left argument in overloaded package String::Gsub,
# 	right argument has no overloaded magic at (eval in cmp_ok) t/string-pattern.t line 21.
# 
# ------------------------------------
#          got: 'a(b)ca(b)c'
#     expected: 'a(b)ca(b)c'

#   Failed test 'gsub returns new object'
#   at t/string-pattern.t line 22.
# An error occurred while using ne:
# ------------------------------------
# Operation "ne": no method found,
# 	left argument in overloaded package String::Gsub,
# 	right argument in overloaded package String::Gsub at (eval in cmp_ok) t/string-pattern.t line 22.
# 
# ------------------------------------
#          got: 'a(b)ca(b)c'
#     expected: anything else

#   Failed test 'gsub doesnt change original'
#   at t/string-pattern.t line 23.
# An error occurred while using eq:
# ------------------------------------
# Operation "eq": no method found,
# 	left argument in overloaded package String::Gsub,
# 	right argument has no overloaded magic at (eval in cmp_ok) t/string-pattern.t line 23.
# 
# ------------------------------------
#          got: 'abcabc'
#     expected: 'abcabc'

#   Failed test 'gsubx result'
#   at t/string-pattern.t line 30.
# An error occurred while using eq:
# ------------------------------------
# Operation "eq": no method found,
# 	left argument in overloaded package String::Gsub,
# 	right argument has no overloaded magic at (eval in cmp_ok) t/string-pattern.t line 30.
# 
# ------------------------------------
#          got: 'a(b)ca(b)c'
#     expected: 'a(b)ca(b)c'

#   Failed test 'gsubx returns itself'
#   at t/string-pattern.t line 31.
# An error occurred while using eq:
# ------------------------------------
# Operation "eq": no method found,
# 	left argument in overloaded package String::Gsub,
# 	right argument in overloaded package String::Gsub at (eval in cmp_ok) t/string-pattern.t line 31.
# 
# ------------------------------------
#          got: 'a(b)ca(b)c'
#     expected: 'a(b)ca(b)c'

#   Failed test 'gsubx changes original'
#   at t/string-pattern.t line 32.
# An error occurred while using eq:
# ------------------------------------
# Operation "eq": no method found,
# 	left argument in overloaded package String::Gsub,
# 	right argument has no overloaded magic at (eval in cmp_ok) t/string-pattern.t line 32.
# 
# ------------------------------------
#          got: 'a(b)ca(b)c'
#     expected: 'a(b)ca(b)c'

#   Failed test 'sub result'
#   at t/string-pattern.t line 39.
# An error occurred while using eq:
# ------------------------------------
# Operation "eq": no method found,
# 	left argument in overloaded package String::Gsub,
# 	right argument has no overloaded magic at (eval in cmp_ok) t/string-pattern.t line 39.
# 
# ------------------------------------
#          got: 'a(b)cabc'
#     expected: 'a(b)cabc'

#   Failed test 'sub returns new object'
#   at t/string-pattern.t line 40.
# An error occurred while using ne:
# ------------------------------------
# Operation "ne": no method found,
# 	left argument in overloaded package String::Gsub,
# 	right argument in overloaded package String::Gsub at (eval in cmp_ok) t/string-pattern.t line 40.
# 
# ------------------------------------
#          got: 'a(b)cabc'
#     expected: anything else

#   Failed test 'sub doesnt change original'
#   at t/string-pattern.t line 41.
# An error occurred while using eq:
# ------------------------------------
# Operation "eq": no method found,
# 	left argument in overloaded package String::Gsub,
# 	right argument has no overloaded magic at (eval in cmp_ok) t/string-pattern.t line 41.
# 
# ------------------------------------
#          got: 'abcabc'
#     expected: 'abcabc'

#   Failed test 'subx result'
#   at t/string-pattern.t line 48.
# An error occurred while using eq:
# ------------------------------------
# Operation "eq": no method found,
# 	left argument in overloaded package String::Gsub,
# 	right argument has no overloaded magic at (eval in cmp_ok) t/string-pattern.t line 48.
# 
# ------------------------------------
#          got: 'a(b)cabc'
#     expected: 'a(b)cabc'

#   Failed test 'subx returns itself'
#   at t/string-pattern.t line 49.
# An error occurred while using eq:
# ------------------------------------
# Operation "eq": no method found,
# 	left argument in overloaded package String::Gsub,
# 	right argument in overloaded package String::Gsub at (eval in cmp_ok) t/string-pattern.t line 49.
# 
# ------------------------------------
#          got: 'a(b)cabc'
#     expected: 'a(b)cabc'

#   Failed test 'subx changes original'
#   at t/string-pattern.t line 50.
# An error occurred while using eq:
# ------------------------------------
# Operation "eq": no method found,
# 	left argument in overloaded package String::Gsub,
# 	right argument has no overloaded magic at (eval in cmp_ok) t/string-pattern.t line 50.
# 
# ------------------------------------
#          got: 'a(b)cabc'
#     expected: 'a(b)cabc'

#   Failed test 'argument of match callback'
#   at t/string-pattern.t line 57.
# An error occurred while using eq:
# ------------------------------------
# Operation "eq": no method found,
# 	left argument in overloaded package String::Gsub,
# 	right argument has no overloaded magic at (eval in cmp_ok) t/string-pattern.t line 57.
# 
# ------------------------------------
#          got: 'aBcaBc'
#     expected: 'aBcaBc'

#   Failed test 'gsub match value'
#   at t/string-pattern.t line 64.
# An error occurred while using eq:
# ------------------------------------
# Operation "eq": no method found,
# 	left argument in overloaded package String::Gsub,
# 	right argument has no overloaded magic at (eval in cmp_ok) t/string-pattern.t line 64.
# 
# ------------------------------------
#          got: 'a(b)ca(b)c'
#     expected: 'a(b)ca(b)c'

#   Failed test 'gsub prematch value'
#   at t/string-pattern.t line 68.
# An error occurred while using eq:
# ------------------------------------
# Operation "eq": no method found,
# 	left argument in overloaded package String::Gsub,
# 	right argument has no overloaded magic at (eval in cmp_ok) t/string-pattern.t line 68.
# 
# ------------------------------------
#          got: 'a(a)ca(abca)c'
#     expected: 'a(a)ca(abca)c'

#   Failed test 'gsub postmatch value'
#   at t/string-pattern.t line 72.
# An error occurred while using eq:
# ------------------------------------
# Operation "eq": no method found,
# 	left argument in overloaded package String::Gsub,
# 	right argument has no overloaded magic at (eval in cmp_ok) t/string-pattern.t line 72.
# 
# ------------------------------------
#          got: 'a(cabc)ca(c)c'
#     expected: 'a(cabc)ca(c)c'

#   Failed test '. matches just `.''
#   at t/string-pattern.t line 79.
# An error occurred while using eq:
# ------------------------------------
# Operation "eq": no method found,
# 	left argument in overloaded package String::Gsub,
# 	right argument has no overloaded magic at (eval in cmp_ok) t/string-pattern.t line 79.
# 
# ------------------------------------
#          got: 'abc(.)abc(.)'
#     expected: 'abc(.)abc(.)'
# Looks like you failed 17 tests of 17.
t/string-pattern.t .. 
Dubious, test returned 17 (wstat 4352, 0x1100)
Failed 17/17 subtests 

Test Summary Report
-------------------
t/gsub.t          (Wstat: 3584 Tests: 16 Failed: 14)
  Failed tests:  1-2, 4-10, 12-16
  Non-zero exit status: 14
t/string-pattern.t (Wstat: 4352 Tests: 17 Failed: 17)
  Failed tests:  1-17
  Non-zero exit status: 17
Files=7, Tests=58,  0 wallclock secs ( 0.04 usr  0.06 sys +  0.39 cusr  0.07 csys =  0.56 CPU)
Result: FAIL
Failed 2/7 test programs. 31/58 subtests failed.
*** Error code 17

Stop in /home/sts/cpansmoke/perl-5.12.3/cpan/build/String-Gsub-0.04-HZPb7a (line 807 of Makefile).

------------------------------
PREREQUISITES
------------------------------

Prerequisite modules loaded:

requires:

    Module     Need Have   
    ---------- ---- -------
    Exporter   0    5.64_01
    Test::More 0    0.98   


------------------------------
ENVIRONMENT AND OTHER CONTEXT
------------------------------

Environment variables:

    AUTOMATED_TESTING = 1
    PATH = /home/sts/bin:/bin:/sbin:/usr/bin:/usr/sbin:/usr/X11R6/bin:/usr/local/bin:/usr/local/sbin:/usr/games:.
    PERL5LIB = 
    PERL5OPT = 
    PERL5_CPANPLUS_IS_RUNNING = 11519
    PERL5_CPAN_IS_RUNNING = 11519
    PERL5_CPAN_IS_RUNNING_IN_RECURSION = 32606,11519
    PERL_CR_SMOKER_CURRENT = String-Gsub-0.04
    PERL_EXTUTILS_AUTOINSTALL = --defaultdeps
    PERL_MM_USE_DEFAULT = 1
    SHELL = /usr/local/bin/bash
    TERM = screen
    TMPDIR = /home/sts/cpansmoke/tmp

Perl special variables (and OS-specific diagnostics, for MSWin32):

    $^X = /home/sts/cpansmoke/perl-5.12.3/bin/perl
    $UID/$EUID = 1000 / 1000
    $GID = 10 10 0
    $EGID = 10 10 0

Perl module toolchain versions installed:

    Module              Have   
    ------------------- -------
    CPAN                1.9600 
    Cwd                 3.31   
    ExtUtils::CBuilder  0.27   
    ExtUtils::Command   1.16   
    ExtUtils::Install   1.55   
    ExtUtils::MakeMaker 6.56   
    ExtUtils::Manifest  1.57   
    ExtUtils::ParseXS   2.21   
    File::Spec          3.31_01
    Module::Build       0.3603 
    Module::Signature   n/a    
    Test::Harness       3.17   
    Test::More          0.98   
    YAML                0.73   
    YAML::Syck          n/a    
    version             0.82   


--

Summary of my perl5 (revision 5 version 12 subversion 3) configuration:
   
  Platform:
    osname=openbsd, osvers=4.9, archname=OpenBSD.i386-openbsd-thread-multi
    uname='openbsd cpansmoke3 4.9 generic.mp#794 i386 '
    config_args='-des -Dusethreads -Dprefix=/home/sts/cpansmoke/perl-5.12.3'
    hint=recommended, useposix=true, d_sigaction=define
    useithreads=define, usemultiplicity=define
    useperlio=define, d_sfio=undef, uselargefiles=define, usesocks=undef
    use64bitint=undef, use64bitall=undef, uselongdouble=undef
    usemymalloc=n, bincompat5005=undef
  Compiler:
    cc='cc', ccflags ='-pthread -fno-strict-aliasing -pipe -fstack-protector -I/usr/local/include',
    optimize='-O2',
    cppflags='-pthread -fno-strict-aliasing -pipe -fstack-protector -I/usr/local/include'
    ccversion='', gccversion='4.2.1 20070719 ', gccosandvers='openbsd4.9'
    intsize=4, longsize=4, ptrsize=4, doublesize=8, byteorder=1234
    d_longlong=define, longlongsize=8, d_longdbl=define, longdblsize=12
    ivtype='long', ivsize=4, nvtype='double', nvsize=8, Off_t='off_t', lseeksize=8
    alignbytes=4, prototype=define
  Linker and Libraries:
    ld='cc', ldflags ='-pthread -Wl,-E  -fstack-protector -L/usr/local/lib'
    libpth=/usr/local/lib /usr/lib
    libs=-lgdbm -lm -lutil -lc
    perllibs=-lm -lutil -lc
    libc=/usr/lib/libc.so.58.0, so=so, useshrplib=false, libperl=libperl.a
    gnulibc_version=''
  Dynamic Linking:
    dlsrc=dl_dlopen.xs, dlext=so, d_dlsymun=undef, ccdlflags=' '
    cccdlflags='-DPIC -fPIC ', lddlflags='-shared -fPIC  -L/usr/local/lib -fstack-protector'


Characteristics of this binary (from libperl): 
  Compile-time options: MULTIPLICITY PERL_DONT_CREATE_GVSV
                        PERL_IMPLICIT_CONTEXT PERL_MALLOC_WRAP USE_ITHREADS
                        USE_LARGE_FILES USE_PERLIO USE_PERL_ATOF
                        USE_REENTRANT_API
  Built under openbsd
  Compiled at May  3 2011 17:48:15
  %ENV:
    PERL5LIB=""
    PERL5OPT=""
    PERL5_CPANPLUS_IS_RUNNING="11519"
    PERL5_CPAN_IS_RUNNING="11519"
    PERL5_CPAN_IS_RUNNING_IN_RECURSION="32606,11519"
    PERL_CR_SMOKER_CURRENT="String-Gsub-0.04"
    PERL_EXTUTILS_AUTOINSTALL="--defaultdeps"
    PERL_MM_USE_DEFAULT="1"
  @INC:
    /home/sts/cpansmoke/perl-5.12.3/lib/site_perl/5.12.3/OpenBSD.i386-openbsd-thread-multi
    /home/sts/cpansmoke/perl-5.12.3/lib/site_perl/5.12.3
    /home/sts/cpansmoke/perl-5.12.3/lib/5.12.3/OpenBSD.i386-openbsd-thread-multi
    /home/sts/cpansmoke/perl-5.12.3/lib/5.12.3
    .