Report for DBIx-Skinny-0.0742

Back
From: metabase:user:0d96120c-29e2-11e5-b049-ede3035d37de
Subject: FAIL DBIx-Skinny-0.0742 v5.23.1 SunOS/Solaris
Date: 2015-08-12T10:53:42Z

This distribution has been tested as part of the CPAN Testers
project, supporting the Perl programming language.  See
http://wiki.cpantesters.org/ for more information or email
questions to cpan-testers-discuss@perl.org


--
Dear Atsushi Kobayashi,

This is a computer-generated report for DBIx-Skinny-0.0742
on perl 5.23.1, created by CPAN-Reporter-1.2015.

Thank you for uploading your work to CPAN.  However, there was a problem
testing your distribution.

If you think this report is invalid, please consult the CPAN Testers Wiki
for suggestions on how to avoid getting FAIL reports for missing library
or binary dependencies, unsupported operating systems, and so on:

http://wiki.cpantesters.org/wiki/CPANAuthorNotes

Sections of this report:

    * Tester comments
    * Program output
    * Prerequisites
    * Environment and other context

------------------------------
TESTER COMMENTS
------------------------------

Additional comments from tester:

this report is from an automated smoke testing program
and was not reviewed by a human for accuracy

CPU            : Intel(r) Xeon(r) CPU E5-1650 v3 @ 3.50GHz
MEMORY         : 8.00 GB
ARCH           : i86pc
OS             : Solaris 5.11
KERNEL         : SunOS 5.11
VIRTUALIZATION : virtualbox

------------------------------
PROGRAM OUTPUT
------------------------------

Output from '/usr/bin/make test':

PERL_DL_NONLAZY=1 "/export/home/jmaslak/perl5/perlbrew/perls/perl-5.23.1-64int/bin/perl5.23.1" "-MExtUtils::Command::MM" "-MTest::Harness" "-e" "undef *Test::Harness::Switches; test_harness(0, 'inc', 'blib/lib', 'blib/arch')" t/*.t t/*/*.t t/*/*/*.t
# DBD::SQLite versin is 1.48
t/001_basic/001_compile.t ............................................... ok
t/001_basic/002_schema_info.t ........................................... ok
t/001_basic/003_explicit_schema.t ....................................... ok
t/001_basic/004_sql.t ................................................... ok
    
    #   Failed test at t/001_basic/005_set_columns.t line 45.
    #     Structures begin differing at:
    #          $got->[0] = '`id` = ?'
    #     $expected->[0] = '`name` = ?'
    
    #   Failed test at t/001_basic/005_set_columns.t line 49.
    #     Structures begin differing at:
    #          $got->[0][0] = 'id'
    #     $expected->[0][0] = 'name'
    # Looks like you failed 2 tests of 2.

#   Failed test 'update mode'
#   at t/001_basic/005_set_columns.t line 60.
# Looks like you failed 1 test of 4.
t/001_basic/005_set_columns.t ........................................... 
Dubious, test returned 1 (wstat 256, 0x100)
Failed 1/4 subtests 
t/001_basic/006_all_in_one_file.t ....................................... ok
t/001_basic/007_connect_info.t .......................................... ok
t/001_basic/008_mixin.t ................................................. ok
t/001_basic/009_no_check_schema.t ....................................... ok
t/001_basic/010_dbh.t ................................................... ok
t/001_basic/011_inflate.t ............................................... ok
t/001_basic/012_trigger.t ............................................... ok
t/001_basic/013_common_trigger.t ........................................ ok
t/001_basic/014_utf8.t .................................................. ok
t/001_basic/015_row_class.t ............................................. ok
t/001_basic/016_row_exception.t ......................................... ok
t/001_basic/017_profile.t ............................................... ok
t/001_basic/018_custom_profiler.t ....................................... ok

#   Failed test at t/001_basic/019_profiler_trace.t line 23.
#          got: 'CREATE TABLE mock_basic ( id integer, name text, delete_fg int(1) default 0, primary key ( id ) )
# INSERT INTO mock_basic (`id`, `name`) VALUES (?, ?) :binds 1, perl
# '
#     expected: 'CREATE TABLE mock_basic ( id integer, name text, delete_fg int(1) default 0, primary key ( id ) )
# INSERT INTO mock_basic (`name`, `id`) VALUES (?, ?) :binds perl, 1
# '
# Looks like you failed 1 test of 2.
t/001_basic/019_profiler_trace.t ........................................ 
Dubious, test returned 1 (wstat 256, 0x100)
Failed 1/2 subtests 
t/001_basic/020_on_connect_do.t ......................................... ok
t/001_basic/021_reconnect.t ............................................. ok
t/001_basic/022_transaction.t ........................................... ok
t/001_basic/023_bulk_insert.t ........................................... ok
t/001_basic/024_bind_column.t ........................................... ok
t/002_common/000_new.t .................................................. ok
t/002_common/001_insert.t ............................................... ok
t/002_common/002_update.t ............................................... ok
t/002_common/003_delete.t ............................................... ok
t/002_common/004_find_or_create.t ....................................... ok
t/002_common/005_count.t ................................................ ok
t/002_common/006_single.t ............................................... ok
t/002_common/007_search.t ............................................... ok
t/002_common/008_search_named.t ......................................... ok
t/002_common/009_search_by_sql.t ........................................ ok
t/002_common/010_resultset.t ............................................ ok
t/002_common/011_do.t ................................................... ok
t/002_common/012_replace.t .............................................. ok
t/002_common/014_find_or_new.t .......................................... ok
t/002_common/015_data2row.t ............................................. ok
t/002_common/016_hash_to_row.t .......................................... ok
t/002_common/017_iterator.t ............................................. ok
t/002_common/018_refetch.t .............................................. ok
t/002_common/019_get_columns.t .......................................... ok
t/002_common/020_get_column.t ........................................... ok
    
    #   Failed test at t/002_common/021_quote.t line 17.
    #          got: 'INSERT INTO mock_basic (`id`, `name`) VALUES (?, ?) :binds 1, perl'
    #     expected: 'INSERT INTO mock_basic (`name`, `id`) VALUES (?, ?) :binds perl, 1'
    # Looks like you failed 1 test of 2.

#   Failed test 'quote sql by sqlite'
#   at t/002_common/021_quote.t line 20.
# Looks like you failed 1 test of 1.
t/002_common/021_quote.t ................................................ 
Dubious, test returned 1 (wstat 256, 0x100)
Failed 1/1 subtests 
t/002_common/022_disconnect.t ........................................... ok
t/002_common/023_multi_pk.t ............................................. ok
t/002_common/024_txn_scope.t ............................................ ok
t/002_common/999_delete_by_sql.t ........................................ ok
t/002_common/999_update_by_sql.t ........................................ ok
Unescaped left brace in regex is deprecated, passed through in regex; marked by <-- HERE in m/use DBIx::Skinny setup => { <-- HERE  \.\.\. } has been deprecated\. Please use connect_info instead/ at t/500_deprecated/001_deprecated_setup.t line 19.
t/500_deprecated/001_deprecated_setup.t ................................. ok
Unescaped left brace in regex is deprecated, passed through in regex; marked by <-- HERE in m/use DBIx::Skinny connect_info => { <-- HERE  profiler => \.\.\. } has been deprecated\. Please use use DBIx::Skinny profiler => \.\.\. instead/ at t/500_deprecated/002_deprecated_profiler.t line 19.
t/500_deprecated/002_deprecated_profiler.t .............................. ok
t/999_regression/bind_param.t ........................................... ok
t/999_regression/data2itr_objectarray.t ................................. ok
t/999_regression/dbh_and_txn_manager.t .................................. ok
t/999_regression/deflate_bug.t .......................................... ok
t/999_regression/deflate_scalarref.t .................................... ok
t/999_regression/duplicate_update.t ..................................... ok
t/999_regression/empty_update.t ......................................... ok
t/999_regression/get_row_class.t ........................................ ok
t/999_regression/guess_table_name.t ..................................... ok
t/999_regression/loose_connect_options_after_new.t ...................... ok
t/999_regression/new_attr.t ............................................. ok
t/999_regression/no_schema.t ............................................ ok
t/999_regression/prepare_error_handling.t ............................... ok
t/999_regression/row_update_by_scalarref.t .............................. ok
@@@@@@@@@@@@@@@@@@@@@@@@@@@@@@@@@@@@@
@@@@@ DBIx::Skinny 's Exception @@@@@
Reason  : DBD::SQLite::db prepare failed: no such table: mock_basic at /export/home/jmaslak/.cpan/build/DBIx-Skinny-0.0742-uPuwzt/blib/lib/DBIx/Skinny.pm line 778.

SQL     : SELECT id, name, delete_fg
          FROM mock_basic
          WHERE (name = ?)
          LIMIT 1
          
BIND    : $VAR1 = [
          'ruby'
        ];

@@@@@@@@@@@@@@@@@@@@@@@@@@@@@@@@@@@@@
 at /export/home/jmaslak/.cpan/build/DBIx-Skinny-0.0742-uPuwzt/blib/lib/DBIx/Skinny/SQL.pm line 329.
# Tests were run but no plan was declared and done_testing() was not seen.
# Looks like your test exited with 255 just after 4.
t/999_regression/transaction/call_txn_scope_after_fork.t ................ 
Dubious, test returned 255 (wstat 65280, 0xff00)
All 4 subtests passed 
t/999_regression/transaction/call_txn_scope_after_missing_connect.t ..... ok
Detected transaction during a reconnect operation (last known transaction at t/999_regression/transaction/call_txn_scope_and_fork.t line 19, pid 9520). Refusing to proceed at at /export/home/jmaslak/.cpan/build/DBIx-Skinny-0.0742-uPuwzt/blib/lib/DBIx/Skinny.pm line 225.
	DBIx::Skinny::reconnect("Mock::Basic") called at /export/home/jmaslak/.cpan/build/DBIx-Skinny-0.0742-uPuwzt/blib/lib/DBIx/Skinny.pm line 313
	DBIx::Skinny::dbh("Mock::Basic") called at t/999_regression/transaction/call_txn_scope_and_fork.t line 23
Transaction was aborted without calling an explicit commit or rollback. (Guard created at t/999_regression/transaction/call_txn_scope_and_fork.t line 19) at /export/home/jmaslak/.cpan/build/DBIx-TransactionManager-1.13-iQlPAo/blib/lib/DBIx/TransactionManager.pm line 115.
# Tests were run but no plan was declared and done_testing() was not seen.
# Looks like your test exited with 2 just after 1.
t/999_regression/transaction/call_txn_scope_and_fork.t .................. 
Dubious, test returned 2 (wstat 512, 0x200)
All 1 subtests passed 
@@@@@@@@@@@@@@@@@@@@@@@@@@@@@@@@@@@@@
@@@@@ DBIx::Skinny 's Exception @@@@@
Reason  : DBD::SQLite::db prepare failed: no such table: mock_basic at /export/home/jmaslak/.cpan/build/DBIx-Skinny-0.0742-uPuwzt/blib/lib/DBIx/Skinny.pm line 778.

SQL     : SELECT id, name, delete_fg
          FROM mock_basic
          WHERE (name = ?)
          LIMIT 1
          
BIND    : $VAR1 = [
          'ruby'
        ];

@@@@@@@@@@@@@@@@@@@@@@@@@@@@@@@@@@@@@
 at /export/home/jmaslak/.cpan/build/DBIx-Skinny-0.0742-uPuwzt/blib/lib/DBIx/Skinny/SQL.pm line 329.
# Tests were run but no plan was declared and done_testing() was not seen.
# Looks like your test exited with 255 just after 5.
t/999_regression/transaction/call_txn_scope_before_fork.t ............... 
Dubious, test returned 255 (wstat 65280, 0xff00)
All 5 subtests passed 
@@@@@@@@@@@@@@@@@@@@@@@@@@@@@@@@@@@@@
@@@@@ DBIx::Skinny 's Exception @@@@@
Reason  : DBD::SQLite::db prepare failed: no such table: mock_basic at /export/home/jmaslak/.cpan/build/DBIx-Skinny-0.0742-uPuwzt/blib/lib/DBIx/Skinny.pm line 778.

SQL     : SELECT id, name, delete_fg
          FROM mock_basic
          WHERE (name = ?)
          LIMIT 1
          
BIND    : $VAR1 = [
          'lestrrat'
        ];

@@@@@@@@@@@@@@@@@@@@@@@@@@@@@@@@@@@@@
 at /export/home/jmaslak/.cpan/build/DBIx-Skinny-0.0742-uPuwzt/blib/lib/DBIx/Skinny/SQL.pm line 329.
# Tests were run but no plan was declared and done_testing() was not seen.
# Looks like your test exited with 255 just after 5.
t/999_regression/transaction/call_txn_scope_before_fork_and_rollback.t .. 
Dubious, test returned 255 (wstat 65280, 0xff00)
All 5 subtests passed 
t/999_regression/where_condition_in.t ................................... ok

Test Summary Report
-------------------
t/001_basic/005_set_columns.t                                         (Wstat: 256 Tests: 4 Failed: 1)
  Failed test:  3
  Non-zero exit status: 1
t/001_basic/019_profiler_trace.t                                      (Wstat: 256 Tests: 2 Failed: 1)
  Failed test:  2
  Non-zero exit status: 1
t/002_common/021_quote.t                                              (Wstat: 256 Tests: 1 Failed: 1)
  Failed test:  1
  Non-zero exit status: 1
t/999_regression/transaction/call_txn_scope_after_fork.t              (Wstat: 65280 Tests: 4 Failed: 0)
  Non-zero exit status: 255
  Parse errors: No plan found in TAP output
t/999_regression/transaction/call_txn_scope_and_fork.t                (Wstat: 512 Tests: 1 Failed: 0)
  Non-zero exit status: 2
  Parse errors: No plan found in TAP output
t/999_regression/transaction/call_txn_scope_before_fork.t             (Wstat: 65280 Tests: 5 Failed: 0)
  Non-zero exit status: 255
  Parse errors: No plan found in TAP output
t/999_regression/transaction/call_txn_scope_before_fork_and_rollback.t (Wstat: 65280 Tests: 5 Failed: 0)
  Non-zero exit status: 255
  Parse errors: No plan found in TAP output
Files=72, Tests=270, 10 wallclock secs ( 0.50 usr  0.46 sys +  4.38 cusr  3.43 csys =  8.77 CPU)
Result: FAIL
Failed 7/72 test programs. 3/270 subtests failed.
*** Error code 255
make: Fatal error: Command failed for target `test_dynamic'

------------------------------
PREREQUISITES
------------------------------

Prerequisite modules loaded:

requires:

    Module                   Need Have    
    ------------------------ ---- --------
    Carp                     0    1.36    
    Class::Accessor::Lite    0    0.08    
    Class::Load              0    0.23    
    DBI                      0    1.634   
    DBIx::TransactionManager 1.07 1.13    
    IO::Handle               0    1.35    
    Scalar::Util             0    1.42_01 
    Try::Tiny                0    0.22    
    UNIVERSAL::require       0    0.18    

build_requires:

    Module                   Need Have    
    ------------------------ ---- --------
    ExtUtils::MakeMaker      6.42 7.04_01 
    Test::More               0.96 1.001014
    Test::SharedFork         0.15 0.33    

configure_requires:

    Module                   Need Have    
    ------------------------ ---- --------
    ExtUtils::MakeMaker      6.42 7.04_01 


------------------------------
ENVIRONMENT AND OTHER CONTEXT
------------------------------

Environment variables:

    AUTOMATED_TESTING = 1
    LANG = en_US.UTF-8
    LC_ALL = 
    LC_COLLATE = 
    LC_CTYPE = 
    LC_MESSAGES = 
    LC_MONETARY = 
    LC_NUMERIC = 
    LC_TIME = 
    NONINTERACTIVE_TESTING = 1
    PATH = /export/home/jmaslak/perl5/perlbrew/bin:/export/home/jmaslak/perl5/perlbrew/perls/perl-5.23.1-64int/bin:/export/home/jmaslak/perltest/bin:/export/home/jmaslak/perltest/bin:/export/home/jmaslak/perltest/bin:/export/home/jmaslak/bin:~/bin:/export/home/jmaslak/perl5/perlbrew/bin:/export/home/jmaslak/perl5/perlbrew/perls/perl-5.23.1/bin:/usr/bin:/bin:/usr/ccs/bin:/usr/sbin:/usr/ccs/bin:/opt/solarisstudio12.4/bin:/usr/ucb:~/perltest/bin
    PERL5LIB = /export/home/jmaslak/.cpan/build/Class-Accessor-Lite-0.08-HcSHm0/blib/arch:/export/home/jmaslak/.cpan/build/Class-Accessor-Lite-0.08-HcSHm0/blib/lib:/export/home/jmaslak/.cpan/build/UNIVERSAL-require-0.18-S0MZJi/blib/arch:/export/home/jmaslak/.cpan/build/UNIVERSAL-require-0.18-S0MZJi/blib/lib:/export/home/jmaslak/.cpan/build/DBIx-TransactionManager-1.13-iQlPAo/blib/arch:/export/home/jmaslak/.cpan/build/DBIx-TransactionManager-1.13-iQlPAo/blib/lib:/export/home/jmaslak/.cpan/build/DBD-SQLite-1.48-dllAOA/blib/arch:/export/home/jmaslak/.cpan/build/DBD-SQLite-1.48-dllAOA/blib/lib:/export/home/jmaslak/.cpan/build/DBI-1.634-ztBIhy/blib/arch:/export/home/jmaslak/.cpan/build/DBI-1.634-ztBIhy/blib/lib
    PERL5OPT = 
    PERL5_CPANPLUS_IS_RUNNING = 8001
    PERL5_CPAN_IS_RUNNING = 8001
    PERL5_CPAN_IS_RUNNING_IN_RECURSION = 2172,8001
    PERLBREW_BASHRC_VERSION = 0.73
    PERLBREW_HOME = /export/home/jmaslak/.perlbrew
    PERLBREW_LIB = 
    PERLBREW_MANPATH = /export/home/jmaslak/perl5/perlbrew/perls/perl-5.23.1-64int/man
    PERLBREW_PATH = /export/home/jmaslak/perl5/perlbrew/bin:/export/home/jmaslak/perl5/perlbrew/perls/perl-5.23.1-64int/bin
    PERLBREW_PERL = perl-5.23.1-64int
    PERLBREW_ROOT = /export/home/jmaslak/perl5/perlbrew
    PERLBREW_VERSION = 0.73
    PERL_CR_SMOKER_CURRENT = DBIx-Skinny-Schema-Loader-0.25
    PERL_EXTUTILS_AUTOINSTALL = --defaultdeps
    PERL_LOCAL_LIB_ROOT = 
    PERL_MM_USE_DEFAULT = 1
    SHELL = /usr/bin/bash
    TERM = screen

Perl special variables (and OS-specific diagnostics, for MSWin32):

    $^X = /export/home/jmaslak/perl5/perlbrew/perls/perl-5.23.1-64int/bin/perl5.23.1
    $UID/$EUID = 100 / 100
    $GID = 10 10
    $EGID = 10 10

Perl module toolchain versions installed:

    Module              Have    
    ------------------- --------
    CPAN                2.11    
    CPAN::Meta          2.150005
    Cwd                 3.56    
    ExtUtils::CBuilder  0.280223
    ExtUtils::Command   1.20    
    ExtUtils::Install   2.04    
    ExtUtils::MakeMaker 7.04_01 
    ExtUtils::Manifest  1.70    
    ExtUtils::ParseXS   3.28    
    File::Spec          3.56    
    JSON                2.90    
    JSON::PP            2.27300 
    Module::Build       0.4214  
    Module::Signature   n/a     
    Parse::CPAN::Meta   1.4417  
    Test::Harness       3.35    
    Test::More          1.001014
    YAML                1.15    
    YAML::Syck          n/a     
    version             0.9909  


--

Summary of my perl5 (revision 5 version 23 subversion 1) configuration:
   
  Platform:
    osname=solaris, osvers=2.11, archname=i86pc-solaris-64int
    uname='sunos solaris.antelope.net 5.11 11.2 i86pc i386 i86pc '
    config_args='-de -Dprefix=/export/home/jmaslak/perl5/perlbrew/perls/perl-5.23.1-64int -Duse64bitint -Dusedevel -Aeval:scriptdir=/export/home/jmaslak/perl5/perlbrew/perls/perl-5.23.1-64int/bin'
    hint=recommended, useposix=true, d_sigaction=define
    useithreads=undef, usemultiplicity=undef
    use64bitint=define, use64bitall=undef, uselongdouble=undef
    usemymalloc=n, bincompat5005=undef
  Compiler:
    cc='/opt/solarisstudio12.4/bin/cc', ccflags ='-DPTR_IS_LONG -I/usr/gnu/include -D_LARGEFILE_SOURCE -D_FILE_OFFSET_BITS=64 -DPERL_USE_SAFE_PUTENV',
    optimize='-O',
    cppflags='-DPTR_IS_LONG -I/usr/gnu/include'
    ccversion='Sun C 5.13 SunOS_i386 2014/10/20', gccversion='', gccosandvers=''
    intsize=4, longsize=4, ptrsize=4, doublesize=8, byteorder=12345678, doublekind=3
    d_longlong=define, longlongsize=8, d_longdbl=define, longdblsize=12, longdblkind=3
    ivtype='long long', ivsize=8, nvtype='double', nvsize=8, Off_t='off_t', lseeksize=8
    alignbytes=4, prototype=define
  Linker and Libraries:
    ld='/opt/solarisstudio12.4/bin/cc', ldflags =' -L/usr/lib -L/usr/ccs/lib -L/opt/solarisstudio12.4/lib/compilers/staticlib -L/opt/solarisstudio12.4/lib/compilers/sse2 -L/opt/solarisstudio12.4/lib/compilers -L/lib -L/usr/gnu/lib '
    libpth=/usr/lib /usr/ccs/lib /opt/solarisstudio12.4/lib/compilers/staticlib /opt/solarisstudio12.4/lib/compilers/sse2 /opt/solarisstudio12.4/lib/compilers /lib /usr/gnu/lib
    libs=-lpthread -lsocket -lnsl -lgdbm -ldb -ldl -lm -lc
    perllibs=-lpthread -lsocket -lnsl -ldl -lm -lc
    libc=/lib/libc.so, so=so, useshrplib=false, libperl=libperl.a
    gnulibc_version=''
  Dynamic Linking:
    dlsrc=dl_dlopen.xs, dlext=so, d_dlsymun=undef, ccdlflags=' '
    cccdlflags='-KPIC', lddlflags='-G -L/usr/lib -L/usr/ccs/lib -L/opt/solarisstudio12.4/lib/compilers/staticlib -L/opt/solarisstudio12.4/lib/compilers/sse2 -L/opt/solarisstudio12.4/lib/compilers -L/lib -L/usr/gnu/lib'


Characteristics of this binary (from libperl): 
  Compile-time options: HAS_TIMES PERLIO_LAYERS PERL_COPY_ON_WRITE
                        PERL_DONT_CREATE_GVSV
                        PERL_HASH_FUNC_ONE_AT_A_TIME_HARD PERL_MALLOC_WRAP
                        PERL_PRESERVE_IVUV PERL_USE_DEVEL
                        PERL_USE_SAFE_PUTENV USE_64_BIT_INT USE_LARGE_FILES
                        USE_LOCALE USE_LOCALE_COLLATE USE_LOCALE_CTYPE
                        USE_LOCALE_NUMERIC USE_LOCALE_TIME USE_PERLIO
                        USE_PERL_ATOF
  Locally applied patches:
	Devel::PatchPerl 1.38
  Built under solaris
  Compiled at Jul 25 2015 00:10:29
  %ENV:
    PERL5LIB="/export/home/jmaslak/.cpan/build/Class-Accessor-Lite-0.08-HcSHm0/blib/arch:/export/home/jmaslak/.cpan/build/Class-Accessor-Lite-0.08-HcSHm0/blib/lib:/export/home/jmaslak/.cpan/build/UNIVERSAL-require-0.18-S0MZJi/blib/arch:/export/home/jmaslak/.cpan/build/UNIVERSAL-require-0.18-S0MZJi/blib/lib:/export/home/jmaslak/.cpan/build/DBIx-TransactionManager-1.13-iQlPAo/blib/arch:/export/home/jmaslak/.cpan/build/DBIx-TransactionManager-1.13-iQlPAo/blib/lib:/export/home/jmaslak/.cpan/build/DBD-SQLite-1.48-dllAOA/blib/arch:/export/home/jmaslak/.cpan/build/DBD-SQLite-1.48-dllAOA/blib/lib:/export/home/jmaslak/.cpan/build/DBI-1.634-ztBIhy/blib/arch:/export/home/jmaslak/.cpan/build/DBI-1.634-ztBIhy/blib/lib"
    PERL5OPT=""
    PERL5_CPANPLUS_IS_RUNNING="8001"
    PERL5_CPAN_IS_RUNNING="8001"
    PERL5_CPAN_IS_RUNNING_IN_RECURSION="2172,8001"
    PERLBREW_BASHRC_VERSION="0.73"
    PERLBREW_HOME="/export/home/jmaslak/.perlbrew"
    PERLBREW_LIB=""
    PERLBREW_MANPATH="/export/home/jmaslak/perl5/perlbrew/perls/perl-5.23.1-64int/man"
    PERLBREW_PATH="/export/home/jmaslak/perl5/perlbrew/bin:/export/home/jmaslak/perl5/perlbrew/perls/perl-5.23.1-64int/bin"
    PERLBREW_PERL="perl-5.23.1-64int"
    PERLBREW_ROOT="/export/home/jmaslak/perl5/perlbrew"
    PERLBREW_VERSION="0.73"
    PERL_CR_SMOKER_CURRENT="DBIx-Skinny-Schema-Loader-0.25"
    PERL_EXTUTILS_AUTOINSTALL="--defaultdeps"
    PERL_LOCAL_LIB_ROOT=""
    PERL_MM_USE_DEFAULT="1"
  @INC:
    /export/home/jmaslak/.cpan/build/Class-Accessor-Lite-0.08-HcSHm0/blib/arch
    /export/home/jmaslak/.cpan/build/Class-Accessor-Lite-0.08-HcSHm0/blib/lib
    /export/home/jmaslak/.cpan/build/UNIVERSAL-require-0.18-S0MZJi/blib/arch
    /export/home/jmaslak/.cpan/build/UNIVERSAL-require-0.18-S0MZJi/blib/lib
    /export/home/jmaslak/.cpan/build/DBIx-TransactionManager-1.13-iQlPAo/blib/arch
    /export/home/jmaslak/.cpan/build/DBIx-TransactionManager-1.13-iQlPAo/blib/lib
    /export/home/jmaslak/.cpan/build/DBD-SQLite-1.48-dllAOA/blib/arch
    /export/home/jmaslak/.cpan/build/DBD-SQLite-1.48-dllAOA/blib/lib
    /export/home/jmaslak/.cpan/build/DBI-1.634-ztBIhy/blib/arch
    /export/home/jmaslak/.cpan/build/DBI-1.634-ztBIhy/blib/lib
    /export/home/jmaslak/perl5/perlbrew/perls/perl-5.23.1-64int/lib/site_perl/5.23.1/i86pc-solaris-64int
    /export/home/jmaslak/perl5/perlbrew/perls/perl-5.23.1-64int/lib/site_perl/5.23.1
    /export/home/jmaslak/perl5/perlbrew/perls/perl-5.23.1-64int/lib/5.23.1/i86pc-solaris-64int
    /export/home/jmaslak/perl5/perlbrew/perls/perl-5.23.1-64int/lib/5.23.1
    .