Report for Pod-POM-View-HTML-Filter-0.09

Back
From: metabase:user:320bfe00-2aae-11df-837a-5e0a49663a4f
Subject: FAIL Pod-POM-View-HTML-Filter-0.09 v5.22.0 GNU/Linux
Date: 2017-04-06T15:26:25Z

This distribution has been tested as part of the CPAN Testers
project, supporting the Perl programming language.  See
http://wiki.cpantesters.org/ for more information or email
questions to cpan-testers-discuss@perl.org


--
Dear Philippe Bruhat (BooK),

This is a computer-generated report for Pod-POM-View-HTML-Filter-0.09
on perl 5.22.0, created by CPAN-Reporter-1.2018.

Thank you for uploading your work to CPAN.  However, there was a problem
testing your distribution.

If you think this report is invalid, please consult the CPAN Testers Wiki
for suggestions on how to avoid getting FAIL reports for missing library
or binary dependencies, unsupported operating systems, and so on:

http://wiki.cpantesters.org/wiki/CPANAuthorNotes

Sections of this report:

    * Tester comments
    * Program output
    * Prerequisites
    * Environment and other context

------------------------------
TESTER COMMENTS
------------------------------

Additional comments from tester:

this report is from an automated smoke testing program
and was not reviewed by a human for accuracy

------------------------------
PROGRAM OUTPUT
------------------------------

Output from '/usr/bin/make test':

PERL_DL_NONLAZY=1 "/home/sand/src/perl/repoperls/installed-perls/host/k93msid/v5.22.0/a1a1/bin/perl" "-MExtUtils::Command::MM" "-MTest::Harness" "-e" "undef *Test::Harness::Switches; test_harness(0, 'blib/lib', 'blib/arch')" t/*.t
# Testing Pod::POM::View::HTML::Filter 0.09
t/00load.t ........ ok
# Printing versions of relevant modules
# Syntax::Highlight::HTML not installed
# Syntax::Highlight::Engine::Kate not installed
# Text::MediawikiFormat not installed
# PPI::HTML not installed
# Text::WikiFormat not installed
# PPI 1.220
# Perl::Tidy 20160302
# Syntax::Highlight::Shell not installed
t/00versions.t .... ok
t/09utility.t ..... ok
t/10interface.t ... ok

#   Failed test 'Correct output'
#   at t/11filters.t line 97.
#          got: '<html>
# <body bgcolor="#ffffff">
# bar bar bar
# baz
# </body>
# </html>
# '
#     expected: '<html><body bgcolor="#ffffff">
# bar bar bar
# baz
# </body></html>
# '

#   Failed test 'Correct output'
#   at t/11filters.t line 97.
#          got: '<html>
# <body bgcolor="#ffffff">
# <pre>    bar bar baz</pre>
# </body>
# </html>
# '
#     expected: '<html><body bgcolor="#ffffff">
# <pre>    bar bar baz</pre>
# </body></html>
# '

#   Failed test 'Correct output'
#   at t/11filters.t line 97.
#          got: '<html>
# <body bgcolor="#ffffff">
# bar bar bar
# <p>para</p>
# </body>
# </html>
# '
#     expected: '<html><body bgcolor="#ffffff">
# bar bar bar
# <p>para</p>
# </body></html>
# '

#   Failed test 'Correct output'
#   at t/11filters.t line 97.
#          got: '<html>
# <body bgcolor="#ffffff">
# <p>para</p>
# bar bar bar
# bar bar bar
# <p>para</p>
# </body>
# </html>
# '
#     expected: '<html><body bgcolor="#ffffff">
# <p>para</p>
# bar bar bar
# bar bar bar
# <p>para</p>
# </body></html>
# '

#   Failed test 'Correct output'
#   at t/11filters.t line 97.
#          got: '<html>
# <body bgcolor="#ffffff">
# [The options are:]<a b c>
# </body>
# </html>
# '
#     expected: '<html><body bgcolor="#ffffff">
# [The options are:]<a b c>
# </body></html>
# '

#   Failed test 'Correct output'
#   at t/11filters.t line 97.
#          got: '<html>
# <body bgcolor="#ffffff">
# <pre>    verbatim block
# 
# verbatim textblock</pre>
# </body>
# </html>
# '
#     expected: '<html><body bgcolor="#ffffff">
# <pre>    verbatim block
# 
# verbatim textblock</pre>
# </body></html>
# '

#   Failed test 'Correct output the first time'
#   at t/11filters.t line 114.
#          got: '<html>
# <body bgcolor="#ffffff">
# <pre>    bar bar baz</pre>
# </body>
# </html>
# '
#     expected: '<html><body bgcolor="#ffffff">
# <pre>    bar bar baz</pre>
# </body></html>
# '

#   Failed test 'Correct output the second time around'
#   at t/11filters.t line 115.
#          got: '<html>
# <body bgcolor="#ffffff">
# <pre>    bar bar baz</pre>
# </body>
# </html>
# '
#     expected: '<html><body bgcolor="#ffffff">
# <pre>    bar bar baz</pre>
# </body></html>
# '
# Looks like you failed 8 tests of 8.
t/11filters.t ..... 
Dubious, test returned 8 (wstat 2048, 0x800)
Failed 8/8 subtests 

#   Failed test 'Default is simply naught (<pre>)'
#   at t/12default.t line 28.
#          got: '<html>
# <body bgcolor="#ffffff">
# <h1>Foo</h1>
# 
# <p>The foo filter at work:</p>
# <pre>    $A++;</pre>
# </body>
# </html>
# '
#     expected: '<html><body bgcolor="#ffffff">
# <h1>Foo</h1>
# 
# <p>The foo filter at work:</p>
# <pre>    $A++;</pre>
# </body></html>
# '

#   Failed test 'Default is simply naught (<pre>)'
#   at t/12default.t line 49.
#          got: '<html>
# <body bgcolor="#ffffff">
# <h1>Foo</h1>
# 
# <p>The foo filter at work:</p>
# <pre>$A++;</pre>
# </body>
# </html>
# '
#     expected: '<html><body bgcolor="#ffffff">
# <h1>Foo</h1>
# 
# <p>The foo filter at work:</p>
# <pre>$A++;</pre>
# </body></html>
# '

#   Failed test 'Correct output'
#   at t/12default.t line 74.
#          got: '<html>
# <body bgcolor="#ffffff">
# bar bar bar
# baz
# </body>
# </html>
# '
#     expected: '<html><body bgcolor="#ffffff">
# bar bar bar
# baz
# </body></html>
# '

#   Failed test 'Correct output'
#   at t/12default.t line 94.
#          got: '<html>
# <body bgcolor="#ffffff">
# <pre>bar foo bar
# baz</pre>
# </body>
# </html>
# '
#     expected: '<html><body bgcolor="#ffffff">
# <pre>bar foo bar
# baz</pre>
# </body></html>
# '
# Looks like you failed 4 tests of 6.
t/12default.t ..... 
Dubious, test returned 4 (wstat 1024, 0x400)
Failed 4/6 subtests 

#   Failed test 'Correct output'
#   at t/13stack.t line 45.
#          got: '<html>
# <body bgcolor="#ffffff">
# <pre>ba! bar ba!</pre>
# </body>
# </html>
# '
#     expected: '<html><body bgcolor="#ffffff">
# <pre>ba! bar ba!</pre>
# </body></html>
# '

#   Failed test 'Correct output'
#   at t/13stack.t line 45.
#          got: '<html>
# <body bgcolor="#ffffff">
# <pre>ba! ba! ba!</pre>
# </body>
# </html>
# '
#     expected: '<html><body bgcolor="#ffffff">
# <pre>ba! ba! ba!</pre>
# </body></html>
# '

#   Failed test 'Correct output the first time'
#   at t/13stack.t line 62.
#          got: '<html>
# <body bgcolor="#ffffff">
# <pre>    ba! ba! baz</pre>
# </body>
# </html>
# '
#     expected: '<html><body bgcolor="#ffffff">
# <pre>    ba! ba! baz</pre>
# </body></html>
# '

#   Failed test 'Correct output the second time around'
#   at t/13stack.t line 63.
#          got: '<html>
# <body bgcolor="#ffffff">
# <pre>    ba! ba! baz</pre>
# </body>
# </html>
# '
#     expected: '<html><body bgcolor="#ffffff">
# <pre>    ba! ba! baz</pre>
# </body></html>
# '
# Looks like you failed 4 tests of 4.
t/13stack.t ....... 
Dubious, test returned 4 (wstat 1024, 0x400)
Failed 4/4 subtests 

#   Failed test 'Options: '
#   at t/14indent.t line 57.
#          got: '<html>
# <body bgcolor="#ffffff">
# <pre>    1: CHOMP_CHOMP
#     2: SKWAPPO
#     3: PATWEEEE
#     4: 
#     5: PLORTCH
#     6: WAP_WAP_WAP_WAP</pre>
# </body>
# </html>
# '
#     expected: '<html><body bgcolor="#ffffff">
# <pre>    1: CHOMP_CHOMP
#     2: SKWAPPO
#     3: PATWEEEE
#     4: 
#     5: PLORTCH
#     6: WAP_WAP_WAP_WAP</pre>
# </body></html>
# '

#   Failed test 'Options: auto_unindent 0'
#   at t/14indent.t line 57.
#          got: '<html>
# <body bgcolor="#ffffff">
# <pre>1:     CHOMP_CHOMP
# 2:     SKWAPPO
# 3:     PATWEEEE
# 4: 
# 5:     PLORTCH
# 6:     WAP_WAP_WAP_WAP</pre>
# </body>
# </html>
# '
#     expected: '<html><body bgcolor="#ffffff">
# <pre>1:     CHOMP_CHOMP
# 2:     SKWAPPO
# 3:     PATWEEEE
# 4: 
# 5:     PLORTCH
# 6:     WAP_WAP_WAP_WAP</pre>
# </body></html>
# '
# Looks like you failed 2 tests of 2.
t/14indent.t ...... 
Dubious, test returned 2 (wstat 512, 0x200)
Failed 2/2 subtests 

#   Failed test 't/pod/basic.src <>'
#   at t/20builtins.t line 16.
#          got: "<html>\x{0a}<body bgcolor="#ffffff">\x{0a}<h1>accusantium si"...
#       length: 669
#     expected: "<html><body bgcolor="#ffffff">\x{0a}<h1>accusantium sit"...
#       length: 674
#     strings begin to differ at char 7 (line 1 column 7)

#   Failed test 't/pod/html_begin1.src <-html>'
#   at t/20builtins.t line 16.
#          got: "<html>\x{0a}<body bgcolor="#ffffff">\x{0a}<pre>&lt;b&gt;esca"...
#       length: 100
#     expected: "<html><body bgcolor="#ffffff">\x{0a}<pre>&lt;b&gt;escap"...
#       length: 98
#     strings begin to differ at char 7 (line 1 column 7)

#   Failed test 't/pod/html_begin2.src <-html>'
#   at t/20builtins.t line 16.
#          got: "<html>\x{0a}<body bgcolor="#ffffff">\x{0a}<pre>    &lt;!-- n"...
#       length: 148
#     expected: "<html><body bgcolor="#ffffff">\x{0a}<pre>    &lt;!-- no"...
#       length: 146
#     strings begin to differ at char 7 (line 1 column 7)

#   Failed test 't/pod/html_begin3.src <-html>'
#   at t/20builtins.t line 16.
#          got: "<html>\x{0a}<body bgcolor="#ffffff">\x{0a}<pre>    &lt;!-- a"...
#       length: 205
#     expected: "<html><body bgcolor="#ffffff">\x{0a}<pre>    &lt;!-- a "...
#       length: 203
#     strings begin to differ at char 7 (line 1 column 7)

#   Failed test 't/pod/html_begin4.src <-html>'
#   at t/20builtins.t line 16.
#          got: "<html>\x{0a}<body bgcolor="#ffffff">\x{0a}<pre>    &lt;!-- a"...
#       length: 201
#     expected: "<html><body bgcolor="#ffffff">\x{0a}<pre>    &lt;!-- a "...
#       length: 199
#     strings begin to differ at char 7 (line 1 column 7)

#   Failed test 't/pod/html_for.src <-html>'
#   at t/20builtins.t line 16.
#          got: "<html>\x{0a}<body bgcolor="#ffffff">\x{0a}<pre>&lt;b&gt;bold"...
#       length: 84
#     expected: "<html><body bgcolor="#ffffff">\x{0a}<pre>&lt;b&gt;bold&"...
#       length: 82
#     strings begin to differ at char 7 (line 1 column 7)

#   Failed test 't/pod/html_list.src <-html>'
#   at t/20builtins.t line 16.
#          got: "<html>\x{0a}<body bgcolor="#ffffff">\x{0a}<pre>    &lt;p&gt;"...
#       length: 217
#     expected: "<html><body bgcolor="#ffffff">\x{0a}<pre>    &lt;p&gt;T"...
#       length: 215
#     strings begin to differ at char 7 (line 1 column 7)

#   Failed test 't/pod/html_nnn.src <-html>'
#   at t/20builtins.t line 16.
#          got: "<html>\x{0a}<body bgcolor="#ffffff">\x{0a}<pre>&lt;p&gt;line"...
#       length: 146
#     expected: "<html><body bgcolor="#ffffff">\x{0a}<pre>&lt;p&gt;line "...
#       length: 144
#     strings begin to differ at char 7 (line 1 column 7)

#   Failed test 't/pod/kate_diff.src <-kate>'
#   at t/20builtins.t line 16.
#          got: "<html>\x{0a}<body bgcolor="#ffffff">\x{0a}<pre>    Index: li"...
#       length: 442
#     expected: "<html><body bgcolor="#ffffff">\x{0a}<pre>    Index: lib"...
#       length: 440
#     strings begin to differ at char 7 (line 1 column 7)

#   Failed test 't/pod/kate_fortran.src <-kate>'
#   at t/20builtins.t line 16.
#          got: "<html>\x{0a}<body bgcolor="#ffffff">\x{0a}<pre>    ! Exemple"...
#       length: 315
#     expected: "<html><body bgcolor="#ffffff">\x{0a}<pre>    ! Exemple "...
#       length: 313
#     strings begin to differ at char 7 (line 1 column 7)

#   Failed test 't/pod/kate_fortran_for.src <-kate>'
#   at t/20builtins.t line 16.
#          got: "<html>\x{0a}<body bgcolor="#ffffff">\x{0a}<pre>10 PRINT *, '"...
#       length: 88
#     expected: "<html><body bgcolor="#ffffff">\x{0a}<pre>10 PRINT *, 'H"...
#       length: 86
#     strings begin to differ at char 7 (line 1 column 7)

#   Failed test 't/pod/kate_ldif.src <-kate>'
#   at t/20builtins.t line 16.
#          got: "<html>\x{0a}<body bgcolor="#ffffff">\x{0a}<pre>  # debut\x{0a}  d"...
#       length: 242
#     expected: "<html><body bgcolor="#ffffff">\x{0a}<pre>  # debut\x{0a}  dn"...
#       length: 240
#     strings begin to differ at char 7 (line 1 column 7)

#   Failed test 't/pod/perl_begin1.src <+perl>'
#   at t/20builtins.t line 16.
#          got: "<html>\x{0a}<body bgcolor="#ffffff">\x{0a}<pre><span class=""...
#       length: 157
#     expected: "<html><body bgcolor="#ffffff">\x{0a}<pre><span class="c"...
#       length: 155
#     strings begin to differ at char 7 (line 1 column 7)

#   Failed test 't/pod/perl_begin1.src <+perl> (2nd run)'
#   at t/20builtins.t line 16.
#          got: "<html>\x{0a}<body bgcolor="#ffffff">\x{0a}<pre><span class=""...
#       length: 157
#     expected: "<html><body bgcolor="#ffffff">\x{0a}<pre><span class="c"...
#       length: 155
#     strings begin to differ at char 7 (line 1 column 7)

#   Failed test 't/pod/perl_begin1.src <-perl>'
#   at t/20builtins.t line 16.
#          got: "<html>\x{0a}<body bgcolor="#ffffff">\x{0a}<pre># now in full"...
#       length: 87
#     expected: "<html><body bgcolor="#ffffff">\x{0a}<pre># now in full "...
#       length: 85
#     strings begin to differ at char 7 (line 1 column 7)

#   Failed test 't/pod/perl_begin2.src <+perl>'
#   at t/20builtins.t line 16.
#          got: "<html>\x{0a}<body bgcolor="#ffffff">\x{0a}<pre>    <span cla"...
#       length: 161
#     expected: "<html><body bgcolor="#ffffff">\x{0a}<pre>    <span clas"...
#       length: 159
#     strings begin to differ at char 7 (line 1 column 7)

#   Failed test 't/pod/perl_begin2.src <+perl> (2nd run)'
#   at t/20builtins.t line 16.
#          got: "<html>\x{0a}<body bgcolor="#ffffff">\x{0a}<pre>    <span cla"...
#       length: 161
#     expected: "<html><body bgcolor="#ffffff">\x{0a}<pre>    <span clas"...
#       length: 159
#     strings begin to differ at char 7 (line 1 column 7)

#   Failed test 't/pod/perl_begin2.src <-perl>'
#   at t/20builtins.t line 16.
#          got: "<html>\x{0a}<body bgcolor="#ffffff">\x{0a}<pre>    # now in "...
#       length: 91
#     expected: "<html><body bgcolor="#ffffff">\x{0a}<pre>    # now in v"...
#       length: 89
#     strings begin to differ at char 7 (line 1 column 7)

#   Failed test 't/pod/perl_begin3.src <+perl>'
#   at t/20builtins.t line 16.
#          got: "<html>\x{0a}<body bgcolor="#ffffff">\x{0a}<pre>       1 <spa"...
#       length: 171
#     expected: "<html><body bgcolor="#ffffff">\x{0a}<pre>       1 <span"...
#       length: 169
#     strings begin to differ at char 7 (line 1 column 7)

#   Failed test 't/pod/perl_begin3.src <+perl> (2nd run)'
#   at t/20builtins.t line 16.
#          got: "<html>\x{0a}<body bgcolor="#ffffff">\x{0a}<pre>       1 <spa"...
#       length: 171
#     expected: "<html><body bgcolor="#ffffff">\x{0a}<pre>       1 <span"...
#       length: 169
#     strings begin to differ at char 7 (line 1 column 7)

#   Failed test 't/pod/perl_begin3.src <-perl>'
#   at t/20builtins.t line 16.
#          got: "<html>\x{0a}<body bgcolor="#ffffff">\x{0a}<pre>    # now in "...
#       length: 91
#     expected: "<html><body bgcolor="#ffffff">\x{0a}<pre>    # now in v"...
#       length: 89
#     strings begin to differ at char 7 (line 1 column 7)

#   Failed test 't/pod/perl_for.src <+perl>'
#   at t/20builtins.t line 16.
#          got: "<html>\x{0a}<body bgcolor="#ffffff">\x{0a}<p>foo</p>\x{0a}<pre><s"...
#       length: 174
#     expected: "<html><body bgcolor="#ffffff">\x{0a}<p>foo</p>\x{0a}<pre><sp"...
#       length: 172
#     strings begin to differ at char 7 (line 1 column 7)

#   Failed test 't/pod/perl_for.src <+perl> (2nd run)'
#   at t/20builtins.t line 16.
#          got: "<html>\x{0a}<body bgcolor="#ffffff">\x{0a}<p>foo</p>\x{0a}<pre><s"...
#       length: 174
#     expected: "<html><body bgcolor="#ffffff">\x{0a}<p>foo</p>\x{0a}<pre><sp"...
#       length: 172
#     strings begin to differ at char 7 (line 1 column 7)

#   Failed test 't/pod/perl_for.src <-perl>'
#   at t/20builtins.t line 16.
#          got: "<html>\x{0a}<body bgcolor="#ffffff">\x{0a}<p>foo</p>\x{0a}<pre>$A"...
#       length: 104
#     expected: "<html><body bgcolor="#ffffff">\x{0a}<p>foo</p>\x{0a}<pre>$A+"...
#       length: 102
#     strings begin to differ at char 7 (line 1 column 7)

#   Failed test 't/pod/perl_html.src <+perl-html>'
#   at t/20builtins.t line 16.
#          got: "<html>\x{0a}<body bgcolor="#ffffff">\x{0a}<pre>    "hot cros"...
#       length: 408
#     expected: "<html><body bgcolor="#ffffff">\x{0a}<pre>    "hot cross"...
#       length: 406
#     strings begin to differ at char 7 (line 1 column 7)

#   Failed test 't/pod/perl_html.src <+perl-html> (2nd run)'
#   at t/20builtins.t line 16.
#          got: "<html>\x{0a}<body bgcolor="#ffffff">\x{0a}<pre>    "hot cros"...
#       length: 408
#     expected: "<html><body bgcolor="#ffffff">\x{0a}<pre>    "hot cross"...
#       length: 406
#     strings begin to differ at char 7 (line 1 column 7)

#   Failed test 't/pod/perl_html.src <-perl-html>'
#   at t/20builtins.t line 16.
#          got: "<html>\x{0a}<body bgcolor="#ffffff">\x{0a}<pre>    "hot cros"...
#       length: 408
#     expected: "<html><body bgcolor="#ffffff">\x{0a}<pre>    "hot cross"...
#       length: 406
#     strings begin to differ at char 7 (line 1 column 7)

#   Failed test 't/pod/perl_long.src <+perl>'
#   at t/20builtins.t line 16.
#          got: "<html>\x{0a}<body bgcolor="#ffffff">\x{0a}<pre>    <span cla"...
#       length: 375
#     expected: "<html><body bgcolor="#ffffff">\x{0a}<pre>    <span clas"...
#       length: 373
#     strings begin to differ at char 7 (line 1 column 7)

#   Failed test 't/pod/perl_long.src <+perl> (2nd run)'
#   at t/20builtins.t line 16.
#          got: "<html>\x{0a}<body bgcolor="#ffffff">\x{0a}<pre>    <span cla"...
#       length: 375
#     expected: "<html><body bgcolor="#ffffff">\x{0a}<pre>    <span clas"...
#       length: 373
#     strings begin to differ at char 7 (line 1 column 7)

#   Failed test 't/pod/perl_long.src <-perl>'
#   at t/20builtins.t line 16.
#          got: "<html>\x{0a}<body bgcolor="#ffffff">\x{0a}<pre>    # a longe"...
#       length: 142
#     expected: "<html><body bgcolor="#ffffff">\x{0a}<pre>    # a longer"...
#       length: 140
#     strings begin to differ at char 7 (line 1 column 7)

#   Failed test 't/pod/ppi_begin1.src <-ppi>'
#   at t/20builtins.t line 16.
#          got: "<html>\x{0a}<body bgcolor="#ffffff">\x{0a}<pre># now in full"...
#       length: 87
#     expected: "<html><body bgcolor="#ffffff">\x{0a}<pre># now in full "...
#       length: 85
#     strings begin to differ at char 7 (line 1 column 7)

#   Failed test 't/pod/ppi_begin2.src <-ppi>'
#   at t/20builtins.t line 16.
#          got: "<html>\x{0a}<body bgcolor="#ffffff">\x{0a}<pre>    # now in "...
#       length: 91
#     expected: "<html><body bgcolor="#ffffff">\x{0a}<pre>    # now in v"...
#       length: 89
#     strings begin to differ at char 7 (line 1 column 7)

#   Failed test 't/pod/ppi_begin3.src <-ppi>'
#   at t/20builtins.t line 16.
#          got: "<html>\x{0a}<body bgcolor="#ffffff">\x{0a}<pre>    # now in "...
#       length: 91
#     expected: "<html><body bgcolor="#ffffff">\x{0a}<pre>    # now in v"...
#       length: 89
#     strings begin to differ at char 7 (line 1 column 7)

#   Failed test 't/pod/ppi_for.src <-ppi>'
#   at t/20builtins.t line 16.
#          got: "<html>\x{0a}<body bgcolor="#ffffff">\x{0a}<p>foo</p>\x{0a}<pre>$A"...
#       length: 104
#     expected: "<html><body bgcolor="#ffffff">\x{0a}<p>foo</p>\x{0a}<pre>$A+"...
#       length: 102
#     strings begin to differ at char 7 (line 1 column 7)

#   Failed test 't/pod/ppi_html.src <-ppi-html>'
#   at t/20builtins.t line 16.
#          got: "<html>\x{0a}<body bgcolor="#ffffff">\x{0a}<pre>    "hot cros"...
#       length: 408
#     expected: "<html><body bgcolor="#ffffff">\x{0a}<pre>    "hot cross"...
#       length: 406
#     strings begin to differ at char 7 (line 1 column 7)

#   Failed test 't/pod/ppi_long.src <-ppi>'
#   at t/20builtins.t line 16.
#          got: "<html>\x{0a}<body bgcolor="#ffffff">\x{0a}<pre>    # a longe"...
#       length: 142
#     expected: "<html><body bgcolor="#ffffff">\x{0a}<pre>    # a longer"...
#       length: 140
#     strings begin to differ at char 7 (line 1 column 7)

#   Failed test 't/pod/shell_begin1.src <-shell>'
#   at t/20builtins.t line 16.
#          got: "<html>\x{0a}<body bgcolor="#ffffff">\x{0a}<pre>    #!/bin/sh"...
#       length: 114
#     expected: "<html><body bgcolor="#ffffff">\x{0a}<pre>    #!/bin/sh\x{0a}"...
#       length: 112
#     strings begin to differ at char 7 (line 1 column 7)

#   Failed test 't/pod/shell_begin2.src <-shell>'
#   at t/20builtins.t line 16.
#          got: "<html>\x{0a}<body bgcolor="#ffffff">\x{0a}<pre>    #!/bin/sh"...
#       length: 114
#     expected: "<html><body bgcolor="#ffffff">\x{0a}<pre>    #!/bin/sh\x{0a}"...
#       length: 112
#     strings begin to differ at char 7 (line 1 column 7)

#   Failed test 't/pod/shell_for.src <-shell>'
#   at t/20builtins.t line 16.
#          got: "<html>\x{0a}<body bgcolor="#ffffff">\x{0a}<pre>echo "foo"\x{0a}</"...
#       length: 71
#     expected: "<html><body bgcolor="#ffffff">\x{0a}<pre>echo "foo"\x{0a}</p"...
#       length: 69
#     strings begin to differ at char 7 (line 1 column 7)

#   Failed test 't/pod/wiki_begin1.src <-wiki>'
#   at t/20builtins.t line 16.
#          got: "<html>\x{0a}<body bgcolor="#ffffff">\x{0a}<pre>= my interest"...
#       length: 412
#     expected: "<html><body bgcolor="#ffffff">\x{0a}<pre>= my interesti"...
#       length: 410
#     strings begin to differ at char 7 (line 1 column 7)

#   Failed test 't/pod/wiki_begin2.src <-wiki>'
#   at t/20builtins.t line 16.
#          got: "<html>\x{0a}<body bgcolor="#ffffff">\x{0a}<pre>= my interest"...
#       length: 412
#     expected: "<html><body bgcolor="#ffffff">\x{0a}<pre>= my interesti"...
#       length: 410
#     strings begin to differ at char 7 (line 1 column 7)

#   Failed test 't/pod/wiki_for.src <-wiki>'
#   at t/20builtins.t line 16.
#          got: "<html>\x{0a}<body bgcolor="#ffffff">\x{0a}<pre>A NormalLink\x{0a}"...
#       length: 107
#     expected: "<html><body bgcolor="#ffffff">\x{0a}<pre>A NormalLink\x{0a}["...
#       length: 105
#     strings begin to differ at char 7 (line 1 column 7)

#   Failed test 't/pod/wikimedia_begin1.src <-wikimedia>'
#   at t/20builtins.t line 16.
#          got: "<html>\x{0a}<body bgcolor="#ffffff">\x{0a}<pre>= my interest"...
#       length: 364
#     expected: "<html><body bgcolor="#ffffff">\x{0a}<pre>= my interesti"...
#       length: 362
#     strings begin to differ at char 7 (line 1 column 7)

#   Failed test 't/pod/wikimedia_begin2.src <-wikimedia>'
#   at t/20builtins.t line 16.
#          got: "<html>\x{0a}<body bgcolor="#ffffff">\x{0a}<pre>= my interest"...
#       length: 338
#     expected: "<html><body bgcolor="#ffffff">\x{0a}<pre>= my interesti"...
#       length: 336
#     strings begin to differ at char 7 (line 1 column 7)

#   Failed test 't/pod/wikimedia_for.src <-wikimedia>'
#   at t/20builtins.t line 16.
#          got: "<html>\x{0a}<body bgcolor="#ffffff">\x{0a}<pre>A NormalLink\x{0a}"...
#       length: 109
#     expected: "<html><body bgcolor="#ffffff">\x{0a}<pre>A NormalLink\x{0a}["...
#       length: 107
#     strings begin to differ at char 7 (line 1 column 7)
# Looks like you failed 45 tests of 105.
t/20builtins.t .... 
Dubious, test returned 45 (wstat 11520, 0x2d00)
Failed 45/105 subtests 
	(less 60 skipped subtests: 0 okay)

#   Failed test 'Correct output'
#   at t/30perltidy.t line 24.
#          got: '<html>
# <body bgcolor="#ffffff">
# <pre>    <span class="i">$A</span>++</pre>
# </body>
# </html>
# '
#     expected: '<html><body bgcolor="#ffffff">
# <pre>    <span class="i">$A</span>++</pre>
# </body></html>
# '
# Looks like you failed 1 test of 2.
t/30perltidy.t .... 
Dubious, test returned 1 (wstat 256, 0x100)
Failed 1/2 subtests 

#   Failed test 'POD test for blib/lib/Pod/POM/View/HTML/Filter.pm'
#   at /home/sand/src/perl/repoperls/installed-perls/host/k93msid/v5.22.0/a1a1/lib/site_perl/5.22.0/Test/Distribution.pm line 144.
# blib/lib/Pod/POM/View/HTML/Filter.pm (1164): Non-ASCII character seen before =encoding in 'Sébastien'. Assuming ISO8859-1
# Looks like you failed 1 test of 10.
t/distchk.t ....... 
Dubious, test returned 1 (wstat 256, 0x100)
Failed 1/10 subtests 
	(less 1 skipped subtest: 8 okay)
t/pod-coverage.t .. ok

#   Failed test 'POD test for blib/lib/Pod/POM/View/HTML/Filter.pm'
#   at /home/sand/src/perl/repoperls/installed-perls/host/k93msid/v5.22.0/a1a1/lib/site_perl/5.22.0/Test/Pod.pm line 187.
# blib/lib/Pod/POM/View/HTML/Filter.pm (1164): Non-ASCII character seen before =encoding in 'Sébastien'. Assuming ISO8859-1
# Looks like you failed 1 test of 1.
t/pod.t ........... 
Dubious, test returned 1 (wstat 256, 0x100)
Failed 1/1 subtests 
t/portfs.t ........ ok

Test Summary Report
-------------------
t/11filters.t   (Wstat: 2048 Tests: 8 Failed: 8)
  Failed tests:  1-8
  Non-zero exit status: 8
t/12default.t   (Wstat: 1024 Tests: 6 Failed: 4)
  Failed tests:  3-6
  Non-zero exit status: 4
t/13stack.t     (Wstat: 1024 Tests: 4 Failed: 4)
  Failed tests:  1-4
  Non-zero exit status: 4
t/14indent.t    (Wstat: 512 Tests: 2 Failed: 2)
  Failed tests:  1-2
  Non-zero exit status: 2
t/20builtins.t  (Wstat: 11520 Tests: 105 Failed: 45)
  Failed tests:  1, 4, 7, 10, 13, 16, 19, 22, 25, 28, 31
                34-46, 49-50, 53-56, 59, 62, 65, 68, 75
                78, 81, 84, 87, 90, 93, 96, 99, 102, 105
  Non-zero exit status: 45
t/30perltidy.t  (Wstat: 256 Tests: 2 Failed: 1)
  Failed test:  1
  Non-zero exit status: 1
t/distchk.t     (Wstat: 256 Tests: 10 Failed: 1)
  Failed test:  5
  Non-zero exit status: 1
t/pod.t         (Wstat: 256 Tests: 1 Failed: 1)
  Failed test:  1
  Non-zero exit status: 1
Files=14, Tests=169, 15 wallclock secs ( 0.07 usr  0.10 sys +  4.19 cusr  0.76 csys =  5.12 CPU)
Result: FAIL
Failed 8/14 test programs. 66/169 subtests failed.
Makefile:845: recipe for target 'test_dynamic' failed
make: *** [test_dynamic] Error 255

------------------------------
PREREQUISITES
------------------------------

Prerequisite modules loaded:

requires:

    Module              Need Have    
    ------------------- ---- --------
    Pod::POM            0.17 2.01    
    Test::More          0    1.302080

build_requires:

    Module              Need Have    
    ------------------- ---- --------
    ExtUtils::MakeMaker 0    7.24    


------------------------------
ENVIRONMENT AND OTHER CONTEXT
------------------------------

Environment variables:

    AUTOMATED_TESTING = 1
    LANG = en_US.UTF-8
    PATH = /home/sand/bin:/usr/local/bin:/usr/bin:/bin:/usr/games:/usr/local/perl/bin:/usr/X11/bin:/sbin:/usr/sbin
    PERL5LIB = 
    PERL5OPT = 
    PERL5_CPANPLUS_IS_RUNNING = 22303
    PERL5_CPAN_IS_RUNNING = 22303
    PERL_CANARY_STABILITY_NOPROMPT = 1
    PERL_MM_USE_DEFAULT = 1
    PERL_USE_UNSAFE_INC = 1
    SHELL = /usr/bin/zsh
    TERM = screen

Perl special variables (and OS-specific diagnostics, for MSWin32):

    $^X = /home/sand/src/perl/repoperls/installed-perls/host/k93msid/v5.22.0/a1a1/bin/perl
    $UID/$EUID = 1005 / 1005
    $GID = 1005 1005
    $EGID = 1005 1005

Perl module toolchain versions installed:

    Module              Have    
    ------------------- --------
    CPAN                2.17    
    CPAN::Meta          2.150010
    Cwd                 3.62    
    ExtUtils::CBuilder  0.280224
    ExtUtils::Command   7.24    
    ExtUtils::Install   2.04    
    ExtUtils::MakeMaker 7.24    
    ExtUtils::Manifest  1.70    
    ExtUtils::ParseXS   3.28    
    File::Spec          3.62    
    JSON                2.90    
    JSON::PP            2.27400 
    Module::Build       0.42_21 
    Module::Signature   0.81    
    Parse::CPAN::Meta   2.150010
    Test::Harness       3.39    
    Test::More          1.302080
    YAML                1.23    
    YAML::Syck          1.29    
    version             0.9909  


--

Summary of my perl5 (revision 5 version 22 subversion 0) configuration:
  Derived from: 70f63a4c7dba89e8e48b44de7978faae4319e693
  Platform:
    osname=linux, osvers=4.9.0-2-amd64, archname=x86_64-linux-thread-multi-ld
    uname='linux k93msid 4.9.0-2-amd64 #1 smp debian 4.9.13-1 (2017-02-27) x86_64 gnulinux '
    config_args='-Dprefix=/home/sand/src/perl/repoperls/installed-perls/host/k93msid/v5.22.0/a1a1 -Dmyhostname=k93msid -Dinstallusrbinperl=n -Uversiononly -Dusedevel -des -Ui_db -Dlibswanted=cl pthread socket inet nsl gdbm dbm malloc dl ld sun m crypt sec util c cposix posix ucb BSD gdbm_compat -Duseithreads -Duselongdouble -DDEBUGGING=both'
    hint=recommended, useposix=true, d_sigaction=define
    useithreads=define, usemultiplicity=define
    use64bitint=define, use64bitall=define, uselongdouble=define
    usemymalloc=n, bincompat5005=undef
  Compiler:
    cc='cc', ccflags ='-D_REENTRANT -D_GNU_SOURCE -fwrapv -DDEBUGGING -fno-strict-aliasing -pipe -fstack-protector-strong -I/usr/local/include -D_LARGEFILE_SOURCE -D_FILE_OFFSET_BITS=64',
    optimize='-O2 -g',
    cppflags='-D_REENTRANT -D_GNU_SOURCE -fwrapv -DDEBUGGING -fno-strict-aliasing -pipe -fstack-protector-strong -I/usr/local/include'
    ccversion='', gccversion='6.3.0 20170316', gccosandvers=''
    intsize=4, longsize=8, ptrsize=8, doublesize=8, byteorder=12345678, doublekind=3
    d_longlong=define, longlongsize=8, d_longdbl=define, longdblsize=16, longdblkind=3
    ivtype='long', ivsize=8, nvtype='long double', nvsize=16, Off_t='off_t', lseeksize=8
    alignbytes=16, prototype=define
  Linker and Libraries:
    ld='cc', ldflags =' -fstack-protector-strong -L/usr/local/lib'
    libpth=/usr/local/lib /usr/lib/gcc/x86_64-linux-gnu/6/include-fixed /usr/include/x86_64-linux-gnu /usr/lib /lib/x86_64-linux-gnu /lib/../lib /usr/lib/x86_64-linux-gnu /usr/lib/../lib /lib
    libs=-lpthread -lnsl -ldl -lm -lcrypt -lutil -lc
    perllibs=-lpthread -lnsl -ldl -lm -lcrypt -lutil -lc
    libc=libc-2.24.so, so=so, useshrplib=false, libperl=libperl.a
    gnulibc_version='2.24'
  Dynamic Linking:
    dlsrc=dl_dlopen.xs, dlext=so, d_dlsymun=undef, ccdlflags='-Wl,-E'
    cccdlflags='-fPIC', lddlflags='-shared -O2 -g -L/usr/local/lib -fstack-protector-strong'


Characteristics of this binary (from libperl): 
  Compile-time options: DEBUGGING HAS_TIMES MULTIPLICITY PERLIO_LAYERS
                        PERL_DONT_CREATE_GVSV
                        PERL_HASH_FUNC_ONE_AT_A_TIME_HARD
                        PERL_IMPLICIT_CONTEXT PERL_MALLOC_WRAP
                        PERL_NEW_COPY_ON_WRITE PERL_PRESERVE_IVUV
                        PERL_TRACK_MEMPOOL PERL_USE_DEVEL USE_64_BIT_ALL
                        USE_64_BIT_INT USE_ITHREADS USE_LARGE_FILES
                        USE_LOCALE USE_LOCALE_COLLATE USE_LOCALE_CTYPE
                        USE_LOCALE_NUMERIC USE_LOCALE_TIME USE_LONG_DOUBLE
                        USE_PERLIO USE_PERL_ATOF USE_REENTRANT_API
  Locally applied patches:
	uncommitted-changes
  Built under linux
  Compiled at Mar 19 2017 12:58:28
  %ENV:
    PERL5LIB=""
    PERL5OPT=""
    PERL5_CPANPLUS_IS_RUNNING="22303"
    PERL5_CPAN_IS_RUNNING="22303"
    PERL_CANARY_STABILITY_NOPROMPT="1"
    PERL_MM_USE_DEFAULT="1"
    PERL_USE_UNSAFE_INC="1"
  @INC:
    /home/sand/src/perl/repoperls/installed-perls/host/k93msid/v5.22.0/a1a1/lib/site_perl/5.22.0/x86_64-linux-thread-multi-ld
    /home/sand/src/perl/repoperls/installed-perls/host/k93msid/v5.22.0/a1a1/lib/site_perl/5.22.0
    /home/sand/src/perl/repoperls/installed-perls/host/k93msid/v5.22.0/a1a1/lib/5.22.0/x86_64-linux-thread-multi-ld
    /home/sand/src/perl/repoperls/installed-perls/host/k93msid/v5.22.0/a1a1/lib/5.22.0
    .