Plack-Middleware-JSONParser v0.02 Perl 5 v5.26.1 OpenBSD.amd64-openbsd

Status
Fail
From
Alceu Rodrigues de Freitas Junior
Dist
Plack-Middleware-JSONParser v0.02
Platform
Perl 5 v5.26.1 OpenBSD.amd64-openbsd
Date
2017-12-04 13:59:50
ID
6534b6f6-d8fb-11e7-ba38-f3948ca18d22
This distribution has been tested as part of the CPAN Testers
project, supporting the Perl programming language.  See
http://wiki.cpantesters.org/ for more information or email
questions to cpan-testers-discuss@perl.org


--
Dear Yosuke Furukawa,

This is a computer-generated report for Plack-Middleware-JSONParser-0.02
on perl 5.26.1, created by CPAN-Reporter-1.2018.

Thank you for uploading your work to CPAN.  However, there was a problem
testing your distribution.

If you think this report is invalid, please consult the CPAN Testers Wiki
for suggestions on how to avoid getting FAIL reports for missing library
or binary dependencies, unsupported operating systems, and so on:

http://wiki.cpantesters.org/wiki/CPANAuthorNotes

Sections of this report:

    * Tester comments
    * Program output
    * Prerequisites
    * Environment and other context

------------------------------
TESTER COMMENTS
------------------------------

Additional comments from tester:

this report is from an automated smoke testing program
and was not reviewed by a human for accuracy

------------------------------
PROGRAM OUTPUT
------------------------------

Output from './Build test':

t/00_compile.t ........ ok

#   Failed test at t/01_decodejson.t line 30.
#          got: undef
#     expected: 'yosuke'

#   Failed test at t/01_decodejson.t line 31.
#          got: undef
#     expected: '31'

#   Failed test at t/01_decodejson.t line 38.
#          got: undef
#     expected: 'yosuke'

#   Failed test at t/01_decodejson.t line 39.
#          got: undef
#     expected: '31'
# Looks like you failed 4 tests of 13.
t/01_decodejson.t ..... 
Dubious, test returned 4 (wstat 1024, 0x400)
Failed 4/13 subtests 

#   Failed test at t/02_diewhenfailed.t line 27.
#          got: undef
#     expected: 'yosuke'

#   Failed test at t/02_diewhenfailed.t line 28.
#          got: undef
#     expected: '31'
# Looks like you failed 2 tests of 3.
t/02_diewhenfailed.t .. 
Dubious, test returned 2 (wstat 512, 0x200)
Failed 2/3 subtests 

Test Summary Report
-------------------
t/01_decodejson.t   (Wstat: 1024 Tests: 13 Failed: 4)
  Failed tests:  1-4
  Non-zero exit status: 4
t/02_diewhenfailed.t (Wstat: 512 Tests: 3 Failed: 2)
  Failed tests:  1-2
  Non-zero exit status: 2
Files=3, Tests=17,  1 wallclock secs ( 0.01 usr  0.05 sys +  0.55 cusr  0.20 csys =  0.81 CPU)
Result: FAIL
Failed 2/3 test programs. 6/17 subtests failed.

------------------------------
PREREQUISITES
------------------------------

Prerequisite modules loaded:

requires:

    Module              Need     Have    
    ------------------- -------- --------
    Hash::MultiValue    0        0.16    
    perl                5.008001 5.026001
    Plack::Middleware   0        0       
    Plack::Request      0        1.0044  

build_requires:

    Module              Need     Have    
    ------------------- -------- --------
    ExtUtils::CBuilder  0        0.280230
    Test::More          0.98     1.302120

configure_requires:

    Module              Need     Have    
    ------------------- -------- --------
    CPAN::Meta          0        2.150010
    CPAN::Meta::Prereqs 0        2.150010
    Module::Build       0.38     0.4224  


------------------------------
ENVIRONMENT AND OTHER CONTEXT
------------------------------

Environment variables:

    AUTOMATED_TESTING = 1
    PATH = /home/foo/perl5/perlbrew/bin:/home/foo/perl5/perlbrew/perls/perl-5.26.1/bin:/home/foo/bin:/sbin:/usr/sbin:/bin:/usr/bin:/usr/X11R6/bin:/usr/local/sbin:/usr/local/bin
    PERL5LIB = 
    PERL5OPT = 
    PERL5_CPANPLUS_IS_RUNNING = 69916
    PERL5_CPAN_IS_RUNNING = 69916
    PERL5_CPAN_IS_RUNNING_IN_RECURSION = 7312,69916
    PERLBREW_BASHRC_VERSION = 0.80
    PERLBREW_HOME = /home/foo/.perlbrew
    PERLBREW_MANPATH = /home/foo/perl5/perlbrew/perls/perl-5.26.1/man
    PERLBREW_PATH = /home/foo/perl5/perlbrew/bin:/home/foo/perl5/perlbrew/perls/perl-5.26.1/bin
    PERLBREW_PERL = perl-5.26.1
    PERLBREW_ROOT = /home/foo/perl5/perlbrew
    PERLBREW_VERSION = 0.80
    PERL_CR_SMOKER_CURRENT = Plack-Middleware-JSONParser-0.02
    PERL_EXTUTILS_AUTOINSTALL = --defaultdeps
    PERL_MM_USE_DEFAULT = 1
    PERL_USE_UNSAFE_INC = 1
    SHELL = /usr/local/bin/bash
    TERM = xterm

Perl special variables (and OS-specific diagnostics, for MSWin32):

    $^X = /home/foo/perl5/perlbrew/perls/perl-5.26.1/bin/perl
    $UID/$EUID = 1001 / 1001
    $GID = 999 999 1001
    $EGID = 999 999 1001

Perl module toolchain versions installed:

    Module              Have    
    ------------------- --------
    CPAN                2.20    
    CPAN::Meta          2.150010
    Cwd                 3.62    
    ExtUtils::CBuilder  0.280230
    ExtUtils::Command   7.31_05 
    ExtUtils::Install   2.14    
    ExtUtils::MakeMaker 7.31_05 
    ExtUtils::Manifest  1.70    
    ExtUtils::ParseXS   3.35    
    File::Spec          3.62    
    JSON                2.97000 
    JSON::PP            2.97000 
    Module::Build       0.4224  
    Module::Signature   0.81    
    Parse::CPAN::Meta   2.150010
    Test::Harness       3.39    
    Test::More          1.302120
    YAML                1.24    
    YAML::Syck          1.30    
    version             0.9918  


--

Summary of my perl5 (revision 5 version 26 subversion 1) configuration:
   
  Platform:
    osname=openbsd
    osvers=6.1
    archname=OpenBSD.amd64-openbsd
    uname='openbsd cpansmoker.my.domain 6.1 generic.mp#20 amd64 '
    config_args='-de -Dprefix=/home/foo/perl5/perlbrew/perls/perl-5.26.1 -Aeval:scriptdir=/home/foo/perl5/perlbrew/perls/perl-5.26.1/bin'
    hint=recommended
    useposix=true
    d_sigaction=define
    useithreads=undef
    usemultiplicity=undef
    use64bitint=define
    use64bitall=define
    uselongdouble=undef
    usemymalloc=n
    default_inc_excludes_dot=define
    bincompat5005=undef
  Compiler:
    cc='cc'
    ccflags ='-fno-strict-aliasing -pipe -fstack-protector-strong -I/usr/local/include -D_FORTIFY_SOURCE=2'
    optimize='-O2'
    cppflags='-fno-strict-aliasing -pipe -fstack-protector-strong -I/usr/local/include'
    ccversion=''
    gccversion='4.2.1 20070719 '
    gccosandvers='openbsd6.1'
    intsize=4
    longsize=8
    ptrsize=8
    doublesize=8
    byteorder=12345678
    doublekind=3
    d_longlong=define
    longlongsize=8
    d_longdbl=define
    longdblsize=16
    longdblkind=3
    ivtype='long'
    ivsize=8
    nvtype='double'
    nvsize=8
    Off_t='off_t'
    lseeksize=8
    alignbytes=8
    prototype=define
  Linker and Libraries:
    ld='cc'
    ldflags ='-Wl,-E  -fstack-protector-strong -L/usr/local/lib'
    libpth=/usr/lib /usr/local/lib
    libs=-lpthread -lm -lutil -lc
    perllibs=-lpthread -lm -lutil -lc
    libc=/usr/lib/libc.so.89.3
    so=so
    useshrplib=false
    libperl=libperl.a
    gnulibc_version=''
  Dynamic Linking:
    dlsrc=dl_dlopen.xs
    dlext=so
    d_dlsymun=undef
    ccdlflags=' '
    cccdlflags='-DPIC -fPIC '
    lddlflags='-shared -fPIC  -L/usr/local/lib -fstack-protector-strong'


Characteristics of this binary (from libperl): 
  Compile-time options:
    HAS_TIMES
    PERLIO_LAYERS
    PERL_COPY_ON_WRITE
    PERL_DONT_CREATE_GVSV
    PERL_MALLOC_WRAP
    PERL_OP_PARENT
    PERL_PRESERVE_IVUV
    USE_64_BIT_ALL
    USE_64_BIT_INT
    USE_LARGE_FILES
    USE_LOCALE
    USE_LOCALE_COLLATE
    USE_LOCALE_CTYPE
    USE_LOCALE_NUMERIC
    USE_LOCALE_TIME
    USE_PERLIO
    USE_PERL_ATOF
  Locally applied patches:
    Devel::PatchPerl 1.48
  Built under openbsd
  Compiled at Nov 10 2017 20:02:38
  %ENV:
    PERL5LIB=""
    PERL5OPT=""
    PERL5_CPANPLUS_IS_RUNNING="69916"
    PERL5_CPAN_IS_RUNNING="69916"
    PERL5_CPAN_IS_RUNNING_IN_RECURSION="7312,69916"
    PERLBREW_BASHRC_VERSION="0.80"
    PERLBREW_HOME="/home/foo/.perlbrew"
    PERLBREW_MANPATH="/home/foo/perl5/perlbrew/perls/perl-5.26.1/man"
    PERLBREW_PATH="/home/foo/perl5/perlbrew/bin:/home/foo/perl5/perlbrew/perls/perl-5.26.1/bin"
    PERLBREW_PERL="perl-5.26.1"
    PERLBREW_ROOT="/home/foo/perl5/perlbrew"
    PERLBREW_VERSION="0.80"
    PERL_CR_SMOKER_CURRENT="Plack-Middleware-JSONParser-0.02"
    PERL_EXTUTILS_AUTOINSTALL="--defaultdeps"
    PERL_MM_USE_DEFAULT="1"
    PERL_USE_UNSAFE_INC="1"
  @INC:
    /home/foo/perl5/perlbrew/perls/perl-5.26.1/lib/site_perl/5.26.1/OpenBSD.amd64-openbsd
    /home/foo/perl5/perlbrew/perls/perl-5.26.1/lib/site_perl/5.26.1
    /home/foo/perl5/perlbrew/perls/perl-5.26.1/lib/5.26.1/OpenBSD.amd64-openbsd
    /home/foo/perl5/perlbrew/perls/perl-5.26.1/lib/5.26.1
    .