Back
From: metabase:user:30f0bd62-2aae-11df-837a-5e0a49663a4f
Subject: FAIL CSS-Prepare-v0.9.2.4 v5.15.6 NetBSD
Date: 2012-01-12T14:26:19Z
This distribution has been tested as part of the CPAN Testers
project, supporting the Perl programming language. See
http://wiki.cpantesters.org/ for more information or email
questions to cpan-testers-discuss@perl.org
--
Dear Mark Norman Francis,
This is a computer-generated report for CSS-Prepare-v0.9.2.4
on perl 5.15.6, created by CPAN-Reporter-1.2002.
Thank you for uploading your work to CPAN. However, there was a problem
testing your distribution.
If you think this report is invalid, please consult the CPAN Testers Wiki
for suggestions on how to avoid getting FAIL reports for missing library
or binary dependencies, unsupported operating systems, and so on:
http://wiki.cpantesters.org/wiki/CPANAuthorNotes
Sections of this report:
* Tester comments
* Program output
* Prerequisites
* Environment and other context
------------------------------
TESTER COMMENTS
------------------------------
Additional comments from tester:
this report is from an automated smoke testing program
and was not reviewed by a human for accuracy
------------------------------
PROGRAM OUTPUT
------------------------------
Output from '/usr/bin/make test':
PERL_DL_NONLAZY=1 /home/sts/cpansmoke/perl-5.15.6/bin/perl5.15.6 "-MExtUtils::Command::MM" "-e" "test_harness(0, 'blib/lib', 'blib/arch')" t/*.t
Use of qw(...) as parentheses is deprecated at /home/sts/cpansmoke/perl-5.15.6/cpan/build/CSS-Prepare-v0.9.2.4-ArCK_A/blib/lib/CSS/Prepare/Property/Expansions.pm line 34.
Use of qw(...) as parentheses is deprecated at /home/sts/cpansmoke/perl-5.15.6/cpan/build/CSS-Prepare-v0.9.2.4-ArCK_A/blib/lib/CSS/Prepare/Property/Expansions.pm line 41.
Use of qw(...) as parentheses is deprecated at /home/sts/cpansmoke/perl-5.15.6/cpan/build/CSS-Prepare-v0.9.2.4-ArCK_A/blib/lib/CSS/Prepare/Property/Expansions.pm line 45.
Use of qw(...) as parentheses is deprecated at /home/sts/cpansmoke/perl-5.15.6/cpan/build/CSS-Prepare-v0.9.2.4-ArCK_A/blib/lib/CSS/Prepare/Property/Expansions.pm line 54.
Use of qw(...) as parentheses is deprecated at /home/sts/cpansmoke/perl-5.15.6/cpan/build/CSS-Prepare-v0.9.2.4-ArCK_A/blib/lib/CSS/Prepare/Property/Expansions.pm line 81.
Use of qw(...) as parentheses is deprecated at /home/sts/cpansmoke/perl-5.15.6/cpan/build/CSS-Prepare-v0.9.2.4-ArCK_A/blib/lib/CSS/Prepare/Property/Border.pm line 42.
Use of qw(...) as parentheses is deprecated at /home/sts/cpansmoke/perl-5.15.6/cpan/build/CSS-Prepare-v0.9.2.4-ArCK_A/blib/lib/CSS/Prepare/Property/Border.pm line 194.
Use of qw(...) as parentheses is deprecated at /home/sts/cpansmoke/perl-5.15.6/cpan/build/CSS-Prepare-v0.9.2.4-ArCK_A/blib/lib/CSS/Prepare/Property/Border.pm line 273.
Use of qw(...) as parentheses is deprecated at /home/sts/cpansmoke/perl-5.15.6/cpan/build/CSS-Prepare-v0.9.2.4-ArCK_A/blib/lib/CSS/Prepare/Property/Border.pm line 298.
Use of qw(...) as parentheses is deprecated at /home/sts/cpansmoke/perl-5.15.6/cpan/build/CSS-Prepare-v0.9.2.4-ArCK_A/blib/lib/CSS/Prepare/Property/Border.pm line 333.
Use of qw(...) as parentheses is deprecated at /home/sts/cpansmoke/perl-5.15.6/cpan/build/CSS-Prepare-v0.9.2.4-ArCK_A/blib/lib/CSS/Prepare/Property/Border.pm line 368.
Use of qw(...) as parentheses is deprecated at /home/sts/cpansmoke/perl-5.15.6/cpan/build/CSS-Prepare-v0.9.2.4-ArCK_A/blib/lib/CSS/Prepare/Property/Effects.pm line 42.
Use of qw(...) as parentheses is deprecated at /home/sts/cpansmoke/perl-5.15.6/cpan/build/CSS-Prepare-v0.9.2.4-ArCK_A/blib/lib/CSS/Prepare/Property/Formatting.pm line 41.
Use of qw(...) as parentheses is deprecated at /home/sts/cpansmoke/perl-5.15.6/cpan/build/CSS-Prepare-v0.9.2.4-ArCK_A/blib/lib/CSS/Prepare/Property/Formatting.pm line 79.
Use of qw(...) as parentheses is deprecated at /home/sts/cpansmoke/perl-5.15.6/cpan/build/CSS-Prepare-v0.9.2.4-ArCK_A/blib/lib/CSS/Prepare/Property/Generated.pm line 43.
Use of qw(...) as parentheses is deprecated at /home/sts/cpansmoke/perl-5.15.6/cpan/build/CSS-Prepare-v0.9.2.4-ArCK_A/blib/lib/CSS/Prepare/Property/Margin.pm line 42.
Use of qw(...) as parentheses is deprecated at /home/sts/cpansmoke/perl-5.15.6/cpan/build/CSS-Prepare-v0.9.2.4-ArCK_A/blib/lib/CSS/Prepare/Property/Margin.pm line 78.
Use of qw(...) as parentheses is deprecated at /home/sts/cpansmoke/perl-5.15.6/cpan/build/CSS-Prepare-v0.9.2.4-ArCK_A/blib/lib/CSS/Prepare/Property/Padding.pm line 42.
Use of qw(...) as parentheses is deprecated at /home/sts/cpansmoke/perl-5.15.6/cpan/build/CSS-Prepare-v0.9.2.4-ArCK_A/blib/lib/CSS/Prepare/Property/Padding.pm line 78.
t/00.load.t ............. ok
Use of qw(...) as parentheses is deprecated at /home/sts/cpansmoke/perl-5.15.6/cpan/build/CSS-Prepare-v0.9.2.4-ArCK_A/blib/lib/CSS/Prepare/Property/Expansions.pm line 34.
Use of qw(...) as parentheses is deprecated at /home/sts/cpansmoke/perl-5.15.6/cpan/build/CSS-Prepare-v0.9.2.4-ArCK_A/blib/lib/CSS/Prepare/Property/Expansions.pm line 41.
Use of qw(...) as parentheses is deprecated at /home/sts/cpansmoke/perl-5.15.6/cpan/build/CSS-Prepare-v0.9.2.4-ArCK_A/blib/lib/CSS/Prepare/Property/Expansions.pm line 45.
Use of qw(...) as parentheses is deprecated at /home/sts/cpansmoke/perl-5.15.6/cpan/build/CSS-Prepare-v0.9.2.4-ArCK_A/blib/lib/CSS/Prepare/Property/Expansions.pm line 54.
Use of qw(...) as parentheses is deprecated at /home/sts/cpansmoke/perl-5.15.6/cpan/build/CSS-Prepare-v0.9.2.4-ArCK_A/blib/lib/CSS/Prepare/Property/Expansions.pm line 81.
t/01.expansion.t ........ ok
Use of qw(...) as parentheses is deprecated at /home/sts/cpansmoke/perl-5.15.6/cpan/build/CSS-Prepare-v0.9.2.4-ArCK_A/blib/lib/CSS/Prepare/Property/Expansions.pm line 34.
Use of qw(...) as parentheses is deprecated at /home/sts/cpansmoke/perl-5.15.6/cpan/build/CSS-Prepare-v0.9.2.4-ArCK_A/blib/lib/CSS/Prepare/Property/Expansions.pm line 41.
Use of qw(...) as parentheses is deprecated at /home/sts/cpansmoke/perl-5.15.6/cpan/build/CSS-Prepare-v0.9.2.4-ArCK_A/blib/lib/CSS/Prepare/Property/Expansions.pm line 45.
Use of qw(...) as parentheses is deprecated at /home/sts/cpansmoke/perl-5.15.6/cpan/build/CSS-Prepare-v0.9.2.4-ArCK_A/blib/lib/CSS/Prepare/Property/Expansions.pm line 54.
Use of qw(...) as parentheses is deprecated at /home/sts/cpansmoke/perl-5.15.6/cpan/build/CSS-Prepare-v0.9.2.4-ArCK_A/blib/lib/CSS/Prepare/Property/Expansions.pm line 81.
Use of qw(...) as parentheses is deprecated at /home/sts/cpansmoke/perl-5.15.6/cpan/build/CSS-Prepare-v0.9.2.4-ArCK_A/blib/lib/CSS/Prepare/Property/Border.pm line 42.
Use of qw(...) as parentheses is deprecated at /home/sts/cpansmoke/perl-5.15.6/cpan/build/CSS-Prepare-v0.9.2.4-ArCK_A/blib/lib/CSS/Prepare/Property/Border.pm line 194.
Use of qw(...) as parentheses is deprecated at /home/sts/cpansmoke/perl-5.15.6/cpan/build/CSS-Prepare-v0.9.2.4-ArCK_A/blib/lib/CSS/Prepare/Property/Border.pm line 273.
Use of qw(...) as parentheses is deprecated at /home/sts/cpansmoke/perl-5.15.6/cpan/build/CSS-Prepare-v0.9.2.4-ArCK_A/blib/lib/CSS/Prepare/Property/Border.pm line 298.
Use of qw(...) as parentheses is deprecated at /home/sts/cpansmoke/perl-5.15.6/cpan/build/CSS-Prepare-v0.9.2.4-ArCK_A/blib/lib/CSS/Prepare/Property/Border.pm line 333.
Use of qw(...) as parentheses is deprecated at /home/sts/cpansmoke/perl-5.15.6/cpan/build/CSS-Prepare-v0.9.2.4-ArCK_A/blib/lib/CSS/Prepare/Property/Border.pm line 368.
Use of qw(...) as parentheses is deprecated at /home/sts/cpansmoke/perl-5.15.6/cpan/build/CSS-Prepare-v0.9.2.4-ArCK_A/blib/lib/CSS/Prepare/Property/Effects.pm line 42.
Use of qw(...) as parentheses is deprecated at /home/sts/cpansmoke/perl-5.15.6/cpan/build/CSS-Prepare-v0.9.2.4-ArCK_A/blib/lib/CSS/Prepare/Property/Formatting.pm line 41.
Use of qw(...) as parentheses is deprecated at /home/sts/cpansmoke/perl-5.15.6/cpan/build/CSS-Prepare-v0.9.2.4-ArCK_A/blib/lib/CSS/Prepare/Property/Formatting.pm line 79.
Use of qw(...) as parentheses is deprecated at /home/sts/cpansmoke/perl-5.15.6/cpan/build/CSS-Prepare-v0.9.2.4-ArCK_A/blib/lib/CSS/Prepare/Property/Generated.pm line 43.
Use of qw(...) as parentheses is deprecated at /home/sts/cpansmoke/perl-5.15.6/cpan/build/CSS-Prepare-v0.9.2.4-ArCK_A/blib/lib/CSS/Prepare/Property/Margin.pm line 42.
Use of qw(...) as parentheses is deprecated at /home/sts/cpansmoke/perl-5.15.6/cpan/build/CSS-Prepare-v0.9.2.4-ArCK_A/blib/lib/CSS/Prepare/Property/Margin.pm line 78.
Use of qw(...) as parentheses is deprecated at /home/sts/cpansmoke/perl-5.15.6/cpan/build/CSS-Prepare-v0.9.2.4-ArCK_A/blib/lib/CSS/Prepare/Property/Padding.pm line 42.
Use of qw(...) as parentheses is deprecated at /home/sts/cpansmoke/perl-5.15.6/cpan/build/CSS-Prepare-v0.9.2.4-ArCK_A/blib/lib/CSS/Prepare/Property/Padding.pm line 78.
t/01.parse.t ............ ok
Use of qw(...) as parentheses is deprecated at /home/sts/cpansmoke/perl-5.15.6/cpan/build/CSS-Prepare-v0.9.2.4-ArCK_A/blib/lib/CSS/Prepare/Property/Expansions.pm line 34.
Use of qw(...) as parentheses is deprecated at /home/sts/cpansmoke/perl-5.15.6/cpan/build/CSS-Prepare-v0.9.2.4-ArCK_A/blib/lib/CSS/Prepare/Property/Expansions.pm line 41.
Use of qw(...) as parentheses is deprecated at /home/sts/cpansmoke/perl-5.15.6/cpan/build/CSS-Prepare-v0.9.2.4-ArCK_A/blib/lib/CSS/Prepare/Property/Expansions.pm line 45.
Use of qw(...) as parentheses is deprecated at /home/sts/cpansmoke/perl-5.15.6/cpan/build/CSS-Prepare-v0.9.2.4-ArCK_A/blib/lib/CSS/Prepare/Property/Expansions.pm line 54.
Use of qw(...) as parentheses is deprecated at /home/sts/cpansmoke/perl-5.15.6/cpan/build/CSS-Prepare-v0.9.2.4-ArCK_A/blib/lib/CSS/Prepare/Property/Expansions.pm line 81.
Use of qw(...) as parentheses is deprecated at /home/sts/cpansmoke/perl-5.15.6/cpan/build/CSS-Prepare-v0.9.2.4-ArCK_A/blib/lib/CSS/Prepare/Property/Border.pm line 42.
Use of qw(...) as parentheses is deprecated at /home/sts/cpansmoke/perl-5.15.6/cpan/build/CSS-Prepare-v0.9.2.4-ArCK_A/blib/lib/CSS/Prepare/Property/Border.pm line 194.
Use of qw(...) as parentheses is deprecated at /home/sts/cpansmoke/perl-5.15.6/cpan/build/CSS-Prepare-v0.9.2.4-ArCK_A/blib/lib/CSS/Prepare/Property/Border.pm line 273.
Use of qw(...) as parentheses is deprecated at /home/sts/cpansmoke/perl-5.15.6/cpan/build/CSS-Prepare-v0.9.2.4-ArCK_A/blib/lib/CSS/Prepare/Property/Border.pm line 298.
Use of qw(...) as parentheses is deprecated at /home/sts/cpansmoke/perl-5.15.6/cpan/build/CSS-Prepare-v0.9.2.4-ArCK_A/blib/lib/CSS/Prepare/Property/Border.pm line 333.
Use of qw(...) as parentheses is deprecated at /home/sts/cpansmoke/perl-5.15.6/cpan/build/CSS-Prepare-v0.9.2.4-ArCK_A/blib/lib/CSS/Prepare/Property/Border.pm line 368.
Use of qw(...) as parentheses is deprecated at /home/sts/cpansmoke/perl-5.15.6/cpan/build/CSS-Prepare-v0.9.2.4-ArCK_A/blib/lib/CSS/Prepare/Property/Effects.pm line 42.
Use of qw(...) as parentheses is deprecated at /home/sts/cpansmoke/perl-5.15.6/cpan/build/CSS-Prepare-v0.9.2.4-ArCK_A/blib/lib/CSS/Prepare/Property/Formatting.pm line 41.
Use of qw(...) as parentheses is deprecated at /home/sts/cpansmoke/perl-5.15.6/cpan/build/CSS-Prepare-v0.9.2.4-ArCK_A/blib/lib/CSS/Prepare/Property/Formatting.pm line 79.
Use of qw(...) as parentheses is deprecated at /home/sts/cpansmoke/perl-5.15.6/cpan/build/CSS-Prepare-v0.9.2.4-ArCK_A/blib/lib/CSS/Prepare/Property/Generated.pm line 43.
Use of qw(...) as parentheses is deprecated at /home/sts/cpansmoke/perl-5.15.6/cpan/build/CSS-Prepare-v0.9.2.4-ArCK_A/blib/lib/CSS/Prepare/Property/Margin.pm line 42.
Use of qw(...) as parentheses is deprecated at /home/sts/cpansmoke/perl-5.15.6/cpan/build/CSS-Prepare-v0.9.2.4-ArCK_A/blib/lib/CSS/Prepare/Property/Margin.pm line 78.
Use of qw(...) as parentheses is deprecated at /home/sts/cpansmoke/perl-5.15.6/cpan/build/CSS-Prepare-v0.9.2.4-ArCK_A/blib/lib/CSS/Prepare/Property/Padding.pm line 42.
Use of qw(...) as parentheses is deprecated at /home/sts/cpansmoke/perl-5.15.6/cpan/build/CSS-Prepare-v0.9.2.4-ArCK_A/blib/lib/CSS/Prepare/Property/Padding.pm line 78.
t/01.plugins.t .......... ok
Use of qw(...) as parentheses is deprecated at /home/sts/cpansmoke/perl-5.15.6/cpan/build/CSS-Prepare-v0.9.2.4-ArCK_A/blib/lib/CSS/Prepare/Property/Expansions.pm line 34.
Use of qw(...) as parentheses is deprecated at /home/sts/cpansmoke/perl-5.15.6/cpan/build/CSS-Prepare-v0.9.2.4-ArCK_A/blib/lib/CSS/Prepare/Property/Expansions.pm line 41.
Use of qw(...) as parentheses is deprecated at /home/sts/cpansmoke/perl-5.15.6/cpan/build/CSS-Prepare-v0.9.2.4-ArCK_A/blib/lib/CSS/Prepare/Property/Expansions.pm line 45.
Use of qw(...) as parentheses is deprecated at /home/sts/cpansmoke/perl-5.15.6/cpan/build/CSS-Prepare-v0.9.2.4-ArCK_A/blib/lib/CSS/Prepare/Property/Expansions.pm line 54.
Use of qw(...) as parentheses is deprecated at /home/sts/cpansmoke/perl-5.15.6/cpan/build/CSS-Prepare-v0.9.2.4-ArCK_A/blib/lib/CSS/Prepare/Property/Expansions.pm line 81.
Use of qw(...) as parentheses is deprecated at /home/sts/cpansmoke/perl-5.15.6/cpan/build/CSS-Prepare-v0.9.2.4-ArCK_A/blib/lib/CSS/Prepare/Property/Border.pm line 42.
Use of qw(...) as parentheses is deprecated at /home/sts/cpansmoke/perl-5.15.6/cpan/build/CSS-Prepare-v0.9.2.4-ArCK_A/blib/lib/CSS/Prepare/Property/Border.pm line 194.
Use of qw(...) as parentheses is deprecated at /home/sts/cpansmoke/perl-5.15.6/cpan/build/CSS-Prepare-v0.9.2.4-ArCK_A/blib/lib/CSS/Prepare/Property/Border.pm line 273.
Use of qw(...) as parentheses is deprecated at /home/sts/cpansmoke/perl-5.15.6/cpan/build/CSS-Prepare-v0.9.2.4-ArCK_A/blib/lib/CSS/Prepare/Property/Border.pm line 298.
Use of qw(...) as parentheses is deprecated at /home/sts/cpansmoke/perl-5.15.6/cpan/build/CSS-Prepare-v0.9.2.4-ArCK_A/blib/lib/CSS/Prepare/Property/Border.pm line 333.
Use of qw(...) as parentheses is deprecated at /home/sts/cpansmoke/perl-5.15.6/cpan/build/CSS-Prepare-v0.9.2.4-ArCK_A/blib/lib/CSS/Prepare/Property/Border.pm line 368.
Use of qw(...) as parentheses is deprecated at /home/sts/cpansmoke/perl-5.15.6/cpan/build/CSS-Prepare-v0.9.2.4-ArCK_A/blib/lib/CSS/Prepare/Property/Effects.pm line 42.
Use of qw(...) as parentheses is deprecated at /home/sts/cpansmoke/perl-5.15.6/cpan/build/CSS-Prepare-v0.9.2.4-ArCK_A/blib/lib/CSS/Prepare/Property/Formatting.pm line 41.
Use of qw(...) as parentheses is deprecated at /home/sts/cpansmoke/perl-5.15.6/cpan/build/CSS-Prepare-v0.9.2.4-ArCK_A/blib/lib/CSS/Prepare/Property/Formatting.pm line 79.
Use of qw(...) as parentheses is deprecated at /home/sts/cpansmoke/perl-5.15.6/cpan/build/CSS-Prepare-v0.9.2.4-ArCK_A/blib/lib/CSS/Prepare/Property/Generated.pm line 43.
Use of qw(...) as parentheses is deprecated at /home/sts/cpansmoke/perl-5.15.6/cpan/build/CSS-Prepare-v0.9.2.4-ArCK_A/blib/lib/CSS/Prepare/Property/Margin.pm line 42.
Use of qw(...) as parentheses is deprecated at /home/sts/cpansmoke/perl-5.15.6/cpan/build/CSS-Prepare-v0.9.2.4-ArCK_A/blib/lib/CSS/Prepare/Property/Margin.pm line 78.
Use of qw(...) as parentheses is deprecated at /home/sts/cpansmoke/perl-5.15.6/cpan/build/CSS-Prepare-v0.9.2.4-ArCK_A/blib/lib/CSS/Prepare/Property/Padding.pm line 42.
Use of qw(...) as parentheses is deprecated at /home/sts/cpansmoke/perl-5.15.6/cpan/build/CSS-Prepare-v0.9.2.4-ArCK_A/blib/lib/CSS/Prepare/Property/Padding.pm line 78.
t/01.selectors.t ........ ok
Use of qw(...) as parentheses is deprecated at t/01.values.t line 86.
Use of qw(...) as parentheses is deprecated at t/01.values.t line 105.
Use of qw(...) as parentheses is deprecated at t/01.values.t line 113.
Use of qw(...) as parentheses is deprecated at t/01.values.t line 154.
Use of qw(...) as parentheses is deprecated at t/01.values.t line 239.
Use of qw(...) as parentheses is deprecated at t/01.values.t line 249.
Use of qw(...) as parentheses is deprecated at t/01.values.t line 257.
Use of qw(...) as parentheses is deprecated at t/01.values.t line 265.
Use of qw(...) as parentheses is deprecated at t/01.values.t line 273.
Use of qw(...) as parentheses is deprecated at t/01.values.t line 281.
Use of qw(...) as parentheses is deprecated at t/01.values.t line 289.
Use of qw(...) as parentheses is deprecated at t/01.values.t line 314.
Use of qw(...) as parentheses is deprecated at t/01.values.t line 433.
Use of qw(...) as parentheses is deprecated at t/01.values.t line 441.
Use of qw(...) as parentheses is deprecated at t/01.values.t line 470.
Use of qw(...) as parentheses is deprecated at t/01.values.t line 478.
Use of qw(...) as parentheses is deprecated at t/01.values.t line 521.
Use of qw(...) as parentheses is deprecated at t/01.values.t line 529.
Use of qw(...) as parentheses is deprecated at t/01.values.t line 547.
Use of qw(...) as parentheses is deprecated at t/01.values.t line 559.
Use of qw(...) as parentheses is deprecated at t/01.values.t line 567.
Use of qw(...) as parentheses is deprecated at t/01.values.t line 577.
Use of qw(...) as parentheses is deprecated at t/01.values.t line 585.
Use of qw(...) as parentheses is deprecated at t/01.values.t line 593.
Use of qw(...) as parentheses is deprecated at t/01.values.t line 610.
Use of qw(...) as parentheses is deprecated at t/01.values.t line 620.
Use of qw(...) as parentheses is deprecated at t/01.values.t line 640.
Use of qw(...) as parentheses is deprecated at t/01.values.t line 681.
t/01.values.t ........... ok
Use of qw(...) as parentheses is deprecated at /home/sts/cpansmoke/perl-5.15.6/cpan/build/CSS-Prepare-v0.9.2.4-ArCK_A/blib/lib/CSS/Prepare/Property/Expansions.pm line 34.
Use of qw(...) as parentheses is deprecated at /home/sts/cpansmoke/perl-5.15.6/cpan/build/CSS-Prepare-v0.9.2.4-ArCK_A/blib/lib/CSS/Prepare/Property/Expansions.pm line 41.
Use of qw(...) as parentheses is deprecated at /home/sts/cpansmoke/perl-5.15.6/cpan/build/CSS-Prepare-v0.9.2.4-ArCK_A/blib/lib/CSS/Prepare/Property/Expansions.pm line 45.
Use of qw(...) as parentheses is deprecated at /home/sts/cpansmoke/perl-5.15.6/cpan/build/CSS-Prepare-v0.9.2.4-ArCK_A/blib/lib/CSS/Prepare/Property/Expansions.pm line 54.
Use of qw(...) as parentheses is deprecated at /home/sts/cpansmoke/perl-5.15.6/cpan/build/CSS-Prepare-v0.9.2.4-ArCK_A/blib/lib/CSS/Prepare/Property/Expansions.pm line 81.
Use of qw(...) as parentheses is deprecated at /home/sts/cpansmoke/perl-5.15.6/cpan/build/CSS-Prepare-v0.9.2.4-ArCK_A/blib/lib/CSS/Prepare/Property/Border.pm line 42.
Use of qw(...) as parentheses is deprecated at /home/sts/cpansmoke/perl-5.15.6/cpan/build/CSS-Prepare-v0.9.2.4-ArCK_A/blib/lib/CSS/Prepare/Property/Border.pm line 194.
Use of qw(...) as parentheses is deprecated at /home/sts/cpansmoke/perl-5.15.6/cpan/build/CSS-Prepare-v0.9.2.4-ArCK_A/blib/lib/CSS/Prepare/Property/Border.pm line 273.
Use of qw(...) as parentheses is deprecated at /home/sts/cpansmoke/perl-5.15.6/cpan/build/CSS-Prepare-v0.9.2.4-ArCK_A/blib/lib/CSS/Prepare/Property/Border.pm line 298.
Use of qw(...) as parentheses is deprecated at /home/sts/cpansmoke/perl-5.15.6/cpan/build/CSS-Prepare-v0.9.2.4-ArCK_A/blib/lib/CSS/Prepare/Property/Border.pm line 333.
Use of qw(...) as parentheses is deprecated at /home/sts/cpansmoke/perl-5.15.6/cpan/build/CSS-Prepare-v0.9.2.4-ArCK_A/blib/lib/CSS/Prepare/Property/Border.pm line 368.
Use of qw(...) as parentheses is deprecated at /home/sts/cpansmoke/perl-5.15.6/cpan/build/CSS-Prepare-v0.9.2.4-ArCK_A/blib/lib/CSS/Prepare/Property/Effects.pm line 42.
Use of qw(...) as parentheses is deprecated at /home/sts/cpansmoke/perl-5.15.6/cpan/build/CSS-Prepare-v0.9.2.4-ArCK_A/blib/lib/CSS/Prepare/Property/Formatting.pm line 41.
Use of qw(...) as parentheses is deprecated at /home/sts/cpansmoke/perl-5.15.6/cpan/build/CSS-Prepare-v0.9.2.4-ArCK_A/blib/lib/CSS/Prepare/Property/Formatting.pm line 79.
Use of qw(...) as parentheses is deprecated at /home/sts/cpansmoke/perl-5.15.6/cpan/build/CSS-Prepare-v0.9.2.4-ArCK_A/blib/lib/CSS/Prepare/Property/Generated.pm line 43.
Use of qw(...) as parentheses is deprecated at /home/sts/cpansmoke/perl-5.15.6/cpan/build/CSS-Prepare-v0.9.2.4-ArCK_A/blib/lib/CSS/Prepare/Property/Margin.pm line 42.
Use of qw(...) as parentheses is deprecated at /home/sts/cpansmoke/perl-5.15.6/cpan/build/CSS-Prepare-v0.9.2.4-ArCK_A/blib/lib/CSS/Prepare/Property/Margin.pm line 78.
Use of qw(...) as parentheses is deprecated at /home/sts/cpansmoke/perl-5.15.6/cpan/build/CSS-Prepare-v0.9.2.4-ArCK_A/blib/lib/CSS/Prepare/Property/Padding.pm line 42.
Use of qw(...) as parentheses is deprecated at /home/sts/cpansmoke/perl-5.15.6/cpan/build/CSS-Prepare-v0.9.2.4-ArCK_A/blib/lib/CSS/Prepare/Property/Padding.pm line 78.
t/02.background.t ....... ok
Use of qw(...) as parentheses is deprecated at /home/sts/cpansmoke/perl-5.15.6/cpan/build/CSS-Prepare-v0.9.2.4-ArCK_A/blib/lib/CSS/Prepare/Property/Expansions.pm line 34.
Use of qw(...) as parentheses is deprecated at /home/sts/cpansmoke/perl-5.15.6/cpan/build/CSS-Prepare-v0.9.2.4-ArCK_A/blib/lib/CSS/Prepare/Property/Expansions.pm line 41.
Use of qw(...) as parentheses is deprecated at /home/sts/cpansmoke/perl-5.15.6/cpan/build/CSS-Prepare-v0.9.2.4-ArCK_A/blib/lib/CSS/Prepare/Property/Expansions.pm line 45.
Use of qw(...) as parentheses is deprecated at /home/sts/cpansmoke/perl-5.15.6/cpan/build/CSS-Prepare-v0.9.2.4-ArCK_A/blib/lib/CSS/Prepare/Property/Expansions.pm line 54.
Use of qw(...) as parentheses is deprecated at /home/sts/cpansmoke/perl-5.15.6/cpan/build/CSS-Prepare-v0.9.2.4-ArCK_A/blib/lib/CSS/Prepare/Property/Expansions.pm line 81.
Use of qw(...) as parentheses is deprecated at /home/sts/cpansmoke/perl-5.15.6/cpan/build/CSS-Prepare-v0.9.2.4-ArCK_A/blib/lib/CSS/Prepare/Property/Border.pm line 42.
Use of qw(...) as parentheses is deprecated at /home/sts/cpansmoke/perl-5.15.6/cpan/build/CSS-Prepare-v0.9.2.4-ArCK_A/blib/lib/CSS/Prepare/Property/Border.pm line 194.
Use of qw(...) as parentheses is deprecated at /home/sts/cpansmoke/perl-5.15.6/cpan/build/CSS-Prepare-v0.9.2.4-ArCK_A/blib/lib/CSS/Prepare/Property/Border.pm line 273.
Use of qw(...) as parentheses is deprecated at /home/sts/cpansmoke/perl-5.15.6/cpan/build/CSS-Prepare-v0.9.2.4-ArCK_A/blib/lib/CSS/Prepare/Property/Border.pm line 298.
Use of qw(...) as parentheses is deprecated at /home/sts/cpansmoke/perl-5.15.6/cpan/build/CSS-Prepare-v0.9.2.4-ArCK_A/blib/lib/CSS/Prepare/Property/Border.pm line 333.
Use of qw(...) as parentheses is deprecated at /home/sts/cpansmoke/perl-5.15.6/cpan/build/CSS-Prepare-v0.9.2.4-ArCK_A/blib/lib/CSS/Prepare/Property/Border.pm line 368.
Use of qw(...) as parentheses is deprecated at /home/sts/cpansmoke/perl-5.15.6/cpan/build/CSS-Prepare-v0.9.2.4-ArCK_A/blib/lib/CSS/Prepare/Property/Effects.pm line 42.
Use of qw(...) as parentheses is deprecated at /home/sts/cpansmoke/perl-5.15.6/cpan/build/CSS-Prepare-v0.9.2.4-ArCK_A/blib/lib/CSS/Prepare/Property/Formatting.pm line 41.
Use of qw(...) as parentheses is deprecated at /home/sts/cpansmoke/perl-5.15.6/cpan/build/CSS-Prepare-v0.9.2.4-ArCK_A/blib/lib/CSS/Prepare/Property/Formatting.pm line 79.
Use of qw(...) as parentheses is deprecated at /home/sts/cpansmoke/perl-5.15.6/cpan/build/CSS-Prepare-v0.9.2.4-ArCK_A/blib/lib/CSS/Prepare/Property/Generated.pm line 43.
Use of qw(...) as parentheses is deprecated at /home/sts/cpansmoke/perl-5.15.6/cpan/build/CSS-Prepare-v0.9.2.4-ArCK_A/blib/lib/CSS/Prepare/Property/Margin.pm line 42.
Use of qw(...) as parentheses is deprecated at /home/sts/cpansmoke/perl-5.15.6/cpan/build/CSS-Prepare-v0.9.2.4-ArCK_A/blib/lib/CSS/Prepare/Property/Margin.pm line 78.
Use of qw(...) as parentheses is deprecated at /home/sts/cpansmoke/perl-5.15.6/cpan/build/CSS-Prepare-v0.9.2.4-ArCK_A/blib/lib/CSS/Prepare/Property/Padding.pm line 42.
Use of qw(...) as parentheses is deprecated at /home/sts/cpansmoke/perl-5.15.6/cpan/build/CSS-Prepare-v0.9.2.4-ArCK_A/blib/lib/CSS/Prepare/Property/Padding.pm line 78.
t/02.border.t ........... ok
Use of qw(...) as parentheses is deprecated at /home/sts/cpansmoke/perl-5.15.6/cpan/build/CSS-Prepare-v0.9.2.4-ArCK_A/blib/lib/CSS/Prepare/Property/Expansions.pm line 34.
Use of qw(...) as parentheses is deprecated at /home/sts/cpansmoke/perl-5.15.6/cpan/build/CSS-Prepare-v0.9.2.4-ArCK_A/blib/lib/CSS/Prepare/Property/Expansions.pm line 41.
Use of qw(...) as parentheses is deprecated at /home/sts/cpansmoke/perl-5.15.6/cpan/build/CSS-Prepare-v0.9.2.4-ArCK_A/blib/lib/CSS/Prepare/Property/Expansions.pm line 45.
Use of qw(...) as parentheses is deprecated at /home/sts/cpansmoke/perl-5.15.6/cpan/build/CSS-Prepare-v0.9.2.4-ArCK_A/blib/lib/CSS/Prepare/Property/Expansions.pm line 54.
Use of qw(...) as parentheses is deprecated at /home/sts/cpansmoke/perl-5.15.6/cpan/build/CSS-Prepare-v0.9.2.4-ArCK_A/blib/lib/CSS/Prepare/Property/Expansions.pm line 81.
Use of qw(...) as parentheses is deprecated at /home/sts/cpansmoke/perl-5.15.6/cpan/build/CSS-Prepare-v0.9.2.4-ArCK_A/blib/lib/CSS/Prepare/Property/Border.pm line 42.
Use of qw(...) as parentheses is deprecated at /home/sts/cpansmoke/perl-5.15.6/cpan/build/CSS-Prepare-v0.9.2.4-ArCK_A/blib/lib/CSS/Prepare/Property/Border.pm line 194.
Use of qw(...) as parentheses is deprecated at /home/sts/cpansmoke/perl-5.15.6/cpan/build/CSS-Prepare-v0.9.2.4-ArCK_A/blib/lib/CSS/Prepare/Property/Border.pm line 273.
Use of qw(...) as parentheses is deprecated at /home/sts/cpansmoke/perl-5.15.6/cpan/build/CSS-Prepare-v0.9.2.4-ArCK_A/blib/lib/CSS/Prepare/Property/Border.pm line 298.
Use of qw(...) as parentheses is deprecated at /home/sts/cpansmoke/perl-5.15.6/cpan/build/CSS-Prepare-v0.9.2.4-ArCK_A/blib/lib/CSS/Prepare/Property/Border.pm line 333.
Use of qw(...) as parentheses is deprecated at /home/sts/cpansmoke/perl-5.15.6/cpan/build/CSS-Prepare-v0.9.2.4-ArCK_A/blib/lib/CSS/Prepare/Property/Border.pm line 368.
Use of qw(...) as parentheses is deprecated at /home/sts/cpansmoke/perl-5.15.6/cpan/build/CSS-Prepare-v0.9.2.4-ArCK_A/blib/lib/CSS/Prepare/Property/Effects.pm line 42.
Use of qw(...) as parentheses is deprecated at /home/sts/cpansmoke/perl-5.15.6/cpan/build/CSS-Prepare-v0.9.2.4-ArCK_A/blib/lib/CSS/Prepare/Property/Formatting.pm line 41.
Use of qw(...) as parentheses is deprecated at /home/sts/cpansmoke/perl-5.15.6/cpan/build/CSS-Prepare-v0.9.2.4-ArCK_A/blib/lib/CSS/Prepare/Property/Formatting.pm line 79.
Use of qw(...) as parentheses is deprecated at /home/sts/cpansmoke/perl-5.15.6/cpan/build/CSS-Prepare-v0.9.2.4-ArCK_A/blib/lib/CSS/Prepare/Property/Generated.pm line 43.
Use of qw(...) as parentheses is deprecated at /home/sts/cpansmoke/perl-5.15.6/cpan/build/CSS-Prepare-v0.9.2.4-ArCK_A/blib/lib/CSS/Prepare/Property/Margin.pm line 42.
Use of qw(...) as parentheses is deprecated at /home/sts/cpansmoke/perl-5.15.6/cpan/build/CSS-Prepare-v0.9.2.4-ArCK_A/blib/lib/CSS/Prepare/Property/Margin.pm line 78.
Use of qw(...) as parentheses is deprecated at /home/sts/cpansmoke/perl-5.15.6/cpan/build/CSS-Prepare-v0.9.2.4-ArCK_A/blib/lib/CSS/Prepare/Property/Padding.pm line 42.
Use of qw(...) as parentheses is deprecated at /home/sts/cpansmoke/perl-5.15.6/cpan/build/CSS-Prepare-v0.9.2.4-ArCK_A/blib/lib/CSS/Prepare/Property/Padding.pm line 78.
t/02.borderradius.t ..... ok
Use of qw(...) as parentheses is deprecated at /home/sts/cpansmoke/perl-5.15.6/cpan/build/CSS-Prepare-v0.9.2.4-ArCK_A/blib/lib/CSS/Prepare/Property/Expansions.pm line 34.
Use of qw(...) as parentheses is deprecated at /home/sts/cpansmoke/perl-5.15.6/cpan/build/CSS-Prepare-v0.9.2.4-ArCK_A/blib/lib/CSS/Prepare/Property/Expansions.pm line 41.
Use of qw(...) as parentheses is deprecated at /home/sts/cpansmoke/perl-5.15.6/cpan/build/CSS-Prepare-v0.9.2.4-ArCK_A/blib/lib/CSS/Prepare/Property/Expansions.pm line 45.
Use of qw(...) as parentheses is deprecated at /home/sts/cpansmoke/perl-5.15.6/cpan/build/CSS-Prepare-v0.9.2.4-ArCK_A/blib/lib/CSS/Prepare/Property/Expansions.pm line 54.
Use of qw(...) as parentheses is deprecated at /home/sts/cpansmoke/perl-5.15.6/cpan/build/CSS-Prepare-v0.9.2.4-ArCK_A/blib/lib/CSS/Prepare/Property/Expansions.pm line 81.
Use of qw(...) as parentheses is deprecated at /home/sts/cpansmoke/perl-5.15.6/cpan/build/CSS-Prepare-v0.9.2.4-ArCK_A/blib/lib/CSS/Prepare/Property/Border.pm line 42.
Use of qw(...) as parentheses is deprecated at /home/sts/cpansmoke/perl-5.15.6/cpan/build/CSS-Prepare-v0.9.2.4-ArCK_A/blib/lib/CSS/Prepare/Property/Border.pm line 194.
Use of qw(...) as parentheses is deprecated at /home/sts/cpansmoke/perl-5.15.6/cpan/build/CSS-Prepare-v0.9.2.4-ArCK_A/blib/lib/CSS/Prepare/Property/Border.pm line 273.
Use of qw(...) as parentheses is deprecated at /home/sts/cpansmoke/perl-5.15.6/cpan/build/CSS-Prepare-v0.9.2.4-ArCK_A/blib/lib/CSS/Prepare/Property/Border.pm line 298.
Use of qw(...) as parentheses is deprecated at /home/sts/cpansmoke/perl-5.15.6/cpan/build/CSS-Prepare-v0.9.2.4-ArCK_A/blib/lib/CSS/Prepare/Property/Border.pm line 333.
Use of qw(...) as parentheses is deprecated at /home/sts/cpansmoke/perl-5.15.6/cpan/build/CSS-Prepare-v0.9.2.4-ArCK_A/blib/lib/CSS/Prepare/Property/Border.pm line 368.
Use of qw(...) as parentheses is deprecated at /home/sts/cpansmoke/perl-5.15.6/cpan/build/CSS-Prepare-v0.9.2.4-ArCK_A/blib/lib/CSS/Prepare/Property/Effects.pm line 42.
Use of qw(...) as parentheses is deprecated at /home/sts/cpansmoke/perl-5.15.6/cpan/build/CSS-Prepare-v0.9.2.4-ArCK_A/blib/lib/CSS/Prepare/Property/Formatting.pm line 41.
Use of qw(...) as parentheses is deprecated at /home/sts/cpansmoke/perl-5.15.6/cpan/build/CSS-Prepare-v0.9.2.4-ArCK_A/blib/lib/CSS/Prepare/Property/Formatting.pm line 79.
Use of qw(...) as parentheses is deprecated at /home/sts/cpansmoke/perl-5.15.6/cpan/build/CSS-Prepare-v0.9.2.4-ArCK_A/blib/lib/CSS/Prepare/Property/Generated.pm line 43.
Use of qw(...) as parentheses is deprecated at /home/sts/cpansmoke/perl-5.15.6/cpan/build/CSS-Prepare-v0.9.2.4-ArCK_A/blib/lib/CSS/Prepare/Property/Margin.pm line 42.
Use of qw(...) as parentheses is deprecated at /home/sts/cpansmoke/perl-5.15.6/cpan/build/CSS-Prepare-v0.9.2.4-ArCK_A/blib/lib/CSS/Prepare/Property/Margin.pm line 78.
Use of qw(...) as parentheses is deprecated at /home/sts/cpansmoke/perl-5.15.6/cpan/build/CSS-Prepare-v0.9.2.4-ArCK_A/blib/lib/CSS/Prepare/Property/Padding.pm line 42.
Use of qw(...) as parentheses is deprecated at /home/sts/cpansmoke/perl-5.15.6/cpan/build/CSS-Prepare-v0.9.2.4-ArCK_A/blib/lib/CSS/Prepare/Property/Padding.pm line 78.
t/02.color.t ............ ok
Use of qw(...) as parentheses is deprecated at /home/sts/cpansmoke/perl-5.15.6/cpan/build/CSS-Prepare-v0.9.2.4-ArCK_A/blib/lib/CSS/Prepare/Property/Expansions.pm line 34.
Use of qw(...) as parentheses is deprecated at /home/sts/cpansmoke/perl-5.15.6/cpan/build/CSS-Prepare-v0.9.2.4-ArCK_A/blib/lib/CSS/Prepare/Property/Expansions.pm line 41.
Use of qw(...) as parentheses is deprecated at /home/sts/cpansmoke/perl-5.15.6/cpan/build/CSS-Prepare-v0.9.2.4-ArCK_A/blib/lib/CSS/Prepare/Property/Expansions.pm line 45.
Use of qw(...) as parentheses is deprecated at /home/sts/cpansmoke/perl-5.15.6/cpan/build/CSS-Prepare-v0.9.2.4-ArCK_A/blib/lib/CSS/Prepare/Property/Expansions.pm line 54.
Use of qw(...) as parentheses is deprecated at /home/sts/cpansmoke/perl-5.15.6/cpan/build/CSS-Prepare-v0.9.2.4-ArCK_A/blib/lib/CSS/Prepare/Property/Expansions.pm line 81.
Use of qw(...) as parentheses is deprecated at /home/sts/cpansmoke/perl-5.15.6/cpan/build/CSS-Prepare-v0.9.2.4-ArCK_A/blib/lib/CSS/Prepare/Property/Border.pm line 42.
Use of qw(...) as parentheses is deprecated at /home/sts/cpansmoke/perl-5.15.6/cpan/build/CSS-Prepare-v0.9.2.4-ArCK_A/blib/lib/CSS/Prepare/Property/Border.pm line 194.
Use of qw(...) as parentheses is deprecated at /home/sts/cpansmoke/perl-5.15.6/cpan/build/CSS-Prepare-v0.9.2.4-ArCK_A/blib/lib/CSS/Prepare/Property/Border.pm line 273.
Use of qw(...) as parentheses is deprecated at /home/sts/cpansmoke/perl-5.15.6/cpan/build/CSS-Prepare-v0.9.2.4-ArCK_A/blib/lib/CSS/Prepare/Property/Border.pm line 298.
Use of qw(...) as parentheses is deprecated at /home/sts/cpansmoke/perl-5.15.6/cpan/build/CSS-Prepare-v0.9.2.4-ArCK_A/blib/lib/CSS/Prepare/Property/Border.pm line 333.
Use of qw(...) as parentheses is deprecated at /home/sts/cpansmoke/perl-5.15.6/cpan/build/CSS-Prepare-v0.9.2.4-ArCK_A/blib/lib/CSS/Prepare/Property/Border.pm line 368.
Use of qw(...) as parentheses is deprecated at /home/sts/cpansmoke/perl-5.15.6/cpan/build/CSS-Prepare-v0.9.2.4-ArCK_A/blib/lib/CSS/Prepare/Property/Effects.pm line 42.
Use of qw(...) as parentheses is deprecated at /home/sts/cpansmoke/perl-5.15.6/cpan/build/CSS-Prepare-v0.9.2.4-ArCK_A/blib/lib/CSS/Prepare/Property/Formatting.pm line 41.
Use of qw(...) as parentheses is deprecated at /home/sts/cpansmoke/perl-5.15.6/cpan/build/CSS-Prepare-v0.9.2.4-ArCK_A/blib/lib/CSS/Prepare/Property/Formatting.pm line 79.
Use of qw(...) as parentheses is deprecated at /home/sts/cpansmoke/perl-5.15.6/cpan/build/CSS-Prepare-v0.9.2.4-ArCK_A/blib/lib/CSS/Prepare/Property/Generated.pm line 43.
Use of qw(...) as parentheses is deprecated at /home/sts/cpansmoke/perl-5.15.6/cpan/build/CSS-Prepare-v0.9.2.4-ArCK_A/blib/lib/CSS/Prepare/Property/Margin.pm line 42.
Use of qw(...) as parentheses is deprecated at /home/sts/cpansmoke/perl-5.15.6/cpan/build/CSS-Prepare-v0.9.2.4-ArCK_A/blib/lib/CSS/Prepare/Property/Margin.pm line 78.
Use of qw(...) as parentheses is deprecated at /home/sts/cpansmoke/perl-5.15.6/cpan/build/CSS-Prepare-v0.9.2.4-ArCK_A/blib/lib/CSS/Prepare/Property/Padding.pm line 42.
Use of qw(...) as parentheses is deprecated at /home/sts/cpansmoke/perl-5.15.6/cpan/build/CSS-Prepare-v0.9.2.4-ArCK_A/blib/lib/CSS/Prepare/Property/Padding.pm line 78.
t/02.cp-borderradius.t .. ok
Use of qw(...) as parentheses is deprecated at /home/sts/cpansmoke/perl-5.15.6/cpan/build/CSS-Prepare-v0.9.2.4-ArCK_A/blib/lib/CSS/Prepare/Property/Expansions.pm line 34.
Use of qw(...) as parentheses is deprecated at /home/sts/cpansmoke/perl-5.15.6/cpan/build/CSS-Prepare-v0.9.2.4-ArCK_A/blib/lib/CSS/Prepare/Property/Expansions.pm line 41.
Use of qw(...) as parentheses is deprecated at /home/sts/cpansmoke/perl-5.15.6/cpan/build/CSS-Prepare-v0.9.2.4-ArCK_A/blib/lib/CSS/Prepare/Property/Expansions.pm line 45.
Use of qw(...) as parentheses is deprecated at /home/sts/cpansmoke/perl-5.15.6/cpan/build/CSS-Prepare-v0.9.2.4-ArCK_A/blib/lib/CSS/Prepare/Property/Expansions.pm line 54.
Use of qw(...) as parentheses is deprecated at /home/sts/cpansmoke/perl-5.15.6/cpan/build/CSS-Prepare-v0.9.2.4-ArCK_A/blib/lib/CSS/Prepare/Property/Expansions.pm line 81.
Use of qw(...) as parentheses is deprecated at /home/sts/cpansmoke/perl-5.15.6/cpan/build/CSS-Prepare-v0.9.2.4-ArCK_A/blib/lib/CSS/Prepare/Property/Border.pm line 42.
Use of qw(...) as parentheses is deprecated at /home/sts/cpansmoke/perl-5.15.6/cpan/build/CSS-Prepare-v0.9.2.4-ArCK_A/blib/lib/CSS/Prepare/Property/Border.pm line 194.
Use of qw(...) as parentheses is deprecated at /home/sts/cpansmoke/perl-5.15.6/cpan/build/CSS-Prepare-v0.9.2.4-ArCK_A/blib/lib/CSS/Prepare/Property/Border.pm line 273.
Use of qw(...) as parentheses is deprecated at /home/sts/cpansmoke/perl-5.15.6/cpan/build/CSS-Prepare-v0.9.2.4-ArCK_A/blib/lib/CSS/Prepare/Property/Border.pm line 298.
Use of qw(...) as parentheses is deprecated at /home/sts/cpansmoke/perl-5.15.6/cpan/build/CSS-Prepare-v0.9.2.4-ArCK_A/blib/lib/CSS/Prepare/Property/Border.pm line 333.
Use of qw(...) as parentheses is deprecated at /home/sts/cpansmoke/perl-5.15.6/cpan/build/CSS-Prepare-v0.9.2.4-ArCK_A/blib/lib/CSS/Prepare/Property/Border.pm line 368.
Use of qw(...) as parentheses is deprecated at /home/sts/cpansmoke/perl-5.15.6/cpan/build/CSS-Prepare-v0.9.2.4-ArCK_A/blib/lib/CSS/Prepare/Property/Effects.pm line 42.
Use of qw(...) as parentheses is deprecated at /home/sts/cpansmoke/perl-5.15.6/cpan/build/CSS-Prepare-v0.9.2.4-ArCK_A/blib/lib/CSS/Prepare/Property/Formatting.pm line 41.
Use of qw(...) as parentheses is deprecated at /home/sts/cpansmoke/perl-5.15.6/cpan/build/CSS-Prepare-v0.9.2.4-ArCK_A/blib/lib/CSS/Prepare/Property/Formatting.pm line 79.
Use of qw(...) as parentheses is deprecated at /home/sts/cpansmoke/perl-5.15.6/cpan/build/CSS-Prepare-v0.9.2.4-ArCK_A/blib/lib/CSS/Prepare/Property/Generated.pm line 43.
Use of qw(...) as parentheses is deprecated at /home/sts/cpansmoke/perl-5.15.6/cpan/build/CSS-Prepare-v0.9.2.4-ArCK_A/blib/lib/CSS/Prepare/Property/Margin.pm line 42.
Use of qw(...) as parentheses is deprecated at /home/sts/cpansmoke/perl-5.15.6/cpan/build/CSS-Prepare-v0.9.2.4-ArCK_A/blib/lib/CSS/Prepare/Property/Margin.pm line 78.
Use of qw(...) as parentheses is deprecated at /home/sts/cpansmoke/perl-5.15.6/cpan/build/CSS-Prepare-v0.9.2.4-ArCK_A/blib/lib/CSS/Prepare/Property/Padding.pm line 42.
Use of qw(...) as parentheses is deprecated at /home/sts/cpansmoke/perl-5.15.6/cpan/build/CSS-Prepare-v0.9.2.4-ArCK_A/blib/lib/CSS/Prepare/Property/Padding.pm line 78.
t/02.cp-contain.t ....... ok
Use of qw(...) as parentheses is deprecated at /home/sts/cpansmoke/perl-5.15.6/cpan/build/CSS-Prepare-v0.9.2.4-ArCK_A/blib/lib/CSS/Prepare/Property/Expansions.pm line 34.
Use of qw(...) as parentheses is deprecated at /home/sts/cpansmoke/perl-5.15.6/cpan/build/CSS-Prepare-v0.9.2.4-ArCK_A/blib/lib/CSS/Prepare/Property/Expansions.pm line 41.
Use of qw(...) as parentheses is deprecated at /home/sts/cpansmoke/perl-5.15.6/cpan/build/CSS-Prepare-v0.9.2.4-ArCK_A/blib/lib/CSS/Prepare/Property/Expansions.pm line 45.
Use of qw(...) as parentheses is deprecated at /home/sts/cpansmoke/perl-5.15.6/cpan/build/CSS-Prepare-v0.9.2.4-ArCK_A/blib/lib/CSS/Prepare/Property/Expansions.pm line 54.
Use of qw(...) as parentheses is deprecated at /home/sts/cpansmoke/perl-5.15.6/cpan/build/CSS-Prepare-v0.9.2.4-ArCK_A/blib/lib/CSS/Prepare/Property/Expansions.pm line 81.
Use of qw(...) as parentheses is deprecated at /home/sts/cpansmoke/perl-5.15.6/cpan/build/CSS-Prepare-v0.9.2.4-ArCK_A/blib/lib/CSS/Prepare/Property/Border.pm line 42.
Use of qw(...) as parentheses is deprecated at /home/sts/cpansmoke/perl-5.15.6/cpan/build/CSS-Prepare-v0.9.2.4-ArCK_A/blib/lib/CSS/Prepare/Property/Border.pm line 194.
Use of qw(...) as parentheses is deprecated at /home/sts/cpansmoke/perl-5.15.6/cpan/build/CSS-Prepare-v0.9.2.4-ArCK_A/blib/lib/CSS/Prepare/Property/Border.pm line 273.
Use of qw(...) as parentheses is deprecated at /home/sts/cpansmoke/perl-5.15.6/cpan/build/CSS-Prepare-v0.9.2.4-ArCK_A/blib/lib/CSS/Prepare/Property/Border.pm line 298.
Use of qw(...) as parentheses is deprecated at /home/sts/cpansmoke/perl-5.15.6/cpan/build/CSS-Prepare-v0.9.2.4-ArCK_A/blib/lib/CSS/Prepare/Property/Border.pm line 333.
Use of qw(...) as parentheses is deprecated at /home/sts/cpansmoke/perl-5.15.6/cpan/build/CSS-Prepare-v0.9.2.4-ArCK_A/blib/lib/CSS/Prepare/Property/Border.pm line 368.
Use of qw(...) as parentheses is deprecated at /home/sts/cpansmoke/perl-5.15.6/cpan/build/CSS-Prepare-v0.9.2.4-ArCK_A/blib/lib/CSS/Prepare/Property/Effects.pm line 42.
Use of qw(...) as parentheses is deprecated at /home/sts/cpansmoke/perl-5.15.6/cpan/build/CSS-Prepare-v0.9.2.4-ArCK_A/blib/lib/CSS/Prepare/Property/Formatting.pm line 41.
Use of qw(...) as parentheses is deprecated at /home/sts/cpansmoke/perl-5.15.6/cpan/build/CSS-Prepare-v0.9.2.4-ArCK_A/blib/lib/CSS/Prepare/Property/Formatting.pm line 79.
Use of qw(...) as parentheses is deprecated at /home/sts/cpansmoke/perl-5.15.6/cpan/build/CSS-Prepare-v0.9.2.4-ArCK_A/blib/lib/CSS/Prepare/Property/Generated.pm line 43.
Use of qw(...) as parentheses is deprecated at /home/sts/cpansmoke/perl-5.15.6/cpan/build/CSS-Prepare-v0.9.2.4-ArCK_A/blib/lib/CSS/Prepare/Property/Margin.pm line 42.
Use of qw(...) as parentheses is deprecated at /home/sts/cpansmoke/perl-5.15.6/cpan/build/CSS-Prepare-v0.9.2.4-ArCK_A/blib/lib/CSS/Prepare/Property/Margin.pm line 78.
Use of qw(...) as parentheses is deprecated at /home/sts/cpansmoke/perl-5.15.6/cpan/build/CSS-Prepare-v0.9.2.4-ArCK_A/blib/lib/CSS/Prepare/Property/Padding.pm line 42.
Use of qw(...) as parentheses is deprecated at /home/sts/cpansmoke/perl-5.15.6/cpan/build/CSS-Prepare-v0.9.2.4-ArCK_A/blib/lib/CSS/Prepare/Property/Padding.pm line 78.
t/02.cp-opacity.t ....... ok
Use of qw(...) as parentheses is deprecated at /home/sts/cpansmoke/perl-5.15.6/cpan/build/CSS-Prepare-v0.9.2.4-ArCK_A/blib/lib/CSS/Prepare/Property/Expansions.pm line 34.
Use of qw(...) as parentheses is deprecated at /home/sts/cpansmoke/perl-5.15.6/cpan/build/CSS-Prepare-v0.9.2.4-ArCK_A/blib/lib/CSS/Prepare/Property/Expansions.pm line 41.
Use of qw(...) as parentheses is deprecated at /home/sts/cpansmoke/perl-5.15.6/cpan/build/CSS-Prepare-v0.9.2.4-ArCK_A/blib/lib/CSS/Prepare/Property/Expansions.pm line 45.
Use of qw(...) as parentheses is deprecated at /home/sts/cpansmoke/perl-5.15.6/cpan/build/CSS-Prepare-v0.9.2.4-ArCK_A/blib/lib/CSS/Prepare/Property/Expansions.pm line 54.
Use of qw(...) as parentheses is deprecated at /home/sts/cpansmoke/perl-5.15.6/cpan/build/CSS-Prepare-v0.9.2.4-ArCK_A/blib/lib/CSS/Prepare/Property/Expansions.pm line 81.
Use of qw(...) as parentheses is deprecated at /home/sts/cpansmoke/perl-5.15.6/cpan/build/CSS-Prepare-v0.9.2.4-ArCK_A/blib/lib/CSS/Prepare/Property/Border.pm line 42.
Use of qw(...) as parentheses is deprecated at /home/sts/cpansmoke/perl-5.15.6/cpan/build/CSS-Prepare-v0.9.2.4-ArCK_A/blib/lib/CSS/Prepare/Property/Border.pm line 194.
Use of qw(...) as parentheses is deprecated at /home/sts/cpansmoke/perl-5.15.6/cpan/build/CSS-Prepare-v0.9.2.4-ArCK_A/blib/lib/CSS/Prepare/Property/Border.pm line 273.
Use of qw(...) as parentheses is deprecated at /home/sts/cpansmoke/perl-5.15.6/cpan/build/CSS-Prepare-v0.9.2.4-ArCK_A/blib/lib/CSS/Prepare/Property/Border.pm line 298.
Use of qw(...) as parentheses is deprecated at /home/sts/cpansmoke/perl-5.15.6/cpan/build/CSS-Prepare-v0.9.2.4-ArCK_A/blib/lib/CSS/Prepare/Property/Border.pm line 333.
Use of qw(...) as parentheses is deprecated at /home/sts/cpansmoke/perl-5.15.6/cpan/build/CSS-Prepare-v0.9.2.4-ArCK_A/blib/lib/CSS/Prepare/Property/Border.pm line 368.
Use of qw(...) as parentheses is deprecated at /home/sts/cpansmoke/perl-5.15.6/cpan/build/CSS-Prepare-v0.9.2.4-ArCK_A/blib/lib/CSS/Prepare/Property/Effects.pm line 42.
Use of qw(...) as parentheses is deprecated at /home/sts/cpansmoke/perl-5.15.6/cpan/build/CSS-Prepare-v0.9.2.4-ArCK_A/blib/lib/CSS/Prepare/Property/Formatting.pm line 41.
Use of qw(...) as parentheses is deprecated at /home/sts/cpansmoke/perl-5.15.6/cpan/build/CSS-Prepare-v0.9.2.4-ArCK_A/blib/lib/CSS/Prepare/Property/Formatting.pm line 79.
Use of qw(...) as parentheses is deprecated at /home/sts/cpansmoke/perl-5.15.6/cpan/build/CSS-Prepare-v0.9.2.4-ArCK_A/blib/lib/CSS/Prepare/Property/Generated.pm line 43.
Use of qw(...) as parentheses is deprecated at /home/sts/cpansmoke/perl-5.15.6/cpan/build/CSS-Prepare-v0.9.2.4-ArCK_A/blib/lib/CSS/Prepare/Property/Margin.pm line 42.
Use of qw(...) as parentheses is deprecated at /home/sts/cpansmoke/perl-5.15.6/cpan/build/CSS-Prepare-v0.9.2.4-ArCK_A/blib/lib/CSS/Prepare/Property/Margin.pm line 78.
Use of qw(...) as parentheses is deprecated at /home/sts/cpansmoke/perl-5.15.6/cpan/build/CSS-Prepare-v0.9.2.4-ArCK_A/blib/lib/CSS/Prepare/Property/Padding.pm line 42.
Use of qw(...) as parentheses is deprecated at /home/sts/cpansmoke/perl-5.15.6/cpan/build/CSS-Prepare-v0.9.2.4-ArCK_A/blib/lib/CSS/Prepare/Property/Padding.pm line 78.
t/02.effects.t .......... ok
Use of qw(...) as parentheses is deprecated at /home/sts/cpansmoke/perl-5.15.6/cpan/build/CSS-Prepare-v0.9.2.4-ArCK_A/blib/lib/CSS/Prepare/Property/Expansions.pm line 34.
Use of qw(...) as parentheses is deprecated at /home/sts/cpansmoke/perl-5.15.6/cpan/build/CSS-Prepare-v0.9.2.4-ArCK_A/blib/lib/CSS/Prepare/Property/Expansions.pm line 41.
Use of qw(...) as parentheses is deprecated at /home/sts/cpansmoke/perl-5.15.6/cpan/build/CSS-Prepare-v0.9.2.4-ArCK_A/blib/lib/CSS/Prepare/Property/Expansions.pm line 45.
Use of qw(...) as parentheses is deprecated at /home/sts/cpansmoke/perl-5.15.6/cpan/build/CSS-Prepare-v0.9.2.4-ArCK_A/blib/lib/CSS/Prepare/Property/Expansions.pm line 54.
Use of qw(...) as parentheses is deprecated at /home/sts/cpansmoke/perl-5.15.6/cpan/build/CSS-Prepare-v0.9.2.4-ArCK_A/blib/lib/CSS/Prepare/Property/Expansions.pm line 81.
Use of qw(...) as parentheses is deprecated at /home/sts/cpansmoke/perl-5.15.6/cpan/build/CSS-Prepare-v0.9.2.4-ArCK_A/blib/lib/CSS/Prepare/Property/Border.pm line 42.
Use of qw(...) as parentheses is deprecated at /home/sts/cpansmoke/perl-5.15.6/cpan/build/CSS-Prepare-v0.9.2.4-ArCK_A/blib/lib/CSS/Prepare/Property/Border.pm line 194.
Use of qw(...) as parentheses is deprecated at /home/sts/cpansmoke/perl-5.15.6/cpan/build/CSS-Prepare-v0.9.2.4-ArCK_A/blib/lib/CSS/Prepare/Property/Border.pm line 273.
Use of qw(...) as parentheses is deprecated at /home/sts/cpansmoke/perl-5.15.6/cpan/build/CSS-Prepare-v0.9.2.4-ArCK_A/blib/lib/CSS/Prepare/Property/Border.pm line 298.
Use of qw(...) as parentheses is deprecated at /home/sts/cpansmoke/perl-5.15.6/cpan/build/CSS-Prepare-v0.9.2.4-ArCK_A/blib/lib/CSS/Prepare/Property/Border.pm line 333.
Use of qw(...) as parentheses is deprecated at /home/sts/cpansmoke/perl-5.15.6/cpan/build/CSS-Prepare-v0.9.2.4-ArCK_A/blib/lib/CSS/Prepare/Property/Border.pm line 368.
Use of qw(...) as parentheses is deprecated at /home/sts/cpansmoke/perl-5.15.6/cpan/build/CSS-Prepare-v0.9.2.4-ArCK_A/blib/lib/CSS/Prepare/Property/Effects.pm line 42.
Use of qw(...) as parentheses is deprecated at /home/sts/cpansmoke/perl-5.15.6/cpan/build/CSS-Prepare-v0.9.2.4-ArCK_A/blib/lib/CSS/Prepare/Property/Formatting.pm line 41.
Use of qw(...) as parentheses is deprecated at /home/sts/cpansmoke/perl-5.15.6/cpan/build/CSS-Prepare-v0.9.2.4-ArCK_A/blib/lib/CSS/Prepare/Property/Formatting.pm line 79.
Use of qw(...) as parentheses is deprecated at /home/sts/cpansmoke/perl-5.15.6/cpan/build/CSS-Prepare-v0.9.2.4-ArCK_A/blib/lib/CSS/Prepare/Property/Generated.pm line 43.
Use of qw(...) as parentheses is deprecated at /home/sts/cpansmoke/perl-5.15.6/cpan/build/CSS-Prepare-v0.9.2.4-ArCK_A/blib/lib/CSS/Prepare/Property/Margin.pm line 42.
Use of qw(...) as parentheses is deprecated at /home/sts/cpansmoke/perl-5.15.6/cpan/build/CSS-Prepare-v0.9.2.4-ArCK_A/blib/lib/CSS/Prepare/Property/Margin.pm line 78.
Use of qw(...) as parentheses is deprecated at /home/sts/cpansmoke/perl-5.15.6/cpan/build/CSS-Prepare-v0.9.2.4-ArCK_A/blib/lib/CSS/Prepare/Property/Padding.pm line 42.
Use of qw(...) as parentheses is deprecated at /home/sts/cpansmoke/perl-5.15.6/cpan/build/CSS-Prepare-v0.9.2.4-ArCK_A/blib/lib/CSS/Prepare/Property/Padding.pm line 78.
t/02.font.t ............. ok
Use of qw(...) as parentheses is deprecated at /home/sts/cpansmoke/perl-5.15.6/cpan/build/CSS-Prepare-v0.9.2.4-ArCK_A/blib/lib/CSS/Prepare/Property/Expansions.pm line 34.
Use of qw(...) as parentheses is deprecated at /home/sts/cpansmoke/perl-5.15.6/cpan/build/CSS-Prepare-v0.9.2.4-ArCK_A/blib/lib/CSS/Prepare/Property/Expansions.pm line 41.
Use of qw(...) as parentheses is deprecated at /home/sts/cpansmoke/perl-5.15.6/cpan/build/CSS-Prepare-v0.9.2.4-ArCK_A/blib/lib/CSS/Prepare/Property/Expansions.pm line 45.
Use of qw(...) as parentheses is deprecated at /home/sts/cpansmoke/perl-5.15.6/cpan/build/CSS-Prepare-v0.9.2.4-ArCK_A/blib/lib/CSS/Prepare/Property/Expansions.pm line 54.
Use of qw(...) as parentheses is deprecated at /home/sts/cpansmoke/perl-5.15.6/cpan/build/CSS-Prepare-v0.9.2.4-ArCK_A/blib/lib/CSS/Prepare/Property/Expansions.pm line 81.
Use of qw(...) as parentheses is deprecated at /home/sts/cpansmoke/perl-5.15.6/cpan/build/CSS-Prepare-v0.9.2.4-ArCK_A/blib/lib/CSS/Prepare/Property/Border.pm line 42.
Use of qw(...) as parentheses is deprecated at /home/sts/cpansmoke/perl-5.15.6/cpan/build/CSS-Prepare-v0.9.2.4-ArCK_A/blib/lib/CSS/Prepare/Property/Border.pm line 194.
Use of qw(...) as parentheses is deprecated at /home/sts/cpansmoke/perl-5.15.6/cpan/build/CSS-Prepare-v0.9.2.4-ArCK_A/blib/lib/CSS/Prepare/Property/Border.pm line 273.
Use of qw(...) as parentheses is deprecated at /home/sts/cpansmoke/perl-5.15.6/cpan/build/CSS-Prepare-v0.9.2.4-ArCK_A/blib/lib/CSS/Prepare/Property/Border.pm line 298.
Use of qw(...) as parentheses is deprecated at /home/sts/cpansmoke/perl-5.15.6/cpan/build/CSS-Prepare-v0.9.2.4-ArCK_A/blib/lib/CSS/Prepare/Property/Border.pm line 333.
Use of qw(...) as parentheses is deprecated at /home/sts/cpansmoke/perl-5.15.6/cpan/build/CSS-Prepare-v0.9.2.4-ArCK_A/blib/lib/CSS/Prepare/Property/Border.pm line 368.
Use of qw(...) as parentheses is deprecated at /home/sts/cpansmoke/perl-5.15.6/cpan/build/CSS-Prepare-v0.9.2.4-ArCK_A/blib/lib/CSS/Prepare/Property/Effects.pm line 42.
Use of qw(...) as parentheses is deprecated at /home/sts/cpansmoke/perl-5.15.6/cpan/build/CSS-Prepare-v0.9.2.4-ArCK_A/blib/lib/CSS/Prepare/Property/Formatting.pm line 41.
Use of qw(...) as parentheses is deprecated at /home/sts/cpansmoke/perl-5.15.6/cpan/build/CSS-Prepare-v0.9.2.4-ArCK_A/blib/lib/CSS/Prepare/Property/Formatting.pm line 79.
Use of qw(...) as parentheses is deprecated at /home/sts/cpansmoke/perl-5.15.6/cpan/build/CSS-Prepare-v0.9.2.4-ArCK_A/blib/lib/CSS/Prepare/Property/Generated.pm line 43.
Use of qw(...) as parentheses is deprecated at /home/sts/cpansmoke/perl-5.15.6/cpan/build/CSS-Prepare-v0.9.2.4-ArCK_A/blib/lib/CSS/Prepare/Property/Margin.pm line 42.
Use of qw(...) as parentheses is deprecated at /home/sts/cpansmoke/perl-5.15.6/cpan/build/CSS-Prepare-v0.9.2.4-ArCK_A/blib/lib/CSS/Prepare/Property/Margin.pm line 78.
Use of qw(...) as parentheses is deprecated at /home/sts/cpansmoke/perl-5.15.6/cpan/build/CSS-Prepare-v0.9.2.4-ArCK_A/blib/lib/CSS/Prepare/Property/Padding.pm line 42.
Use of qw(...) as parentheses is deprecated at /home/sts/cpansmoke/perl-5.15.6/cpan/build/CSS-Prepare-v0.9.2.4-ArCK_A/blib/lib/CSS/Prepare/Property/Padding.pm line 78.
t/02.formatting.t ....... ok
Use of qw(...) as parentheses is deprecated at /home/sts/cpansmoke/perl-5.15.6/cpan/build/CSS-Prepare-v0.9.2.4-ArCK_A/blib/lib/CSS/Prepare/Property/Expansions.pm line 34.
Use of qw(...) as parentheses is deprecated at /home/sts/cpansmoke/perl-5.15.6/cpan/build/CSS-Prepare-v0.9.2.4-ArCK_A/blib/lib/CSS/Prepare/Property/Expansions.pm line 41.
Use of qw(...) as parentheses is deprecated at /home/sts/cpansmoke/perl-5.15.6/cpan/build/CSS-Prepare-v0.9.2.4-ArCK_A/blib/lib/CSS/Prepare/Property/Expansions.pm line 45.
Use of qw(...) as parentheses is deprecated at /home/sts/cpansmoke/perl-5.15.6/cpan/build/CSS-Prepare-v0.9.2.4-ArCK_A/blib/lib/CSS/Prepare/Property/Expansions.pm line 54.
Use of qw(...) as parentheses is deprecated at /home/sts/cpansmoke/perl-5.15.6/cpan/build/CSS-Prepare-v0.9.2.4-ArCK_A/blib/lib/CSS/Prepare/Property/Expansions.pm line 81.
Use of qw(...) as parentheses is deprecated at /home/sts/cpansmoke/perl-5.15.6/cpan/build/CSS-Prepare-v0.9.2.4-ArCK_A/blib/lib/CSS/Prepare/Property/Border.pm line 42.
Use of qw(...) as parentheses is deprecated at /home/sts/cpansmoke/perl-5.15.6/cpan/build/CSS-Prepare-v0.9.2.4-ArCK_A/blib/lib/CSS/Prepare/Property/Border.pm line 194.
Use of qw(...) as parentheses is deprecated at /home/sts/cpansmoke/perl-5.15.6/cpan/build/CSS-Prepare-v0.9.2.4-ArCK_A/blib/lib/CSS/Prepare/Property/Border.pm line 273.
Use of qw(...) as parentheses is deprecated at /home/sts/cpansmoke/perl-5.15.6/cpan/build/CSS-Prepare-v0.9.2.4-ArCK_A/blib/lib/CSS/Prepare/Property/Border.pm line 298.
Use of qw(...) as parentheses is deprecated at /home/sts/cpansmoke/perl-5.15.6/cpan/build/CSS-Prepare-v0.9.2.4-ArCK_A/blib/lib/CSS/Prepare/Property/Border.pm line 333.
Use of qw(...) as parentheses is deprecated at /home/sts/cpansmoke/perl-5.15.6/cpan/build/CSS-Prepare-v0.9.2.4-ArCK_A/blib/lib/CSS/Prepare/Property/Border.pm line 368.
Use of qw(...) as parentheses is deprecated at /home/sts/cpansmoke/perl-5.15.6/cpan/build/CSS-Prepare-v0.9.2.4-ArCK_A/blib/lib/CSS/Prepare/Property/Effects.pm line 42.
Use of qw(...) as parentheses is deprecated at /home/sts/cpansmoke/perl-5.15.6/cpan/build/CSS-Prepare-v0.9.2.4-ArCK_A/blib/lib/CSS/Prepare/Property/Formatting.pm line 41.
Use of qw(...) as parentheses is deprecated at /home/sts/cpansmoke/perl-5.15.6/cpan/build/CSS-Prepare-v0.9.2.4-ArCK_A/blib/lib/CSS/Prepare/Property/Formatting.pm line 79.
Use of qw(...) as parentheses is deprecated at /home/sts/cpansmoke/perl-5.15.6/cpan/build/CSS-Prepare-v0.9.2.4-ArCK_A/blib/lib/CSS/Prepare/Property/Generated.pm line 43.
Use of qw(...) as parentheses is deprecated at /home/sts/cpansmoke/perl-5.15.6/cpan/build/CSS-Prepare-v0.9.2.4-ArCK_A/blib/lib/CSS/Prepare/Property/Margin.pm line 42.
Use of qw(...) as parentheses is deprecated at /home/sts/cpansmoke/perl-5.15.6/cpan/build/CSS-Prepare-v0.9.2.4-ArCK_A/blib/lib/CSS/Prepare/Property/Margin.pm line 78.
Use of qw(...) as parentheses is deprecated at /home/sts/cpansmoke/perl-5.15.6/cpan/build/CSS-Prepare-v0.9.2.4-ArCK_A/blib/lib/CSS/Prepare/Property/Padding.pm line 42.
Use of qw(...) as parentheses is deprecated at /home/sts/cpansmoke/perl-5.15.6/cpan/build/CSS-Prepare-v0.9.2.4-ArCK_A/blib/lib/CSS/Prepare/Property/Padding.pm line 78.
t/02.generated.t ........ ok
Use of qw(...) as parentheses is deprecated at /home/sts/cpansmoke/perl-5.15.6/cpan/build/CSS-Prepare-v0.9.2.4-ArCK_A/blib/lib/CSS/Prepare/Property/Expansions.pm line 34.
Use of qw(...) as parentheses is deprecated at /home/sts/cpansmoke/perl-5.15.6/cpan/build/CSS-Prepare-v0.9.2.4-ArCK_A/blib/lib/CSS/Prepare/Property/Expansions.pm line 41.
Use of qw(...) as parentheses is deprecated at /home/sts/cpansmoke/perl-5.15.6/cpan/build/CSS-Prepare-v0.9.2.4-ArCK_A/blib/lib/CSS/Prepare/Property/Expansions.pm line 45.
Use of qw(...) as parentheses is deprecated at /home/sts/cpansmoke/perl-5.15.6/cpan/build/CSS-Prepare-v0.9.2.4-ArCK_A/blib/lib/CSS/Prepare/Property/Expansions.pm line 54.
Use of qw(...) as parentheses is deprecated at /home/sts/cpansmoke/perl-5.15.6/cpan/build/CSS-Prepare-v0.9.2.4-ArCK_A/blib/lib/CSS/Prepare/Property/Expansions.pm line 81.
Use of qw(...) as parentheses is deprecated at /home/sts/cpansmoke/perl-5.15.6/cpan/build/CSS-Prepare-v0.9.2.4-ArCK_A/blib/lib/CSS/Prepare/Property/Border.pm line 42.
Use of qw(...) as parentheses is deprecated at /home/sts/cpansmoke/perl-5.15.6/cpan/build/CSS-Prepare-v0.9.2.4-ArCK_A/blib/lib/CSS/Prepare/Property/Border.pm line 194.
Use of qw(...) as parentheses is deprecated at /home/sts/cpansmoke/perl-5.15.6/cpan/build/CSS-Prepare-v0.9.2.4-ArCK_A/blib/lib/CSS/Prepare/Property/Border.pm line 273.
Use of qw(...) as parentheses is deprecated at /home/sts/cpansmoke/perl-5.15.6/cpan/build/CSS-Prepare-v0.9.2.4-ArCK_A/blib/lib/CSS/Prepare/Property/Border.pm line 298.
Use of qw(...) as parentheses is deprecated at /home/sts/cpansmoke/perl-5.15.6/cpan/build/CSS-Prepare-v0.9.2.4-ArCK_A/blib/lib/CSS/Prepare/Property/Border.pm line 333.
Use of qw(...) as parentheses is deprecated at /home/sts/cpansmoke/perl-5.15.6/cpan/build/CSS-Prepare-v0.9.2.4-ArCK_A/blib/lib/CSS/Prepare/Property/Border.pm line 368.
Use of qw(...) as parentheses is deprecated at /home/sts/cpansmoke/perl-5.15.6/cpan/build/CSS-Prepare-v0.9.2.4-ArCK_A/blib/lib/CSS/Prepare/Property/Effects.pm line 42.
Use of qw(...) as parentheses is deprecated at /home/sts/cpansmoke/perl-5.15.6/cpan/build/CSS-Prepare-v0.9.2.4-ArCK_A/blib/lib/CSS/Prepare/Property/Formatting.pm line 41.
Use of qw(...) as parentheses is deprecated at /home/sts/cpansmoke/perl-5.15.6/cpan/build/CSS-Prepare-v0.9.2.4-ArCK_A/blib/lib/CSS/Prepare/Property/Formatting.pm line 79.
Use of qw(...) as parentheses is deprecated at /home/sts/cpansmoke/perl-5.15.6/cpan/build/CSS-Prepare-v0.9.2.4-ArCK_A/blib/lib/CSS/Prepare/Property/Generated.pm line 43.
Use of qw(...) as parentheses is deprecated at /home/sts/cpansmoke/perl-5.15.6/cpan/build/CSS-Prepare-v0.9.2.4-ArCK_A/blib/lib/CSS/Prepare/Property/Margin.pm line 42.
Use of qw(...) as parentheses is deprecated at /home/sts/cpansmoke/perl-5.15.6/cpan/build/CSS-Prepare-v0.9.2.4-ArCK_A/blib/lib/CSS/Prepare/Property/Margin.pm line 78.
Use of qw(...) as parentheses is deprecated at /home/sts/cpansmoke/perl-5.15.6/cpan/build/CSS-Prepare-v0.9.2.4-ArCK_A/blib/lib/CSS/Prepare/Property/Padding.pm line 42.
Use of qw(...) as parentheses is deprecated at /home/sts/cpansmoke/perl-5.15.6/cpan/build/CSS-Prepare-v0.9.2.4-ArCK_A/blib/lib/CSS/Prepare/Property/Padding.pm line 78.
t/02.hacks.t ............ ok
Use of qw(...) as parentheses is deprecated at /home/sts/cpansmoke/perl-5.15.6/cpan/build/CSS-Prepare-v0.9.2.4-ArCK_A/blib/lib/CSS/Prepare/Property/Expansions.pm line 34.
Use of qw(...) as parentheses is deprecated at /home/sts/cpansmoke/perl-5.15.6/cpan/build/CSS-Prepare-v0.9.2.4-ArCK_A/blib/lib/CSS/Prepare/Property/Expansions.pm line 41.
Use of qw(...) as parentheses is deprecated at /home/sts/cpansmoke/perl-5.15.6/cpan/build/CSS-Prepare-v0.9.2.4-ArCK_A/blib/lib/CSS/Prepare/Property/Expansions.pm line 45.
Use of qw(...) as parentheses is deprecated at /home/sts/cpansmoke/perl-5.15.6/cpan/build/CSS-Prepare-v0.9.2.4-ArCK_A/blib/lib/CSS/Prepare/Property/Expansions.pm line 54.
Use of qw(...) as parentheses is deprecated at /home/sts/cpansmoke/perl-5.15.6/cpan/build/CSS-Prepare-v0.9.2.4-ArCK_A/blib/lib/CSS/Prepare/Property/Expansions.pm line 81.
Use of qw(...) as parentheses is deprecated at /home/sts/cpansmoke/perl-5.15.6/cpan/build/CSS-Prepare-v0.9.2.4-ArCK_A/blib/lib/CSS/Prepare/Property/Border.pm line 42.
Use of qw(...) as parentheses is deprecated at /home/sts/cpansmoke/perl-5.15.6/cpan/build/CSS-Prepare-v0.9.2.4-ArCK_A/blib/lib/CSS/Prepare/Property/Border.pm line 194.
Use of qw(...) as parentheses is deprecated at /home/sts/cpansmoke/perl-5.15.6/cpan/build/CSS-Prepare-v0.9.2.4-ArCK_A/blib/lib/CSS/Prepare/Property/Border.pm line 273.
Use of qw(...) as parentheses is deprecated at /home/sts/cpansmoke/perl-5.15.6/cpan/build/CSS-Prepare-v0.9.2.4-ArCK_A/blib/lib/CSS/Prepare/Property/Border.pm line 298.
Use of qw(...) as parentheses is deprecated at /home/sts/cpansmoke/perl-5.15.6/cpan/build/CSS-Prepare-v0.9.2.4-ArCK_A/blib/lib/CSS/Prepare/Property/Border.pm line 333.
Use of qw(...) as parentheses is deprecated at /home/sts/cpansmoke/perl-5.15.6/cpan/build/CSS-Prepare-v0.9.2.4-ArCK_A/blib/lib/CSS/Prepare/Property/Border.pm line 368.
Use of qw(...) as parentheses is deprecated at /home/sts/cpansmoke/perl-5.15.6/cpan/build/CSS-Prepare-v0.9.2.4-ArCK_A/blib/lib/CSS/Prepare/Property/Effects.pm line 42.
Use of qw(...) as parentheses is deprecated at /home/sts/cpansmoke/perl-5.15.6/cpan/build/CSS-Prepare-v0.9.2.4-ArCK_A/blib/lib/CSS/Prepare/Property/Formatting.pm line 41.
Use of qw(...) as parentheses is deprecated at /home/sts/cpansmoke/perl-5.15.6/cpan/build/CSS-Prepare-v0.9.2.4-ArCK_A/blib/lib/CSS/Prepare/Property/Formatting.pm line 79.
Use of qw(...) as parentheses is deprecated at /home/sts/cpansmoke/perl-5.15.6/cpan/build/CSS-Prepare-v0.9.2.4-ArCK_A/blib/lib/CSS/Prepare/Property/Generated.pm line 43.
Use of qw(...) as parentheses is deprecated at /home/sts/cpansmoke/perl-5.15.6/cpan/build/CSS-Prepare-v0.9.2.4-ArCK_A/blib/lib/CSS/Prepare/Property/Margin.pm line 42.
Use of qw(...) as parentheses is deprecated at /home/sts/cpansmoke/perl-5.15.6/cpan/build/CSS-Prepare-v0.9.2.4-ArCK_A/blib/lib/CSS/Prepare/Property/Margin.pm line 78.
Use of qw(...) as parentheses is deprecated at /home/sts/cpansmoke/perl-5.15.6/cpan/build/CSS-Prepare-v0.9.2.4-ArCK_A/blib/lib/CSS/Prepare/Property/Padding.pm line 42.
Use of qw(...) as parentheses is deprecated at /home/sts/cpansmoke/perl-5.15.6/cpan/build/CSS-Prepare-v0.9.2.4-ArCK_A/blib/lib/CSS/Prepare/Property/Padding.pm line 78.
t/02.margin.t ........... ok
Use of qw(...) as parentheses is deprecated at /home/sts/cpansmoke/perl-5.15.6/cpan/build/CSS-Prepare-v0.9.2.4-ArCK_A/blib/lib/CSS/Prepare/Property/Expansions.pm line 34.
Use of qw(...) as parentheses is deprecated at /home/sts/cpansmoke/perl-5.15.6/cpan/build/CSS-Prepare-v0.9.2.4-ArCK_A/blib/lib/CSS/Prepare/Property/Expansions.pm line 41.
Use of qw(...) as parentheses is deprecated at /home/sts/cpansmoke/perl-5.15.6/cpan/build/CSS-Prepare-v0.9.2.4-ArCK_A/blib/lib/CSS/Prepare/Property/Expansions.pm line 45.
Use of qw(...) as parentheses is deprecated at /home/sts/cpansmoke/perl-5.15.6/cpan/build/CSS-Prepare-v0.9.2.4-ArCK_A/blib/lib/CSS/Prepare/Property/Expansions.pm line 54.
Use of qw(...) as parentheses is deprecated at /home/sts/cpansmoke/perl-5.15.6/cpan/build/CSS-Prepare-v0.9.2.4-ArCK_A/blib/lib/CSS/Prepare/Property/Expansions.pm line 81.
Use of qw(...) as parentheses is deprecated at /home/sts/cpansmoke/perl-5.15.6/cpan/build/CSS-Prepare-v0.9.2.4-ArCK_A/blib/lib/CSS/Prepare/Property/Border.pm line 42.
Use of qw(...) as parentheses is deprecated at /home/sts/cpansmoke/perl-5.15.6/cpan/build/CSS-Prepare-v0.9.2.4-ArCK_A/blib/lib/CSS/Prepare/Property/Border.pm line 194.
Use of qw(...) as parentheses is deprecated at /home/sts/cpansmoke/perl-5.15.6/cpan/build/CSS-Prepare-v0.9.2.4-ArCK_A/blib/lib/CSS/Prepare/Property/Border.pm line 273.
Use of qw(...) as parentheses is deprecated at /home/sts/cpansmoke/perl-5.15.6/cpan/build/CSS-Prepare-v0.9.2.4-ArCK_A/blib/lib/CSS/Prepare/Property/Border.pm line 298.
Use of qw(...) as parentheses is deprecated at /home/sts/cpansmoke/perl-5.15.6/cpan/build/CSS-Prepare-v0.9.2.4-ArCK_A/blib/lib/CSS/Prepare/Property/Border.pm line 333.
Use of qw(...) as parentheses is deprecated at /home/sts/cpansmoke/perl-5.15.6/cpan/build/CSS-Prepare-v0.9.2.4-ArCK_A/blib/lib/CSS/Prepare/Property/Border.pm line 368.
Use of qw(...) as parentheses is deprecated at /home/sts/cpansmoke/perl-5.15.6/cpan/build/CSS-Prepare-v0.9.2.4-ArCK_A/blib/lib/CSS/Prepare/Property/Effects.pm line 42.
Use of qw(...) as parentheses is deprecated at /home/sts/cpansmoke/perl-5.15.6/cpan/build/CSS-Prepare-v0.9.2.4-ArCK_A/blib/lib/CSS/Prepare/Property/Formatting.pm line 41.
Use of qw(...) as parentheses is deprecated at /home/sts/cpansmoke/perl-5.15.6/cpan/build/CSS-Prepare-v0.9.2.4-ArCK_A/blib/lib/CSS/Prepare/Property/Formatting.pm line 79.
Use of qw(...) as parentheses is deprecated at /home/sts/cpansmoke/perl-5.15.6/cpan/build/CSS-Prepare-v0.9.2.4-ArCK_A/blib/lib/CSS/Prepare/Property/Generated.pm line 43.
Use of qw(...) as parentheses is deprecated at /home/sts/cpansmoke/perl-5.15.6/cpan/build/CSS-Prepare-v0.9.2.4-ArCK_A/blib/lib/CSS/Prepare/Property/Margin.pm line 42.
Use of qw(...) as parentheses is deprecated at /home/sts/cpansmoke/perl-5.15.6/cpan/build/CSS-Prepare-v0.9.2.4-ArCK_A/blib/lib/CSS/Prepare/Property/Margin.pm line 78.
Use of qw(...) as parentheses is deprecated at /home/sts/cpansmoke/perl-5.15.6/cpan/build/CSS-Prepare-v0.9.2.4-ArCK_A/blib/lib/CSS/Prepare/Property/Padding.pm line 42.
Use of qw(...) as parentheses is deprecated at /home/sts/cpansmoke/perl-5.15.6/cpan/build/CSS-Prepare-v0.9.2.4-ArCK_A/blib/lib/CSS/Prepare/Property/Padding.pm line 78.
t/02.padding.t .......... ok
Use of qw(...) as parentheses is deprecated at /home/sts/cpansmoke/perl-5.15.6/cpan/build/CSS-Prepare-v0.9.2.4-ArCK_A/blib/lib/CSS/Prepare/Property/Expansions.pm line 34.
Use of qw(...) as parentheses is deprecated at /home/sts/cpansmoke/perl-5.15.6/cpan/build/CSS-Prepare-v0.9.2.4-ArCK_A/blib/lib/CSS/Prepare/Property/Expansions.pm line 41.
Use of qw(...) as parentheses is deprecated at /home/sts/cpansmoke/perl-5.15.6/cpan/build/CSS-Prepare-v0.9.2.4-ArCK_A/blib/lib/CSS/Prepare/Property/Expansions.pm line 45.
Use of qw(...) as parentheses is deprecated at /home/sts/cpansmoke/perl-5.15.6/cpan/build/CSS-Prepare-v0.9.2.4-ArCK_A/blib/lib/CSS/Prepare/Property/Expansions.pm line 54.
Use of qw(...) as parentheses is deprecated at /home/sts/cpansmoke/perl-5.15.6/cpan/build/CSS-Prepare-v0.9.2.4-ArCK_A/blib/lib/CSS/Prepare/Property/Expansions.pm line 81.
Use of qw(...) as parentheses is deprecated at /home/sts/cpansmoke/perl-5.15.6/cpan/build/CSS-Prepare-v0.9.2.4-ArCK_A/blib/lib/CSS/Prepare/Property/Border.pm line 42.
Use of qw(...) as parentheses is deprecated at /home/sts/cpansmoke/perl-5.15.6/cpan/build/CSS-Prepare-v0.9.2.4-ArCK_A/blib/lib/CSS/Prepare/Property/Border.pm line 194.
Use of qw(...) as parentheses is deprecated at /home/sts/cpansmoke/perl-5.15.6/cpan/build/CSS-Prepare-v0.9.2.4-ArCK_A/blib/lib/CSS/Prepare/Property/Border.pm line 273.
Use of qw(...) as parentheses is deprecated at /home/sts/cpansmoke/perl-5.15.6/cpan/build/CSS-Prepare-v0.9.2.4-ArCK_A/blib/lib/CSS/Prepare/Property/Border.pm line 298.
Use of qw(...) as parentheses is deprecated at /home/sts/cpansmoke/perl-5.15.6/cpan/build/CSS-Prepare-v0.9.2.4-ArCK_A/blib/lib/CSS/Prepare/Property/Border.pm line 333.
Use of qw(...) as parentheses is deprecated at /home/sts/cpansmoke/perl-5.15.6/cpan/build/CSS-Prepare-v0.9.2.4-ArCK_A/blib/lib/CSS/Prepare/Property/Border.pm line 368.
Use of qw(...) as parentheses is deprecated at /home/sts/cpansmoke/perl-5.15.6/cpan/build/CSS-Prepare-v0.9.2.4-ArCK_A/blib/lib/CSS/Prepare/Property/Effects.pm line 42.
Use of qw(...) as parentheses is deprecated at /home/sts/cpansmoke/perl-5.15.6/cpan/build/CSS-Prepare-v0.9.2.4-ArCK_A/blib/lib/CSS/Prepare/Property/Formatting.pm line 41.
Use of qw(...) as parentheses is deprecated at /home/sts/cpansmoke/perl-5.15.6/cpan/build/CSS-Prepare-v0.9.2.4-ArCK_A/blib/lib/CSS/Prepare/Property/Formatting.pm line 79.
Use of qw(...) as parentheses is deprecated at /home/sts/cpansmoke/perl-5.15.6/cpan/build/CSS-Prepare-v0.9.2.4-ArCK_A/blib/lib/CSS/Prepare/Property/Generated.pm line 43.
Use of qw(...) as parentheses is deprecated at /home/sts/cpansmoke/perl-5.15.6/cpan/build/CSS-Prepare-v0.9.2.4-ArCK_A/blib/lib/CSS/Prepare/Property/Margin.pm line 42.
Use of qw(...) as parentheses is deprecated at /home/sts/cpansmoke/perl-5.15.6/cpan/build/CSS-Prepare-v0.9.2.4-ArCK_A/blib/lib/CSS/Prepare/Property/Margin.pm line 78.
Use of qw(...) as parentheses is deprecated at /home/sts/cpansmoke/perl-5.15.6/cpan/build/CSS-Prepare-v0.9.2.4-ArCK_A/blib/lib/CSS/Prepare/Property/Padding.pm line 42.
Use of qw(...) as parentheses is deprecated at /home/sts/cpansmoke/perl-5.15.6/cpan/build/CSS-Prepare-v0.9.2.4-ArCK_A/blib/lib/CSS/Prepare/Property/Padding.pm line 78.
t/02.tables.t ........... ok
Use of qw(...) as parentheses is deprecated at /home/sts/cpansmoke/perl-5.15.6/cpan/build/CSS-Prepare-v0.9.2.4-ArCK_A/blib/lib/CSS/Prepare/Property/Expansions.pm line 34.
Use of qw(...) as parentheses is deprecated at /home/sts/cpansmoke/perl-5.15.6/cpan/build/CSS-Prepare-v0.9.2.4-ArCK_A/blib/lib/CSS/Prepare/Property/Expansions.pm line 41.
Use of qw(...) as parentheses is deprecated at /home/sts/cpansmoke/perl-5.15.6/cpan/build/CSS-Prepare-v0.9.2.4-ArCK_A/blib/lib/CSS/Prepare/Property/Expansions.pm line 45.
Use of qw(...) as parentheses is deprecated at /home/sts/cpansmoke/perl-5.15.6/cpan/build/CSS-Prepare-v0.9.2.4-ArCK_A/blib/lib/CSS/Prepare/Property/Expansions.pm line 54.
Use of qw(...) as parentheses is deprecated at /home/sts/cpansmoke/perl-5.15.6/cpan/build/CSS-Prepare-v0.9.2.4-ArCK_A/blib/lib/CSS/Prepare/Property/Expansions.pm line 81.
Use of qw(...) as parentheses is deprecated at /home/sts/cpansmoke/perl-5.15.6/cpan/build/CSS-Prepare-v0.9.2.4-ArCK_A/blib/lib/CSS/Prepare/Property/Border.pm line 42.
Use of qw(...) as parentheses is deprecated at /home/sts/cpansmoke/perl-5.15.6/cpan/build/CSS-Prepare-v0.9.2.4-ArCK_A/blib/lib/CSS/Prepare/Property/Border.pm line 194.
Use of qw(...) as parentheses is deprecated at /home/sts/cpansmoke/perl-5.15.6/cpan/build/CSS-Prepare-v0.9.2.4-ArCK_A/blib/lib/CSS/Prepare/Property/Border.pm line 273.
Use of qw(...) as parentheses is deprecated at /home/sts/cpansmoke/perl-5.15.6/cpan/build/CSS-Prepare-v0.9.2.4-ArCK_A/blib/lib/CSS/Prepare/Property/Border.pm line 298.
Use of qw(...) as parentheses is deprecated at /home/sts/cpansmoke/perl-5.15.6/cpan/build/CSS-Prepare-v0.9.2.4-ArCK_A/blib/lib/CSS/Prepare/Property/Border.pm line 333.
Use of qw(...) as parentheses is deprecated at /home/sts/cpansmoke/perl-5.15.6/cpan/build/CSS-Prepare-v0.9.2.4-ArCK_A/blib/lib/CSS/Prepare/Property/Border.pm line 368.
Use of qw(...) as parentheses is deprecated at /home/sts/cpansmoke/perl-5.15.6/cpan/build/CSS-Prepare-v0.9.2.4-ArCK_A/blib/lib/CSS/Prepare/Property/Effects.pm line 42.
Use of qw(...) as parentheses is deprecated at /home/sts/cpansmoke/perl-5.15.6/cpan/build/CSS-Prepare-v0.9.2.4-ArCK_A/blib/lib/CSS/Prepare/Property/Formatting.pm line 41.
Use of qw(...) as parentheses is deprecated at /home/sts/cpansmoke/perl-5.15.6/cpan/build/CSS-Prepare-v0.9.2.4-ArCK_A/blib/lib/CSS/Prepare/Property/Formatting.pm line 79.
Use of qw(...) as parentheses is deprecated at /home/sts/cpansmoke/perl-5.15.6/cpan/build/CSS-Prepare-v0.9.2.4-ArCK_A/blib/lib/CSS/Prepare/Property/Generated.pm line 43.
Use of qw(...) as parentheses is deprecated at /home/sts/cpansmoke/perl-5.15.6/cpan/build/CSS-Prepare-v0.9.2.4-ArCK_A/blib/lib/CSS/Prepare/Property/Margin.pm line 42.
Use of qw(...) as parentheses is deprecated at /home/sts/cpansmoke/perl-5.15.6/cpan/build/CSS-Prepare-v0.9.2.4-ArCK_A/blib/lib/CSS/Prepare/Property/Margin.pm line 78.
Use of qw(...) as parentheses is deprecated at /home/sts/cpansmoke/perl-5.15.6/cpan/build/CSS-Prepare-v0.9.2.4-ArCK_A/blib/lib/CSS/Prepare/Property/Padding.pm line 42.
Use of qw(...) as parentheses is deprecated at /home/sts/cpansmoke/perl-5.15.6/cpan/build/CSS-Prepare-v0.9.2.4-ArCK_A/blib/lib/CSS/Prepare/Property/Padding.pm line 78.
t/02.text.t ............. ok
Use of qw(...) as parentheses is deprecated at /home/sts/cpansmoke/perl-5.15.6/cpan/build/CSS-Prepare-v0.9.2.4-ArCK_A/blib/lib/CSS/Prepare/Property/Expansions.pm line 34.
Use of qw(...) as parentheses is deprecated at /home/sts/cpansmoke/perl-5.15.6/cpan/build/CSS-Prepare-v0.9.2.4-ArCK_A/blib/lib/CSS/Prepare/Property/Expansions.pm line 41.
Use of qw(...) as parentheses is deprecated at /home/sts/cpansmoke/perl-5.15.6/cpan/build/CSS-Prepare-v0.9.2.4-ArCK_A/blib/lib/CSS/Prepare/Property/Expansions.pm line 45.
Use of qw(...) as parentheses is deprecated at /home/sts/cpansmoke/perl-5.15.6/cpan/build/CSS-Prepare-v0.9.2.4-ArCK_A/blib/lib/CSS/Prepare/Property/Expansions.pm line 54.
Use of qw(...) as parentheses is deprecated at /home/sts/cpansmoke/perl-5.15.6/cpan/build/CSS-Prepare-v0.9.2.4-ArCK_A/blib/lib/CSS/Prepare/Property/Expansions.pm line 81.
Use of qw(...) as parentheses is deprecated at /home/sts/cpansmoke/perl-5.15.6/cpan/build/CSS-Prepare-v0.9.2.4-ArCK_A/blib/lib/CSS/Prepare/Property/Border.pm line 42.
Use of qw(...) as parentheses is deprecated at /home/sts/cpansmoke/perl-5.15.6/cpan/build/CSS-Prepare-v0.9.2.4-ArCK_A/blib/lib/CSS/Prepare/Property/Border.pm line 194.
Use of qw(...) as parentheses is deprecated at /home/sts/cpansmoke/perl-5.15.6/cpan/build/CSS-Prepare-v0.9.2.4-ArCK_A/blib/lib/CSS/Prepare/Property/Border.pm line 273.
Use of qw(...) as parentheses is deprecated at /home/sts/cpansmoke/perl-5.15.6/cpan/build/CSS-Prepare-v0.9.2.4-ArCK_A/blib/lib/CSS/Prepare/Property/Border.pm line 298.
Use of qw(...) as parentheses is deprecated at /home/sts/cpansmoke/perl-5.15.6/cpan/build/CSS-Prepare-v0.9.2.4-ArCK_A/blib/lib/CSS/Prepare/Property/Border.pm line 333.
Use of qw(...) as parentheses is deprecated at /home/sts/cpansmoke/perl-5.15.6/cpan/build/CSS-Prepare-v0.9.2.4-ArCK_A/blib/lib/CSS/Prepare/Property/Border.pm line 368.
Use of qw(...) as parentheses is deprecated at /home/sts/cpansmoke/perl-5.15.6/cpan/build/CSS-Prepare-v0.9.2.4-ArCK_A/blib/lib/CSS/Prepare/Property/Effects.pm line 42.
Use of qw(...) as parentheses is deprecated at /home/sts/cpansmoke/perl-5.15.6/cpan/build/CSS-Prepare-v0.9.2.4-ArCK_A/blib/lib/CSS/Prepare/Property/Formatting.pm line 41.
Use of qw(...) as parentheses is deprecated at /home/sts/cpansmoke/perl-5.15.6/cpan/build/CSS-Prepare-v0.9.2.4-ArCK_A/blib/lib/CSS/Prepare/Property/Formatting.pm line 79.
Use of qw(...) as parentheses is deprecated at /home/sts/cpansmoke/perl-5.15.6/cpan/build/CSS-Prepare-v0.9.2.4-ArCK_A/blib/lib/CSS/Prepare/Property/Generated.pm line 43.
Use of qw(...) as parentheses is deprecated at /home/sts/cpansmoke/perl-5.15.6/cpan/build/CSS-Prepare-v0.9.2.4-ArCK_A/blib/lib/CSS/Prepare/Property/Margin.pm line 42.
Use of qw(...) as parentheses is deprecated at /home/sts/cpansmoke/perl-5.15.6/cpan/build/CSS-Prepare-v0.9.2.4-ArCK_A/blib/lib/CSS/Prepare/Property/Margin.pm line 78.
Use of qw(...) as parentheses is deprecated at /home/sts/cpansmoke/perl-5.15.6/cpan/build/CSS-Prepare-v0.9.2.4-ArCK_A/blib/lib/CSS/Prepare/Property/Padding.pm line 42.
Use of qw(...) as parentheses is deprecated at /home/sts/cpansmoke/perl-5.15.6/cpan/build/CSS-Prepare-v0.9.2.4-ArCK_A/blib/lib/CSS/Prepare/Property/Padding.pm line 78.
t/02.ui.t ............... ok
Use of qw(...) as parentheses is deprecated at /home/sts/cpansmoke/perl-5.15.6/cpan/build/CSS-Prepare-v0.9.2.4-ArCK_A/blib/lib/CSS/Prepare/Property/Expansions.pm line 34.
Use of qw(...) as parentheses is deprecated at /home/sts/cpansmoke/perl-5.15.6/cpan/build/CSS-Prepare-v0.9.2.4-ArCK_A/blib/lib/CSS/Prepare/Property/Expansions.pm line 41.
Use of qw(...) as parentheses is deprecated at /home/sts/cpansmoke/perl-5.15.6/cpan/build/CSS-Prepare-v0.9.2.4-ArCK_A/blib/lib/CSS/Prepare/Property/Expansions.pm line 45.
Use of qw(...) as parentheses is deprecated at /home/sts/cpansmoke/perl-5.15.6/cpan/build/CSS-Prepare-v0.9.2.4-ArCK_A/blib/lib/CSS/Prepare/Property/Expansions.pm line 54.
Use of qw(...) as parentheses is deprecated at /home/sts/cpansmoke/perl-5.15.6/cpan/build/CSS-Prepare-v0.9.2.4-ArCK_A/blib/lib/CSS/Prepare/Property/Expansions.pm line 81.
Use of qw(...) as parentheses is deprecated at /home/sts/cpansmoke/perl-5.15.6/cpan/build/CSS-Prepare-v0.9.2.4-ArCK_A/blib/lib/CSS/Prepare/Property/Border.pm line 42.
Use of qw(...) as parentheses is deprecated at /home/sts/cpansmoke/perl-5.15.6/cpan/build/CSS-Prepare-v0.9.2.4-ArCK_A/blib/lib/CSS/Prepare/Property/Border.pm line 194.
Use of qw(...) as parentheses is deprecated at /home/sts/cpansmoke/perl-5.15.6/cpan/build/CSS-Prepare-v0.9.2.4-ArCK_A/blib/lib/CSS/Prepare/Property/Border.pm line 273.
Use of qw(...) as parentheses is deprecated at /home/sts/cpansmoke/perl-5.15.6/cpan/build/CSS-Prepare-v0.9.2.4-ArCK_A/blib/lib/CSS/Prepare/Property/Border.pm line 298.
Use of qw(...) as parentheses is deprecated at /home/sts/cpansmoke/perl-5.15.6/cpan/build/CSS-Prepare-v0.9.2.4-ArCK_A/blib/lib/CSS/Prepare/Property/Border.pm line 333.
Use of qw(...) as parentheses is deprecated at /home/sts/cpansmoke/perl-5.15.6/cpan/build/CSS-Prepare-v0.9.2.4-ArCK_A/blib/lib/CSS/Prepare/Property/Border.pm line 368.
Use of qw(...) as parentheses is deprecated at /home/sts/cpansmoke/perl-5.15.6/cpan/build/CSS-Prepare-v0.9.2.4-ArCK_A/blib/lib/CSS/Prepare/Property/Effects.pm line 42.
Use of qw(...) as parentheses is deprecated at /home/sts/cpansmoke/perl-5.15.6/cpan/build/CSS-Prepare-v0.9.2.4-ArCK_A/blib/lib/CSS/Prepare/Property/Formatting.pm line 41.
Use of qw(...) as parentheses is deprecated at /home/sts/cpansmoke/perl-5.15.6/cpan/build/CSS-Prepare-v0.9.2.4-ArCK_A/blib/lib/CSS/Prepare/Property/Formatting.pm line 79.
Use of qw(...) as parentheses is deprecated at /home/sts/cpansmoke/perl-5.15.6/cpan/build/CSS-Prepare-v0.9.2.4-ArCK_A/blib/lib/CSS/Prepare/Property/Generated.pm line 43.
Use of qw(...) as parentheses is deprecated at /home/sts/cpansmoke/perl-5.15.6/cpan/build/CSS-Prepare-v0.9.2.4-ArCK_A/blib/lib/CSS/Prepare/Property/Margin.pm line 42.
Use of qw(...) as parentheses is deprecated at /home/sts/cpansmoke/perl-5.15.6/cpan/build/CSS-Prepare-v0.9.2.4-ArCK_A/blib/lib/CSS/Prepare/Property/Margin.pm line 78.
Use of qw(...) as parentheses is deprecated at /home/sts/cpansmoke/perl-5.15.6/cpan/build/CSS-Prepare-v0.9.2.4-ArCK_A/blib/lib/CSS/Prepare/Property/Padding.pm line 42.
Use of qw(...) as parentheses is deprecated at /home/sts/cpansmoke/perl-5.15.6/cpan/build/CSS-Prepare-v0.9.2.4-ArCK_A/blib/lib/CSS/Prepare/Property/Padding.pm line 78.
t/02.vendor.t ........... ok
Use of qw(...) as parentheses is deprecated at /home/sts/cpansmoke/perl-5.15.6/cpan/build/CSS-Prepare-v0.9.2.4-ArCK_A/blib/lib/CSS/Prepare/Property/Expansions.pm line 34.
Use of qw(...) as parentheses is deprecated at /home/sts/cpansmoke/perl-5.15.6/cpan/build/CSS-Prepare-v0.9.2.4-ArCK_A/blib/lib/CSS/Prepare/Property/Expansions.pm line 41.
Use of qw(...) as parentheses is deprecated at /home/sts/cpansmoke/perl-5.15.6/cpan/build/CSS-Prepare-v0.9.2.4-ArCK_A/blib/lib/CSS/Prepare/Property/Expansions.pm line 45.
Use of qw(...) as parentheses is deprecated at /home/sts/cpansmoke/perl-5.15.6/cpan/build/CSS-Prepare-v0.9.2.4-ArCK_A/blib/lib/CSS/Prepare/Property/Expansions.pm line 54.
Use of qw(...) as parentheses is deprecated at /home/sts/cpansmoke/perl-5.15.6/cpan/build/CSS-Prepare-v0.9.2.4-ArCK_A/blib/lib/CSS/Prepare/Property/Expansions.pm line 81.
Use of qw(...) as parentheses is deprecated at /home/sts/cpansmoke/perl-5.15.6/cpan/build/CSS-Prepare-v0.9.2.4-ArCK_A/blib/lib/CSS/Prepare/Property/Border.pm line 42.
Use of qw(...) as parentheses is deprecated at /home/sts/cpansmoke/perl-5.15.6/cpan/build/CSS-Prepare-v0.9.2.4-ArCK_A/blib/lib/CSS/Prepare/Property/Border.pm line 194.
Use of qw(...) as parentheses is deprecated at /home/sts/cpansmoke/perl-5.15.6/cpan/build/CSS-Prepare-v0.9.2.4-ArCK_A/blib/lib/CSS/Prepare/Property/Border.pm line 273.
Use of qw(...) as parentheses is deprecated at /home/sts/cpansmoke/perl-5.15.6/cpan/build/CSS-Prepare-v0.9.2.4-ArCK_A/blib/lib/CSS/Prepare/Property/Border.pm line 298.
Use of qw(...) as parentheses is deprecated at /home/sts/cpansmoke/perl-5.15.6/cpan/build/CSS-Prepare-v0.9.2.4-ArCK_A/blib/lib/CSS/Prepare/Property/Border.pm line 333.
Use of qw(...) as parentheses is deprecated at /home/sts/cpansmoke/perl-5.15.6/cpan/build/CSS-Prepare-v0.9.2.4-ArCK_A/blib/lib/CSS/Prepare/Property/Border.pm line 368.
Use of qw(...) as parentheses is deprecated at /home/sts/cpansmoke/perl-5.15.6/cpan/build/CSS-Prepare-v0.9.2.4-ArCK_A/blib/lib/CSS/Prepare/Property/Effects.pm line 42.
Use of qw(...) as parentheses is deprecated at /home/sts/cpansmoke/perl-5.15.6/cpan/build/CSS-Prepare-v0.9.2.4-ArCK_A/blib/lib/CSS/Prepare/Property/Formatting.pm line 41.
Use of qw(...) as parentheses is deprecated at /home/sts/cpansmoke/perl-5.15.6/cpan/build/CSS-Prepare-v0.9.2.4-ArCK_A/blib/lib/CSS/Prepare/Property/Formatting.pm line 79.
Use of qw(...) as parentheses is deprecated at /home/sts/cpansmoke/perl-5.15.6/cpan/build/CSS-Prepare-v0.9.2.4-ArCK_A/blib/lib/CSS/Prepare/Property/Generated.pm line 43.
Use of qw(...) as parentheses is deprecated at /home/sts/cpansmoke/perl-5.15.6/cpan/build/CSS-Prepare-v0.9.2.4-ArCK_A/blib/lib/CSS/Prepare/Property/Margin.pm line 42.
Use of qw(...) as parentheses is deprecated at /home/sts/cpansmoke/perl-5.15.6/cpan/build/CSS-Prepare-v0.9.2.4-ArCK_A/blib/lib/CSS/Prepare/Property/Margin.pm line 78.
Use of qw(...) as parentheses is deprecated at /home/sts/cpansmoke/perl-5.15.6/cpan/build/CSS-Prepare-v0.9.2.4-ArCK_A/blib/lib/CSS/Prepare/Property/Padding.pm line 42.
Use of qw(...) as parentheses is deprecated at /home/sts/cpansmoke/perl-5.15.6/cpan/build/CSS-Prepare-v0.9.2.4-ArCK_A/blib/lib/CSS/Prepare/Property/Padding.pm line 78.
t/03.files.t ............ ok
Use of qw(...) as parentheses is deprecated at /home/sts/cpansmoke/perl-5.15.6/cpan/build/CSS-Prepare-v0.9.2.4-ArCK_A/blib/lib/CSS/Prepare/Property/Expansions.pm line 34.
Use of qw(...) as parentheses is deprecated at /home/sts/cpansmoke/perl-5.15.6/cpan/build/CSS-Prepare-v0.9.2.4-ArCK_A/blib/lib/CSS/Prepare/Property/Expansions.pm line 41.
Use of qw(...) as parentheses is deprecated at /home/sts/cpansmoke/perl-5.15.6/cpan/build/CSS-Prepare-v0.9.2.4-ArCK_A/blib/lib/CSS/Prepare/Property/Expansions.pm line 45.
Use of qw(...) as parentheses is deprecated at /home/sts/cpansmoke/perl-5.15.6/cpan/build/CSS-Prepare-v0.9.2.4-ArCK_A/blib/lib/CSS/Prepare/Property/Expansions.pm line 54.
Use of qw(...) as parentheses is deprecated at /home/sts/cpansmoke/perl-5.15.6/cpan/build/CSS-Prepare-v0.9.2.4-ArCK_A/blib/lib/CSS/Prepare/Property/Expansions.pm line 81.
Use of qw(...) as parentheses is deprecated at /home/sts/cpansmoke/perl-5.15.6/cpan/build/CSS-Prepare-v0.9.2.4-ArCK_A/blib/lib/CSS/Prepare/Property/Border.pm line 42.
Use of qw(...) as parentheses is deprecated at /home/sts/cpansmoke/perl-5.15.6/cpan/build/CSS-Prepare-v0.9.2.4-ArCK_A/blib/lib/CSS/Prepare/Property/Border.pm line 194.
Use of qw(...) as parentheses is deprecated at /home/sts/cpansmoke/perl-5.15.6/cpan/build/CSS-Prepare-v0.9.2.4-ArCK_A/blib/lib/CSS/Prepare/Property/Border.pm line 273.
Use of qw(...) as parentheses is deprecated at /home/sts/cpansmoke/perl-5.15.6/cpan/build/CSS-Prepare-v0.9.2.4-ArCK_A/blib/lib/CSS/Prepare/Property/Border.pm line 298.
Use of qw(...) as parentheses is deprecated at /home/sts/cpansmoke/perl-5.15.6/cpan/build/CSS-Prepare-v0.9.2.4-ArCK_A/blib/lib/CSS/Prepare/Property/Border.pm line 333.
Use of qw(...) as parentheses is deprecated at /home/sts/cpansmoke/perl-5.15.6/cpan/build/CSS-Prepare-v0.9.2.4-ArCK_A/blib/lib/CSS/Prepare/Property/Border.pm line 368.
Use of qw(...) as parentheses is deprecated at /home/sts/cpansmoke/perl-5.15.6/cpan/build/CSS-Prepare-v0.9.2.4-ArCK_A/blib/lib/CSS/Prepare/Property/Effects.pm line 42.
Use of qw(...) as parentheses is deprecated at /home/sts/cpansmoke/perl-5.15.6/cpan/build/CSS-Prepare-v0.9.2.4-ArCK_A/blib/lib/CSS/Prepare/Property/Formatting.pm line 41.
Use of qw(...) as parentheses is deprecated at /home/sts/cpansmoke/perl-5.15.6/cpan/build/CSS-Prepare-v0.9.2.4-ArCK_A/blib/lib/CSS/Prepare/Property/Formatting.pm line 79.
Use of qw(...) as parentheses is deprecated at /home/sts/cpansmoke/perl-5.15.6/cpan/build/CSS-Prepare-v0.9.2.4-ArCK_A/blib/lib/CSS/Prepare/Property/Generated.pm line 43.
Use of qw(...) as parentheses is deprecated at /home/sts/cpansmoke/perl-5.15.6/cpan/build/CSS-Prepare-v0.9.2.4-ArCK_A/blib/lib/CSS/Prepare/Property/Margin.pm line 42.
Use of qw(...) as parentheses is deprecated at /home/sts/cpansmoke/perl-5.15.6/cpan/build/CSS-Prepare-v0.9.2.4-ArCK_A/blib/lib/CSS/Prepare/Property/Margin.pm line 78.
Use of qw(...) as parentheses is deprecated at /home/sts/cpansmoke/perl-5.15.6/cpan/build/CSS-Prepare-v0.9.2.4-ArCK_A/blib/lib/CSS/Prepare/Property/Padding.pm line 42.
Use of qw(...) as parentheses is deprecated at /home/sts/cpansmoke/perl-5.15.6/cpan/build/CSS-Prepare-v0.9.2.4-ArCK_A/blib/lib/CSS/Prepare/Property/Padding.pm line 78.
# Failed test 'HTTP::Lite or LWP::UserAgent not found'
# at t/03.http.t line 24.
# Failed test at t/03.http.t line 53.
# Structures begin differing at:
# $got->[0] = HASH(0xbb942440)
# $expected->[0] = Does not exist
# Failed test at t/03.http.t line 95.
# Structures begin differing at:
# $got->[0] = HASH(0xbb54e500)
# $expected->[0] = Does not exist
# Looks like you planned 2 tests but ran 3.
# Looks like you failed 3 tests of 3 run.
t/03.http.t .............
Dubious, test returned 3 (wstat 768, 0x300)
Failed 2/2 subtests
Use of qw(...) as parentheses is deprecated at /home/sts/cpansmoke/perl-5.15.6/cpan/build/CSS-Prepare-v0.9.2.4-ArCK_A/blib/lib/CSS/Prepare/Property/Expansions.pm line 34.
Use of qw(...) as parentheses is deprecated at /home/sts/cpansmoke/perl-5.15.6/cpan/build/CSS-Prepare-v0.9.2.4-ArCK_A/blib/lib/CSS/Prepare/Property/Expansions.pm line 41.
Use of qw(...) as parentheses is deprecated at /home/sts/cpansmoke/perl-5.15.6/cpan/build/CSS-Prepare-v0.9.2.4-ArCK_A/blib/lib/CSS/Prepare/Property/Expansions.pm line 45.
Use of qw(...) as parentheses is deprecated at /home/sts/cpansmoke/perl-5.15.6/cpan/build/CSS-Prepare-v0.9.2.4-ArCK_A/blib/lib/CSS/Prepare/Property/Expansions.pm line 54.
Use of qw(...) as parentheses is deprecated at /home/sts/cpansmoke/perl-5.15.6/cpan/build/CSS-Prepare-v0.9.2.4-ArCK_A/blib/lib/CSS/Prepare/Property/Expansions.pm line 81.
Use of qw(...) as parentheses is deprecated at /home/sts/cpansmoke/perl-5.15.6/cpan/build/CSS-Prepare-v0.9.2.4-ArCK_A/blib/lib/CSS/Prepare/Property/Border.pm line 42.
Use of qw(...) as parentheses is deprecated at /home/sts/cpansmoke/perl-5.15.6/cpan/build/CSS-Prepare-v0.9.2.4-ArCK_A/blib/lib/CSS/Prepare/Property/Border.pm line 194.
Use of qw(...) as parentheses is deprecated at /home/sts/cpansmoke/perl-5.15.6/cpan/build/CSS-Prepare-v0.9.2.4-ArCK_A/blib/lib/CSS/Prepare/Property/Border.pm line 273.
Use of qw(...) as parentheses is deprecated at /home/sts/cpansmoke/perl-5.15.6/cpan/build/CSS-Prepare-v0.9.2.4-ArCK_A/blib/lib/CSS/Prepare/Property/Border.pm line 298.
Use of qw(...) as parentheses is deprecated at /home/sts/cpansmoke/perl-5.15.6/cpan/build/CSS-Prepare-v0.9.2.4-ArCK_A/blib/lib/CSS/Prepare/Property/Border.pm line 333.
Use of qw(...) as parentheses is deprecated at /home/sts/cpansmoke/perl-5.15.6/cpan/build/CSS-Prepare-v0.9.2.4-ArCK_A/blib/lib/CSS/Prepare/Property/Border.pm line 368.
Use of qw(...) as parentheses is deprecated at /home/sts/cpansmoke/perl-5.15.6/cpan/build/CSS-Prepare-v0.9.2.4-ArCK_A/blib/lib/CSS/Prepare/Property/Effects.pm line 42.
Use of qw(...) as parentheses is deprecated at /home/sts/cpansmoke/perl-5.15.6/cpan/build/CSS-Prepare-v0.9.2.4-ArCK_A/blib/lib/CSS/Prepare/Property/Formatting.pm line 41.
Use of qw(...) as parentheses is deprecated at /home/sts/cpansmoke/perl-5.15.6/cpan/build/CSS-Prepare-v0.9.2.4-ArCK_A/blib/lib/CSS/Prepare/Property/Formatting.pm line 79.
Use of qw(...) as parentheses is deprecated at /home/sts/cpansmoke/perl-5.15.6/cpan/build/CSS-Prepare-v0.9.2.4-ArCK_A/blib/lib/CSS/Prepare/Property/Generated.pm line 43.
Use of qw(...) as parentheses is deprecated at /home/sts/cpansmoke/perl-5.15.6/cpan/build/CSS-Prepare-v0.9.2.4-ArCK_A/blib/lib/CSS/Prepare/Property/Margin.pm line 42.
Use of qw(...) as parentheses is deprecated at /home/sts/cpansmoke/perl-5.15.6/cpan/build/CSS-Prepare-v0.9.2.4-ArCK_A/blib/lib/CSS/Prepare/Property/Margin.pm line 78.
Use of qw(...) as parentheses is deprecated at /home/sts/cpansmoke/perl-5.15.6/cpan/build/CSS-Prepare-v0.9.2.4-ArCK_A/blib/lib/CSS/Prepare/Property/Padding.pm line 42.
Use of qw(...) as parentheses is deprecated at /home/sts/cpansmoke/perl-5.15.6/cpan/build/CSS-Prepare-v0.9.2.4-ArCK_A/blib/lib/CSS/Prepare/Property/Padding.pm line 78.
t/03.import.t ........... ok
Use of qw(...) as parentheses is deprecated at /home/sts/cpansmoke/perl-5.15.6/cpan/build/CSS-Prepare-v0.9.2.4-ArCK_A/blib/lib/CSS/Prepare/Property/Expansions.pm line 34.
Use of qw(...) as parentheses is deprecated at /home/sts/cpansmoke/perl-5.15.6/cpan/build/CSS-Prepare-v0.9.2.4-ArCK_A/blib/lib/CSS/Prepare/Property/Expansions.pm line 41.
Use of qw(...) as parentheses is deprecated at /home/sts/cpansmoke/perl-5.15.6/cpan/build/CSS-Prepare-v0.9.2.4-ArCK_A/blib/lib/CSS/Prepare/Property/Expansions.pm line 45.
Use of qw(...) as parentheses is deprecated at /home/sts/cpansmoke/perl-5.15.6/cpan/build/CSS-Prepare-v0.9.2.4-ArCK_A/blib/lib/CSS/Prepare/Property/Expansions.pm line 54.
Use of qw(...) as parentheses is deprecated at /home/sts/cpansmoke/perl-5.15.6/cpan/build/CSS-Prepare-v0.9.2.4-ArCK_A/blib/lib/CSS/Prepare/Property/Expansions.pm line 81.
Use of qw(...) as parentheses is deprecated at /home/sts/cpansmoke/perl-5.15.6/cpan/build/CSS-Prepare-v0.9.2.4-ArCK_A/blib/lib/CSS/Prepare/Property/Border.pm line 42.
Use of qw(...) as parentheses is deprecated at /home/sts/cpansmoke/perl-5.15.6/cpan/build/CSS-Prepare-v0.9.2.4-ArCK_A/blib/lib/CSS/Prepare/Property/Border.pm line 194.
Use of qw(...) as parentheses is deprecated at /home/sts/cpansmoke/perl-5.15.6/cpan/build/CSS-Prepare-v0.9.2.4-ArCK_A/blib/lib/CSS/Prepare/Property/Border.pm line 273.
Use of qw(...) as parentheses is deprecated at /home/sts/cpansmoke/perl-5.15.6/cpan/build/CSS-Prepare-v0.9.2.4-ArCK_A/blib/lib/CSS/Prepare/Property/Border.pm line 298.
Use of qw(...) as parentheses is deprecated at /home/sts/cpansmoke/perl-5.15.6/cpan/build/CSS-Prepare-v0.9.2.4-ArCK_A/blib/lib/CSS/Prepare/Property/Border.pm line 333.
Use of qw(...) as parentheses is deprecated at /home/sts/cpansmoke/perl-5.15.6/cpan/build/CSS-Prepare-v0.9.2.4-ArCK_A/blib/lib/CSS/Prepare/Property/Border.pm line 368.
Use of qw(...) as parentheses is deprecated at /home/sts/cpansmoke/perl-5.15.6/cpan/build/CSS-Prepare-v0.9.2.4-ArCK_A/blib/lib/CSS/Prepare/Property/Effects.pm line 42.
Use of qw(...) as parentheses is deprecated at /home/sts/cpansmoke/perl-5.15.6/cpan/build/CSS-Prepare-v0.9.2.4-ArCK_A/blib/lib/CSS/Prepare/Property/Formatting.pm line 41.
Use of qw(...) as parentheses is deprecated at /home/sts/cpansmoke/perl-5.15.6/cpan/build/CSS-Prepare-v0.9.2.4-ArCK_A/blib/lib/CSS/Prepare/Property/Formatting.pm line 79.
Use of qw(...) as parentheses is deprecated at /home/sts/cpansmoke/perl-5.15.6/cpan/build/CSS-Prepare-v0.9.2.4-ArCK_A/blib/lib/CSS/Prepare/Property/Generated.pm line 43.
Use of qw(...) as parentheses is deprecated at /home/sts/cpansmoke/perl-5.15.6/cpan/build/CSS-Prepare-v0.9.2.4-ArCK_A/blib/lib/CSS/Prepare/Property/Margin.pm line 42.
Use of qw(...) as parentheses is deprecated at /home/sts/cpansmoke/perl-5.15.6/cpan/build/CSS-Prepare-v0.9.2.4-ArCK_A/blib/lib/CSS/Prepare/Property/Margin.pm line 78.
Use of qw(...) as parentheses is deprecated at /home/sts/cpansmoke/perl-5.15.6/cpan/build/CSS-Prepare-v0.9.2.4-ArCK_A/blib/lib/CSS/Prepare/Property/Padding.pm line 42.
Use of qw(...) as parentheses is deprecated at /home/sts/cpansmoke/perl-5.15.6/cpan/build/CSS-Prepare-v0.9.2.4-ArCK_A/blib/lib/CSS/Prepare/Property/Padding.pm line 78.
t/04.background.t ....... ok
Use of qw(...) as parentheses is deprecated at /home/sts/cpansmoke/perl-5.15.6/cpan/build/CSS-Prepare-v0.9.2.4-ArCK_A/blib/lib/CSS/Prepare/Property/Expansions.pm line 34.
Use of qw(...) as parentheses is deprecated at /home/sts/cpansmoke/perl-5.15.6/cpan/build/CSS-Prepare-v0.9.2.4-ArCK_A/blib/lib/CSS/Prepare/Property/Expansions.pm line 41.
Use of qw(...) as parentheses is deprecated at /home/sts/cpansmoke/perl-5.15.6/cpan/build/CSS-Prepare-v0.9.2.4-ArCK_A/blib/lib/CSS/Prepare/Property/Expansions.pm line 45.
Use of qw(...) as parentheses is deprecated at /home/sts/cpansmoke/perl-5.15.6/cpan/build/CSS-Prepare-v0.9.2.4-ArCK_A/blib/lib/CSS/Prepare/Property/Expansions.pm line 54.
Use of qw(...) as parentheses is deprecated at /home/sts/cpansmoke/perl-5.15.6/cpan/build/CSS-Prepare-v0.9.2.4-ArCK_A/blib/lib/CSS/Prepare/Property/Expansions.pm line 81.
Use of qw(...) as parentheses is deprecated at /home/sts/cpansmoke/perl-5.15.6/cpan/build/CSS-Prepare-v0.9.2.4-ArCK_A/blib/lib/CSS/Prepare/Property/Border.pm line 42.
Use of qw(...) as parentheses is deprecated at /home/sts/cpansmoke/perl-5.15.6/cpan/build/CSS-Prepare-v0.9.2.4-ArCK_A/blib/lib/CSS/Prepare/Property/Border.pm line 194.
Use of qw(...) as parentheses is deprecated at /home/sts/cpansmoke/perl-5.15.6/cpan/build/CSS-Prepare-v0.9.2.4-ArCK_A/blib/lib/CSS/Prepare/Property/Border.pm line 273.
Use of qw(...) as parentheses is deprecated at /home/sts/cpansmoke/perl-5.15.6/cpan/build/CSS-Prepare-v0.9.2.4-ArCK_A/blib/lib/CSS/Prepare/Property/Border.pm line 298.
Use of qw(...) as parentheses is deprecated at /home/sts/cpansmoke/perl-5.15.6/cpan/build/CSS-Prepare-v0.9.2.4-ArCK_A/blib/lib/CSS/Prepare/Property/Border.pm line 333.
Use of qw(...) as parentheses is deprecated at /home/sts/cpansmoke/perl-5.15.6/cpan/build/CSS-Prepare-v0.9.2.4-ArCK_A/blib/lib/CSS/Prepare/Property/Border.pm line 368.
Use of qw(...) as parentheses is deprecated at /home/sts/cpansmoke/perl-5.15.6/cpan/build/CSS-Prepare-v0.9.2.4-ArCK_A/blib/lib/CSS/Prepare/Property/Effects.pm line 42.
Use of qw(...) as parentheses is deprecated at /home/sts/cpansmoke/perl-5.15.6/cpan/build/CSS-Prepare-v0.9.2.4-ArCK_A/blib/lib/CSS/Prepare/Property/Formatting.pm line 41.
Use of qw(...) as parentheses is deprecated at /home/sts/cpansmoke/perl-5.15.6/cpan/build/CSS-Prepare-v0.9.2.4-ArCK_A/blib/lib/CSS/Prepare/Property/Formatting.pm line 79.
Use of qw(...) as parentheses is deprecated at /home/sts/cpansmoke/perl-5.15.6/cpan/build/CSS-Prepare-v0.9.2.4-ArCK_A/blib/lib/CSS/Prepare/Property/Generated.pm line 43.
Use of qw(...) as parentheses is deprecated at /home/sts/cpansmoke/perl-5.15.6/cpan/build/CSS-Prepare-v0.9.2.4-ArCK_A/blib/lib/CSS/Prepare/Property/Margin.pm line 42.
Use of qw(...) as parentheses is deprecated at /home/sts/cpansmoke/perl-5.15.6/cpan/build/CSS-Prepare-v0.9.2.4-ArCK_A/blib/lib/CSS/Prepare/Property/Margin.pm line 78.
Use of qw(...) as parentheses is deprecated at /home/sts/cpansmoke/perl-5.15.6/cpan/build/CSS-Prepare-v0.9.2.4-ArCK_A/blib/lib/CSS/Prepare/Property/Padding.pm line 42.
Use of qw(...) as parentheses is deprecated at /home/sts/cpansmoke/perl-5.15.6/cpan/build/CSS-Prepare-v0.9.2.4-ArCK_A/blib/lib/CSS/Prepare/Property/Padding.pm line 78.
t/04.border.t ........... ok
Use of qw(...) as parentheses is deprecated at /home/sts/cpansmoke/perl-5.15.6/cpan/build/CSS-Prepare-v0.9.2.4-ArCK_A/blib/lib/CSS/Prepare/Property/Expansions.pm line 34.
Use of qw(...) as parentheses is deprecated at /home/sts/cpansmoke/perl-5.15.6/cpan/build/CSS-Prepare-v0.9.2.4-ArCK_A/blib/lib/CSS/Prepare/Property/Expansions.pm line 41.
Use of qw(...) as parentheses is deprecated at /home/sts/cpansmoke/perl-5.15.6/cpan/build/CSS-Prepare-v0.9.2.4-ArCK_A/blib/lib/CSS/Prepare/Property/Expansions.pm line 45.
Use of qw(...) as parentheses is deprecated at /home/sts/cpansmoke/perl-5.15.6/cpan/build/CSS-Prepare-v0.9.2.4-ArCK_A/blib/lib/CSS/Prepare/Property/Expansions.pm line 54.
Use of qw(...) as parentheses is deprecated at /home/sts/cpansmoke/perl-5.15.6/cpan/build/CSS-Prepare-v0.9.2.4-ArCK_A/blib/lib/CSS/Prepare/Property/Expansions.pm line 81.
Use of qw(...) as parentheses is deprecated at /home/sts/cpansmoke/perl-5.15.6/cpan/build/CSS-Prepare-v0.9.2.4-ArCK_A/blib/lib/CSS/Prepare/Property/Border.pm line 42.
Use of qw(...) as parentheses is deprecated at /home/sts/cpansmoke/perl-5.15.6/cpan/build/CSS-Prepare-v0.9.2.4-ArCK_A/blib/lib/CSS/Prepare/Property/Border.pm line 194.
Use of qw(...) as parentheses is deprecated at /home/sts/cpansmoke/perl-5.15.6/cpan/build/CSS-Prepare-v0.9.2.4-ArCK_A/blib/lib/CSS/Prepare/Property/Border.pm line 273.
Use of qw(...) as parentheses is deprecated at /home/sts/cpansmoke/perl-5.15.6/cpan/build/CSS-Prepare-v0.9.2.4-ArCK_A/blib/lib/CSS/Prepare/Property/Border.pm line 298.
Use of qw(...) as parentheses is deprecated at /home/sts/cpansmoke/perl-5.15.6/cpan/build/CSS-Prepare-v0.9.2.4-ArCK_A/blib/lib/CSS/Prepare/Property/Border.pm line 333.
Use of qw(...) as parentheses is deprecated at /home/sts/cpansmoke/perl-5.15.6/cpan/build/CSS-Prepare-v0.9.2.4-ArCK_A/blib/lib/CSS/Prepare/Property/Border.pm line 368.
Use of qw(...) as parentheses is deprecated at /home/sts/cpansmoke/perl-5.15.6/cpan/build/CSS-Prepare-v0.9.2.4-ArCK_A/blib/lib/CSS/Prepare/Property/Effects.pm line 42.
Use of qw(...) as parentheses is deprecated at /home/sts/cpansmoke/perl-5.15.6/cpan/build/CSS-Prepare-v0.9.2.4-ArCK_A/blib/lib/CSS/Prepare/Property/Formatting.pm line 41.
Use of qw(...) as parentheses is deprecated at /home/sts/cpansmoke/perl-5.15.6/cpan/build/CSS-Prepare-v0.9.2.4-ArCK_A/blib/lib/CSS/Prepare/Property/Formatting.pm line 79.
Use of qw(...) as parentheses is deprecated at /home/sts/cpansmoke/perl-5.15.6/cpan/build/CSS-Prepare-v0.9.2.4-ArCK_A/blib/lib/CSS/Prepare/Property/Generated.pm line 43.
Use of qw(...) as parentheses is deprecated at /home/sts/cpansmoke/perl-5.15.6/cpan/build/CSS-Prepare-v0.9.2.4-ArCK_A/blib/lib/CSS/Prepare/Property/Margin.pm line 42.
Use of qw(...) as parentheses is deprecated at /home/sts/cpansmoke/perl-5.15.6/cpan/build/CSS-Prepare-v0.9.2.4-ArCK_A/blib/lib/CSS/Prepare/Property/Margin.pm line 78.
Use of qw(...) as parentheses is deprecated at /home/sts/cpansmoke/perl-5.15.6/cpan/build/CSS-Prepare-v0.9.2.4-ArCK_A/blib/lib/CSS/Prepare/Property/Padding.pm line 42.
Use of qw(...) as parentheses is deprecated at /home/sts/cpansmoke/perl-5.15.6/cpan/build/CSS-Prepare-v0.9.2.4-ArCK_A/blib/lib/CSS/Prepare/Property/Padding.pm line 78.
t/04.borderradius.t ..... ok
Use of qw(...) as parentheses is deprecated at /home/sts/cpansmoke/perl-5.15.6/cpan/build/CSS-Prepare-v0.9.2.4-ArCK_A/blib/lib/CSS/Prepare/Property/Expansions.pm line 34.
Use of qw(...) as parentheses is deprecated at /home/sts/cpansmoke/perl-5.15.6/cpan/build/CSS-Prepare-v0.9.2.4-ArCK_A/blib/lib/CSS/Prepare/Property/Expansions.pm line 41.
Use of qw(...) as parentheses is deprecated at /home/sts/cpansmoke/perl-5.15.6/cpan/build/CSS-Prepare-v0.9.2.4-ArCK_A/blib/lib/CSS/Prepare/Property/Expansions.pm line 45.
Use of qw(...) as parentheses is deprecated at /home/sts/cpansmoke/perl-5.15.6/cpan/build/CSS-Prepare-v0.9.2.4-ArCK_A/blib/lib/CSS/Prepare/Property/Expansions.pm line 54.
Use of qw(...) as parentheses is deprecated at /home/sts/cpansmoke/perl-5.15.6/cpan/build/CSS-Prepare-v0.9.2.4-ArCK_A/blib/lib/CSS/Prepare/Property/Expansions.pm line 81.
Use of qw(...) as parentheses is deprecated at /home/sts/cpansmoke/perl-5.15.6/cpan/build/CSS-Prepare-v0.9.2.4-ArCK_A/blib/lib/CSS/Prepare/Property/Border.pm line 42.
Use of qw(...) as parentheses is deprecated at /home/sts/cpansmoke/perl-5.15.6/cpan/build/CSS-Prepare-v0.9.2.4-ArCK_A/blib/lib/CSS/Prepare/Property/Border.pm line 194.
Use of qw(...) as parentheses is deprecated at /home/sts/cpansmoke/perl-5.15.6/cpan/build/CSS-Prepare-v0.9.2.4-ArCK_A/blib/lib/CSS/Prepare/Property/Border.pm line 273.
Use of qw(...) as parentheses is deprecated at /home/sts/cpansmoke/perl-5.15.6/cpan/build/CSS-Prepare-v0.9.2.4-ArCK_A/blib/lib/CSS/Prepare/Property/Border.pm line 298.
Use of qw(...) as parentheses is deprecated at /home/sts/cpansmoke/perl-5.15.6/cpan/build/CSS-Prepare-v0.9.2.4-ArCK_A/blib/lib/CSS/Prepare/Property/Border.pm line 333.
Use of qw(...) as parentheses is deprecated at /home/sts/cpansmoke/perl-5.15.6/cpan/build/CSS-Prepare-v0.9.2.4-ArCK_A/blib/lib/CSS/Prepare/Property/Border.pm line 368.
Use of qw(...) as parentheses is deprecated at /home/sts/cpansmoke/perl-5.15.6/cpan/build/CSS-Prepare-v0.9.2.4-ArCK_A/blib/lib/CSS/Prepare/Property/Effects.pm line 42.
Use of qw(...) as parentheses is deprecated at /home/sts/cpansmoke/perl-5.15.6/cpan/build/CSS-Prepare-v0.9.2.4-ArCK_A/blib/lib/CSS/Prepare/Property/Formatting.pm line 41.
Use of qw(...) as parentheses is deprecated at /home/sts/cpansmoke/perl-5.15.6/cpan/build/CSS-Prepare-v0.9.2.4-ArCK_A/blib/lib/CSS/Prepare/Property/Formatting.pm line 79.
Use of qw(...) as parentheses is deprecated at /home/sts/cpansmoke/perl-5.15.6/cpan/build/CSS-Prepare-v0.9.2.4-ArCK_A/blib/lib/CSS/Prepare/Property/Generated.pm line 43.
Use of qw(...) as parentheses is deprecated at /home/sts/cpansmoke/perl-5.15.6/cpan/build/CSS-Prepare-v0.9.2.4-ArCK_A/blib/lib/CSS/Prepare/Property/Margin.pm line 42.
Use of qw(...) as parentheses is deprecated at /home/sts/cpansmoke/perl-5.15.6/cpan/build/CSS-Prepare-v0.9.2.4-ArCK_A/blib/lib/CSS/Prepare/Property/Margin.pm line 78.
Use of qw(...) as parentheses is deprecated at /home/sts/cpansmoke/perl-5.15.6/cpan/build/CSS-Prepare-v0.9.2.4-ArCK_A/blib/lib/CSS/Prepare/Property/Padding.pm line 42.
Use of qw(...) as parentheses is deprecated at /home/sts/cpansmoke/perl-5.15.6/cpan/build/CSS-Prepare-v0.9.2.4-ArCK_A/blib/lib/CSS/Prepare/Property/Padding.pm line 78.
t/04.color.t ............ ok
Use of qw(...) as parentheses is deprecated at /home/sts/cpansmoke/perl-5.15.6/cpan/build/CSS-Prepare-v0.9.2.4-ArCK_A/blib/lib/CSS/Prepare/Property/Expansions.pm line 34.
Use of qw(...) as parentheses is deprecated at /home/sts/cpansmoke/perl-5.15.6/cpan/build/CSS-Prepare-v0.9.2.4-ArCK_A/blib/lib/CSS/Prepare/Property/Expansions.pm line 41.
Use of qw(...) as parentheses is deprecated at /home/sts/cpansmoke/perl-5.15.6/cpan/build/CSS-Prepare-v0.9.2.4-ArCK_A/blib/lib/CSS/Prepare/Property/Expansions.pm line 45.
Use of qw(...) as parentheses is deprecated at /home/sts/cpansmoke/perl-5.15.6/cpan/build/CSS-Prepare-v0.9.2.4-ArCK_A/blib/lib/CSS/Prepare/Property/Expansions.pm line 54.
Use of qw(...) as parentheses is deprecated at /home/sts/cpansmoke/perl-5.15.6/cpan/build/CSS-Prepare-v0.9.2.4-ArCK_A/blib/lib/CSS/Prepare/Property/Expansions.pm line 81.
Use of qw(...) as parentheses is deprecated at /home/sts/cpansmoke/perl-5.15.6/cpan/build/CSS-Prepare-v0.9.2.4-ArCK_A/blib/lib/CSS/Prepare/Property/Border.pm line 42.
Use of qw(...) as parentheses is deprecated at /home/sts/cpansmoke/perl-5.15.6/cpan/build/CSS-Prepare-v0.9.2.4-ArCK_A/blib/lib/CSS/Prepare/Property/Border.pm line 194.
Use of qw(...) as parentheses is deprecated at /home/sts/cpansmoke/perl-5.15.6/cpan/build/CSS-Prepare-v0.9.2.4-ArCK_A/blib/lib/CSS/Prepare/Property/Border.pm line 273.
Use of qw(...) as parentheses is deprecated at /home/sts/cpansmoke/perl-5.15.6/cpan/build/CSS-Prepare-v0.9.2.4-ArCK_A/blib/lib/CSS/Prepare/Property/Border.pm line 298.
Use of qw(...) as parentheses is deprecated at /home/sts/cpansmoke/perl-5.15.6/cpan/build/CSS-Prepare-v0.9.2.4-ArCK_A/blib/lib/CSS/Prepare/Property/Border.pm line 333.
Use of qw(...) as parentheses is deprecated at /home/sts/cpansmoke/perl-5.15.6/cpan/build/CSS-Prepare-v0.9.2.4-ArCK_A/blib/lib/CSS/Prepare/Property/Border.pm line 368.
Use of qw(...) as parentheses is deprecated at /home/sts/cpansmoke/perl-5.15.6/cpan/build/CSS-Prepare-v0.9.2.4-ArCK_A/blib/lib/CSS/Prepare/Property/Effects.pm line 42.
Use of qw(...) as parentheses is deprecated at /home/sts/cpansmoke/perl-5.15.6/cpan/build/CSS-Prepare-v0.9.2.4-ArCK_A/blib/lib/CSS/Prepare/Property/Formatting.pm line 41.
Use of qw(...) as parentheses is deprecated at /home/sts/cpansmoke/perl-5.15.6/cpan/build/CSS-Prepare-v0.9.2.4-ArCK_A/blib/lib/CSS/Prepare/Property/Formatting.pm line 79.
Use of qw(...) as parentheses is deprecated at /home/sts/cpansmoke/perl-5.15.6/cpan/build/CSS-Prepare-v0.9.2.4-ArCK_A/blib/lib/CSS/Prepare/Property/Generated.pm line 43.
Use of qw(...) as parentheses is deprecated at /home/sts/cpansmoke/perl-5.15.6/cpan/build/CSS-Prepare-v0.9.2.4-ArCK_A/blib/lib/CSS/Prepare/Property/Margin.pm line 42.
Use of qw(...) as parentheses is deprecated at /home/sts/cpansmoke/perl-5.15.6/cpan/build/CSS-Prepare-v0.9.2.4-ArCK_A/blib/lib/CSS/Prepare/Property/Margin.pm line 78.
Use of qw(...) as parentheses is deprecated at /home/sts/cpansmoke/perl-5.15.6/cpan/build/CSS-Prepare-v0.9.2.4-ArCK_A/blib/lib/CSS/Prepare/Property/Padding.pm line 42.
Use of qw(...) as parentheses is deprecated at /home/sts/cpansmoke/perl-5.15.6/cpan/build/CSS-Prepare-v0.9.2.4-ArCK_A/blib/lib/CSS/Prepare/Property/Padding.pm line 78.
t/04.cp-borderradius.t .. ok
Use of qw(...) as parentheses is deprecated at /home/sts/cpansmoke/perl-5.15.6/cpan/build/CSS-Prepare-v0.9.2.4-ArCK_A/blib/lib/CSS/Prepare/Property/Expansions.pm line 34.
Use of qw(...) as parentheses is deprecated at /home/sts/cpansmoke/perl-5.15.6/cpan/build/CSS-Prepare-v0.9.2.4-ArCK_A/blib/lib/CSS/Prepare/Property/Expansions.pm line 41.
Use of qw(...) as parentheses is deprecated at /home/sts/cpansmoke/perl-5.15.6/cpan/build/CSS-Prepare-v0.9.2.4-ArCK_A/blib/lib/CSS/Prepare/Property/Expansions.pm line 45.
Use of qw(...) as parentheses is deprecated at /home/sts/cpansmoke/perl-5.15.6/cpan/build/CSS-Prepare-v0.9.2.4-ArCK_A/blib/lib/CSS/Prepare/Property/Expansions.pm line 54.
Use of qw(...) as parentheses is deprecated at /home/sts/cpansmoke/perl-5.15.6/cpan/build/CSS-Prepare-v0.9.2.4-ArCK_A/blib/lib/CSS/Prepare/Property/Expansions.pm line 81.
Use of qw(...) as parentheses is deprecated at /home/sts/cpansmoke/perl-5.15.6/cpan/build/CSS-Prepare-v0.9.2.4-ArCK_A/blib/lib/CSS/Prepare/Property/Border.pm line 42.
Use of qw(...) as parentheses is deprecated at /home/sts/cpansmoke/perl-5.15.6/cpan/build/CSS-Prepare-v0.9.2.4-ArCK_A/blib/lib/CSS/Prepare/Property/Border.pm line 194.
Use of qw(...) as parentheses is deprecated at /home/sts/cpansmoke/perl-5.15.6/cpan/build/CSS-Prepare-v0.9.2.4-ArCK_A/blib/lib/CSS/Prepare/Property/Border.pm line 273.
Use of qw(...) as parentheses is deprecated at /home/sts/cpansmoke/perl-5.15.6/cpan/build/CSS-Prepare-v0.9.2.4-ArCK_A/blib/lib/CSS/Prepare/Property/Border.pm line 298.
Use of qw(...) as parentheses is deprecated at /home/sts/cpansmoke/perl-5.15.6/cpan/build/CSS-Prepare-v0.9.2.4-ArCK_A/blib/lib/CSS/Prepare/Property/Border.pm line 333.
Use of qw(...) as parentheses is deprecated at /home/sts/cpansmoke/perl-5.15.6/cpan/build/CSS-Prepare-v0.9.2.4-ArCK_A/blib/lib/CSS/Prepare/Property/Border.pm line 368.
Use of qw(...) as parentheses is deprecated at /home/sts/cpansmoke/perl-5.15.6/cpan/build/CSS-Prepare-v0.9.2.4-ArCK_A/blib/lib/CSS/Prepare/Property/Effects.pm line 42.
Use of qw(...) as parentheses is deprecated at /home/sts/cpansmoke/perl-5.15.6/cpan/build/CSS-Prepare-v0.9.2.4-ArCK_A/blib/lib/CSS/Prepare/Property/Formatting.pm line 41.
Use of qw(...) as parentheses is deprecated at /home/sts/cpansmoke/perl-5.15.6/cpan/build/CSS-Prepare-v0.9.2.4-ArCK_A/blib/lib/CSS/Prepare/Property/Formatting.pm line 79.
Use of qw(...) as parentheses is deprecated at /home/sts/cpansmoke/perl-5.15.6/cpan/build/CSS-Prepare-v0.9.2.4-ArCK_A/blib/lib/CSS/Prepare/Property/Generated.pm line 43.
Use of qw(...) as parentheses is deprecated at /home/sts/cpansmoke/perl-5.15.6/cpan/build/CSS-Prepare-v0.9.2.4-ArCK_A/blib/lib/CSS/Prepare/Property/Margin.pm line 42.
Use of qw(...) as parentheses is deprecated at /home/sts/cpansmoke/perl-5.15.6/cpan/build/CSS-Prepare-v0.9.2.4-ArCK_A/blib/lib/CSS/Prepare/Property/Margin.pm line 78.
Use of qw(...) as parentheses is deprecated at /home/sts/cpansmoke/perl-5.15.6/cpan/build/CSS-Prepare-v0.9.2.4-ArCK_A/blib/lib/CSS/Prepare/Property/Padding.pm line 42.
Use of qw(...) as parentheses is deprecated at /home/sts/cpansmoke/perl-5.15.6/cpan/build/CSS-Prepare-v0.9.2.4-ArCK_A/blib/lib/CSS/Prepare/Property/Padding.pm line 78.
t/04.cp-contain.t ....... ok
Use of qw(...) as parentheses is deprecated at /home/sts/cpansmoke/perl-5.15.6/cpan/build/CSS-Prepare-v0.9.2.4-ArCK_A/blib/lib/CSS/Prepare/Property/Expansions.pm line 34.
Use of qw(...) as parentheses is deprecated at /home/sts/cpansmoke/perl-5.15.6/cpan/build/CSS-Prepare-v0.9.2.4-ArCK_A/blib/lib/CSS/Prepare/Property/Expansions.pm line 41.
Use of qw(...) as parentheses is deprecated at /home/sts/cpansmoke/perl-5.15.6/cpan/build/CSS-Prepare-v0.9.2.4-ArCK_A/blib/lib/CSS/Prepare/Property/Expansions.pm line 45.
Use of qw(...) as parentheses is deprecated at /home/sts/cpansmoke/perl-5.15.6/cpan/build/CSS-Prepare-v0.9.2.4-ArCK_A/blib/lib/CSS/Prepare/Property/Expansions.pm line 54.
Use of qw(...) as parentheses is deprecated at /home/sts/cpansmoke/perl-5.15.6/cpan/build/CSS-Prepare-v0.9.2.4-ArCK_A/blib/lib/CSS/Prepare/Property/Expansions.pm line 81.
Use of qw(...) as parentheses is deprecated at /home/sts/cpansmoke/perl-5.15.6/cpan/build/CSS-Prepare-v0.9.2.4-ArCK_A/blib/lib/CSS/Prepare/Property/Border.pm line 42.
Use of qw(...) as parentheses is deprecated at /home/sts/cpansmoke/perl-5.15.6/cpan/build/CSS-Prepare-v0.9.2.4-ArCK_A/blib/lib/CSS/Prepare/Property/Border.pm line 194.
Use of qw(...) as parentheses is deprecated at /home/sts/cpansmoke/perl-5.15.6/cpan/build/CSS-Prepare-v0.9.2.4-ArCK_A/blib/lib/CSS/Prepare/Property/Border.pm line 273.
Use of qw(...) as parentheses is deprecated at /home/sts/cpansmoke/perl-5.15.6/cpan/build/CSS-Prepare-v0.9.2.4-ArCK_A/blib/lib/CSS/Prepare/Property/Border.pm line 298.
Use of qw(...) as parentheses is deprecated at /home/sts/cpansmoke/perl-5.15.6/cpan/build/CSS-Prepare-v0.9.2.4-ArCK_A/blib/lib/CSS/Prepare/Property/Border.pm line 333.
Use of qw(...) as parentheses is deprecated at /home/sts/cpansmoke/perl-5.15.6/cpan/build/CSS-Prepare-v0.9.2.4-ArCK_A/blib/lib/CSS/Prepare/Property/Border.pm line 368.
Use of qw(...) as parentheses is deprecated at /home/sts/cpansmoke/perl-5.15.6/cpan/build/CSS-Prepare-v0.9.2.4-ArCK_A/blib/lib/CSS/Prepare/Property/Effects.pm line 42.
Use of qw(...) as parentheses is deprecated at /home/sts/cpansmoke/perl-5.15.6/cpan/build/CSS-Prepare-v0.9.2.4-ArCK_A/blib/lib/CSS/Prepare/Property/Formatting.pm line 41.
Use of qw(...) as parentheses is deprecated at /home/sts/cpansmoke/perl-5.15.6/cpan/build/CSS-Prepare-v0.9.2.4-ArCK_A/blib/lib/CSS/Prepare/Property/Formatting.pm line 79.
Use of qw(...) as parentheses is deprecated at /home/sts/cpansmoke/perl-5.15.6/cpan/build/CSS-Prepare-v0.9.2.4-ArCK_A/blib/lib/CSS/Prepare/Property/Generated.pm line 43.
Use of qw(...) as parentheses is deprecated at /home/sts/cpansmoke/perl-5.15.6/cpan/build/CSS-Prepare-v0.9.2.4-ArCK_A/blib/lib/CSS/Prepare/Property/Margin.pm line 42.
Use of qw(...) as parentheses is deprecated at /home/sts/cpansmoke/perl-5.15.6/cpan/build/CSS-Prepare-v0.9.2.4-ArCK_A/blib/lib/CSS/Prepare/Property/Margin.pm line 78.
Use of qw(...) as parentheses is deprecated at /home/sts/cpansmoke/perl-5.15.6/cpan/build/CSS-Prepare-v0.9.2.4-ArCK_A/blib/lib/CSS/Prepare/Property/Padding.pm line 42.
Use of qw(...) as parentheses is deprecated at /home/sts/cpansmoke/perl-5.15.6/cpan/build/CSS-Prepare-v0.9.2.4-ArCK_A/blib/lib/CSS/Prepare/Property/Padding.pm line 78.
t/04.cp-opacity.t ....... ok
Use of qw(...) as parentheses is deprecated at /home/sts/cpansmoke/perl-5.15.6/cpan/build/CSS-Prepare-v0.9.2.4-ArCK_A/blib/lib/CSS/Prepare/Property/Expansions.pm line 34.
Use of qw(...) as parentheses is deprecated at /home/sts/cpansmoke/perl-5.15.6/cpan/build/CSS-Prepare-v0.9.2.4-ArCK_A/blib/lib/CSS/Prepare/Property/Expansions.pm line 41.
Use of qw(...) as parentheses is deprecated at /home/sts/cpansmoke/perl-5.15.6/cpan/build/CSS-Prepare-v0.9.2.4-ArCK_A/blib/lib/CSS/Prepare/Property/Expansions.pm line 45.
Use of qw(...) as parentheses is deprecated at /home/sts/cpansmoke/perl-5.15.6/cpan/build/CSS-Prepare-v0.9.2.4-ArCK_A/blib/lib/CSS/Prepare/Property/Expansions.pm line 54.
Use of qw(...) as parentheses is deprecated at /home/sts/cpansmoke/perl-5.15.6/cpan/build/CSS-Prepare-v0.9.2.4-ArCK_A/blib/lib/CSS/Prepare/Property/Expansions.pm line 81.
Use of qw(...) as parentheses is deprecated at /home/sts/cpansmoke/perl-5.15.6/cpan/build/CSS-Prepare-v0.9.2.4-ArCK_A/blib/lib/CSS/Prepare/Property/Border.pm line 42.
Use of qw(...) as parentheses is deprecated at /home/sts/cpansmoke/perl-5.15.6/cpan/build/CSS-Prepare-v0.9.2.4-ArCK_A/blib/lib/CSS/Prepare/Property/Border.pm line 194.
Use of qw(...) as parentheses is deprecated at /home/sts/cpansmoke/perl-5.15.6/cpan/build/CSS-Prepare-v0.9.2.4-ArCK_A/blib/lib/CSS/Prepare/Property/Border.pm line 273.
Use of qw(...) as parentheses is deprecated at /home/sts/cpansmoke/perl-5.15.6/cpan/build/CSS-Prepare-v0.9.2.4-ArCK_A/blib/lib/CSS/Prepare/Property/Border.pm line 298.
Use of qw(...) as parentheses is deprecated at /home/sts/cpansmoke/perl-5.15.6/cpan/build/CSS-Prepare-v0.9.2.4-ArCK_A/blib/lib/CSS/Prepare/Property/Border.pm line 333.
Use of qw(...) as parentheses is deprecated at /home/sts/cpansmoke/perl-5.15.6/cpan/build/CSS-Prepare-v0.9.2.4-ArCK_A/blib/lib/CSS/Prepare/Property/Border.pm line 368.
Use of qw(...) as parentheses is deprecated at /home/sts/cpansmoke/perl-5.15.6/cpan/build/CSS-Prepare-v0.9.2.4-ArCK_A/blib/lib/CSS/Prepare/Property/Effects.pm line 42.
Use of qw(...) as parentheses is deprecated at /home/sts/cpansmoke/perl-5.15.6/cpan/build/CSS-Prepare-v0.9.2.4-ArCK_A/blib/lib/CSS/Prepare/Property/Formatting.pm line 41.
Use of qw(...) as parentheses is deprecated at /home/sts/cpansmoke/perl-5.15.6/cpan/build/CSS-Prepare-v0.9.2.4-ArCK_A/blib/lib/CSS/Prepare/Property/Formatting.pm line 79.
Use of qw(...) as parentheses is deprecated at /home/sts/cpansmoke/perl-5.15.6/cpan/build/CSS-Prepare-v0.9.2.4-ArCK_A/blib/lib/CSS/Prepare/Property/Generated.pm line 43.
Use of qw(...) as parentheses is deprecated at /home/sts/cpansmoke/perl-5.15.6/cpan/build/CSS-Prepare-v0.9.2.4-ArCK_A/blib/lib/CSS/Prepare/Property/Margin.pm line 42.
Use of qw(...) as parentheses is deprecated at /home/sts/cpansmoke/perl-5.15.6/cpan/build/CSS-Prepare-v0.9.2.4-ArCK_A/blib/lib/CSS/Prepare/Property/Margin.pm line 78.
Use of qw(...) as parentheses is deprecated at /home/sts/cpansmoke/perl-5.15.6/cpan/build/CSS-Prepare-v0.9.2.4-ArCK_A/blib/lib/CSS/Prepare/Property/Padding.pm line 42.
Use of qw(...) as parentheses is deprecated at /home/sts/cpansmoke/perl-5.15.6/cpan/build/CSS-Prepare-v0.9.2.4-ArCK_A/blib/lib/CSS/Prepare/Property/Padding.pm line 78.
t/04.effects.t .......... ok
Use of qw(...) as parentheses is deprecated at /home/sts/cpansmoke/perl-5.15.6/cpan/build/CSS-Prepare-v0.9.2.4-ArCK_A/blib/lib/CSS/Prepare/Property/Expansions.pm line 34.
Use of qw(...) as parentheses is deprecated at /home/sts/cpansmoke/perl-5.15.6/cpan/build/CSS-Prepare-v0.9.2.4-ArCK_A/blib/lib/CSS/Prepare/Property/Expansions.pm line 41.
Use of qw(...) as parentheses is deprecated at /home/sts/cpansmoke/perl-5.15.6/cpan/build/CSS-Prepare-v0.9.2.4-ArCK_A/blib/lib/CSS/Prepare/Property/Expansions.pm line 45.
Use of qw(...) as parentheses is deprecated at /home/sts/cpansmoke/perl-5.15.6/cpan/build/CSS-Prepare-v0.9.2.4-ArCK_A/blib/lib/CSS/Prepare/Property/Expansions.pm line 54.
Use of qw(...) as parentheses is deprecated at /home/sts/cpansmoke/perl-5.15.6/cpan/build/CSS-Prepare-v0.9.2.4-ArCK_A/blib/lib/CSS/Prepare/Property/Expansions.pm line 81.
Use of qw(...) as parentheses is deprecated at /home/sts/cpansmoke/perl-5.15.6/cpan/build/CSS-Prepare-v0.9.2.4-ArCK_A/blib/lib/CSS/Prepare/Property/Border.pm line 42.
Use of qw(...) as parentheses is deprecated at /home/sts/cpansmoke/perl-5.15.6/cpan/build/CSS-Prepare-v0.9.2.4-ArCK_A/blib/lib/CSS/Prepare/Property/Border.pm line 194.
Use of qw(...) as parentheses is deprecated at /home/sts/cpansmoke/perl-5.15.6/cpan/build/CSS-Prepare-v0.9.2.4-ArCK_A/blib/lib/CSS/Prepare/Property/Border.pm line 273.
Use of qw(...) as parentheses is deprecated at /home/sts/cpansmoke/perl-5.15.6/cpan/build/CSS-Prepare-v0.9.2.4-ArCK_A/blib/lib/CSS/Prepare/Property/Border.pm line 298.
Use of qw(...) as parentheses is deprecated at /home/sts/cpansmoke/perl-5.15.6/cpan/build/CSS-Prepare-v0.9.2.4-ArCK_A/blib/lib/CSS/Prepare/Property/Border.pm line 333.
Use of qw(...) as parentheses is deprecated at /home/sts/cpansmoke/perl-5.15.6/cpan/build/CSS-Prepare-v0.9.2.4-ArCK_A/blib/lib/CSS/Prepare/Property/Border.pm line 368.
Use of qw(...) as parentheses is deprecated at /home/sts/cpansmoke/perl-5.15.6/cpan/build/CSS-Prepare-v0.9.2.4-ArCK_A/blib/lib/CSS/Prepare/Property/Effects.pm line 42.
Use of qw(...) as parentheses is deprecated at /home/sts/cpansmoke/perl-5.15.6/cpan/build/CSS-Prepare-v0.9.2.4-ArCK_A/blib/lib/CSS/Prepare/Property/Formatting.pm line 41.
Use of qw(...) as parentheses is deprecated at /home/sts/cpansmoke/perl-5.15.6/cpan/build/CSS-Prepare-v0.9.2.4-ArCK_A/blib/lib/CSS/Prepare/Property/Formatting.pm line 79.
Use of qw(...) as parentheses is deprecated at /home/sts/cpansmoke/perl-5.15.6/cpan/build/CSS-Prepare-v0.9.2.4-ArCK_A/blib/lib/CSS/Prepare/Property/Generated.pm line 43.
Use of qw(...) as parentheses is deprecated at /home/sts/cpansmoke/perl-5.15.6/cpan/build/CSS-Prepare-v0.9.2.4-ArCK_A/blib/lib/CSS/Prepare/Property/Margin.pm line 42.
Use of qw(...) as parentheses is deprecated at /home/sts/cpansmoke/perl-5.15.6/cpan/build/CSS-Prepare-v0.9.2.4-ArCK_A/blib/lib/CSS/Prepare/Property/Margin.pm line 78.
Use of qw(...) as parentheses is deprecated at /home/sts/cpansmoke/perl-5.15.6/cpan/build/CSS-Prepare-v0.9.2.4-ArCK_A/blib/lib/CSS/Prepare/Property/Padding.pm line 42.
Use of qw(...) as parentheses is deprecated at /home/sts/cpansmoke/perl-5.15.6/cpan/build/CSS-Prepare-v0.9.2.4-ArCK_A/blib/lib/CSS/Prepare/Property/Padding.pm line 78.
t/04.font.t ............. ok
Use of qw(...) as parentheses is deprecated at /home/sts/cpansmoke/perl-5.15.6/cpan/build/CSS-Prepare-v0.9.2.4-ArCK_A/blib/lib/CSS/Prepare/Property/Expansions.pm line 34.
Use of qw(...) as parentheses is deprecated at /home/sts/cpansmoke/perl-5.15.6/cpan/build/CSS-Prepare-v0.9.2.4-ArCK_A/blib/lib/CSS/Prepare/Property/Expansions.pm line 41.
Use of qw(...) as parentheses is deprecated at /home/sts/cpansmoke/perl-5.15.6/cpan/build/CSS-Prepare-v0.9.2.4-ArCK_A/blib/lib/CSS/Prepare/Property/Expansions.pm line 45.
Use of qw(...) as parentheses is deprecated at /home/sts/cpansmoke/perl-5.15.6/cpan/build/CSS-Prepare-v0.9.2.4-ArCK_A/blib/lib/CSS/Prepare/Property/Expansions.pm line 54.
Use of qw(...) as parentheses is deprecated at /home/sts/cpansmoke/perl-5.15.6/cpan/build/CSS-Prepare-v0.9.2.4-ArCK_A/blib/lib/CSS/Prepare/Property/Expansions.pm line 81.
Use of qw(...) as parentheses is deprecated at /home/sts/cpansmoke/perl-5.15.6/cpan/build/CSS-Prepare-v0.9.2.4-ArCK_A/blib/lib/CSS/Prepare/Property/Border.pm line 42.
Use of qw(...) as parentheses is deprecated at /home/sts/cpansmoke/perl-5.15.6/cpan/build/CSS-Prepare-v0.9.2.4-ArCK_A/blib/lib/CSS/Prepare/Property/Border.pm line 194.
Use of qw(...) as parentheses is deprecated at /home/sts/cpansmoke/perl-5.15.6/cpan/build/CSS-Prepare-v0.9.2.4-ArCK_A/blib/lib/CSS/Prepare/Property/Border.pm line 273.
Use of qw(...) as parentheses is deprecated at /home/sts/cpansmoke/perl-5.15.6/cpan/build/CSS-Prepare-v0.9.2.4-ArCK_A/blib/lib/CSS/Prepare/Property/Border.pm line 298.
Use of qw(...) as parentheses is deprecated at /home/sts/cpansmoke/perl-5.15.6/cpan/build/CSS-Prepare-v0.9.2.4-ArCK_A/blib/lib/CSS/Prepare/Property/Border.pm line 333.
Use of qw(...) as parentheses is deprecated at /home/sts/cpansmoke/perl-5.15.6/cpan/build/CSS-Prepare-v0.9.2.4-ArCK_A/blib/lib/CSS/Prepare/Property/Border.pm line 368.
Use of qw(...) as parentheses is deprecated at /home/sts/cpansmoke/perl-5.15.6/cpan/build/CSS-Prepare-v0.9.2.4-ArCK_A/blib/lib/CSS/Prepare/Property/Effects.pm line 42.
Use of qw(...) as parentheses is deprecated at /home/sts/cpansmoke/perl-5.15.6/cpan/build/CSS-Prepare-v0.9.2.4-ArCK_A/blib/lib/CSS/Prepare/Property/Formatting.pm line 41.
Use of qw(...) as parentheses is deprecated at /home/sts/cpansmoke/perl-5.15.6/cpan/build/CSS-Prepare-v0.9.2.4-ArCK_A/blib/lib/CSS/Prepare/Property/Formatting.pm line 79.
Use of qw(...) as parentheses is deprecated at /home/sts/cpansmoke/perl-5.15.6/cpan/build/CSS-Prepare-v0.9.2.4-ArCK_A/blib/lib/CSS/Prepare/Property/Generated.pm line 43.
Use of qw(...) as parentheses is deprecated at /home/sts/cpansmoke/perl-5.15.6/cpan/build/CSS-Prepare-v0.9.2.4-ArCK_A/blib/lib/CSS/Prepare/Property/Margin.pm line 42.
Use of qw(...) as parentheses is deprecated at /home/sts/cpansmoke/perl-5.15.6/cpan/build/CSS-Prepare-v0.9.2.4-ArCK_A/blib/lib/CSS/Prepare/Property/Margin.pm line 78.
Use of qw(...) as parentheses is deprecated at /home/sts/cpansmoke/perl-5.15.6/cpan/build/CSS-Prepare-v0.9.2.4-ArCK_A/blib/lib/CSS/Prepare/Property/Padding.pm line 42.
Use of qw(...) as parentheses is deprecated at /home/sts/cpansmoke/perl-5.15.6/cpan/build/CSS-Prepare-v0.9.2.4-ArCK_A/blib/lib/CSS/Prepare/Property/Padding.pm line 78.
t/04.formatting.t ....... ok
Use of qw(...) as parentheses is deprecated at /home/sts/cpansmoke/perl-5.15.6/cpan/build/CSS-Prepare-v0.9.2.4-ArCK_A/blib/lib/CSS/Prepare/Property/Expansions.pm line 34.
Use of qw(...) as parentheses is deprecated at /home/sts/cpansmoke/perl-5.15.6/cpan/build/CSS-Prepare-v0.9.2.4-ArCK_A/blib/lib/CSS/Prepare/Property/Expansions.pm line 41.
Use of qw(...) as parentheses is deprecated at /home/sts/cpansmoke/perl-5.15.6/cpan/build/CSS-Prepare-v0.9.2.4-ArCK_A/blib/lib/CSS/Prepare/Property/Expansions.pm line 45.
Use of qw(...) as parentheses is deprecated at /home/sts/cpansmoke/perl-5.15.6/cpan/build/CSS-Prepare-v0.9.2.4-ArCK_A/blib/lib/CSS/Prepare/Property/Expansions.pm line 54.
Use of qw(...) as parentheses is deprecated at /home/sts/cpansmoke/perl-5.15.6/cpan/build/CSS-Prepare-v0.9.2.4-ArCK_A/blib/lib/CSS/Prepare/Property/Expansions.pm line 81.
Use of qw(...) as parentheses is deprecated at /home/sts/cpansmoke/perl-5.15.6/cpan/build/CSS-Prepare-v0.9.2.4-ArCK_A/blib/lib/CSS/Prepare/Property/Border.pm line 42.
Use of qw(...) as parentheses is deprecated at /home/sts/cpansmoke/perl-5.15.6/cpan/build/CSS-Prepare-v0.9.2.4-ArCK_A/blib/lib/CSS/Prepare/Property/Border.pm line 194.
Use of qw(...) as parentheses is deprecated at /home/sts/cpansmoke/perl-5.15.6/cpan/build/CSS-Prepare-v0.9.2.4-ArCK_A/blib/lib/CSS/Prepare/Property/Border.pm line 273.
Use of qw(...) as parentheses is deprecated at /home/sts/cpansmoke/perl-5.15.6/cpan/build/CSS-Prepare-v0.9.2.4-ArCK_A/blib/lib/CSS/Prepare/Property/Border.pm line 298.
Use of qw(...) as parentheses is deprecated at /home/sts/cpansmoke/perl-5.15.6/cpan/build/CSS-Prepare-v0.9.2.4-ArCK_A/blib/lib/CSS/Prepare/Property/Border.pm line 333.
Use of qw(...) as parentheses is deprecated at /home/sts/cpansmoke/perl-5.15.6/cpan/build/CSS-Prepare-v0.9.2.4-ArCK_A/blib/lib/CSS/Prepare/Property/Border.pm line 368.
Use of qw(...) as parentheses is deprecated at /home/sts/cpansmoke/perl-5.15.6/cpan/build/CSS-Prepare-v0.9.2.4-ArCK_A/blib/lib/CSS/Prepare/Property/Effects.pm line 42.
Use of qw(...) as parentheses is deprecated at /home/sts/cpansmoke/perl-5.15.6/cpan/build/CSS-Prepare-v0.9.2.4-ArCK_A/blib/lib/CSS/Prepare/Property/Formatting.pm line 41.
Use of qw(...) as parentheses is deprecated at /home/sts/cpansmoke/perl-5.15.6/cpan/build/CSS-Prepare-v0.9.2.4-ArCK_A/blib/lib/CSS/Prepare/Property/Formatting.pm line 79.
Use of qw(...) as parentheses is deprecated at /home/sts/cpansmoke/perl-5.15.6/cpan/build/CSS-Prepare-v0.9.2.4-ArCK_A/blib/lib/CSS/Prepare/Property/Generated.pm line 43.
Use of qw(...) as parentheses is deprecated at /home/sts/cpansmoke/perl-5.15.6/cpan/build/CSS-Prepare-v0.9.2.4-ArCK_A/blib/lib/CSS/Prepare/Property/Margin.pm line 42.
Use of qw(...) as parentheses is deprecated at /home/sts/cpansmoke/perl-5.15.6/cpan/build/CSS-Prepare-v0.9.2.4-ArCK_A/blib/lib/CSS/Prepare/Property/Margin.pm line 78.
Use of qw(...) as parentheses is deprecated at /home/sts/cpansmoke/perl-5.15.6/cpan/build/CSS-Prepare-v0.9.2.4-ArCK_A/blib/lib/CSS/Prepare/Property/Padding.pm line 42.
Use of qw(...) as parentheses is deprecated at /home/sts/cpansmoke/perl-5.15.6/cpan/build/CSS-Prepare-v0.9.2.4-ArCK_A/blib/lib/CSS/Prepare/Property/Padding.pm line 78.
t/04.generated.t ........ ok
Use of qw(...) as parentheses is deprecated at /home/sts/cpansmoke/perl-5.15.6/cpan/build/CSS-Prepare-v0.9.2.4-ArCK_A/blib/lib/CSS/Prepare/Property/Expansions.pm line 34.
Use of qw(...) as parentheses is deprecated at /home/sts/cpansmoke/perl-5.15.6/cpan/build/CSS-Prepare-v0.9.2.4-ArCK_A/blib/lib/CSS/Prepare/Property/Expansions.pm line 41.
Use of qw(...) as parentheses is deprecated at /home/sts/cpansmoke/perl-5.15.6/cpan/build/CSS-Prepare-v0.9.2.4-ArCK_A/blib/lib/CSS/Prepare/Property/Expansions.pm line 45.
Use of qw(...) as parentheses is deprecated at /home/sts/cpansmoke/perl-5.15.6/cpan/build/CSS-Prepare-v0.9.2.4-ArCK_A/blib/lib/CSS/Prepare/Property/Expansions.pm line 54.
Use of qw(...) as parentheses is deprecated at /home/sts/cpansmoke/perl-5.15.6/cpan/build/CSS-Prepare-v0.9.2.4-ArCK_A/blib/lib/CSS/Prepare/Property/Expansions.pm line 81.
Use of qw(...) as parentheses is deprecated at /home/sts/cpansmoke/perl-5.15.6/cpan/build/CSS-Prepare-v0.9.2.4-ArCK_A/blib/lib/CSS/Prepare/Property/Border.pm line 42.
Use of qw(...) as parentheses is deprecated at /home/sts/cpansmoke/perl-5.15.6/cpan/build/CSS-Prepare-v0.9.2.4-ArCK_A/blib/lib/CSS/Prepare/Property/Border.pm line 194.
Use of qw(...) as parentheses is deprecated at /home/sts/cpansmoke/perl-5.15.6/cpan/build/CSS-Prepare-v0.9.2.4-ArCK_A/blib/lib/CSS/Prepare/Property/Border.pm line 273.
Use of qw(...) as parentheses is deprecated at /home/sts/cpansmoke/perl-5.15.6/cpan/build/CSS-Prepare-v0.9.2.4-ArCK_A/blib/lib/CSS/Prepare/Property/Border.pm line 298.
Use of qw(...) as parentheses is deprecated at /home/sts/cpansmoke/perl-5.15.6/cpan/build/CSS-Prepare-v0.9.2.4-ArCK_A/blib/lib/CSS/Prepare/Property/Border.pm line 333.
Use of qw(...) as parentheses is deprecated at /home/sts/cpansmoke/perl-5.15.6/cpan/build/CSS-Prepare-v0.9.2.4-ArCK_A/blib/lib/CSS/Prepare/Property/Border.pm line 368.
Use of qw(...) as parentheses is deprecated at /home/sts/cpansmoke/perl-5.15.6/cpan/build/CSS-Prepare-v0.9.2.4-ArCK_A/blib/lib/CSS/Prepare/Property/Effects.pm line 42.
Use of qw(...) as parentheses is deprecated at /home/sts/cpansmoke/perl-5.15.6/cpan/build/CSS-Prepare-v0.9.2.4-ArCK_A/blib/lib/CSS/Prepare/Property/Formatting.pm line 41.
Use of qw(...) as parentheses is deprecated at /home/sts/cpansmoke/perl-5.15.6/cpan/build/CSS-Prepare-v0.9.2.4-ArCK_A/blib/lib/CSS/Prepare/Property/Formatting.pm line 79.
Use of qw(...) as parentheses is deprecated at /home/sts/cpansmoke/perl-5.15.6/cpan/build/CSS-Prepare-v0.9.2.4-ArCK_A/blib/lib/CSS/Prepare/Property/Generated.pm line 43.
Use of qw(...) as parentheses is deprecated at /home/sts/cpansmoke/perl-5.15.6/cpan/build/CSS-Prepare-v0.9.2.4-ArCK_A/blib/lib/CSS/Prepare/Property/Margin.pm line 42.
Use of qw(...) as parentheses is deprecated at /home/sts/cpansmoke/perl-5.15.6/cpan/build/CSS-Prepare-v0.9.2.4-ArCK_A/blib/lib/CSS/Prepare/Property/Margin.pm line 78.
Use of qw(...) as parentheses is deprecated at /home/sts/cpansmoke/perl-5.15.6/cpan/build/CSS-Prepare-v0.9.2.4-ArCK_A/blib/lib/CSS/Prepare/Property/Padding.pm line 42.
Use of qw(...) as parentheses is deprecated at /home/sts/cpansmoke/perl-5.15.6/cpan/build/CSS-Prepare-v0.9.2.4-ArCK_A/blib/lib/CSS/Prepare/Property/Padding.pm line 78.
t/04.hacks.t ............ ok
Use of qw(...) as parentheses is deprecated at /home/sts/cpansmoke/perl-5.15.6/cpan/build/CSS-Prepare-v0.9.2.4-ArCK_A/blib/lib/CSS/Prepare/Property/Expansions.pm line 34.
Use of qw(...) as parentheses is deprecated at /home/sts/cpansmoke/perl-5.15.6/cpan/build/CSS-Prepare-v0.9.2.4-ArCK_A/blib/lib/CSS/Prepare/Property/Expansions.pm line 41.
Use of qw(...) as parentheses is deprecated at /home/sts/cpansmoke/perl-5.15.6/cpan/build/CSS-Prepare-v0.9.2.4-ArCK_A/blib/lib/CSS/Prepare/Property/Expansions.pm line 45.
Use of qw(...) as parentheses is deprecated at /home/sts/cpansmoke/perl-5.15.6/cpan/build/CSS-Prepare-v0.9.2.4-ArCK_A/blib/lib/CSS/Prepare/Property/Expansions.pm line 54.
Use of qw(...) as parentheses is deprecated at /home/sts/cpansmoke/perl-5.15.6/cpan/build/CSS-Prepare-v0.9.2.4-ArCK_A/blib/lib/CSS/Prepare/Property/Expansions.pm line 81.
Use of qw(...) as parentheses is deprecated at /home/sts/cpansmoke/perl-5.15.6/cpan/build/CSS-Prepare-v0.9.2.4-ArCK_A/blib/lib/CSS/Prepare/Property/Border.pm line 42.
Use of qw(...) as parentheses is deprecated at /home/sts/cpansmoke/perl-5.15.6/cpan/build/CSS-Prepare-v0.9.2.4-ArCK_A/blib/lib/CSS/Prepare/Property/Border.pm line 194.
Use of qw(...) as parentheses is deprecated at /home/sts/cpansmoke/perl-5.15.6/cpan/build/CSS-Prepare-v0.9.2.4-ArCK_A/blib/lib/CSS/Prepare/Property/Border.pm line 273.
Use of qw(...) as parentheses is deprecated at /home/sts/cpansmoke/perl-5.15.6/cpan/build/CSS-Prepare-v0.9.2.4-ArCK_A/blib/lib/CSS/Prepare/Property/Border.pm line 298.
Use of qw(...) as parentheses is deprecated at /home/sts/cpansmoke/perl-5.15.6/cpan/build/CSS-Prepare-v0.9.2.4-ArCK_A/blib/lib/CSS/Prepare/Property/Border.pm line 333.
Use of qw(...) as parentheses is deprecated at /home/sts/cpansmoke/perl-5.15.6/cpan/build/CSS-Prepare-v0.9.2.4-ArCK_A/blib/lib/CSS/Prepare/Property/Border.pm line 368.
Use of qw(...) as parentheses is deprecated at /home/sts/cpansmoke/perl-5.15.6/cpan/build/CSS-Prepare-v0.9.2.4-ArCK_A/blib/lib/CSS/Prepare/Property/Effects.pm line 42.
Use of qw(...) as parentheses is deprecated at /home/sts/cpansmoke/perl-5.15.6/cpan/build/CSS-Prepare-v0.9.2.4-ArCK_A/blib/lib/CSS/Prepare/Property/Formatting.pm line 41.
Use of qw(...) as parentheses is deprecated at /home/sts/cpansmoke/perl-5.15.6/cpan/build/CSS-Prepare-v0.9.2.4-ArCK_A/blib/lib/CSS/Prepare/Property/Formatting.pm line 79.
Use of qw(...) as parentheses is deprecated at /home/sts/cpansmoke/perl-5.15.6/cpan/build/CSS-Prepare-v0.9.2.4-ArCK_A/blib/lib/CSS/Prepare/Property/Generated.pm line 43.
Use of qw(...) as parentheses is deprecated at /home/sts/cpansmoke/perl-5.15.6/cpan/build/CSS-Prepare-v0.9.2.4-ArCK_A/blib/lib/CSS/Prepare/Property/Margin.pm line 42.
Use of qw(...) as parentheses is deprecated at /home/sts/cpansmoke/perl-5.15.6/cpan/build/CSS-Prepare-v0.9.2.4-ArCK_A/blib/lib/CSS/Prepare/Property/Margin.pm line 78.
Use of qw(...) as parentheses is deprecated at /home/sts/cpansmoke/perl-5.15.6/cpan/build/CSS-Prepare-v0.9.2.4-ArCK_A/blib/lib/CSS/Prepare/Property/Padding.pm line 42.
Use of qw(...) as parentheses is deprecated at /home/sts/cpansmoke/perl-5.15.6/cpan/build/CSS-Prepare-v0.9.2.4-ArCK_A/blib/lib/CSS/Prepare/Property/Padding.pm line 78.
t/04.margin.t ........... ok
Use of qw(...) as parentheses is deprecated at /home/sts/cpansmoke/perl-5.15.6/cpan/build/CSS-Prepare-v0.9.2.4-ArCK_A/blib/lib/CSS/Prepare/Property/Expansions.pm line 34.
Use of qw(...) as parentheses is deprecated at /home/sts/cpansmoke/perl-5.15.6/cpan/build/CSS-Prepare-v0.9.2.4-ArCK_A/blib/lib/CSS/Prepare/Property/Expansions.pm line 41.
Use of qw(...) as parentheses is deprecated at /home/sts/cpansmoke/perl-5.15.6/cpan/build/CSS-Prepare-v0.9.2.4-ArCK_A/blib/lib/CSS/Prepare/Property/Expansions.pm line 45.
Use of qw(...) as parentheses is deprecated at /home/sts/cpansmoke/perl-5.15.6/cpan/build/CSS-Prepare-v0.9.2.4-ArCK_A/blib/lib/CSS/Prepare/Property/Expansions.pm line 54.
Use of qw(...) as parentheses is deprecated at /home/sts/cpansmoke/perl-5.15.6/cpan/build/CSS-Prepare-v0.9.2.4-ArCK_A/blib/lib/CSS/Prepare/Property/Expansions.pm line 81.
Use of qw(...) as parentheses is deprecated at /home/sts/cpansmoke/perl-5.15.6/cpan/build/CSS-Prepare-v0.9.2.4-ArCK_A/blib/lib/CSS/Prepare/Property/Border.pm line 42.
Use of qw(...) as parentheses is deprecated at /home/sts/cpansmoke/perl-5.15.6/cpan/build/CSS-Prepare-v0.9.2.4-ArCK_A/blib/lib/CSS/Prepare/Property/Border.pm line 194.
Use of qw(...) as parentheses is deprecated at /home/sts/cpansmoke/perl-5.15.6/cpan/build/CSS-Prepare-v0.9.2.4-ArCK_A/blib/lib/CSS/Prepare/Property/Border.pm line 273.
Use of qw(...) as parentheses is deprecated at /home/sts/cpansmoke/perl-5.15.6/cpan/build/CSS-Prepare-v0.9.2.4-ArCK_A/blib/lib/CSS/Prepare/Property/Border.pm line 298.
Use of qw(...) as parentheses is deprecated at /home/sts/cpansmoke/perl-5.15.6/cpan/build/CSS-Prepare-v0.9.2.4-ArCK_A/blib/lib/CSS/Prepare/Property/Border.pm line 333.
Use of qw(...) as parentheses is deprecated at /home/sts/cpansmoke/perl-5.15.6/cpan/build/CSS-Prepare-v0.9.2.4-ArCK_A/blib/lib/CSS/Prepare/Property/Border.pm line 368.
Use of qw(...) as parentheses is deprecated at /home/sts/cpansmoke/perl-5.15.6/cpan/build/CSS-Prepare-v0.9.2.4-ArCK_A/blib/lib/CSS/Prepare/Property/Effects.pm line 42.
Use of qw(...) as parentheses is deprecated at /home/sts/cpansmoke/perl-5.15.6/cpan/build/CSS-Prepare-v0.9.2.4-ArCK_A/blib/lib/CSS/Prepare/Property/Formatting.pm line 41.
Use of qw(...) as parentheses is deprecated at /home/sts/cpansmoke/perl-5.15.6/cpan/build/CSS-Prepare-v0.9.2.4-ArCK_A/blib/lib/CSS/Prepare/Property/Formatting.pm line 79.
Use of qw(...) as parentheses is deprecated at /home/sts/cpansmoke/perl-5.15.6/cpan/build/CSS-Prepare-v0.9.2.4-ArCK_A/blib/lib/CSS/Prepare/Property/Generated.pm line 43.
Use of qw(...) as parentheses is deprecated at /home/sts/cpansmoke/perl-5.15.6/cpan/build/CSS-Prepare-v0.9.2.4-ArCK_A/blib/lib/CSS/Prepare/Property/Margin.pm line 42.
Use of qw(...) as parentheses is deprecated at /home/sts/cpansmoke/perl-5.15.6/cpan/build/CSS-Prepare-v0.9.2.4-ArCK_A/blib/lib/CSS/Prepare/Property/Margin.pm line 78.
Use of qw(...) as parentheses is deprecated at /home/sts/cpansmoke/perl-5.15.6/cpan/build/CSS-Prepare-v0.9.2.4-ArCK_A/blib/lib/CSS/Prepare/Property/Padding.pm line 42.
Use of qw(...) as parentheses is deprecated at /home/sts/cpansmoke/perl-5.15.6/cpan/build/CSS-Prepare-v0.9.2.4-ArCK_A/blib/lib/CSS/Prepare/Property/Padding.pm line 78.
t/04.padding.t .......... ok
Use of qw(...) as parentheses is deprecated at /home/sts/cpansmoke/perl-5.15.6/cpan/build/CSS-Prepare-v0.9.2.4-ArCK_A/blib/lib/CSS/Prepare/Property/Expansions.pm line 34.
Use of qw(...) as parentheses is deprecated at /home/sts/cpansmoke/perl-5.15.6/cpan/build/CSS-Prepare-v0.9.2.4-ArCK_A/blib/lib/CSS/Prepare/Property/Expansions.pm line 41.
Use of qw(...) as parentheses is deprecated at /home/sts/cpansmoke/perl-5.15.6/cpan/build/CSS-Prepare-v0.9.2.4-ArCK_A/blib/lib/CSS/Prepare/Property/Expansions.pm line 45.
Use of qw(...) as parentheses is deprecated at /home/sts/cpansmoke/perl-5.15.6/cpan/build/CSS-Prepare-v0.9.2.4-ArCK_A/blib/lib/CSS/Prepare/Property/Expansions.pm line 54.
Use of qw(...) as parentheses is deprecated at /home/sts/cpansmoke/perl-5.15.6/cpan/build/CSS-Prepare-v0.9.2.4-ArCK_A/blib/lib/CSS/Prepare/Property/Expansions.pm line 81.
Use of qw(...) as parentheses is deprecated at /home/sts/cpansmoke/perl-5.15.6/cpan/build/CSS-Prepare-v0.9.2.4-ArCK_A/blib/lib/CSS/Prepare/Property/Border.pm line 42.
Use of qw(...) as parentheses is deprecated at /home/sts/cpansmoke/perl-5.15.6/cpan/build/CSS-Prepare-v0.9.2.4-ArCK_A/blib/lib/CSS/Prepare/Property/Border.pm line 194.
Use of qw(...) as parentheses is deprecated at /home/sts/cpansmoke/perl-5.15.6/cpan/build/CSS-Prepare-v0.9.2.4-ArCK_A/blib/lib/CSS/Prepare/Property/Border.pm line 273.
Use of qw(...) as parentheses is deprecated at /home/sts/cpansmoke/perl-5.15.6/cpan/build/CSS-Prepare-v0.9.2.4-ArCK_A/blib/lib/CSS/Prepare/Property/Border.pm line 298.
Use of qw(...) as parentheses is deprecated at /home/sts/cpansmoke/perl-5.15.6/cpan/build/CSS-Prepare-v0.9.2.4-ArCK_A/blib/lib/CSS/Prepare/Property/Border.pm line 333.
Use of qw(...) as parentheses is deprecated at /home/sts/cpansmoke/perl-5.15.6/cpan/build/CSS-Prepare-v0.9.2.4-ArCK_A/blib/lib/CSS/Prepare/Property/Border.pm line 368.
Use of qw(...) as parentheses is deprecated at /home/sts/cpansmoke/perl-5.15.6/cpan/build/CSS-Prepare-v0.9.2.4-ArCK_A/blib/lib/CSS/Prepare/Property/Effects.pm line 42.
Use of qw(...) as parentheses is deprecated at /home/sts/cpansmoke/perl-5.15.6/cpan/build/CSS-Prepare-v0.9.2.4-ArCK_A/blib/lib/CSS/Prepare/Property/Formatting.pm line 41.
Use of qw(...) as parentheses is deprecated at /home/sts/cpansmoke/perl-5.15.6/cpan/build/CSS-Prepare-v0.9.2.4-ArCK_A/blib/lib/CSS/Prepare/Property/Formatting.pm line 79.
Use of qw(...) as parentheses is deprecated at /home/sts/cpansmoke/perl-5.15.6/cpan/build/CSS-Prepare-v0.9.2.4-ArCK_A/blib/lib/CSS/Prepare/Property/Generated.pm line 43.
Use of qw(...) as parentheses is deprecated at /home/sts/cpansmoke/perl-5.15.6/cpan/build/CSS-Prepare-v0.9.2.4-ArCK_A/blib/lib/CSS/Prepare/Property/Margin.pm line 42.
Use of qw(...) as parentheses is deprecated at /home/sts/cpansmoke/perl-5.15.6/cpan/build/CSS-Prepare-v0.9.2.4-ArCK_A/blib/lib/CSS/Prepare/Property/Margin.pm line 78.
Use of qw(...) as parentheses is deprecated at /home/sts/cpansmoke/perl-5.15.6/cpan/build/CSS-Prepare-v0.9.2.4-ArCK_A/blib/lib/CSS/Prepare/Property/Padding.pm line 42.
Use of qw(...) as parentheses is deprecated at /home/sts/cpansmoke/perl-5.15.6/cpan/build/CSS-Prepare-v0.9.2.4-ArCK_A/blib/lib/CSS/Prepare/Property/Padding.pm line 78.
t/04.tables.t ........... ok
Use of qw(...) as parentheses is deprecated at /home/sts/cpansmoke/perl-5.15.6/cpan/build/CSS-Prepare-v0.9.2.4-ArCK_A/blib/lib/CSS/Prepare/Property/Expansions.pm line 34.
Use of qw(...) as parentheses is deprecated at /home/sts/cpansmoke/perl-5.15.6/cpan/build/CSS-Prepare-v0.9.2.4-ArCK_A/blib/lib/CSS/Prepare/Property/Expansions.pm line 41.
Use of qw(...) as parentheses is deprecated at /home/sts/cpansmoke/perl-5.15.6/cpan/build/CSS-Prepare-v0.9.2.4-ArCK_A/blib/lib/CSS/Prepare/Property/Expansions.pm line 45.
Use of qw(...) as parentheses is deprecated at /home/sts/cpansmoke/perl-5.15.6/cpan/build/CSS-Prepare-v0.9.2.4-ArCK_A/blib/lib/CSS/Prepare/Property/Expansions.pm line 54.
Use of qw(...) as parentheses is deprecated at /home/sts/cpansmoke/perl-5.15.6/cpan/build/CSS-Prepare-v0.9.2.4-ArCK_A/blib/lib/CSS/Prepare/Property/Expansions.pm line 81.
Use of qw(...) as parentheses is deprecated at /home/sts/cpansmoke/perl-5.15.6/cpan/build/CSS-Prepare-v0.9.2.4-ArCK_A/blib/lib/CSS/Prepare/Property/Border.pm line 42.
Use of qw(...) as parentheses is deprecated at /home/sts/cpansmoke/perl-5.15.6/cpan/build/CSS-Prepare-v0.9.2.4-ArCK_A/blib/lib/CSS/Prepare/Property/Border.pm line 194.
Use of qw(...) as parentheses is deprecated at /home/sts/cpansmoke/perl-5.15.6/cpan/build/CSS-Prepare-v0.9.2.4-ArCK_A/blib/lib/CSS/Prepare/Property/Border.pm line 273.
Use of qw(...) as parentheses is deprecated at /home/sts/cpansmoke/perl-5.15.6/cpan/build/CSS-Prepare-v0.9.2.4-ArCK_A/blib/lib/CSS/Prepare/Property/Border.pm line 298.
Use of qw(...) as parentheses is deprecated at /home/sts/cpansmoke/perl-5.15.6/cpan/build/CSS-Prepare-v0.9.2.4-ArCK_A/blib/lib/CSS/Prepare/Property/Border.pm line 333.
Use of qw(...) as parentheses is deprecated at /home/sts/cpansmoke/perl-5.15.6/cpan/build/CSS-Prepare-v0.9.2.4-ArCK_A/blib/lib/CSS/Prepare/Property/Border.pm line 368.
Use of qw(...) as parentheses is deprecated at /home/sts/cpansmoke/perl-5.15.6/cpan/build/CSS-Prepare-v0.9.2.4-ArCK_A/blib/lib/CSS/Prepare/Property/Effects.pm line 42.
Use of qw(...) as parentheses is deprecated at /home/sts/cpansmoke/perl-5.15.6/cpan/build/CSS-Prepare-v0.9.2.4-ArCK_A/blib/lib/CSS/Prepare/Property/Formatting.pm line 41.
Use of qw(...) as parentheses is deprecated at /home/sts/cpansmoke/perl-5.15.6/cpan/build/CSS-Prepare-v0.9.2.4-ArCK_A/blib/lib/CSS/Prepare/Property/Formatting.pm line 79.
Use of qw(...) as parentheses is deprecated at /home/sts/cpansmoke/perl-5.15.6/cpan/build/CSS-Prepare-v0.9.2.4-ArCK_A/blib/lib/CSS/Prepare/Property/Generated.pm line 43.
Use of qw(...) as parentheses is deprecated at /home/sts/cpansmoke/perl-5.15.6/cpan/build/CSS-Prepare-v0.9.2.4-ArCK_A/blib/lib/CSS/Prepare/Property/Margin.pm line 42.
Use of qw(...) as parentheses is deprecated at /home/sts/cpansmoke/perl-5.15.6/cpan/build/CSS-Prepare-v0.9.2.4-ArCK_A/blib/lib/CSS/Prepare/Property/Margin.pm line 78.
Use of qw(...) as parentheses is deprecated at /home/sts/cpansmoke/perl-5.15.6/cpan/build/CSS-Prepare-v0.9.2.4-ArCK_A/blib/lib/CSS/Prepare/Property/Padding.pm line 42.
Use of qw(...) as parentheses is deprecated at /home/sts/cpansmoke/perl-5.15.6/cpan/build/CSS-Prepare-v0.9.2.4-ArCK_A/blib/lib/CSS/Prepare/Property/Padding.pm line 78.
t/04.text.t ............. ok
Use of qw(...) as parentheses is deprecated at /home/sts/cpansmoke/perl-5.15.6/cpan/build/CSS-Prepare-v0.9.2.4-ArCK_A/blib/lib/CSS/Prepare/Property/Expansions.pm line 34.
Use of qw(...) as parentheses is deprecated at /home/sts/cpansmoke/perl-5.15.6/cpan/build/CSS-Prepare-v0.9.2.4-ArCK_A/blib/lib/CSS/Prepare/Property/Expansions.pm line 41.
Use of qw(...) as parentheses is deprecated at /home/sts/cpansmoke/perl-5.15.6/cpan/build/CSS-Prepare-v0.9.2.4-ArCK_A/blib/lib/CSS/Prepare/Property/Expansions.pm line 45.
Use of qw(...) as parentheses is deprecated at /home/sts/cpansmoke/perl-5.15.6/cpan/build/CSS-Prepare-v0.9.2.4-ArCK_A/blib/lib/CSS/Prepare/Property/Expansions.pm line 54.
Use of qw(...) as parentheses is deprecated at /home/sts/cpansmoke/perl-5.15.6/cpan/build/CSS-Prepare-v0.9.2.4-ArCK_A/blib/lib/CSS/Prepare/Property/Expansions.pm line 81.
Use of qw(...) as parentheses is deprecated at /home/sts/cpansmoke/perl-5.15.6/cpan/build/CSS-Prepare-v0.9.2.4-ArCK_A/blib/lib/CSS/Prepare/Property/Border.pm line 42.
Use of qw(...) as parentheses is deprecated at /home/sts/cpansmoke/perl-5.15.6/cpan/build/CSS-Prepare-v0.9.2.4-ArCK_A/blib/lib/CSS/Prepare/Property/Border.pm line 194.
Use of qw(...) as parentheses is deprecated at /home/sts/cpansmoke/perl-5.15.6/cpan/build/CSS-Prepare-v0.9.2.4-ArCK_A/blib/lib/CSS/Prepare/Property/Border.pm line 273.
Use of qw(...) as parentheses is deprecated at /home/sts/cpansmoke/perl-5.15.6/cpan/build/CSS-Prepare-v0.9.2.4-ArCK_A/blib/lib/CSS/Prepare/Property/Border.pm line 298.
Use of qw(...) as parentheses is deprecated at /home/sts/cpansmoke/perl-5.15.6/cpan/build/CSS-Prepare-v0.9.2.4-ArCK_A/blib/lib/CSS/Prepare/Property/Border.pm line 333.
Use of qw(...) as parentheses is deprecated at /home/sts/cpansmoke/perl-5.15.6/cpan/build/CSS-Prepare-v0.9.2.4-ArCK_A/blib/lib/CSS/Prepare/Property/Border.pm line 368.
Use of qw(...) as parentheses is deprecated at /home/sts/cpansmoke/perl-5.15.6/cpan/build/CSS-Prepare-v0.9.2.4-ArCK_A/blib/lib/CSS/Prepare/Property/Effects.pm line 42.
Use of qw(...) as parentheses is deprecated at /home/sts/cpansmoke/perl-5.15.6/cpan/build/CSS-Prepare-v0.9.2.4-ArCK_A/blib/lib/CSS/Prepare/Property/Formatting.pm line 41.
Use of qw(...) as parentheses is deprecated at /home/sts/cpansmoke/perl-5.15.6/cpan/build/CSS-Prepare-v0.9.2.4-ArCK_A/blib/lib/CSS/Prepare/Property/Formatting.pm line 79.
Use of qw(...) as parentheses is deprecated at /home/sts/cpansmoke/perl-5.15.6/cpan/build/CSS-Prepare-v0.9.2.4-ArCK_A/blib/lib/CSS/Prepare/Property/Generated.pm line 43.
Use of qw(...) as parentheses is deprecated at /home/sts/cpansmoke/perl-5.15.6/cpan/build/CSS-Prepare-v0.9.2.4-ArCK_A/blib/lib/CSS/Prepare/Property/Margin.pm line 42.
Use of qw(...) as parentheses is deprecated at /home/sts/cpansmoke/perl-5.15.6/cpan/build/CSS-Prepare-v0.9.2.4-ArCK_A/blib/lib/CSS/Prepare/Property/Margin.pm line 78.
Use of qw(...) as parentheses is deprecated at /home/sts/cpansmoke/perl-5.15.6/cpan/build/CSS-Prepare-v0.9.2.4-ArCK_A/blib/lib/CSS/Prepare/Property/Padding.pm line 42.
Use of qw(...) as parentheses is deprecated at /home/sts/cpansmoke/perl-5.15.6/cpan/build/CSS-Prepare-v0.9.2.4-ArCK_A/blib/lib/CSS/Prepare/Property/Padding.pm line 78.
t/04.ui.t ............... ok
Use of qw(...) as parentheses is deprecated at /home/sts/cpansmoke/perl-5.15.6/cpan/build/CSS-Prepare-v0.9.2.4-ArCK_A/blib/lib/CSS/Prepare/Property/Expansions.pm line 34.
Use of qw(...) as parentheses is deprecated at /home/sts/cpansmoke/perl-5.15.6/cpan/build/CSS-Prepare-v0.9.2.4-ArCK_A/blib/lib/CSS/Prepare/Property/Expansions.pm line 41.
Use of qw(...) as parentheses is deprecated at /home/sts/cpansmoke/perl-5.15.6/cpan/build/CSS-Prepare-v0.9.2.4-ArCK_A/blib/lib/CSS/Prepare/Property/Expansions.pm line 45.
Use of qw(...) as parentheses is deprecated at /home/sts/cpansmoke/perl-5.15.6/cpan/build/CSS-Prepare-v0.9.2.4-ArCK_A/blib/lib/CSS/Prepare/Property/Expansions.pm line 54.
Use of qw(...) as parentheses is deprecated at /home/sts/cpansmoke/perl-5.15.6/cpan/build/CSS-Prepare-v0.9.2.4-ArCK_A/blib/lib/CSS/Prepare/Property/Expansions.pm line 81.
Use of qw(...) as parentheses is deprecated at /home/sts/cpansmoke/perl-5.15.6/cpan/build/CSS-Prepare-v0.9.2.4-ArCK_A/blib/lib/CSS/Prepare/Property/Border.pm line 42.
Use of qw(...) as parentheses is deprecated at /home/sts/cpansmoke/perl-5.15.6/cpan/build/CSS-Prepare-v0.9.2.4-ArCK_A/blib/lib/CSS/Prepare/Property/Border.pm line 194.
Use of qw(...) as parentheses is deprecated at /home/sts/cpansmoke/perl-5.15.6/cpan/build/CSS-Prepare-v0.9.2.4-ArCK_A/blib/lib/CSS/Prepare/Property/Border.pm line 273.
Use of qw(...) as parentheses is deprecated at /home/sts/cpansmoke/perl-5.15.6/cpan/build/CSS-Prepare-v0.9.2.4-ArCK_A/blib/lib/CSS/Prepare/Property/Border.pm line 298.
Use of qw(...) as parentheses is deprecated at /home/sts/cpansmoke/perl-5.15.6/cpan/build/CSS-Prepare-v0.9.2.4-ArCK_A/blib/lib/CSS/Prepare/Property/Border.pm line 333.
Use of qw(...) as parentheses is deprecated at /home/sts/cpansmoke/perl-5.15.6/cpan/build/CSS-Prepare-v0.9.2.4-ArCK_A/blib/lib/CSS/Prepare/Property/Border.pm line 368.
Use of qw(...) as parentheses is deprecated at /home/sts/cpansmoke/perl-5.15.6/cpan/build/CSS-Prepare-v0.9.2.4-ArCK_A/blib/lib/CSS/Prepare/Property/Effects.pm line 42.
Use of qw(...) as parentheses is deprecated at /home/sts/cpansmoke/perl-5.15.6/cpan/build/CSS-Prepare-v0.9.2.4-ArCK_A/blib/lib/CSS/Prepare/Property/Formatting.pm line 41.
Use of qw(...) as parentheses is deprecated at /home/sts/cpansmoke/perl-5.15.6/cpan/build/CSS-Prepare-v0.9.2.4-ArCK_A/blib/lib/CSS/Prepare/Property/Formatting.pm line 79.
Use of qw(...) as parentheses is deprecated at /home/sts/cpansmoke/perl-5.15.6/cpan/build/CSS-Prepare-v0.9.2.4-ArCK_A/blib/lib/CSS/Prepare/Property/Generated.pm line 43.
Use of qw(...) as parentheses is deprecated at /home/sts/cpansmoke/perl-5.15.6/cpan/build/CSS-Prepare-v0.9.2.4-ArCK_A/blib/lib/CSS/Prepare/Property/Margin.pm line 42.
Use of qw(...) as parentheses is deprecated at /home/sts/cpansmoke/perl-5.15.6/cpan/build/CSS-Prepare-v0.9.2.4-ArCK_A/blib/lib/CSS/Prepare/Property/Margin.pm line 78.
Use of qw(...) as parentheses is deprecated at /home/sts/cpansmoke/perl-5.15.6/cpan/build/CSS-Prepare-v0.9.2.4-ArCK_A/blib/lib/CSS/Prepare/Property/Padding.pm line 42.
Use of qw(...) as parentheses is deprecated at /home/sts/cpansmoke/perl-5.15.6/cpan/build/CSS-Prepare-v0.9.2.4-ArCK_A/blib/lib/CSS/Prepare/Property/Padding.pm line 78.
t/04.vendor.t ........... ok
Use of qw(...) as parentheses is deprecated at /home/sts/cpansmoke/perl-5.15.6/cpan/build/CSS-Prepare-v0.9.2.4-ArCK_A/blib/lib/CSS/Prepare/Property/Expansions.pm line 34.
Use of qw(...) as parentheses is deprecated at /home/sts/cpansmoke/perl-5.15.6/cpan/build/CSS-Prepare-v0.9.2.4-ArCK_A/blib/lib/CSS/Prepare/Property/Expansions.pm line 41.
Use of qw(...) as parentheses is deprecated at /home/sts/cpansmoke/perl-5.15.6/cpan/build/CSS-Prepare-v0.9.2.4-ArCK_A/blib/lib/CSS/Prepare/Property/Expansions.pm line 45.
Use of qw(...) as parentheses is deprecated at /home/sts/cpansmoke/perl-5.15.6/cpan/build/CSS-Prepare-v0.9.2.4-ArCK_A/blib/lib/CSS/Prepare/Property/Expansions.pm line 54.
Use of qw(...) as parentheses is deprecated at /home/sts/cpansmoke/perl-5.15.6/cpan/build/CSS-Prepare-v0.9.2.4-ArCK_A/blib/lib/CSS/Prepare/Property/Expansions.pm line 81.
Use of qw(...) as parentheses is deprecated at /home/sts/cpansmoke/perl-5.15.6/cpan/build/CSS-Prepare-v0.9.2.4-ArCK_A/blib/lib/CSS/Prepare/Property/Border.pm line 42.
Use of qw(...) as parentheses is deprecated at /home/sts/cpansmoke/perl-5.15.6/cpan/build/CSS-Prepare-v0.9.2.4-ArCK_A/blib/lib/CSS/Prepare/Property/Border.pm line 194.
Use of qw(...) as parentheses is deprecated at /home/sts/cpansmoke/perl-5.15.6/cpan/build/CSS-Prepare-v0.9.2.4-ArCK_A/blib/lib/CSS/Prepare/Property/Border.pm line 273.
Use of qw(...) as parentheses is deprecated at /home/sts/cpansmoke/perl-5.15.6/cpan/build/CSS-Prepare-v0.9.2.4-ArCK_A/blib/lib/CSS/Prepare/Property/Border.pm line 298.
Use of qw(...) as parentheses is deprecated at /home/sts/cpansmoke/perl-5.15.6/cpan/build/CSS-Prepare-v0.9.2.4-ArCK_A/blib/lib/CSS/Prepare/Property/Border.pm line 333.
Use of qw(...) as parentheses is deprecated at /home/sts/cpansmoke/perl-5.15.6/cpan/build/CSS-Prepare-v0.9.2.4-ArCK_A/blib/lib/CSS/Prepare/Property/Border.pm line 368.
Use of qw(...) as parentheses is deprecated at /home/sts/cpansmoke/perl-5.15.6/cpan/build/CSS-Prepare-v0.9.2.4-ArCK_A/blib/lib/CSS/Prepare/Property/Effects.pm line 42.
Use of qw(...) as parentheses is deprecated at /home/sts/cpansmoke/perl-5.15.6/cpan/build/CSS-Prepare-v0.9.2.4-ArCK_A/blib/lib/CSS/Prepare/Property/Formatting.pm line 41.
Use of qw(...) as parentheses is deprecated at /home/sts/cpansmoke/perl-5.15.6/cpan/build/CSS-Prepare-v0.9.2.4-ArCK_A/blib/lib/CSS/Prepare/Property/Formatting.pm line 79.
Use of qw(...) as parentheses is deprecated at /home/sts/cpansmoke/perl-5.15.6/cpan/build/CSS-Prepare-v0.9.2.4-ArCK_A/blib/lib/CSS/Prepare/Property/Generated.pm line 43.
Use of qw(...) as parentheses is deprecated at /home/sts/cpansmoke/perl-5.15.6/cpan/build/CSS-Prepare-v0.9.2.4-ArCK_A/blib/lib/CSS/Prepare/Property/Margin.pm line 42.
Use of qw(...) as parentheses is deprecated at /home/sts/cpansmoke/perl-5.15.6/cpan/build/CSS-Prepare-v0.9.2.4-ArCK_A/blib/lib/CSS/Prepare/Property/Margin.pm line 78.
Use of qw(...) as parentheses is deprecated at /home/sts/cpansmoke/perl-5.15.6/cpan/build/CSS-Prepare-v0.9.2.4-ArCK_A/blib/lib/CSS/Prepare/Property/Padding.pm line 42.
Use of qw(...) as parentheses is deprecated at /home/sts/cpansmoke/perl-5.15.6/cpan/build/CSS-Prepare-v0.9.2.4-ArCK_A/blib/lib/CSS/Prepare/Property/Padding.pm line 78.
t/05.basic.t ............ ok
Use of qw(...) as parentheses is deprecated at /home/sts/cpansmoke/perl-5.15.6/cpan/build/CSS-Prepare-v0.9.2.4-ArCK_A/blib/lib/CSS/Prepare/Property/Expansions.pm line 34.
Use of qw(...) as parentheses is deprecated at /home/sts/cpansmoke/perl-5.15.6/cpan/build/CSS-Prepare-v0.9.2.4-ArCK_A/blib/lib/CSS/Prepare/Property/Expansions.pm line 41.
Use of qw(...) as parentheses is deprecated at /home/sts/cpansmoke/perl-5.15.6/cpan/build/CSS-Prepare-v0.9.2.4-ArCK_A/blib/lib/CSS/Prepare/Property/Expansions.pm line 45.
Use of qw(...) as parentheses is deprecated at /home/sts/cpansmoke/perl-5.15.6/cpan/build/CSS-Prepare-v0.9.2.4-ArCK_A/blib/lib/CSS/Prepare/Property/Expansions.pm line 54.
Use of qw(...) as parentheses is deprecated at /home/sts/cpansmoke/perl-5.15.6/cpan/build/CSS-Prepare-v0.9.2.4-ArCK_A/blib/lib/CSS/Prepare/Property/Expansions.pm line 81.
Use of qw(...) as parentheses is deprecated at /home/sts/cpansmoke/perl-5.15.6/cpan/build/CSS-Prepare-v0.9.2.4-ArCK_A/blib/lib/CSS/Prepare/Property/Border.pm line 42.
Use of qw(...) as parentheses is deprecated at /home/sts/cpansmoke/perl-5.15.6/cpan/build/CSS-Prepare-v0.9.2.4-ArCK_A/blib/lib/CSS/Prepare/Property/Border.pm line 194.
Use of qw(...) as parentheses is deprecated at /home/sts/cpansmoke/perl-5.15.6/cpan/build/CSS-Prepare-v0.9.2.4-ArCK_A/blib/lib/CSS/Prepare/Property/Border.pm line 273.
Use of qw(...) as parentheses is deprecated at /home/sts/cpansmoke/perl-5.15.6/cpan/build/CSS-Prepare-v0.9.2.4-ArCK_A/blib/lib/CSS/Prepare/Property/Border.pm line 298.
Use of qw(...) as parentheses is deprecated at /home/sts/cpansmoke/perl-5.15.6/cpan/build/CSS-Prepare-v0.9.2.4-ArCK_A/blib/lib/CSS/Prepare/Property/Border.pm line 333.
Use of qw(...) as parentheses is deprecated at /home/sts/cpansmoke/perl-5.15.6/cpan/build/CSS-Prepare-v0.9.2.4-ArCK_A/blib/lib/CSS/Prepare/Property/Border.pm line 368.
Use of qw(...) as parentheses is deprecated at /home/sts/cpansmoke/perl-5.15.6/cpan/build/CSS-Prepare-v0.9.2.4-ArCK_A/blib/lib/CSS/Prepare/Property/Effects.pm line 42.
Use of qw(...) as parentheses is deprecated at /home/sts/cpansmoke/perl-5.15.6/cpan/build/CSS-Prepare-v0.9.2.4-ArCK_A/blib/lib/CSS/Prepare/Property/Formatting.pm line 41.
Use of qw(...) as parentheses is deprecated at /home/sts/cpansmoke/perl-5.15.6/cpan/build/CSS-Prepare-v0.9.2.4-ArCK_A/blib/lib/CSS/Prepare/Property/Formatting.pm line 79.
Use of qw(...) as parentheses is deprecated at /home/sts/cpansmoke/perl-5.15.6/cpan/build/CSS-Prepare-v0.9.2.4-ArCK_A/blib/lib/CSS/Prepare/Property/Generated.pm line 43.
Use of qw(...) as parentheses is deprecated at /home/sts/cpansmoke/perl-5.15.6/cpan/build/CSS-Prepare-v0.9.2.4-ArCK_A/blib/lib/CSS/Prepare/Property/Margin.pm line 42.
Use of qw(...) as parentheses is deprecated at /home/sts/cpansmoke/perl-5.15.6/cpan/build/CSS-Prepare-v0.9.2.4-ArCK_A/blib/lib/CSS/Prepare/Property/Margin.pm line 78.
Use of qw(...) as parentheses is deprecated at /home/sts/cpansmoke/perl-5.15.6/cpan/build/CSS-Prepare-v0.9.2.4-ArCK_A/blib/lib/CSS/Prepare/Property/Padding.pm line 42.
Use of qw(...) as parentheses is deprecated at /home/sts/cpansmoke/perl-5.15.6/cpan/build/CSS-Prepare-v0.9.2.4-ArCK_A/blib/lib/CSS/Prepare/Property/Padding.pm line 78.
# Failed test 'HTTP::Lite or LWP::UserAgent not found'
# at t/05.combining.t line 16.
# Failed test at t/05.combining.t line 131.
# Failed test at t/05.combining.t line 154.
# Looks like you planned 9 tests but ran 10.
# Looks like you failed 3 tests of 10 run.
t/05.combining.t ........
Dubious, test returned 3 (wstat 768, 0x300)
Failed 3/9 subtests
Use of qw(...) as parentheses is deprecated at /home/sts/cpansmoke/perl-5.15.6/cpan/build/CSS-Prepare-v0.9.2.4-ArCK_A/blib/lib/CSS/Prepare/Property/Expansions.pm line 34.
Use of qw(...) as parentheses is deprecated at /home/sts/cpansmoke/perl-5.15.6/cpan/build/CSS-Prepare-v0.9.2.4-ArCK_A/blib/lib/CSS/Prepare/Property/Expansions.pm line 41.
Use of qw(...) as parentheses is deprecated at /home/sts/cpansmoke/perl-5.15.6/cpan/build/CSS-Prepare-v0.9.2.4-ArCK_A/blib/lib/CSS/Prepare/Property/Expansions.pm line 45.
Use of qw(...) as parentheses is deprecated at /home/sts/cpansmoke/perl-5.15.6/cpan/build/CSS-Prepare-v0.9.2.4-ArCK_A/blib/lib/CSS/Prepare/Property/Expansions.pm line 54.
Use of qw(...) as parentheses is deprecated at /home/sts/cpansmoke/perl-5.15.6/cpan/build/CSS-Prepare-v0.9.2.4-ArCK_A/blib/lib/CSS/Prepare/Property/Expansions.pm line 81.
Use of qw(...) as parentheses is deprecated at /home/sts/cpansmoke/perl-5.15.6/cpan/build/CSS-Prepare-v0.9.2.4-ArCK_A/blib/lib/CSS/Prepare/Property/Border.pm line 42.
Use of qw(...) as parentheses is deprecated at /home/sts/cpansmoke/perl-5.15.6/cpan/build/CSS-Prepare-v0.9.2.4-ArCK_A/blib/lib/CSS/Prepare/Property/Border.pm line 194.
Use of qw(...) as parentheses is deprecated at /home/sts/cpansmoke/perl-5.15.6/cpan/build/CSS-Prepare-v0.9.2.4-ArCK_A/blib/lib/CSS/Prepare/Property/Border.pm line 273.
Use of qw(...) as parentheses is deprecated at /home/sts/cpansmoke/perl-5.15.6/cpan/build/CSS-Prepare-v0.9.2.4-ArCK_A/blib/lib/CSS/Prepare/Property/Border.pm line 298.
Use of qw(...) as parentheses is deprecated at /home/sts/cpansmoke/perl-5.15.6/cpan/build/CSS-Prepare-v0.9.2.4-ArCK_A/blib/lib/CSS/Prepare/Property/Border.pm line 333.
Use of qw(...) as parentheses is deprecated at /home/sts/cpansmoke/perl-5.15.6/cpan/build/CSS-Prepare-v0.9.2.4-ArCK_A/blib/lib/CSS/Prepare/Property/Border.pm line 368.
Use of qw(...) as parentheses is deprecated at /home/sts/cpansmoke/perl-5.15.6/cpan/build/CSS-Prepare-v0.9.2.4-ArCK_A/blib/lib/CSS/Prepare/Property/Effects.pm line 42.
Use of qw(...) as parentheses is deprecated at /home/sts/cpansmoke/perl-5.15.6/cpan/build/CSS-Prepare-v0.9.2.4-ArCK_A/blib/lib/CSS/Prepare/Property/Formatting.pm line 41.
Use of qw(...) as parentheses is deprecated at /home/sts/cpansmoke/perl-5.15.6/cpan/build/CSS-Prepare-v0.9.2.4-ArCK_A/blib/lib/CSS/Prepare/Property/Formatting.pm line 79.
Use of qw(...) as parentheses is deprecated at /home/sts/cpansmoke/perl-5.15.6/cpan/build/CSS-Prepare-v0.9.2.4-ArCK_A/blib/lib/CSS/Prepare/Property/Generated.pm line 43.
Use of qw(...) as parentheses is deprecated at /home/sts/cpansmoke/perl-5.15.6/cpan/build/CSS-Prepare-v0.9.2.4-ArCK_A/blib/lib/CSS/Prepare/Property/Margin.pm line 42.
Use of qw(...) as parentheses is deprecated at /home/sts/cpansmoke/perl-5.15.6/cpan/build/CSS-Prepare-v0.9.2.4-ArCK_A/blib/lib/CSS/Prepare/Property/Margin.pm line 78.
Use of qw(...) as parentheses is deprecated at /home/sts/cpansmoke/perl-5.15.6/cpan/build/CSS-Prepare-v0.9.2.4-ArCK_A/blib/lib/CSS/Prepare/Property/Padding.pm line 42.
Use of qw(...) as parentheses is deprecated at /home/sts/cpansmoke/perl-5.15.6/cpan/build/CSS-Prepare-v0.9.2.4-ArCK_A/blib/lib/CSS/Prepare/Property/Padding.pm line 78.
t/05.files.t ............ ok
Use of qw(...) as parentheses is deprecated at /home/sts/cpansmoke/perl-5.15.6/cpan/build/CSS-Prepare-v0.9.2.4-ArCK_A/blib/lib/CSS/Prepare/Property/Expansions.pm line 34.
Use of qw(...) as parentheses is deprecated at /home/sts/cpansmoke/perl-5.15.6/cpan/build/CSS-Prepare-v0.9.2.4-ArCK_A/blib/lib/CSS/Prepare/Property/Expansions.pm line 41.
Use of qw(...) as parentheses is deprecated at /home/sts/cpansmoke/perl-5.15.6/cpan/build/CSS-Prepare-v0.9.2.4-ArCK_A/blib/lib/CSS/Prepare/Property/Expansions.pm line 45.
Use of qw(...) as parentheses is deprecated at /home/sts/cpansmoke/perl-5.15.6/cpan/build/CSS-Prepare-v0.9.2.4-ArCK_A/blib/lib/CSS/Prepare/Property/Expansions.pm line 54.
Use of qw(...) as parentheses is deprecated at /home/sts/cpansmoke/perl-5.15.6/cpan/build/CSS-Prepare-v0.9.2.4-ArCK_A/blib/lib/CSS/Prepare/Property/Expansions.pm line 81.
Use of qw(...) as parentheses is deprecated at /home/sts/cpansmoke/perl-5.15.6/cpan/build/CSS-Prepare-v0.9.2.4-ArCK_A/blib/lib/CSS/Prepare/Property/Border.pm line 42.
Use of qw(...) as parentheses is deprecated at /home/sts/cpansmoke/perl-5.15.6/cpan/build/CSS-Prepare-v0.9.2.4-ArCK_A/blib/lib/CSS/Prepare/Property/Border.pm line 194.
Use of qw(...) as parentheses is deprecated at /home/sts/cpansmoke/perl-5.15.6/cpan/build/CSS-Prepare-v0.9.2.4-ArCK_A/blib/lib/CSS/Prepare/Property/Border.pm line 273.
Use of qw(...) as parentheses is deprecated at /home/sts/cpansmoke/perl-5.15.6/cpan/build/CSS-Prepare-v0.9.2.4-ArCK_A/blib/lib/CSS/Prepare/Property/Border.pm line 298.
Use of qw(...) as parentheses is deprecated at /home/sts/cpansmoke/perl-5.15.6/cpan/build/CSS-Prepare-v0.9.2.4-ArCK_A/blib/lib/CSS/Prepare/Property/Border.pm line 333.
Use of qw(...) as parentheses is deprecated at /home/sts/cpansmoke/perl-5.15.6/cpan/build/CSS-Prepare-v0.9.2.4-ArCK_A/blib/lib/CSS/Prepare/Property/Border.pm line 368.
Use of qw(...) as parentheses is deprecated at /home/sts/cpansmoke/perl-5.15.6/cpan/build/CSS-Prepare-v0.9.2.4-ArCK_A/blib/lib/CSS/Prepare/Property/Effects.pm line 42.
Use of qw(...) as parentheses is deprecated at /home/sts/cpansmoke/perl-5.15.6/cpan/build/CSS-Prepare-v0.9.2.4-ArCK_A/blib/lib/CSS/Prepare/Property/Formatting.pm line 41.
Use of qw(...) as parentheses is deprecated at /home/sts/cpansmoke/perl-5.15.6/cpan/build/CSS-Prepare-v0.9.2.4-ArCK_A/blib/lib/CSS/Prepare/Property/Formatting.pm line 79.
Use of qw(...) as parentheses is deprecated at /home/sts/cpansmoke/perl-5.15.6/cpan/build/CSS-Prepare-v0.9.2.4-ArCK_A/blib/lib/CSS/Prepare/Property/Generated.pm line 43.
Use of qw(...) as parentheses is deprecated at /home/sts/cpansmoke/perl-5.15.6/cpan/build/CSS-Prepare-v0.9.2.4-ArCK_A/blib/lib/CSS/Prepare/Property/Margin.pm line 42.
Use of qw(...) as parentheses is deprecated at /home/sts/cpansmoke/perl-5.15.6/cpan/build/CSS-Prepare-v0.9.2.4-ArCK_A/blib/lib/CSS/Prepare/Property/Margin.pm line 78.
Use of qw(...) as parentheses is deprecated at /home/sts/cpansmoke/perl-5.15.6/cpan/build/CSS-Prepare-v0.9.2.4-ArCK_A/blib/lib/CSS/Prepare/Property/Padding.pm line 42.
Use of qw(...) as parentheses is deprecated at /home/sts/cpansmoke/perl-5.15.6/cpan/build/CSS-Prepare-v0.9.2.4-ArCK_A/blib/lib/CSS/Prepare/Property/Padding.pm line 78.
# Failed test 'HTTP::Lite or LWP::UserAgent not found'
# at t/05.yui-fonts.t line 22.
# Failed test at t/05.yui-fonts.t line 49.
# Structures begin differing at:
# $got->[0] = HASH(0xbb942040)
# $expected->[0] = Does not exist
# Failed test at t/05.yui-fonts.t line 53.
# Looks like you planned 2 tests but ran 3.
# Looks like you failed 3 tests of 3 run.
t/05.yui-fonts.t ........
Dubious, test returned 3 (wstat 768, 0x300)
Failed 2/2 subtests
Use of qw(...) as parentheses is deprecated at /home/sts/cpansmoke/perl-5.15.6/cpan/build/CSS-Prepare-v0.9.2.4-ArCK_A/blib/lib/CSS/Prepare/Property/Expansions.pm line 34.
Use of qw(...) as parentheses is deprecated at /home/sts/cpansmoke/perl-5.15.6/cpan/build/CSS-Prepare-v0.9.2.4-ArCK_A/blib/lib/CSS/Prepare/Property/Expansions.pm line 41.
Use of qw(...) as parentheses is deprecated at /home/sts/cpansmoke/perl-5.15.6/cpan/build/CSS-Prepare-v0.9.2.4-ArCK_A/blib/lib/CSS/Prepare/Property/Expansions.pm line 45.
Use of qw(...) as parentheses is deprecated at /home/sts/cpansmoke/perl-5.15.6/cpan/build/CSS-Prepare-v0.9.2.4-ArCK_A/blib/lib/CSS/Prepare/Property/Expansions.pm line 54.
Use of qw(...) as parentheses is deprecated at /home/sts/cpansmoke/perl-5.15.6/cpan/build/CSS-Prepare-v0.9.2.4-ArCK_A/blib/lib/CSS/Prepare/Property/Expansions.pm line 81.
Use of qw(...) as parentheses is deprecated at /home/sts/cpansmoke/perl-5.15.6/cpan/build/CSS-Prepare-v0.9.2.4-ArCK_A/blib/lib/CSS/Prepare/Property/Border.pm line 42.
Use of qw(...) as parentheses is deprecated at /home/sts/cpansmoke/perl-5.15.6/cpan/build/CSS-Prepare-v0.9.2.4-ArCK_A/blib/lib/CSS/Prepare/Property/Border.pm line 194.
Use of qw(...) as parentheses is deprecated at /home/sts/cpansmoke/perl-5.15.6/cpan/build/CSS-Prepare-v0.9.2.4-ArCK_A/blib/lib/CSS/Prepare/Property/Border.pm line 273.
Use of qw(...) as parentheses is deprecated at /home/sts/cpansmoke/perl-5.15.6/cpan/build/CSS-Prepare-v0.9.2.4-ArCK_A/blib/lib/CSS/Prepare/Property/Border.pm line 298.
Use of qw(...) as parentheses is deprecated at /home/sts/cpansmoke/perl-5.15.6/cpan/build/CSS-Prepare-v0.9.2.4-ArCK_A/blib/lib/CSS/Prepare/Property/Border.pm line 333.
Use of qw(...) as parentheses is deprecated at /home/sts/cpansmoke/perl-5.15.6/cpan/build/CSS-Prepare-v0.9.2.4-ArCK_A/blib/lib/CSS/Prepare/Property/Border.pm line 368.
Use of qw(...) as parentheses is deprecated at /home/sts/cpansmoke/perl-5.15.6/cpan/build/CSS-Prepare-v0.9.2.4-ArCK_A/blib/lib/CSS/Prepare/Property/Effects.pm line 42.
Use of qw(...) as parentheses is deprecated at /home/sts/cpansmoke/perl-5.15.6/cpan/build/CSS-Prepare-v0.9.2.4-ArCK_A/blib/lib/CSS/Prepare/Property/Formatting.pm line 41.
Use of qw(...) as parentheses is deprecated at /home/sts/cpansmoke/perl-5.15.6/cpan/build/CSS-Prepare-v0.9.2.4-ArCK_A/blib/lib/CSS/Prepare/Property/Formatting.pm line 79.
Use of qw(...) as parentheses is deprecated at /home/sts/cpansmoke/perl-5.15.6/cpan/build/CSS-Prepare-v0.9.2.4-ArCK_A/blib/lib/CSS/Prepare/Property/Generated.pm line 43.
Use of qw(...) as parentheses is deprecated at /home/sts/cpansmoke/perl-5.15.6/cpan/build/CSS-Prepare-v0.9.2.4-ArCK_A/blib/lib/CSS/Prepare/Property/Margin.pm line 42.
Use of qw(...) as parentheses is deprecated at /home/sts/cpansmoke/perl-5.15.6/cpan/build/CSS-Prepare-v0.9.2.4-ArCK_A/blib/lib/CSS/Prepare/Property/Margin.pm line 78.
Use of qw(...) as parentheses is deprecated at /home/sts/cpansmoke/perl-5.15.6/cpan/build/CSS-Prepare-v0.9.2.4-ArCK_A/blib/lib/CSS/Prepare/Property/Padding.pm line 42.
Use of qw(...) as parentheses is deprecated at /home/sts/cpansmoke/perl-5.15.6/cpan/build/CSS-Prepare-v0.9.2.4-ArCK_A/blib/lib/CSS/Prepare/Property/Padding.pm line 78.
# Failed test 'HTTP::Lite or LWP::UserAgent not found'
# at t/05.yui-grids.t line 22.
# Failed test at t/05.yui-grids.t line 107.
# Structures begin differing at:
# $got->[0] = HASH(0xbb942040)
# $expected->[0] = Does not exist
# Failed test at t/05.yui-grids.t line 111.
# Looks like you planned 2 tests but ran 3.
# Looks like you failed 3 tests of 3 run.
t/05.yui-grids.t ........
Dubious, test returned 3 (wstat 768, 0x300)
Failed 2/2 subtests
Use of qw(...) as parentheses is deprecated at /home/sts/cpansmoke/perl-5.15.6/cpan/build/CSS-Prepare-v0.9.2.4-ArCK_A/blib/lib/CSS/Prepare/Property/Expansions.pm line 34.
Use of qw(...) as parentheses is deprecated at /home/sts/cpansmoke/perl-5.15.6/cpan/build/CSS-Prepare-v0.9.2.4-ArCK_A/blib/lib/CSS/Prepare/Property/Expansions.pm line 41.
Use of qw(...) as parentheses is deprecated at /home/sts/cpansmoke/perl-5.15.6/cpan/build/CSS-Prepare-v0.9.2.4-ArCK_A/blib/lib/CSS/Prepare/Property/Expansions.pm line 45.
Use of qw(...) as parentheses is deprecated at /home/sts/cpansmoke/perl-5.15.6/cpan/build/CSS-Prepare-v0.9.2.4-ArCK_A/blib/lib/CSS/Prepare/Property/Expansions.pm line 54.
Use of qw(...) as parentheses is deprecated at /home/sts/cpansmoke/perl-5.15.6/cpan/build/CSS-Prepare-v0.9.2.4-ArCK_A/blib/lib/CSS/Prepare/Property/Expansions.pm line 81.
Use of qw(...) as parentheses is deprecated at /home/sts/cpansmoke/perl-5.15.6/cpan/build/CSS-Prepare-v0.9.2.4-ArCK_A/blib/lib/CSS/Prepare/Property/Border.pm line 42.
Use of qw(...) as parentheses is deprecated at /home/sts/cpansmoke/perl-5.15.6/cpan/build/CSS-Prepare-v0.9.2.4-ArCK_A/blib/lib/CSS/Prepare/Property/Border.pm line 194.
Use of qw(...) as parentheses is deprecated at /home/sts/cpansmoke/perl-5.15.6/cpan/build/CSS-Prepare-v0.9.2.4-ArCK_A/blib/lib/CSS/Prepare/Property/Border.pm line 273.
Use of qw(...) as parentheses is deprecated at /home/sts/cpansmoke/perl-5.15.6/cpan/build/CSS-Prepare-v0.9.2.4-ArCK_A/blib/lib/CSS/Prepare/Property/Border.pm line 298.
Use of qw(...) as parentheses is deprecated at /home/sts/cpansmoke/perl-5.15.6/cpan/build/CSS-Prepare-v0.9.2.4-ArCK_A/blib/lib/CSS/Prepare/Property/Border.pm line 333.
Use of qw(...) as parentheses is deprecated at /home/sts/cpansmoke/perl-5.15.6/cpan/build/CSS-Prepare-v0.9.2.4-ArCK_A/blib/lib/CSS/Prepare/Property/Border.pm line 368.
Use of qw(...) as parentheses is deprecated at /home/sts/cpansmoke/perl-5.15.6/cpan/build/CSS-Prepare-v0.9.2.4-ArCK_A/blib/lib/CSS/Prepare/Property/Effects.pm line 42.
Use of qw(...) as parentheses is deprecated at /home/sts/cpansmoke/perl-5.15.6/cpan/build/CSS-Prepare-v0.9.2.4-ArCK_A/blib/lib/CSS/Prepare/Property/Formatting.pm line 41.
Use of qw(...) as parentheses is deprecated at /home/sts/cpansmoke/perl-5.15.6/cpan/build/CSS-Prepare-v0.9.2.4-ArCK_A/blib/lib/CSS/Prepare/Property/Formatting.pm line 79.
Use of qw(...) as parentheses is deprecated at /home/sts/cpansmoke/perl-5.15.6/cpan/build/CSS-Prepare-v0.9.2.4-ArCK_A/blib/lib/CSS/Prepare/Property/Generated.pm line 43.
Use of qw(...) as parentheses is deprecated at /home/sts/cpansmoke/perl-5.15.6/cpan/build/CSS-Prepare-v0.9.2.4-ArCK_A/blib/lib/CSS/Prepare/Property/Margin.pm line 42.
Use of qw(...) as parentheses is deprecated at /home/sts/cpansmoke/perl-5.15.6/cpan/build/CSS-Prepare-v0.9.2.4-ArCK_A/blib/lib/CSS/Prepare/Property/Margin.pm line 78.
Use of qw(...) as parentheses is deprecated at /home/sts/cpansmoke/perl-5.15.6/cpan/build/CSS-Prepare-v0.9.2.4-ArCK_A/blib/lib/CSS/Prepare/Property/Padding.pm line 42.
Use of qw(...) as parentheses is deprecated at /home/sts/cpansmoke/perl-5.15.6/cpan/build/CSS-Prepare-v0.9.2.4-ArCK_A/blib/lib/CSS/Prepare/Property/Padding.pm line 78.
# Failed test 'HTTP::Lite or LWP::UserAgent not found'
# at t/05.yui-reset.t line 22.
# Failed test at t/05.yui-reset.t line 62.
# Looks like you planned 2 tests but ran 3.
# Looks like you failed 2 tests of 3 run.
t/05.yui-reset.t ........
Dubious, test returned 2 (wstat 512, 0x200)
Failed 1/2 subtests
Use of qw(...) as parentheses is deprecated at /home/sts/cpansmoke/perl-5.15.6/cpan/build/CSS-Prepare-v0.9.2.4-ArCK_A/blib/lib/CSS/Prepare/Property/Expansions.pm line 34.
Use of qw(...) as parentheses is deprecated at /home/sts/cpansmoke/perl-5.15.6/cpan/build/CSS-Prepare-v0.9.2.4-ArCK_A/blib/lib/CSS/Prepare/Property/Expansions.pm line 41.
Use of qw(...) as parentheses is deprecated at /home/sts/cpansmoke/perl-5.15.6/cpan/build/CSS-Prepare-v0.9.2.4-ArCK_A/blib/lib/CSS/Prepare/Property/Expansions.pm line 45.
Use of qw(...) as parentheses is deprecated at /home/sts/cpansmoke/perl-5.15.6/cpan/build/CSS-Prepare-v0.9.2.4-ArCK_A/blib/lib/CSS/Prepare/Property/Expansions.pm line 54.
Use of qw(...) as parentheses is deprecated at /home/sts/cpansmoke/perl-5.15.6/cpan/build/CSS-Prepare-v0.9.2.4-ArCK_A/blib/lib/CSS/Prepare/Property/Expansions.pm line 81.
Use of qw(...) as parentheses is deprecated at /home/sts/cpansmoke/perl-5.15.6/cpan/build/CSS-Prepare-v0.9.2.4-ArCK_A/blib/lib/CSS/Prepare/Property/Border.pm line 42.
Use of qw(...) as parentheses is deprecated at /home/sts/cpansmoke/perl-5.15.6/cpan/build/CSS-Prepare-v0.9.2.4-ArCK_A/blib/lib/CSS/Prepare/Property/Border.pm line 194.
Use of qw(...) as parentheses is deprecated at /home/sts/cpansmoke/perl-5.15.6/cpan/build/CSS-Prepare-v0.9.2.4-ArCK_A/blib/lib/CSS/Prepare/Property/Border.pm line 273.
Use of qw(...) as parentheses is deprecated at /home/sts/cpansmoke/perl-5.15.6/cpan/build/CSS-Prepare-v0.9.2.4-ArCK_A/blib/lib/CSS/Prepare/Property/Border.pm line 298.
Use of qw(...) as parentheses is deprecated at /home/sts/cpansmoke/perl-5.15.6/cpan/build/CSS-Prepare-v0.9.2.4-ArCK_A/blib/lib/CSS/Prepare/Property/Border.pm line 333.
Use of qw(...) as parentheses is deprecated at /home/sts/cpansmoke/perl-5.15.6/cpan/build/CSS-Prepare-v0.9.2.4-ArCK_A/blib/lib/CSS/Prepare/Property/Border.pm line 368.
Use of qw(...) as parentheses is deprecated at /home/sts/cpansmoke/perl-5.15.6/cpan/build/CSS-Prepare-v0.9.2.4-ArCK_A/blib/lib/CSS/Prepare/Property/Effects.pm line 42.
Use of qw(...) as parentheses is deprecated at /home/sts/cpansmoke/perl-5.15.6/cpan/build/CSS-Prepare-v0.9.2.4-ArCK_A/blib/lib/CSS/Prepare/Property/Formatting.pm line 41.
Use of qw(...) as parentheses is deprecated at /home/sts/cpansmoke/perl-5.15.6/cpan/build/CSS-Prepare-v0.9.2.4-ArCK_A/blib/lib/CSS/Prepare/Property/Formatting.pm line 79.
Use of qw(...) as parentheses is deprecated at /home/sts/cpansmoke/perl-5.15.6/cpan/build/CSS-Prepare-v0.9.2.4-ArCK_A/blib/lib/CSS/Prepare/Property/Generated.pm line 43.
Use of qw(...) as parentheses is deprecated at /home/sts/cpansmoke/perl-5.15.6/cpan/build/CSS-Prepare-v0.9.2.4-ArCK_A/blib/lib/CSS/Prepare/Property/Margin.pm line 42.
Use of qw(...) as parentheses is deprecated at /home/sts/cpansmoke/perl-5.15.6/cpan/build/CSS-Prepare-v0.9.2.4-ArCK_A/blib/lib/CSS/Prepare/Property/Margin.pm line 78.
Use of qw(...) as parentheses is deprecated at /home/sts/cpansmoke/perl-5.15.6/cpan/build/CSS-Prepare-v0.9.2.4-ArCK_A/blib/lib/CSS/Prepare/Property/Padding.pm line 42.
Use of qw(...) as parentheses is deprecated at /home/sts/cpansmoke/perl-5.15.6/cpan/build/CSS-Prepare-v0.9.2.4-ArCK_A/blib/lib/CSS/Prepare/Property/Padding.pm line 78.
t/06.basic.t ............ ok
Use of qw(...) as parentheses is deprecated at /home/sts/cpansmoke/perl-5.15.6/cpan/build/CSS-Prepare-v0.9.2.4-ArCK_A/blib/lib/CSS/Prepare/Property/Expansions.pm line 34.
Use of qw(...) as parentheses is deprecated at /home/sts/cpansmoke/perl-5.15.6/cpan/build/CSS-Prepare-v0.9.2.4-ArCK_A/blib/lib/CSS/Prepare/Property/Expansions.pm line 41.
Use of qw(...) as parentheses is deprecated at /home/sts/cpansmoke/perl-5.15.6/cpan/build/CSS-Prepare-v0.9.2.4-ArCK_A/blib/lib/CSS/Prepare/Property/Expansions.pm line 45.
Use of qw(...) as parentheses is deprecated at /home/sts/cpansmoke/perl-5.15.6/cpan/build/CSS-Prepare-v0.9.2.4-ArCK_A/blib/lib/CSS/Prepare/Property/Expansions.pm line 54.
Use of qw(...) as parentheses is deprecated at /home/sts/cpansmoke/perl-5.15.6/cpan/build/CSS-Prepare-v0.9.2.4-ArCK_A/blib/lib/CSS/Prepare/Property/Expansions.pm line 81.
Use of qw(...) as parentheses is deprecated at /home/sts/cpansmoke/perl-5.15.6/cpan/build/CSS-Prepare-v0.9.2.4-ArCK_A/blib/lib/CSS/Prepare/Property/Border.pm line 42.
Use of qw(...) as parentheses is deprecated at /home/sts/cpansmoke/perl-5.15.6/cpan/build/CSS-Prepare-v0.9.2.4-ArCK_A/blib/lib/CSS/Prepare/Property/Border.pm line 194.
Use of qw(...) as parentheses is deprecated at /home/sts/cpansmoke/perl-5.15.6/cpan/build/CSS-Prepare-v0.9.2.4-ArCK_A/blib/lib/CSS/Prepare/Property/Border.pm line 273.
Use of qw(...) as parentheses is deprecated at /home/sts/cpansmoke/perl-5.15.6/cpan/build/CSS-Prepare-v0.9.2.4-ArCK_A/blib/lib/CSS/Prepare/Property/Border.pm line 298.
Use of qw(...) as parentheses is deprecated at /home/sts/cpansmoke/perl-5.15.6/cpan/build/CSS-Prepare-v0.9.2.4-ArCK_A/blib/lib/CSS/Prepare/Property/Border.pm line 333.
Use of qw(...) as parentheses is deprecated at /home/sts/cpansmoke/perl-5.15.6/cpan/build/CSS-Prepare-v0.9.2.4-ArCK_A/blib/lib/CSS/Prepare/Property/Border.pm line 368.
Use of qw(...) as parentheses is deprecated at /home/sts/cpansmoke/perl-5.15.6/cpan/build/CSS-Prepare-v0.9.2.4-ArCK_A/blib/lib/CSS/Prepare/Property/Effects.pm line 42.
Use of qw(...) as parentheses is deprecated at /home/sts/cpansmoke/perl-5.15.6/cpan/build/CSS-Prepare-v0.9.2.4-ArCK_A/blib/lib/CSS/Prepare/Property/Formatting.pm line 41.
Use of qw(...) as parentheses is deprecated at /home/sts/cpansmoke/perl-5.15.6/cpan/build/CSS-Prepare-v0.9.2.4-ArCK_A/blib/lib/CSS/Prepare/Property/Formatting.pm line 79.
Use of qw(...) as parentheses is deprecated at /home/sts/cpansmoke/perl-5.15.6/cpan/build/CSS-Prepare-v0.9.2.4-ArCK_A/blib/lib/CSS/Prepare/Property/Generated.pm line 43.
Use of qw(...) as parentheses is deprecated at /home/sts/cpansmoke/perl-5.15.6/cpan/build/CSS-Prepare-v0.9.2.4-ArCK_A/blib/lib/CSS/Prepare/Property/Margin.pm line 42.
Use of qw(...) as parentheses is deprecated at /home/sts/cpansmoke/perl-5.15.6/cpan/build/CSS-Prepare-v0.9.2.4-ArCK_A/blib/lib/CSS/Prepare/Property/Margin.pm line 78.
Use of qw(...) as parentheses is deprecated at /home/sts/cpansmoke/perl-5.15.6/cpan/build/CSS-Prepare-v0.9.2.4-ArCK_A/blib/lib/CSS/Prepare/Property/Padding.pm line 42.
Use of qw(...) as parentheses is deprecated at /home/sts/cpansmoke/perl-5.15.6/cpan/build/CSS-Prepare-v0.9.2.4-ArCK_A/blib/lib/CSS/Prepare/Property/Padding.pm line 78.
# Failed test 'HTTP::Lite or LWP::UserAgent not found'
# at t/06.combining.t line 16.
# Failed test at t/06.combining.t line 143.
# Failed test at t/06.combining.t line 168.
# Looks like you planned 9 tests but ran 10.
# Looks like you failed 3 tests of 10 run.
t/06.combining.t ........
Dubious, test returned 3 (wstat 768, 0x300)
Failed 3/9 subtests
Use of qw(...) as parentheses is deprecated at /home/sts/cpansmoke/perl-5.15.6/cpan/build/CSS-Prepare-v0.9.2.4-ArCK_A/blib/lib/CSS/Prepare/Property/Expansions.pm line 34.
Use of qw(...) as parentheses is deprecated at /home/sts/cpansmoke/perl-5.15.6/cpan/build/CSS-Prepare-v0.9.2.4-ArCK_A/blib/lib/CSS/Prepare/Property/Expansions.pm line 41.
Use of qw(...) as parentheses is deprecated at /home/sts/cpansmoke/perl-5.15.6/cpan/build/CSS-Prepare-v0.9.2.4-ArCK_A/blib/lib/CSS/Prepare/Property/Expansions.pm line 45.
Use of qw(...) as parentheses is deprecated at /home/sts/cpansmoke/perl-5.15.6/cpan/build/CSS-Prepare-v0.9.2.4-ArCK_A/blib/lib/CSS/Prepare/Property/Expansions.pm line 54.
Use of qw(...) as parentheses is deprecated at /home/sts/cpansmoke/perl-5.15.6/cpan/build/CSS-Prepare-v0.9.2.4-ArCK_A/blib/lib/CSS/Prepare/Property/Expansions.pm line 81.
Use of qw(...) as parentheses is deprecated at /home/sts/cpansmoke/perl-5.15.6/cpan/build/CSS-Prepare-v0.9.2.4-ArCK_A/blib/lib/CSS/Prepare/Property/Border.pm line 42.
Use of qw(...) as parentheses is deprecated at /home/sts/cpansmoke/perl-5.15.6/cpan/build/CSS-Prepare-v0.9.2.4-ArCK_A/blib/lib/CSS/Prepare/Property/Border.pm line 194.
Use of qw(...) as parentheses is deprecated at /home/sts/cpansmoke/perl-5.15.6/cpan/build/CSS-Prepare-v0.9.2.4-ArCK_A/blib/lib/CSS/Prepare/Property/Border.pm line 273.
Use of qw(...) as parentheses is deprecated at /home/sts/cpansmoke/perl-5.15.6/cpan/build/CSS-Prepare-v0.9.2.4-ArCK_A/blib/lib/CSS/Prepare/Property/Border.pm line 298.
Use of qw(...) as parentheses is deprecated at /home/sts/cpansmoke/perl-5.15.6/cpan/build/CSS-Prepare-v0.9.2.4-ArCK_A/blib/lib/CSS/Prepare/Property/Border.pm line 333.
Use of qw(...) as parentheses is deprecated at /home/sts/cpansmoke/perl-5.15.6/cpan/build/CSS-Prepare-v0.9.2.4-ArCK_A/blib/lib/CSS/Prepare/Property/Border.pm line 368.
Use of qw(...) as parentheses is deprecated at /home/sts/cpansmoke/perl-5.15.6/cpan/build/CSS-Prepare-v0.9.2.4-ArCK_A/blib/lib/CSS/Prepare/Property/Effects.pm line 42.
Use of qw(...) as parentheses is deprecated at /home/sts/cpansmoke/perl-5.15.6/cpan/build/CSS-Prepare-v0.9.2.4-ArCK_A/blib/lib/CSS/Prepare/Property/Formatting.pm line 41.
Use of qw(...) as parentheses is deprecated at /home/sts/cpansmoke/perl-5.15.6/cpan/build/CSS-Prepare-v0.9.2.4-ArCK_A/blib/lib/CSS/Prepare/Property/Formatting.pm line 79.
Use of qw(...) as parentheses is deprecated at /home/sts/cpansmoke/perl-5.15.6/cpan/build/CSS-Prepare-v0.9.2.4-ArCK_A/blib/lib/CSS/Prepare/Property/Generated.pm line 43.
Use of qw(...) as parentheses is deprecated at /home/sts/cpansmoke/perl-5.15.6/cpan/build/CSS-Prepare-v0.9.2.4-ArCK_A/blib/lib/CSS/Prepare/Property/Margin.pm line 42.
Use of qw(...) as parentheses is deprecated at /home/sts/cpansmoke/perl-5.15.6/cpan/build/CSS-Prepare-v0.9.2.4-ArCK_A/blib/lib/CSS/Prepare/Property/Margin.pm line 78.
Use of qw(...) as parentheses is deprecated at /home/sts/cpansmoke/perl-5.15.6/cpan/build/CSS-Prepare-v0.9.2.4-ArCK_A/blib/lib/CSS/Prepare/Property/Padding.pm line 42.
Use of qw(...) as parentheses is deprecated at /home/sts/cpansmoke/perl-5.15.6/cpan/build/CSS-Prepare-v0.9.2.4-ArCK_A/blib/lib/CSS/Prepare/Property/Padding.pm line 78.
t/06.files.t ............ ok
Use of qw(...) as parentheses is deprecated at /home/sts/cpansmoke/perl-5.15.6/cpan/build/CSS-Prepare-v0.9.2.4-ArCK_A/blib/lib/CSS/Prepare/Property/Expansions.pm line 34.
Use of qw(...) as parentheses is deprecated at /home/sts/cpansmoke/perl-5.15.6/cpan/build/CSS-Prepare-v0.9.2.4-ArCK_A/blib/lib/CSS/Prepare/Property/Expansions.pm line 41.
Use of qw(...) as parentheses is deprecated at /home/sts/cpansmoke/perl-5.15.6/cpan/build/CSS-Prepare-v0.9.2.4-ArCK_A/blib/lib/CSS/Prepare/Property/Expansions.pm line 45.
Use of qw(...) as parentheses is deprecated at /home/sts/cpansmoke/perl-5.15.6/cpan/build/CSS-Prepare-v0.9.2.4-ArCK_A/blib/lib/CSS/Prepare/Property/Expansions.pm line 54.
Use of qw(...) as parentheses is deprecated at /home/sts/cpansmoke/perl-5.15.6/cpan/build/CSS-Prepare-v0.9.2.4-ArCK_A/blib/lib/CSS/Prepare/Property/Expansions.pm line 81.
Use of qw(...) as parentheses is deprecated at /home/sts/cpansmoke/perl-5.15.6/cpan/build/CSS-Prepare-v0.9.2.4-ArCK_A/blib/lib/CSS/Prepare/Property/Border.pm line 42.
Use of qw(...) as parentheses is deprecated at /home/sts/cpansmoke/perl-5.15.6/cpan/build/CSS-Prepare-v0.9.2.4-ArCK_A/blib/lib/CSS/Prepare/Property/Border.pm line 194.
Use of qw(...) as parentheses is deprecated at /home/sts/cpansmoke/perl-5.15.6/cpan/build/CSS-Prepare-v0.9.2.4-ArCK_A/blib/lib/CSS/Prepare/Property/Border.pm line 273.
Use of qw(...) as parentheses is deprecated at /home/sts/cpansmoke/perl-5.15.6/cpan/build/CSS-Prepare-v0.9.2.4-ArCK_A/blib/lib/CSS/Prepare/Property/Border.pm line 298.
Use of qw(...) as parentheses is deprecated at /home/sts/cpansmoke/perl-5.15.6/cpan/build/CSS-Prepare-v0.9.2.4-ArCK_A/blib/lib/CSS/Prepare/Property/Border.pm line 333.
Use of qw(...) as parentheses is deprecated at /home/sts/cpansmoke/perl-5.15.6/cpan/build/CSS-Prepare-v0.9.2.4-ArCK_A/blib/lib/CSS/Prepare/Property/Border.pm line 368.
Use of qw(...) as parentheses is deprecated at /home/sts/cpansmoke/perl-5.15.6/cpan/build/CSS-Prepare-v0.9.2.4-ArCK_A/blib/lib/CSS/Prepare/Property/Effects.pm line 42.
Use of qw(...) as parentheses is deprecated at /home/sts/cpansmoke/perl-5.15.6/cpan/build/CSS-Prepare-v0.9.2.4-ArCK_A/blib/lib/CSS/Prepare/Property/Formatting.pm line 41.
Use of qw(...) as parentheses is deprecated at /home/sts/cpansmoke/perl-5.15.6/cpan/build/CSS-Prepare-v0.9.2.4-ArCK_A/blib/lib/CSS/Prepare/Property/Formatting.pm line 79.
Use of qw(...) as parentheses is deprecated at /home/sts/cpansmoke/perl-5.15.6/cpan/build/CSS-Prepare-v0.9.2.4-ArCK_A/blib/lib/CSS/Prepare/Property/Generated.pm line 43.
Use of qw(...) as parentheses is deprecated at /home/sts/cpansmoke/perl-5.15.6/cpan/build/CSS-Prepare-v0.9.2.4-ArCK_A/blib/lib/CSS/Prepare/Property/Margin.pm line 42.
Use of qw(...) as parentheses is deprecated at /home/sts/cpansmoke/perl-5.15.6/cpan/build/CSS-Prepare-v0.9.2.4-ArCK_A/blib/lib/CSS/Prepare/Property/Margin.pm line 78.
Use of qw(...) as parentheses is deprecated at /home/sts/cpansmoke/perl-5.15.6/cpan/build/CSS-Prepare-v0.9.2.4-ArCK_A/blib/lib/CSS/Prepare/Property/Padding.pm line 42.
Use of qw(...) as parentheses is deprecated at /home/sts/cpansmoke/perl-5.15.6/cpan/build/CSS-Prepare-v0.9.2.4-ArCK_A/blib/lib/CSS/Prepare/Property/Padding.pm line 78.
# Failed test 'HTTP::Lite or LWP::UserAgent not found'
# at t/06.yui-fonts.t line 22.
# Failed test at t/06.yui-fonts.t line 49.
# Structures begin differing at:
# $got->[0] = HASH(0xbb90ef60)
# $expected->[0] = Does not exist
# Failed test at t/06.yui-fonts.t line 54.
# Looks like you planned 2 tests but ran 3.
# Looks like you failed 3 tests of 3 run.
t/06.yui-fonts.t ........
Dubious, test returned 3 (wstat 768, 0x300)
Failed 2/2 subtests
Use of qw(...) as parentheses is deprecated at /home/sts/cpansmoke/perl-5.15.6/cpan/build/CSS-Prepare-v0.9.2.4-ArCK_A/blib/lib/CSS/Prepare/Property/Expansions.pm line 34.
Use of qw(...) as parentheses is deprecated at /home/sts/cpansmoke/perl-5.15.6/cpan/build/CSS-Prepare-v0.9.2.4-ArCK_A/blib/lib/CSS/Prepare/Property/Expansions.pm line 41.
Use of qw(...) as parentheses is deprecated at /home/sts/cpansmoke/perl-5.15.6/cpan/build/CSS-Prepare-v0.9.2.4-ArCK_A/blib/lib/CSS/Prepare/Property/Expansions.pm line 45.
Use of qw(...) as parentheses is deprecated at /home/sts/cpansmoke/perl-5.15.6/cpan/build/CSS-Prepare-v0.9.2.4-ArCK_A/blib/lib/CSS/Prepare/Property/Expansions.pm line 54.
Use of qw(...) as parentheses is deprecated at /home/sts/cpansmoke/perl-5.15.6/cpan/build/CSS-Prepare-v0.9.2.4-ArCK_A/blib/lib/CSS/Prepare/Property/Expansions.pm line 81.
Use of qw(...) as parentheses is deprecated at /home/sts/cpansmoke/perl-5.15.6/cpan/build/CSS-Prepare-v0.9.2.4-ArCK_A/blib/lib/CSS/Prepare/Property/Border.pm line 42.
Use of qw(...) as parentheses is deprecated at /home/sts/cpansmoke/perl-5.15.6/cpan/build/CSS-Prepare-v0.9.2.4-ArCK_A/blib/lib/CSS/Prepare/Property/Border.pm line 194.
Use of qw(...) as parentheses is deprecated at /home/sts/cpansmoke/perl-5.15.6/cpan/build/CSS-Prepare-v0.9.2.4-ArCK_A/blib/lib/CSS/Prepare/Property/Border.pm line 273.
Use of qw(...) as parentheses is deprecated at /home/sts/cpansmoke/perl-5.15.6/cpan/build/CSS-Prepare-v0.9.2.4-ArCK_A/blib/lib/CSS/Prepare/Property/Border.pm line 298.
Use of qw(...) as parentheses is deprecated at /home/sts/cpansmoke/perl-5.15.6/cpan/build/CSS-Prepare-v0.9.2.4-ArCK_A/blib/lib/CSS/Prepare/Property/Border.pm line 333.
Use of qw(...) as parentheses is deprecated at /home/sts/cpansmoke/perl-5.15.6/cpan/build/CSS-Prepare-v0.9.2.4-ArCK_A/blib/lib/CSS/Prepare/Property/Border.pm line 368.
Use of qw(...) as parentheses is deprecated at /home/sts/cpansmoke/perl-5.15.6/cpan/build/CSS-Prepare-v0.9.2.4-ArCK_A/blib/lib/CSS/Prepare/Property/Effects.pm line 42.
Use of qw(...) as parentheses is deprecated at /home/sts/cpansmoke/perl-5.15.6/cpan/build/CSS-Prepare-v0.9.2.4-ArCK_A/blib/lib/CSS/Prepare/Property/Formatting.pm line 41.
Use of qw(...) as parentheses is deprecated at /home/sts/cpansmoke/perl-5.15.6/cpan/build/CSS-Prepare-v0.9.2.4-ArCK_A/blib/lib/CSS/Prepare/Property/Formatting.pm line 79.
Use of qw(...) as parentheses is deprecated at /home/sts/cpansmoke/perl-5.15.6/cpan/build/CSS-Prepare-v0.9.2.4-ArCK_A/blib/lib/CSS/Prepare/Property/Generated.pm line 43.
Use of qw(...) as parentheses is deprecated at /home/sts/cpansmoke/perl-5.15.6/cpan/build/CSS-Prepare-v0.9.2.4-ArCK_A/blib/lib/CSS/Prepare/Property/Margin.pm line 42.
Use of qw(...) as parentheses is deprecated at /home/sts/cpansmoke/perl-5.15.6/cpan/build/CSS-Prepare-v0.9.2.4-ArCK_A/blib/lib/CSS/Prepare/Property/Margin.pm line 78.
Use of qw(...) as parentheses is deprecated at /home/sts/cpansmoke/perl-5.15.6/cpan/build/CSS-Prepare-v0.9.2.4-ArCK_A/blib/lib/CSS/Prepare/Property/Padding.pm line 42.
Use of qw(...) as parentheses is deprecated at /home/sts/cpansmoke/perl-5.15.6/cpan/build/CSS-Prepare-v0.9.2.4-ArCK_A/blib/lib/CSS/Prepare/Property/Padding.pm line 78.
# Failed test 'HTTP::Lite or LWP::UserAgent not found'
# at t/06.yui-grids.t line 22.
# Failed test at t/06.yui-grids.t line 104.
# Structures begin differing at:
# $got->[0] = HASH(0xbb90ef60)
# $expected->[0] = Does not exist
# Failed test at t/06.yui-grids.t line 109.
# Looks like you planned 2 tests but ran 3.
# Looks like you failed 3 tests of 3 run.
t/06.yui-grids.t ........
Dubious, test returned 3 (wstat 768, 0x300)
Failed 2/2 subtests
Use of qw(...) as parentheses is deprecated at /home/sts/cpansmoke/perl-5.15.6/cpan/build/CSS-Prepare-v0.9.2.4-ArCK_A/blib/lib/CSS/Prepare/Property/Expansions.pm line 34.
Use of qw(...) as parentheses is deprecated at /home/sts/cpansmoke/perl-5.15.6/cpan/build/CSS-Prepare-v0.9.2.4-ArCK_A/blib/lib/CSS/Prepare/Property/Expansions.pm line 41.
Use of qw(...) as parentheses is deprecated at /home/sts/cpansmoke/perl-5.15.6/cpan/build/CSS-Prepare-v0.9.2.4-ArCK_A/blib/lib/CSS/Prepare/Property/Expansions.pm line 45.
Use of qw(...) as parentheses is deprecated at /home/sts/cpansmoke/perl-5.15.6/cpan/build/CSS-Prepare-v0.9.2.4-ArCK_A/blib/lib/CSS/Prepare/Property/Expansions.pm line 54.
Use of qw(...) as parentheses is deprecated at /home/sts/cpansmoke/perl-5.15.6/cpan/build/CSS-Prepare-v0.9.2.4-ArCK_A/blib/lib/CSS/Prepare/Property/Expansions.pm line 81.
Use of qw(...) as parentheses is deprecated at /home/sts/cpansmoke/perl-5.15.6/cpan/build/CSS-Prepare-v0.9.2.4-ArCK_A/blib/lib/CSS/Prepare/Property/Border.pm line 42.
Use of qw(...) as parentheses is deprecated at /home/sts/cpansmoke/perl-5.15.6/cpan/build/CSS-Prepare-v0.9.2.4-ArCK_A/blib/lib/CSS/Prepare/Property/Border.pm line 194.
Use of qw(...) as parentheses is deprecated at /home/sts/cpansmoke/perl-5.15.6/cpan/build/CSS-Prepare-v0.9.2.4-ArCK_A/blib/lib/CSS/Prepare/Property/Border.pm line 273.
Use of qw(...) as parentheses is deprecated at /home/sts/cpansmoke/perl-5.15.6/cpan/build/CSS-Prepare-v0.9.2.4-ArCK_A/blib/lib/CSS/Prepare/Property/Border.pm line 298.
Use of qw(...) as parentheses is deprecated at /home/sts/cpansmoke/perl-5.15.6/cpan/build/CSS-Prepare-v0.9.2.4-ArCK_A/blib/lib/CSS/Prepare/Property/Border.pm line 333.
Use of qw(...) as parentheses is deprecated at /home/sts/cpansmoke/perl-5.15.6/cpan/build/CSS-Prepare-v0.9.2.4-ArCK_A/blib/lib/CSS/Prepare/Property/Border.pm line 368.
Use of qw(...) as parentheses is deprecated at /home/sts/cpansmoke/perl-5.15.6/cpan/build/CSS-Prepare-v0.9.2.4-ArCK_A/blib/lib/CSS/Prepare/Property/Effects.pm line 42.
Use of qw(...) as parentheses is deprecated at /home/sts/cpansmoke/perl-5.15.6/cpan/build/CSS-Prepare-v0.9.2.4-ArCK_A/blib/lib/CSS/Prepare/Property/Formatting.pm line 41.
Use of qw(...) as parentheses is deprecated at /home/sts/cpansmoke/perl-5.15.6/cpan/build/CSS-Prepare-v0.9.2.4-ArCK_A/blib/lib/CSS/Prepare/Property/Formatting.pm line 79.
Use of qw(...) as parentheses is deprecated at /home/sts/cpansmoke/perl-5.15.6/cpan/build/CSS-Prepare-v0.9.2.4-ArCK_A/blib/lib/CSS/Prepare/Property/Generated.pm line 43.
Use of qw(...) as parentheses is deprecated at /home/sts/cpansmoke/perl-5.15.6/cpan/build/CSS-Prepare-v0.9.2.4-ArCK_A/blib/lib/CSS/Prepare/Property/Margin.pm line 42.
Use of qw(...) as parentheses is deprecated at /home/sts/cpansmoke/perl-5.15.6/cpan/build/CSS-Prepare-v0.9.2.4-ArCK_A/blib/lib/CSS/Prepare/Property/Margin.pm line 78.
Use of qw(...) as parentheses is deprecated at /home/sts/cpansmoke/perl-5.15.6/cpan/build/CSS-Prepare-v0.9.2.4-ArCK_A/blib/lib/CSS/Prepare/Property/Padding.pm line 42.
Use of qw(...) as parentheses is deprecated at /home/sts/cpansmoke/perl-5.15.6/cpan/build/CSS-Prepare-v0.9.2.4-ArCK_A/blib/lib/CSS/Prepare/Property/Padding.pm line 78.
# Failed test 'HTTP::Lite or LWP::UserAgent not found'
# at t/06.yui-reset.t line 22.
# Failed test at t/06.yui-reset.t line 62.
# Looks like you planned 2 tests but ran 3.
# Looks like you failed 2 tests of 3 run.
t/06.yui-reset.t ........
Dubious, test returned 2 (wstat 512, 0x200)
Failed 1/2 subtests
Use of qw(...) as parentheses is deprecated at /home/sts/cpansmoke/perl-5.15.6/cpan/build/CSS-Prepare-v0.9.2.4-ArCK_A/blib/lib/CSS/Prepare/Property/Expansions.pm line 34.
Use of qw(...) as parentheses is deprecated at /home/sts/cpansmoke/perl-5.15.6/cpan/build/CSS-Prepare-v0.9.2.4-ArCK_A/blib/lib/CSS/Prepare/Property/Expansions.pm line 41.
Use of qw(...) as parentheses is deprecated at /home/sts/cpansmoke/perl-5.15.6/cpan/build/CSS-Prepare-v0.9.2.4-ArCK_A/blib/lib/CSS/Prepare/Property/Expansions.pm line 45.
Use of qw(...) as parentheses is deprecated at /home/sts/cpansmoke/perl-5.15.6/cpan/build/CSS-Prepare-v0.9.2.4-ArCK_A/blib/lib/CSS/Prepare/Property/Expansions.pm line 54.
Use of qw(...) as parentheses is deprecated at /home/sts/cpansmoke/perl-5.15.6/cpan/build/CSS-Prepare-v0.9.2.4-ArCK_A/blib/lib/CSS/Prepare/Property/Expansions.pm line 81.
Use of qw(...) as parentheses is deprecated at /home/sts/cpansmoke/perl-5.15.6/cpan/build/CSS-Prepare-v0.9.2.4-ArCK_A/blib/lib/CSS/Prepare/Property/Border.pm line 42.
Use of qw(...) as parentheses is deprecated at /home/sts/cpansmoke/perl-5.15.6/cpan/build/CSS-Prepare-v0.9.2.4-ArCK_A/blib/lib/CSS/Prepare/Property/Border.pm line 194.
Use of qw(...) as parentheses is deprecated at /home/sts/cpansmoke/perl-5.15.6/cpan/build/CSS-Prepare-v0.9.2.4-ArCK_A/blib/lib/CSS/Prepare/Property/Border.pm line 273.
Use of qw(...) as parentheses is deprecated at /home/sts/cpansmoke/perl-5.15.6/cpan/build/CSS-Prepare-v0.9.2.4-ArCK_A/blib/lib/CSS/Prepare/Property/Border.pm line 298.
Use of qw(...) as parentheses is deprecated at /home/sts/cpansmoke/perl-5.15.6/cpan/build/CSS-Prepare-v0.9.2.4-ArCK_A/blib/lib/CSS/Prepare/Property/Border.pm line 333.
Use of qw(...) as parentheses is deprecated at /home/sts/cpansmoke/perl-5.15.6/cpan/build/CSS-Prepare-v0.9.2.4-ArCK_A/blib/lib/CSS/Prepare/Property/Border.pm line 368.
Use of qw(...) as parentheses is deprecated at /home/sts/cpansmoke/perl-5.15.6/cpan/build/CSS-Prepare-v0.9.2.4-ArCK_A/blib/lib/CSS/Prepare/Property/Effects.pm line 42.
Use of qw(...) as parentheses is deprecated at /home/sts/cpansmoke/perl-5.15.6/cpan/build/CSS-Prepare-v0.9.2.4-ArCK_A/blib/lib/CSS/Prepare/Property/Formatting.pm line 41.
Use of qw(...) as parentheses is deprecated at /home/sts/cpansmoke/perl-5.15.6/cpan/build/CSS-Prepare-v0.9.2.4-ArCK_A/blib/lib/CSS/Prepare/Property/Formatting.pm line 79.
Use of qw(...) as parentheses is deprecated at /home/sts/cpansmoke/perl-5.15.6/cpan/build/CSS-Prepare-v0.9.2.4-ArCK_A/blib/lib/CSS/Prepare/Property/Generated.pm line 43.
Use of qw(...) as parentheses is deprecated at /home/sts/cpansmoke/perl-5.15.6/cpan/build/CSS-Prepare-v0.9.2.4-ArCK_A/blib/lib/CSS/Prepare/Property/Margin.pm line 42.
Use of qw(...) as parentheses is deprecated at /home/sts/cpansmoke/perl-5.15.6/cpan/build/CSS-Prepare-v0.9.2.4-ArCK_A/blib/lib/CSS/Prepare/Property/Margin.pm line 78.
Use of qw(...) as parentheses is deprecated at /home/sts/cpansmoke/perl-5.15.6/cpan/build/CSS-Prepare-v0.9.2.4-ArCK_A/blib/lib/CSS/Prepare/Property/Padding.pm line 42.
Use of qw(...) as parentheses is deprecated at /home/sts/cpansmoke/perl-5.15.6/cpan/build/CSS-Prepare-v0.9.2.4-ArCK_A/blib/lib/CSS/Prepare/Property/Padding.pm line 78.
# Failed test at t/assets.t line 70.
# Structures begin differing at:
# $got->[0] = Does not exist
# $expected->[0] = HASH(0xbb5419a0)
# Failed test at t/assets.t line 83.
# Failed test at t/assets.t line 93.
# Looks like you failed 3 tests of 10.
t/assets.t ..............
Dubious, test returned 3 (wstat 768, 0x300)
Failed 3/10 subtests
Use of qw(...) as parentheses is deprecated at /home/sts/cpansmoke/perl-5.15.6/cpan/build/CSS-Prepare-v0.9.2.4-ArCK_A/blib/lib/CSS/Prepare/Property/Expansions.pm line 34.
Use of qw(...) as parentheses is deprecated at /home/sts/cpansmoke/perl-5.15.6/cpan/build/CSS-Prepare-v0.9.2.4-ArCK_A/blib/lib/CSS/Prepare/Property/Expansions.pm line 41.
Use of qw(...) as parentheses is deprecated at /home/sts/cpansmoke/perl-5.15.6/cpan/build/CSS-Prepare-v0.9.2.4-ArCK_A/blib/lib/CSS/Prepare/Property/Expansions.pm line 45.
Use of qw(...) as parentheses is deprecated at /home/sts/cpansmoke/perl-5.15.6/cpan/build/CSS-Prepare-v0.9.2.4-ArCK_A/blib/lib/CSS/Prepare/Property/Expansions.pm line 54.
Use of qw(...) as parentheses is deprecated at /home/sts/cpansmoke/perl-5.15.6/cpan/build/CSS-Prepare-v0.9.2.4-ArCK_A/blib/lib/CSS/Prepare/Property/Expansions.pm line 81.
Use of qw(...) as parentheses is deprecated at /home/sts/cpansmoke/perl-5.15.6/cpan/build/CSS-Prepare-v0.9.2.4-ArCK_A/blib/lib/CSS/Prepare/Property/Border.pm line 42.
Use of qw(...) as parentheses is deprecated at /home/sts/cpansmoke/perl-5.15.6/cpan/build/CSS-Prepare-v0.9.2.4-ArCK_A/blib/lib/CSS/Prepare/Property/Border.pm line 194.
Use of qw(...) as parentheses is deprecated at /home/sts/cpansmoke/perl-5.15.6/cpan/build/CSS-Prepare-v0.9.2.4-ArCK_A/blib/lib/CSS/Prepare/Property/Border.pm line 273.
Use of qw(...) as parentheses is deprecated at /home/sts/cpansmoke/perl-5.15.6/cpan/build/CSS-Prepare-v0.9.2.4-ArCK_A/blib/lib/CSS/Prepare/Property/Border.pm line 298.
Use of qw(...) as parentheses is deprecated at /home/sts/cpansmoke/perl-5.15.6/cpan/build/CSS-Prepare-v0.9.2.4-ArCK_A/blib/lib/CSS/Prepare/Property/Border.pm line 333.
Use of qw(...) as parentheses is deprecated at /home/sts/cpansmoke/perl-5.15.6/cpan/build/CSS-Prepare-v0.9.2.4-ArCK_A/blib/lib/CSS/Prepare/Property/Border.pm line 368.
Use of qw(...) as parentheses is deprecated at /home/sts/cpansmoke/perl-5.15.6/cpan/build/CSS-Prepare-v0.9.2.4-ArCK_A/blib/lib/CSS/Prepare/Property/Effects.pm line 42.
Use of qw(...) as parentheses is deprecated at /home/sts/cpansmoke/perl-5.15.6/cpan/build/CSS-Prepare-v0.9.2.4-ArCK_A/blib/lib/CSS/Prepare/Property/Formatting.pm line 41.
Use of qw(...) as parentheses is deprecated at /home/sts/cpansmoke/perl-5.15.6/cpan/build/CSS-Prepare-v0.9.2.4-ArCK_A/blib/lib/CSS/Prepare/Property/Formatting.pm line 79.
Use of qw(...) as parentheses is deprecated at /home/sts/cpansmoke/perl-5.15.6/cpan/build/CSS-Prepare-v0.9.2.4-ArCK_A/blib/lib/CSS/Prepare/Property/Generated.pm line 43.
Use of qw(...) as parentheses is deprecated at /home/sts/cpansmoke/perl-5.15.6/cpan/build/CSS-Prepare-v0.9.2.4-ArCK_A/blib/lib/CSS/Prepare/Property/Margin.pm line 42.
Use of qw(...) as parentheses is deprecated at /home/sts/cpansmoke/perl-5.15.6/cpan/build/CSS-Prepare-v0.9.2.4-ArCK_A/blib/lib/CSS/Prepare/Property/Margin.pm line 78.
Use of qw(...) as parentheses is deprecated at /home/sts/cpansmoke/perl-5.15.6/cpan/build/CSS-Prepare-v0.9.2.4-ArCK_A/blib/lib/CSS/Prepare/Property/Padding.pm line 42.
Use of qw(...) as parentheses is deprecated at /home/sts/cpansmoke/perl-5.15.6/cpan/build/CSS-Prepare-v0.9.2.4-ArCK_A/blib/lib/CSS/Prepare/Property/Padding.pm line 78.
t/comments.t ............ ok
Test Summary Report
-------------------
t/03.http.t (Wstat: 768 Tests: 3 Failed: 3)
Failed tests: 1-3
Non-zero exit status: 3
Parse errors: Bad plan. You planned 2 tests but ran 3.
t/05.combining.t (Wstat: 768 Tests: 10 Failed: 4)
Failed tests: 1, 5, 7, 10
Non-zero exit status: 3
Parse errors: Bad plan. You planned 9 tests but ran 10.
t/05.yui-fonts.t (Wstat: 768 Tests: 3 Failed: 3)
Failed tests: 1-3
Non-zero exit status: 3
Parse errors: Bad plan. You planned 2 tests but ran 3.
t/05.yui-grids.t (Wstat: 768 Tests: 3 Failed: 3)
Failed tests: 1-3
Non-zero exit status: 3
Parse errors: Bad plan. You planned 2 tests but ran 3.
t/05.yui-reset.t (Wstat: 512 Tests: 3 Failed: 2)
Failed tests: 1, 3
Non-zero exit status: 2
Parse errors: Bad plan. You planned 2 tests but ran 3.
t/06.combining.t (Wstat: 768 Tests: 10 Failed: 4)
Failed tests: 1, 5, 7, 10
Non-zero exit status: 3
Parse errors: Bad plan. You planned 9 tests but ran 10.
t/06.yui-fonts.t (Wstat: 768 Tests: 3 Failed: 3)
Failed tests: 1-3
Non-zero exit status: 3
Parse errors: Bad plan. You planned 2 tests but ran 3.
t/06.yui-grids.t (Wstat: 768 Tests: 3 Failed: 3)
Failed tests: 1-3
Non-zero exit status: 3
Parse errors: Bad plan. You planned 2 tests but ran 3.
t/06.yui-reset.t (Wstat: 512 Tests: 3 Failed: 2)
Failed tests: 1, 3
Non-zero exit status: 2
Parse errors: Bad plan. You planned 2 tests but ran 3.
t/assets.t (Wstat: 768 Tests: 10 Failed: 3)
Failed tests: 5-7
Non-zero exit status: 3
Files=59, Tests=1122, 32 wallclock secs ( 0.88 usr 0.47 sys + 24.21 cusr 5.69 csys = 31.25 CPU)
Result: FAIL
Failed 10/59 test programs. 30/1122 subtests failed.
*** Error code 255
Stop.
make: stopped in /home/sts/cpansmoke/perl-5.15.6/cpan/build/CSS-Prepare-v0.9.2.4-ArCK_A
------------------------------
PREREQUISITES
------------------------------
Prerequisite modules loaded:
requires:
Module Need Have
------------------- ---- -------
Digest::SHA1 0 2.13
Modern::Perl 0 1.03
Test::More 0 0.98
version 0 0.96
build_requires:
Module Need Have
------------------- ---- -------
ExtUtils::MakeMaker 0 6.63_02
configure_requires:
Module Need Have
------------------- ---- -------
ExtUtils::MakeMaker 0 6.63_02
------------------------------
ENVIRONMENT AND OTHER CONTEXT
------------------------------
Environment variables:
AUTOMATED_TESTING = 1
PATH = /home/sts/bin:/bin:/sbin:/usr/bin:/usr/sbin:/usr/X11R7/bin:/usr/X11R6/bin:/usr/pkg/bin:/usr/pkg/sbin:/usr/games:/usr/local/bin:/usr/local/sbin
PERL5LIB = /home/sts/cpansmoke/perl-5.15.6/cpan/build/Digest-SHA1-2.13-CfUwOU/blib/arch:/home/sts/cpansmoke/perl-5.15.6/cpan/build/Digest-SHA1-2.13-CfUwOU/blib/lib:/home/sts/cpansmoke/perl-5.15.6/cpan/build/Modern-Perl-1.03-A5i_y2/blib/arch:/home/sts/cpansmoke/perl-5.15.6/cpan/build/Modern-Perl-1.03-A5i_y2/blib/lib
PERL5OPT =
PERL5_CPANPLUS_IS_RUNNING = 26613
PERL5_CPAN_IS_RUNNING = 26613
PERL5_CPAN_IS_RUNNING_IN_RECURSION = 22470,26613
PERL_CR_SMOKER_CURRENT = CSS-Prepare-v0.9.2.4
PERL_EXTUTILS_AUTOINSTALL = --defaultdeps
PERL_MM_USE_DEFAULT = 1
SHELL = /usr/pkg/bin/bash
TERM = screen
TMPDIR = /home/sts/cpansmoke/tmp
Perl special variables (and OS-specific diagnostics, for MSWin32):
$^X = /home/sts/cpansmoke/perl-5.15.6/bin/perl5.15.6
$UID/$EUID = 1000 / 1000
$GID = 100 100 0
$EGID = 100 100 0
Perl module toolchain versions installed:
Module Have
------------------- --------
CPAN 1.9800
CPAN::Meta 2.112621
Cwd 3.38
ExtUtils::CBuilder 0.280205
ExtUtils::Command 1.17
ExtUtils::Install 1.57
ExtUtils::MakeMaker 6.63_02
ExtUtils::Manifest 1.60
ExtUtils::ParseXS 3.08
File::Spec 3.34
JSON n/a
JSON::PP 2.27200
Module::Build 0.39_01
Module::Signature n/a
Parse::CPAN::Meta 1.4401
Test::Harness 3.23
Test::More 0.98
YAML n/a
YAML::Syck 1.19
version 0.96
--
Summary of my perl5 (revision 5 version 15 subversion 6) configuration:
Platform:
osname=netbsd, osvers=5.1, archname=i386-netbsd-thread-multi
uname='netbsd cpansmoke2 5.1 netbsd 5.1 (xen3_domu) #0: sun nov 7 14:54:55 utc 2010 builds@b6.netbsd.org:homebuildsabnetbsd-5-1-releasei386201011061943z-objhomebuildsabnetbsd-5-1-releasesrcsysarchi386compilexen3_domu i386 '
config_args='-des -Dusedevel -Dusethreads -Dprefix=/home/sts/cpansmoke/perl-5.15.6'
hint=recommended, useposix=true, d_sigaction=define
useithreads=define, usemultiplicity=define
useperlio=define, d_sfio=undef, uselargefiles=define, usesocks=undef
use64bitint=undef, use64bitall=undef, uselongdouble=undef
usemymalloc=n, bincompat5005=undef
Compiler:
cc='cc', ccflags ='-fno-strict-aliasing -pipe -fstack-protector -I/usr/pkg/include',
optimize='-O',
cppflags='-fno-strict-aliasing -pipe -fstack-protector -I/usr/pkg/include'
ccversion='', gccversion='4.1.3 20080704 prerelease (NetBSD nb2 20081120)', gccosandvers=''
intsize=4, longsize=4, ptrsize=4, doublesize=8, byteorder=1234
d_longlong=define, longlongsize=8, d_longdbl=define, longdblsize=12
ivtype='long', ivsize=4, nvtype='double', nvsize=8, Off_t='off_t', lseeksize=8
alignbytes=4, prototype=define
Linker and Libraries:
ld='cc', ldflags =' -Wl,-rpath,/usr/pkg/lib -Wl,-rpath,/usr/local/lib -fstack-protector -L/usr/pkg/lib'
libpth=/usr/pkg/lib /lib /usr/lib
libs=-lm -lcrypt -lutil -lc -lposix -lpthread
perllibs=-lm -lcrypt -lutil -lc -lposix -lpthread
libc=/lib/libc.so, so=so, useshrplib=false, libperl=libperl.a
gnulibc_version=''
Dynamic Linking:
dlsrc=dl_dlopen.xs, dlext=so, d_dlsymun=undef, ccdlflags='-Wl,-E '
cccdlflags='-DPIC -fPIC ', lddlflags='--whole-archive -shared -L/usr/pkg/lib -fstack-protector'
Characteristics of this binary (from libperl):
Compile-time options: HAS_TIMES MULTIPLICITY PERLIO_LAYERS
PERL_DONT_CREATE_GVSV PERL_IMPLICIT_CONTEXT
PERL_MALLOC_WRAP PERL_PRESERVE_IVUV PERL_USE_DEVEL
USE_ITHREADS USE_LARGE_FILES USE_LOCALE
USE_LOCALE_COLLATE USE_LOCALE_CTYPE
USE_LOCALE_NUMERIC USE_PERLIO USE_PERL_ATOF
USE_REENTRANT_API
Built under netbsd
Compiled at Dec 25 2011 01:19:50
%ENV:
PERL5LIB="/home/sts/cpansmoke/perl-5.15.6/cpan/build/Digest-SHA1-2.13-CfUwOU/blib/arch:/home/sts/cpansmoke/perl-5.15.6/cpan/build/Digest-SHA1-2.13-CfUwOU/blib/lib:/home/sts/cpansmoke/perl-5.15.6/cpan/build/Modern-Perl-1.03-A5i_y2/blib/arch:/home/sts/cpansmoke/perl-5.15.6/cpan/build/Modern-Perl-1.03-A5i_y2/blib/lib"
PERL5OPT=""
PERL5_CPANPLUS_IS_RUNNING="26613"
PERL5_CPAN_IS_RUNNING="26613"
PERL5_CPAN_IS_RUNNING_IN_RECURSION="22470,26613"
PERL_CR_SMOKER_CURRENT="CSS-Prepare-v0.9.2.4"
PERL_EXTUTILS_AUTOINSTALL="--defaultdeps"
PERL_MM_USE_DEFAULT="1"
@INC:
/home/sts/cpansmoke/perl-5.15.6/cpan/build/Digest-SHA1-2.13-CfUwOU/blib/arch
/home/sts/cpansmoke/perl-5.15.6/cpan/build/Digest-SHA1-2.13-CfUwOU/blib/lib
/home/sts/cpansmoke/perl-5.15.6/cpan/build/Modern-Perl-1.03-A5i_y2/blib/arch
/home/sts/cpansmoke/perl-5.15.6/cpan/build/Modern-Perl-1.03-A5i_y2/blib/lib
/home/sts/cpansmoke/perl-5.15.6/lib/site_perl/5.15.6/i386-netbsd-thread-multi
/home/sts/cpansmoke/perl-5.15.6/lib/site_perl/5.15.6
/home/sts/cpansmoke/perl-5.15.6/lib/5.15.6/i386-netbsd-thread-multi
/home/sts/cpansmoke/perl-5.15.6/lib/5.15.6
.