Math-Calc-Parser v1.005 Perl 5 v5.41.11 x86_64-dragonfly-thread-multi
- Status
- Fail
- From
- Carlos Guevara
- Dist
-
Math-Calc-Parser v1.005
- Platform
- Perl 5 v5.41.11 x86_64-dragonfly-thread-multi
- Date
- 2025-04-19 20:39:30
- ID
- 64e8cc64-1d5e-11f0-acda-c4580487226e
This distribution has been tested as part of the CPAN Testers
project, supporting the Perl programming language. See
http://wiki.cpantesters.org/ for more information or email
questions to cpan-testers-discuss@perl.org
--
Dear Dan Book,
This is a computer-generated report for Math-Calc-Parser-1.005
on perl 5.41.11, created by CPAN-Reporter-1.2020.
Thank you for uploading your work to CPAN. However, there was a problem
testing your distribution.
If you think this report is invalid, please consult the CPAN Testers Wiki
for suggestions on how to avoid getting FAIL reports for missing library
or binary dependencies, unsupported operating systems, and so on:
http://wiki.cpantesters.org/wiki/CPANAuthorNotes
Sections of this report:
* Tester comments
* Program output
* Prerequisites
* Environment and other context
------------------------------
TESTER COMMENTS
------------------------------
Additional comments from tester:
this report is from an automated smoke testing program
and was not reviewed by a human for accuracy
------------------------------
PROGRAM OUTPUT
------------------------------
Output from '/usr/bin/make test':
PERL_DL_NONLAZY=1 "/home/cpan/bin/perl/bin/perl5.41.11" "-MExtUtils::Command::MM" "-MTest::Harness" "-e" "undef *Test::Harness::Switches; test_harness(0, 'blib/lib', 'blib/arch')" t/*.t
#
# Versions for all modules listed in MYMETA.json (including optional ones):
#
# === Configure Requires ===
#
# Module Want Have
# ------------------- ---- ----
# ExtUtils::MakeMaker any 7.74
#
# === Build Requires ===
#
# Module Want Have
# ------------------- ---- ----
# ExtUtils::MakeMaker any 7.74
#
# === Test Requires ===
#
# Module Want Have
# ------------------- ---- --------
# ExtUtils::MakeMaker any 7.74
# File::Spec any 3.94
# File::Temp any 0.2311
# Test::More 0.88 1.302210
# Test::Needs any 0.002010
#
# === Test Recommends ===
#
# Module Want Have
# ---------- -------- --------
# CPAN::Meta 2.120900 2.150010
#
# === Runtime Requires ===
#
# Module Want Have
# -------------- ---- -------
# Carp any 1.54
# Encode 1.50 3.21
# Exporter any 5.79
# Filter::Simple any 0.96
# Math::Complex any 1.63
# POSIX any 2.23
# Scalar::Util any 1.68_01
#
# === Runtime Recommends ===
#
# Module Want Have
# -------------------- ---- -------
# Math::Random::Secure any missing
#
# === Other Modules ===
#
# Module Have
# -------------- --------
# Math::BigFloat 2.005003
# Math::BigInt 2.005003
# Math::BigRat 2.005003
#
t/00-report-prereqs.t .. ok
t/ath.t ................ ok
# Failed test 'Arccosine'
# at t/bignum.t line 47.
# got: '0'
# expected: '1.57079632679489661923132169164'
# Failed test 'Arcsine'
# at t/bignum.t line 48.
# got: '0'
# expected: '-1.57079632679489661923132169164'
# Failed test 'Arctangent (2 args)'
# at t/bignum.t line 50.
# got: '0'
# expected: '0.78539816339744830961566084582'
# Looks like you failed 3 tests of 36.
t/bignum.t .............
Dubious, test returned 3 (wstat 768, 0x300)
Failed 3/36 subtests
# Failed test 'Evaluated 3/9'
# at t/bigrat.t line 14.
# got: '3333333333333333333333333333333333333333/10000000000000000000000000000000000000000'
# expected: '1/3'
# Failed test 'Evaluated 3>>2'
# at t/bigrat.t line 16.
# got: '0'
# expected: '3/4'
# Failed test 'Right shift'
# at t/bigrat.t line 27.
# got: '1'
# expected: '3/2'
# Looks like you failed 3 tests of 23.
t/bigrat.t .............
Dubious, test returned 3 (wstat 768, 0x300)
Failed 3/23 subtests
t/errors.t ............. ok
t/eval.t ............... ok
t/functions.t .......... ok
t/operators.t .......... ok
t/parse.t .............. ok
Test Summary Report
-------------------
t/bignum.t (Wstat: 768 (exited 3) Tests: 36 Failed: 3)
Failed tests: 25-26, 28
Non-zero exit status: 3
t/bigrat.t (Wstat: 768 (exited 3) Tests: 23 Failed: 3)
Failed tests: 2-3, 11
Non-zero exit status: 3
Files=9, Tests=251, 1 wallclock secs ( 0.05 usr 0.02 sys + 0.75 cusr 0.19 csys = 1.01 CPU)
Result: FAIL
Failed 2/9 test programs. 6/251 subtests failed.
*** Error code 255
Stop.
make: stopped in /home/cpan/.cpan/build/Math-Calc-Parser-1.005-0
------------------------------
PREREQUISITES
------------------------------
Prerequisite modules loaded:
requires:
Module Need Have
------------------- ----- --------
Carp 0 1.54
Encode 1.50 3.21
Exporter 0 5.79
Filter::Simple 0 0.96
Math::Complex 0 1.63
perl 5.006 5.041011
POSIX 0 2.23
Scalar::Util 0 1.68_01
build_requires:
Module Need Have
------------------- ----- --------
ExtUtils::MakeMaker 0 7.74
File::Spec 0 3.94
File::Temp 0 0.2311
Test::More 0.88 1.302210
Test::Needs 0 0.002010
configure_requires:
Module Need Have
------------------- ----- --------
ExtUtils::MakeMaker 0 7.74
------------------------------
ENVIRONMENT AND OTHER CONTEXT
------------------------------
Environment variables:
AUTOMATED_TESTING = 1
DATE_MANIP_TEST_DM5 = 1
LC_ALL = C
NONINTERACTIVE_TESTING = 1
NO_NETWORK_TESTING = 1
PATH = /home/cpan/bin/perl/bin:/home/cpan/bin:/sbin:/bin:/usr/sbin:/usr/bin:/usr/games:/usr/local/sbin:/usr/local/bin:/usr/pkg/sbin:/usr/pkg/bin:/home/cpan/bin
PERL5LIB =
PERL5OPT =
PERL5_CPANPLUS_IS_RUNNING = 155214
PERL5_CPAN_IS_RUNNING = 155214
PERL_MM_USE_DEFAULT = 1
PERL_USE_UNSAFE_INC = 1
SHELL = /usr/local/bin/bash
TERM = screen
TMPDIR = /home/cpan/tmp
Perl special variables (and OS-specific diagnostics, for MSWin32):
$^X = /home/cpan/bin/perl/bin/perl5.41.11
$UID/$EUID = 1002 / 1002
$GID = 1002 1002
$EGID = 1002 1002
Perl module toolchain versions installed:
Module Have
------------------- --------
CPAN 2.38
CPAN::Meta 2.150010
Cwd 3.94
ExtUtils::CBuilder 0.280240
ExtUtils::Command 7.74
ExtUtils::Install 2.22
ExtUtils::MakeMaker 7.74
ExtUtils::Manifest 1.75
ExtUtils::ParseXS 3.57
File::Spec 3.94
JSON 4.10
JSON::PP 4.16
Module::Build 0.4234
Module::Signature 0.89
Parse::CPAN::Meta 2.150010
Test2 1.302210
Test::Harness 3.50
Test::More 1.302210
YAML 1.31
YAML::Syck n/a
version 0.9933
--
Summary of my perl5 (revision 5 version 41 subversion 11) configuration:
Commit id: 49e1c32066791d2d86ecb35bd4de885200e36e80
Platform:
osname=dragonfly
osvers=6.4-release
archname=x86_64-dragonfly-thread-multi
uname='dragonfly cjg-dragonfly6 6.4-release dragonfly v6.4.0-release #54: fri dec 30 09:06:50 pst 2022 root@pkgbox64.dragonflybsd.org:usrobjusrsrcsysx86_64_generic x86_64 '
config_args='-des -Dprefix=/home/cpan/bin/perl -Dscriptdir=/home/cpan/bin/perl/bin -Dusedevel -Duse64bitall -Duseithreads'
hint=recommended
useposix=true
d_sigaction=define
useithreads=define
usemultiplicity=define
use64bitint=define
use64bitall=define
uselongdouble=undef
usemymalloc=n
default_inc_excludes_dot=define
Compiler:
cc='cc'
ccflags ='-DHAS_FPSETMASK -DHAS_FLOATINGPOINT_H -DNO_POSIX_2008_LOCALE -fwrapv -fno-strict-aliasing -pipe -fstack-protector-strong -I/usr/local/include -D_FORTIFY_SOURCE=2'
optimize='-O2'
cppflags='-DHAS_FPSETMASK -DHAS_FLOATINGPOINT_H -DNO_POSIX_2008_LOCALE -fwrapv -fno-strict-aliasing -pipe -fstack-protector-strong -I/usr/local/include'
ccversion=''
gccversion='8.3 [DragonFly] Release/2019-02-22'
gccosandvers=''
intsize=4
longsize=8
ptrsize=8
doublesize=8
byteorder=12345678
doublekind=3
d_longlong=define
longlongsize=8
d_longdbl=define
longdblsize=16
longdblkind=3
ivtype='long'
ivsize=8
nvtype='double'
nvsize=8
Off_t='off_t'
lseeksize=8
alignbytes=8
prototype=define
Linker and Libraries:
ld='cc'
ldflags ='-pthread -Wl,-E -fstack-protector-strong -L/usr/local/lib'
libpth=/usr/lib /usr/local/lib
libs=-lpthread -lgdbm -ldl -lm -lcrypt -lutil -lc
perllibs=-lpthread -ldl -lm -lcrypt -lutil -lc
libc=
so=so
useshrplib=false
libperl=libperl.a
gnulibc_version=''
Dynamic Linking:
dlsrc=dl_dlopen.xs
dlext=so
d_dlsymun=undef
ccdlflags=' '
cccdlflags='-DPIC -fPIC'
lddlflags='-shared -L/usr/local/lib -fstack-protector-strong'
Characteristics of this binary (from libperl):
Compile-time options:
HAS_LONG_DOUBLE
HAS_STRTOLD
HAS_TIMES
MULTIPLICITY
PERLIO_LAYERS
PERL_COPY_ON_WRITE
PERL_DONT_CREATE_GVSV
PERL_HASH_FUNC_SIPHASH13
PERL_HASH_USE_SBOX32
PERL_MALLOC_WRAP
PERL_OP_PARENT
PERL_PRESERVE_IVUV
PERL_USE_DEVEL
PERL_USE_SAFE_PUTENV
USE_64_BIT_ALL
USE_64_BIT_INT
USE_ITHREADS
USE_LARGE_FILES
USE_LOCALE
USE_LOCALE_COLLATE
USE_LOCALE_CTYPE
USE_LOCALE_NUMERIC
USE_LOCALE_TIME
USE_PERLIO
USE_PERL_ATOF
USE_REENTRANT_API
Built under dragonfly
Compiled at Apr 19 2025 15:13:11
%ENV:
PERL5LIB=""
PERL5OPT=""
PERL5_CPANPLUS_IS_RUNNING="155214"
PERL5_CPAN_IS_RUNNING="155214"
PERL_MM_USE_DEFAULT="1"
PERL_USE_UNSAFE_INC="1"
@INC:
/home/cpan/bin/perl/lib/site_perl/5.41.11/x86_64-dragonfly-thread-multi
/home/cpan/bin/perl/lib/site_perl/5.41.11
/home/cpan/bin/perl/lib/5.41.11/x86_64-dragonfly-thread-multi
/home/cpan/bin/perl/lib/5.41.11
.