Map-Tube-Plugin-FuzzyFind vv0.81.0 Perl 5 v5.18.4 OpenBSD.amd64-openbsd-thread-multi

Status
Fail
From
Chris Williams (BINGOS)
Dist
Map-Tube-Plugin-FuzzyFind vv0.81.0
Platform
Perl 5 v5.18.4 OpenBSD.amd64-openbsd-thread-multi
Date
2024-11-14 20:16:55
ID
64e09e7c-a2c5-11ef-98b0-b3c3213a625c
This distribution has been tested as part of the CPAN Testers
project, supporting the Perl programming language.  See
http://wiki.cpantesters.org/ for more information or email
questions to cpan-testers-discuss@perl.org


--

Dear GWS,

This is a computer-generated error report created automatically by
CPANPLUS, version 0.9914. Testers personal comments may appear
at the end of this report.


Thank you for uploading your work to CPAN.  However, it appears that
there were some problems testing your distribution.

TEST RESULTS:

Below is the error stack from stage 'make test':

PERL_DL_NONLAZY=1 "/home/cpan/pit/thr/perl-5.18.4/bin/perl" "-MExtUtils::Command::MM" "-MTest::Harness" "-e" "undef *Test::Harness::Switches; test_harness(0, 'blib/lib', 'blib/arch')" t/*.t
# Testing Map::Tube::Plugin::FuzzyFind v0.81.0, Perl 5.018004, /home/cpan/pit/thr/perl-5.18.4/bin/perl
t/00-load.t ................. ok
t/01-exact.t ................ ok
t/02-start.t ................ ok
t/03-in.t ................... ok
t/04-re.t ................... ok
Text::Soundex will be removed from the Perl core distribution in the next major release. Please install it from CPAN. It is being used at (eval 256), line 2.
t/05-soundex.t .............. skipped: Text::Unidecode required for this test

   *** Expect many messages saying 'Negative repeat count does nothing at ...' -- ignore these, please! *** 
Matcher module Text::Phonetic::Phonix not loaded or not executed:  at /home/cpan/pit/thr/conf/perl-5.18.4/.cpanplus/5.18.4/build/kjx9ShnnhP/Map-Tube-Plugin-FuzzyFind-v0.81.0/blib/lib/Map/Tube/Plugin/FuzzyFind.pm line 517.
 at /home/cpan/pit/thr/conf/perl-5.18.4/.cpanplus/5.18.4/build/kjx9ShnnhP/Map-Tube-Plugin-FuzzyFind-v0.81.0/blib/lib/Map/Tube/Plugin/FuzzyFind.pm line 517.
# Looks like your test exited with 2 just after 1.
t/06-phonix.t ............... 
Dubious, test returned 2 (wstat 512, 0x200)
Failed 13/14 subtests 
Matcher module Text::Phonetic::DaitchMokotoff not loaded or not executed:  at /home/cpan/pit/thr/conf/perl-5.18.4/.cpanplus/5.18.4/build/kjx9ShnnhP/Map-Tube-Plugin-FuzzyFind-v0.81.0/blib/lib/Map/Tube/Plugin/FuzzyFind.pm line 517.
 at /home/cpan/pit/thr/conf/perl-5.18.4/.cpanplus/5.18.4/build/kjx9ShnnhP/Map-Tube-Plugin-FuzzyFind-v0.81.0/blib/lib/Map/Tube/Plugin/FuzzyFind.pm line 517.
# Looks like your test exited with 2 just after 1.
t/07-daitch-motokoff.t ...... 
Dubious, test returned 2 (wstat 512, 0x200)
Failed 14/15 subtests 
Matcher module Text::Phonetic::Koeln not loaded or not executed:  at /home/cpan/pit/thr/conf/perl-5.18.4/.cpanplus/5.18.4/build/kjx9ShnnhP/Map-Tube-Plugin-FuzzyFind-v0.81.0/blib/lib/Map/Tube/Plugin/FuzzyFind.pm line 517.
 at /home/cpan/pit/thr/conf/perl-5.18.4/.cpanplus/5.18.4/build/kjx9ShnnhP/Map-Tube-Plugin-FuzzyFind-v0.81.0/blib/lib/Map/Tube/Plugin/FuzzyFind.pm line 517.
# Looks like your test exited with 2 just after 1.
t/08-koeln.t ................ 
Dubious, test returned 2 (wstat 512, 0x200)
Failed 14/15 subtests 
# Text::Metaphone required for this test -- skipping
# Looks like you planned 19 tests but ran 15.
t/09-metaphone.t ............ 
Dubious, test returned 255 (wstat 65280, 0xff00)
Failed 4/19 subtests 
	(less 14 skipped subtests: 1 okay)
# Text::Metaphone required for this test -- skipping
# Looks like you planned 16 tests but ran 15.
t/10-doublemetaphone.t ...... 
Dubious, test returned 255 (wstat 65280, 0xff00)
Failed 1/16 subtests 
	(less 14 skipped subtests: 1 okay)
Matcher module Text::Phonetic::Phonem not loaded or not executed:  at /home/cpan/pit/thr/conf/perl-5.18.4/.cpanplus/5.18.4/build/kjx9ShnnhP/Map-Tube-Plugin-FuzzyFind-v0.81.0/blib/lib/Map/Tube/Plugin/FuzzyFind.pm line 517.
 at /home/cpan/pit/thr/conf/perl-5.18.4/.cpanplus/5.18.4/build/kjx9ShnnhP/Map-Tube-Plugin-FuzzyFind-v0.81.0/blib/lib/Map/Tube/Plugin/FuzzyFind.pm line 517.
# Looks like your test exited with 2 just after 1.
t/11-phonem.t ............... 
Dubious, test returned 2 (wstat 512, 0x200)
Failed 13/14 subtests 
t/12-levenshtein.t .......... skipped: Text::Levenshtein::XS or Text::Levenshtein required for this test
t/13-levenshtein-damerau.t .. skipped: Text::Levenshtein::Damerau::XS or Text::Levenshtein::Damerau required for this test
t/14-jaro-winkler.t ......... skipped: Text::JaroWinkler required for this test
t/15-ngrams.t ............... skipped: String::Trigram required for this test
t/49-args.t ................. ok
t/50-manifest.t ............. skipped: for authors only -- define $ENV{AUTHOR_TESTING}
t/51-meta-json.t ............ skipped: for authors only -- define $ENV{AUTHOR_TESTING}
t/52-meta-yml.t ............. skipped: for authors only -- define $ENV{AUTHOR_TESTING}
t/53-version.t .............. skipped: for authors only -- define $ENV{AUTHOR_TESTING}
t/54-signature.t ............ skipped: for authors only -- define $ENV{AUTHOR_TESTING}
t/60-pod.t .................. skipped: for authors only -- define $ENV{AUTHOR_TESTING}
t/61-pod-coverage.t ......... skipped: for authors only -- define $ENV{AUTHOR_TESTING}
t/62-changes.t .............. skipped: for authors only -- define $ENV{AUTHOR_TESTING}

Test Summary Report
-------------------
t/06-phonix.t             (Wstat: 512 (exited 2) Tests: 1 Failed: 0)
  Non-zero exit status: 2
  Parse errors: Bad plan.  You planned 14 tests but ran 1.
t/07-daitch-motokoff.t    (Wstat: 512 (exited 2) Tests: 1 Failed: 0)
  Non-zero exit status: 2
  Parse errors: Bad plan.  You planned 15 tests but ran 1.
t/08-koeln.t              (Wstat: 512 (exited 2) Tests: 1 Failed: 0)
  Non-zero exit status: 2
  Parse errors: Bad plan.  You planned 15 tests but ran 1.
t/09-metaphone.t          (Wstat: 65280 (exited 255) Tests: 15 Failed: 0)
  Non-zero exit status: 255
  Parse errors: Bad plan.  You planned 19 tests but ran 15.
t/10-doublemetaphone.t    (Wstat: 65280 (exited 255) Tests: 15 Failed: 0)
  Non-zero exit status: 255
  Parse errors: Bad plan.  You planned 16 tests but ran 15.
t/11-phonem.t             (Wstat: 512 (exited 2) Tests: 1 Failed: 0)
  Non-zero exit status: 2
  Parse errors: Bad plan.  You planned 14 tests but ran 1.
Files=25, Tests=122, 13 wallclock secs ( 0.16 usr  0.10 sys +  9.42 cusr  2.55 csys = 12.23 CPU)
Result: FAIL
Failed 6/25 test programs. 0/122 subtests failed.
*** Error 255 in /home/cpan/pit/thr/conf/perl-5.18.4/.cpanplus/5.18.4/build/kjx9ShnnhP/Map-Tube-Plugin-FuzzyFind-v0.81.0 (Makefile:895 'test_dynamic')


PREREQUISITES:

Here is a list of prerequisites you specified and versions we
managed to load:

	  Module Name                        Have     Want
	  ExtUtils::MakeMaker                7.70        0
	  Map::Tube                          3.77     3.77
	  Map::Tube::London                  1.39     1.39
	  Moo                            2.005005        0
	  Moo::Role                      2.005005        0
	  Test::More                     1.302200     0.82
	  Try::Tiny                          0.32        0
	  namespace::clean                   0.27        0

Perl module toolchain versions installed:
	Module Name                        Have
	CPANPLUS                         0.9914
	CPANPLUS::Dist::Build              0.90
	Cwd                                3.75
	ExtUtils::CBuilder             0.280236
	ExtUtils::Command                  7.70
	ExtUtils::Install                  2.22
	ExtUtils::MakeMaker                7.70
	ExtUtils::Manifest                 1.75
	ExtUtils::ParseXS                  3.51
	File::Spec                         3.75
	Module::Build                    0.4234
	Pod::Parser                        1.60
	Pod::Simple                        3.28
	Test2                          1.302200
	Test::Harness                      3.48
	Test::More                     1.302200
	version                          0.9932

******************************** NOTE ********************************
The comments above are created mechanically, possibly without manual
checking by the sender.  As there are many people performing automatic
tests on each upload to CPAN, it is likely that you will receive
identical messages about the same problem.

If you believe that the message is mistaken, please reply to the first
one with correction and/or additional informations, and do not take
it personally.  We appreciate your patience. :)
**********************************************************************

Additional comments:


This report was machine-generated by CPANPLUS::Dist::YACSmoke 1.08.
Powered by minismokebox version 0.68

CPANPLUS is prefering Build.PL

------------------------------
ENVIRONMENT AND OTHER CONTEXT
------------------------------

Environment variables:

    AUTOMATED_TESTING = 1
    NONINTERACTIVE_TESTING = 1
    PATH = /home/cpan/bin:/bin:/sbin:/usr/bin:/usr/sbin:/usr/X11R6/bin:/usr/local/bin:/usr/local/sbin
    PERL5LIB = /home/cpan/pit/jail/8epWt0Q0b5/lib/perl5:/home/cpan/pit/thr/conf/perl-5.18.4/.cpanplus/5.18.4/build/kjx9ShnnhP/Map-Tube-Plugin-FuzzyFind-v0.81.0/blib/lib:/home/cpan/pit/thr/conf/perl-5.18.4/.cpanplus/5.18.4/build/kjx9ShnnhP/Map-Tube-Plugin-FuzzyFind-v0.81.0/blib/arch
    PERL5_CPANPLUS_IS_RUNNING = 63473
    PERL5_CPANPLUS_IS_VERSION = 0.9914
    PERL5_MINISMOKEBOX = 0.68
    PERL5_YACSMOKE_BASE = /home/cpan/pit/thr/conf/perl-5.18.4
    PERL_EXTUTILS_AUTOINSTALL = --defaultdeps
    PERL_LOCAL_LIB_ROOT = /home/cpan/pit/jail/8epWt0Q0b5
    PERL_MB_OPT = --install_base "/home/cpan/pit/jail/8epWt0Q0b5"
    PERL_MM_OPT = INSTALL_BASE=/home/cpan/pit/jail/8epWt0Q0b5
    PERL_MM_USE_DEFAULT = 1
    SHELL = /usr/local/bin/bash
    TERM = screen.xterm-256color

Perl special variables (and OS-specific diagnostics, for MSWin32):

    Perl: $^X = /home/cpan/pit/thr/perl-5.18.4/bin/perl
    UID:  $<  = 1001
    EUID: $>  = 1001
    GID:  $(  = 1001 1001
    EGID: $)  = 1001 1001


-------------------------------


--

Summary of my perl5 (revision 5 version 18 subversion 4) configuration:
   
  Platform:
    osname=openbsd, osvers=7.3, archname=OpenBSD.amd64-openbsd-thread-multi
    uname='openbsd overture.bingosnet.co.uk 7.3 generic#1072 amd64 '
    config_args='-des -Dprefix=/home/cpan/pit/thr/perl-5.18.4 -Dusethreads'
    hint=recommended, useposix=true, d_sigaction=define
    useithreads=define, usemultiplicity=define
    useperlio=define, d_sfio=undef, uselargefiles=define, usesocks=undef
    use64bitint=define, use64bitall=define, uselongdouble=undef
    usemymalloc=n, bincompat5005=undef
  Compiler:
    cc='cc', ccflags ='-pthread -fno-strict-aliasing -pipe -fstack-protector -I/usr/local/include',
    optimize='-O2',
    cppflags='-pthread -fno-strict-aliasing -pipe -fstack-protector -I/usr/local/include'
    ccversion='', gccversion='OpenBSD Clang 13.0.0', gccosandvers=''
    intsize=4, longsize=8, ptrsize=8, doublesize=8, byteorder=12345678
    d_longlong=define, longlongsize=8, d_longdbl=define, longdblsize=16
    ivtype='long', ivsize=8, nvtype='double', nvsize=8, Off_t='off_t', lseeksize=8
    alignbytes=8, prototype=define
  Linker and Libraries:
    ld='cc', ldflags ='-pthread -Wl,-E  -fstack-protector -L/usr/local/lib'
    libpth=/usr/local/lib /usr/lib
    libs=-lgdbm -lm -lutil -lc
    perllibs=-lm -lutil -lc
    libc=/usr/lib/libc.so.97.0, so=so, useshrplib=false, libperl=libperl.a
    gnulibc_version=''
  Dynamic Linking:
    dlsrc=dl_dlopen.xs, dlext=so, d_dlsymun=undef, ccdlflags=' '
    cccdlflags='-DPIC -fPIC ', lddlflags='-shared -fPIC  -L/usr/local/lib -fstack-protector'


Characteristics of this binary (from libperl): 
  Compile-time options: HAS_TIMES MULTIPLICITY PERLIO_LAYERS
                        PERL_DONT_CREATE_GVSV
                        PERL_HASH_FUNC_ONE_AT_A_TIME_HARD
                        PERL_IMPLICIT_CONTEXT PERL_MALLOC_WRAP
                        PERL_PRESERVE_IVUV PERL_SAWAMPERSAND USE_64_BIT_ALL
                        USE_64_BIT_INT USE_ITHREADS USE_LARGE_FILES
                        USE_LOCALE USE_LOCALE_COLLATE USE_LOCALE_CTYPE
                        USE_LOCALE_NUMERIC USE_PERLIO USE_PERL_ATOF
                        USE_REENTRANT_API
  Locally applied patches:
	Devel::PatchPerl 2.08
  Built under openbsd
  Compiled at May 30 2023 06:19:19
  %ENV:
    PERL5LIB="/home/cpan/pit/jail/8epWt0Q0b5/lib/perl5:/home/cpan/pit/thr/conf/perl-5.18.4/.cpanplus/5.18.4/build/kjx9ShnnhP/Map-Tube-Plugin-FuzzyFind-v0.81.0/blib/lib:/home/cpan/pit/thr/conf/perl-5.18.4/.cpanplus/5.18.4/build/kjx9ShnnhP/Map-Tube-Plugin-FuzzyFind-v0.81.0/blib/arch"
    PERL5_CPANPLUS_IS_RUNNING="63473"
    PERL5_CPANPLUS_IS_VERSION="0.9914"
    PERL5_MINISMOKEBOX="0.68"
    PERL5_YACSMOKE_BASE="/home/cpan/pit/thr/conf/perl-5.18.4"
    PERL_EXTUTILS_AUTOINSTALL="--defaultdeps"
    PERL_LOCAL_LIB_ROOT="/home/cpan/pit/jail/8epWt0Q0b5"
    PERL_MB_OPT="--install_base "/home/cpan/pit/jail/8epWt0Q0b5""
    PERL_MM_OPT="INSTALL_BASE=/home/cpan/pit/jail/8epWt0Q0b5"
    PERL_MM_USE_DEFAULT="1"
  @INC:
    /home/cpan/pit/jail/8epWt0Q0b5/lib/perl5/5.18.4/OpenBSD.amd64-openbsd-thread-multi
    /home/cpan/pit/jail/8epWt0Q0b5/lib/perl5/5.18.4
    /home/cpan/pit/jail/8epWt0Q0b5/lib/perl5/OpenBSD.amd64-openbsd-thread-multi
    /home/cpan/pit/jail/8epWt0Q0b5/lib/perl5
    /home/cpan/pit/thr/conf/perl-5.18.4/.cpanplus/5.18.4/build/kjx9ShnnhP/Map-Tube-Plugin-FuzzyFind-v0.81.0/blib/lib
    /home/cpan/pit/thr/conf/perl-5.18.4/.cpanplus/5.18.4/build/kjx9ShnnhP/Map-Tube-Plugin-FuzzyFind-v0.81.0/blib/arch
    /home/cpan/pit/thr/perl-5.18.4/lib/site_perl/5.18.4/OpenBSD.amd64-openbsd-thread-multi
    /home/cpan/pit/thr/perl-5.18.4/lib/site_perl/5.18.4
    /home/cpan/pit/thr/perl-5.18.4/lib/5.18.4/OpenBSD.amd64-openbsd-thread-multi
    /home/cpan/pit/thr/perl-5.18.4/lib/5.18.4
    .