Back
From: metabase:user:322078bc-2aae-11df-837a-5e0a49663a4f
Subject: FAIL Crypt-Square-1.0.0 v5.13.1 GNU/Linux
Date: 2011-05-14T21:16:11Z
This distribution has been tested as part of the CPAN Testers
project, supporting the Perl programming language. See
http://wiki.cpantesters.org/ for more information or email
questions to cpan-testers-discuss@perl.org
--
Dear JCDUQUE,
This is a computer-generated error report created automatically by
CPANPLUS, version 0.9105. Testers personal comments may appear
at the end of this report.
Thank you for uploading your work to CPAN. However, it appears that
there were some problems testing your distribution.
TEST RESULTS:
Below is the error stack from stage 'make test':
[MSG] [Sat May 14 22:15:16 2011] Trying to get 'http://cpan.mirror.local/CPAN/authors/id/J/JC/JCDUQUE/Crypt-Square-1.0.0.tar.gz'
[MSG] [Sat May 14 22:15:17 2011] Trying to get 'http://cpan.mirror.local/CPAN/authors/id/J/JC/JCDUQUE/CHECKSUMS'
[MSG] [Sat May 14 22:15:17 2011] Checksum matches for 'Crypt-Square-1.0.0.tar.gz'
[MSG] [Sat May 14 22:15:17 2011] Extracted 'Crypt::Square' to '/home/cpan/pit/thr/conf/perl-5.13.1/.cpanplus/5.13.1/build/Crypt-Square-1.0.0'
[MSG] [Sat May 14 22:15:17 2011] CPANPLUS is prefering Build.PL
[MSG] [Sat May 14 22:15:17 2011] Loading YACSmoke database "/home/cpan/pit/thr/conf/perl-5.13.1/.cpanplus/cpansmoke.dat"
[MSG] [Sat May 14 22:15:17 2011] Checking if your kit is complete...
Looks good
Writing Makefile for Crypt::Square
[MSG] [Sat May 14 22:15:17 2011] DEFAULT 'filter_prereqs' HANDLER RETURNING 'sub return value'
[MSG] [Sat May 14 22:15:17 2011] Checking for previous PASS result for "Crypt-Square-1.0.0"
[MSG] [Sat May 14 22:15:18 2011] cp Square.pm blib/lib/Crypt/Square.pm
/home/cpan/pit/thr/perl-5.13.1/bin/perl5.13.1 /home/cpan/pit/thr/perl-5.13.1/lib/5.13.1/ExtUtils/xsubpp -typemap /home/cpan/pit/thr/perl-5.13.1/lib/5.13.1/ExtUtils/typemap -typemap typemap Square.xs > Square.xsc && mv Square.xsc Square.c
cc -c -I. -D_REENTRANT -D_GNU_SOURCE -fno-strict-aliasing -pipe -fstack-protector -I/usr/local/include -D_LARGEFILE_SOURCE -D_FILE_OFFSET_BITS=64 -O2 -DVERSION=\"1.0.0\" -DXS_VERSION=\"1.0.0\" -fPIC "-I/home/cpan/pit/thr/perl-5.13.1/lib/5.13.1/x86_64-linux-thread-multi/CORE" Square.c
In file included from Square.xs:4:
ppport.h:227:1: warning: "PERL_UNUSED_DECL" redefined
In file included from Square.xs:2:
/home/cpan/pit/thr/perl-5.13.1/lib/5.13.1/x86_64-linux-thread-multi/CORE/perl.h:308:1: warning: this is the location of the previous definition
Running Mkbootstrap for Crypt::Square ()
chmod 644 Square.bs
rm -f blib/arch/auto/Crypt/Square/Square.so
cc -shared -O2 -L/usr/local/lib -fstack-protector Square.o -o blib/arch/auto/Crypt/Square/Square.so \
\
chmod 755 blib/arch/auto/Crypt/Square/Square.so
cp Square.bs blib/arch/auto/Crypt/Square/Square.bs
chmod 644 blib/arch/auto/Crypt/Square/Square.bs
Manifying blib/man3/Crypt::Square.3
[ERROR] [Sat May 14 22:15:18 2011] MAKE TEST failed: PERL_DL_NONLAZY=1 /home/cpan/pit/thr/perl-5.13.1/bin/perl5.13.1 "-MExtUtils::Command::MM" "-e" "test_harness(0, 'blib/lib', 'blib/arch')" t/*.t
t/01.t .......
Failed 1/2 subtests
t/02.t .......
Failed 1/2 subtests
t/03.t .......
Failed 1/2 subtests
t/04.t .......
Failed 1/2 subtests
t/loading.t .. ok
Test Summary Report
-------------------
t/01.t (Wstat: 11 Tests: 1 Failed: 0)
Non-zero wait status: 11
Parse errors: Bad plan. You planned 2 tests but ran 1.
t/02.t (Wstat: 11 Tests: 1 Failed: 0)
Non-zero wait status: 11
Parse errors: Bad plan. You planned 2 tests but ran 1.
t/03.t (Wstat: 11 Tests: 1 Failed: 0)
Non-zero wait status: 11
Parse errors: Bad plan. You planned 2 tests but ran 1.
t/04.t (Wstat: 11 Tests: 1 Failed: 0)
Non-zero wait status: 11
Parse errors: Bad plan. You planned 2 tests but ran 1.
Files=5, Tests=5, 0 wallclock secs ( 0.02 usr 0.00 sys + 0.42 cusr 0.01 csys = 0.45 CPU)
Result: FAIL
Failed 4/5 test programs. 0/5 subtests failed.
make: *** [test_dynamic] Error 255
[MSG] [Sat May 14 22:15:18 2011] DEFAULT 'proceed_on_test_failure' HANDLER RETURNING 'sub return value'
Perl module toolchain versions installed:
Module Name Have
CPANPLUS 0.9105
CPANPLUS::Dist::Build 0.56
Cwd 3.33
ExtUtils::CBuilder 0.280202
ExtUtils::Command 1.16
ExtUtils::Install 1.55
ExtUtils::MakeMaker 6.5601
ExtUtils::Manifest 1.58
ExtUtils::ParseXS 2.2206
File::Spec 3.33
Module::Build 0.3800
Test::Harness 3.23
Test::More 0.98
version 0.88
******************************** NOTE ********************************
The comments above are created mechanically, possibly without manual
checking by the sender. As there are many people performing automatic
tests on each upload to CPAN, it is likely that you will receive
identical messages about the same problem.
If you believe that the message is mistaken, please reply to the first
one with correction and/or additional informations, and do not take
it personally. We appreciate your patience. :)
**********************************************************************
Additional comments:
This report was machine-generated by CPANPLUS::Dist::YACSmoke 0.62.
Powered by minismokebox version 0.44
------------------------------
ENVIRONMENT AND OTHER CONTEXT
------------------------------
Environment variables:
AUTOMATED_TESTING = 1
LANG = en_US
LC_COLLATE = C
PATH = /usr/local/bin:/usr/bin:/bin:/usr/games:/usr/lib64/java/bin:/usr/lib64/qt/bin:/usr/share/texmf/bin:.
PERL5LIB = :/home/cpan/pit/thr/conf/perl-5.13.1/.cpanplus/5.13.1/build/Crypt-Square-1.0.0/blib/lib:/home/cpan/pit/thr/conf/perl-5.13.1/.cpanplus/5.13.1/build/Crypt-Square-1.0.0/blib/arch
PERL5_CPANPLUS_IS_RUNNING = 14204
PERL5_CPANPLUS_IS_VERSION = 0.9105
PERL5_MINISMOKEBOX = 0.44
PERL5_YACSMOKE_BASE = /home/cpan/pit/thr/conf/perl-5.13.1
PERL_EXTUTILS_AUTOINSTALL = --defaultdeps
PERL_MM_USE_DEFAULT = 1
SHELL = /bin/bash
TERM = screen
Perl special variables (and OS-specific diagnostics, for MSWin32):
Perl: $^X = /home/cpan/pit/thr/perl-5.13.1/bin/perl5.13.1
UID: $< = 1001
EUID: $> = 1001
GID: $( = 100 100
EGID: $) = 100 100
-------------------------------
--
Summary of my perl5 (revision 5 version 13 subversion 1) configuration:
Platform:
osname=linux, osvers=2.6.33.4, archname=x86_64-linux-thread-multi
uname='linux slack64 2.6.33.4 #3 smp wed may 12 23:13:09 cdt 2010 x86_64 intel(r) xeon(r) cpu e5520 @ 2.27ghz genuineintel gnulinux '
config_args='-des -Dprefix=/home/cpan/pit/thr/perl-5.13.1 -Dusethreads -Dusedevel'
hint=recommended, useposix=true, d_sigaction=define
useithreads=define, usemultiplicity=define
useperlio=define, d_sfio=undef, uselargefiles=define, usesocks=undef
use64bitint=define, use64bitall=define, uselongdouble=undef
usemymalloc=n, bincompat5005=undef
Compiler:
cc='cc', ccflags ='-D_REENTRANT -D_GNU_SOURCE -fno-strict-aliasing -pipe -fstack-protector -I/usr/local/include -D_LARGEFILE_SOURCE -D_FILE_OFFSET_BITS=64',
optimize='-O2',
cppflags='-D_REENTRANT -D_GNU_SOURCE -fno-strict-aliasing -pipe -fstack-protector -I/usr/local/include'
ccversion='', gccversion='4.4.4', gccosandvers=''
intsize=4, longsize=8, ptrsize=8, doublesize=8, byteorder=12345678
d_longlong=define, longlongsize=8, d_longdbl=define, longdblsize=16
ivtype='long', ivsize=8, nvtype='double', nvsize=8, Off_t='off_t', lseeksize=8
alignbytes=8, prototype=define
Linker and Libraries:
ld='cc', ldflags =' -fstack-protector -L/usr/local/lib'
libpth=/usr/local/lib /lib /usr/lib /lib64 /usr/lib64 /usr/local/lib64
libs=-lnsl -lgdbm -ldb -ldl -lm -lcrypt -lutil -lpthread -lc
perllibs=-lnsl -ldl -lm -lcrypt -lutil -lpthread -lc
libc=, so=so, useshrplib=false, libperl=libperl.a
gnulibc_version='2.11.1'
Dynamic Linking:
dlsrc=dl_dlopen.xs, dlext=so, d_dlsymun=undef, ccdlflags='-Wl,-E'
cccdlflags='-fPIC', lddlflags='-shared -O2 -L/usr/local/lib -fstack-protector'
Characteristics of this binary (from libperl):
Compile-time options: MULTIPLICITY PERL_DONT_CREATE_GVSV
PERL_IMPLICIT_CONTEXT PERL_MALLOC_WRAP PERL_USE_DEVEL
USE_64_BIT_ALL USE_64_BIT_INT USE_ITHREADS
USE_LARGE_FILES USE_PERLIO USE_PERL_ATOF
USE_REENTRANT_API
Built under linux
Compiled at Feb 18 2011 11:44:57
%ENV:
PERL5LIB=":/home/cpan/pit/thr/conf/perl-5.13.1/.cpanplus/5.13.1/build/Crypt-Square-1.0.0/blib/lib:/home/cpan/pit/thr/conf/perl-5.13.1/.cpanplus/5.13.1/build/Crypt-Square-1.0.0/blib/arch"
PERL5_CPANPLUS_IS_RUNNING="14204"
PERL5_CPANPLUS_IS_VERSION="0.9105"
PERL5_MINISMOKEBOX="0.44"
PERL5_YACSMOKE_BASE="/home/cpan/pit/thr/conf/perl-5.13.1"
PERL_EXTUTILS_AUTOINSTALL="--defaultdeps"
PERL_MM_USE_DEFAULT="1"
@INC:
/home/cpan/pit/thr/conf/perl-5.13.1/.cpanplus/5.13.1/build/Crypt-Square-1.0.0/blib/lib
/home/cpan/pit/thr/conf/perl-5.13.1/.cpanplus/5.13.1/build/Crypt-Square-1.0.0/blib/arch
/home/cpan/pit/thr/perl-5.13.1/lib/site_perl/5.13.1/x86_64-linux-thread-multi
/home/cpan/pit/thr/perl-5.13.1/lib/site_perl/5.13.1
/home/cpan/pit/thr/perl-5.13.1/lib/5.13.1/x86_64-linux-thread-multi
/home/cpan/pit/thr/perl-5.13.1/lib/5.13.1
.