Report for AnyEvent-Filesys-Notify-1.15

Back
From: metabase:user:320bfe00-2aae-11df-837a-5e0a49663a4f
Subject: FAIL AnyEvent-Filesys-Notify-1.15 v5.21.10 GNU/Linux
Date: 2015-02-24T23:25:16Z

This distribution has been tested as part of the CPAN Testers
project, supporting the Perl programming language.  See
http://wiki.cpantesters.org/ for more information or email
questions to cpan-testers-discuss@perl.org


--
Dear Mark Grimes,

This is a computer-generated report for AnyEvent-Filesys-Notify-1.15
on perl 5.21.10, created by CPAN-Reporter-1.2011.

Thank you for uploading your work to CPAN.  However, there was a problem
testing your distribution.

If you think this report is invalid, please consult the CPAN Testers Wiki
for suggestions on how to avoid getting FAIL reports for missing library
or binary dependencies, unsupported operating systems, and so on:

http://wiki.cpantesters.org/wiki/CPANAuthorNotes

Sections of this report:

    * Tester comments
    * Program output
    * Prerequisites
    * Environment and other context

------------------------------
TESTER COMMENTS
------------------------------

Additional comments from tester:

this report is from an automated smoke testing program
and was not reviewed by a human for accuracy

------------------------------
PROGRAM OUTPUT
------------------------------

Output from './Build test':

t/00-load.t ............. ok
t/10-plugins.t .......... ok
t/11-plugin-default.t ... ok
t/20-scan_fs.t .......... ok
t/21-scan_fs_links.t .... ok
# This might take a few seconds to run...
t/30-event.t ............ ok
# This might take a few seconds to run...
t/31-notify-fallback.t .. ok
# This might take a few seconds to run...
t/32-specify-backend.t .. ok
t/33-specify-kqueue.t ... skipped: Test only on Mac with IO::KQueue
# This might take a few seconds to run...

#   Failed test '... the next test listed timed out'
#   at t/lib/TestSupport.pm line 87.

#   Failed test 'modify existing file'
#   at t/lib/TestSupport.pm line 94.
#     Structures begin differing at:
#          $got->[1] = Does not exist
#     $expected->[1] = 'modified'
# ... expected: modified,modified
# ... received: modified
# --- received: modified:/tmp/zToNgWdU96/one/1
# Looks like you planned 10 tests but ran 11.
# Looks like you failed 2 tests of 11 run.
t/34-parse_events.t ..... 
Dubious, test returned 2 (wstat 512, 0x200)
Failed 2/10 subtests 
t/40-bugs.t ............. ok

Test Summary Report
-------------------
t/34-parse_events.t   (Wstat: 512 Tests: 11 Failed: 3)
  Failed tests:  4-5, 11
  Non-zero exit status: 2
  Parse errors: Bad plan.  You planned 10 tests but ran 11.
Files=11, Tests=88, 16 wallclock secs ( 0.05 usr  0.01 sys +  2.41 cusr  0.20 csys =  2.67 CPU)
Result: FAIL
Failed 1/11 test programs. 3/88 subtests failed.

------------------------------
PREREQUISITES
------------------------------

Prerequisite modules loaded:

requires:

    Module                       Need     Have        
    ---------------------------- -------- ------------
    AnyEvent                     7.05     7.08        
    Carp                         1.20     1.35        
    Cwd                          3.40     3.54        
    Linux::Inotify2              1.22     1.22        
    Moo                          1.003001 1.007000    
    MooX::late                   0.014    0.015       
    MooX::Types::MooseLike::Base 0.25     0.27        
    namespace::sweep             0.006    0.006       
    Path::Iterator::Rule         1.005    1.008       
    perl                         5.006    5.021010    
    Try::Tiny                    0.18     0.22        

build_requires:

    Module                       Need     Have        
    ---------------------------- -------- ------------
    autodie                      0        2.26        
    Data::Dump                   0        1.22        
    Exporter                     0        5.72        
    File::Basename               0        2.85        
    File::Find                   0        1.29        
    File::Path                   0        2.09        
    File::Spec                   0        3.53        
    File::Temp                   0        0.2304      
    Test::Exception              0        0.36        
    Test::More                   0.87     1.301001_098
    Test::Without::Module        0        0.18        

configure_requires:

    Module                       Need     Have        
    ---------------------------- -------- ------------
    Module::Build                0.4004   0.4211      


------------------------------
ENVIRONMENT AND OTHER CONTEXT
------------------------------

Environment variables:

    AUTOMATED_TESTING = 1
    LANG = en_US.UTF-8
    LANGUAGE = en_US:en
    PATH = /home/sand/bin:/usr/local/bin:/usr/bin:/bin:/usr/games:/usr/local/perl/bin:/usr/X11/bin:/sbin:/usr/sbin
    PERL5LIB = 
    PERL5OPT = 
    PERL5_CPANPLUS_IS_RUNNING = 4951
    PERL5_CPAN_IS_RUNNING = 4951
    PERL_MM_USE_DEFAULT = 1
    SHELL = /usr/bin/zsh
    TERM = screen

Perl special variables (and OS-specific diagnostics, for MSWin32):

    $^X = /tmp/basesmoker-reloperl-aNyv/bin/perl
    $UID/$EUID = 1005 / 1005
    $GID = 1005 1005
    $EGID = 1005 1005

Perl module toolchain versions installed:

    Module              Have        
    ------------------- ------------
    CPAN                2.09        
    CPAN::Meta          2.143240    
    Cwd                 3.54        
    ExtUtils::CBuilder  0.280221    
    ExtUtils::Command   1.20        
    ExtUtils::Install   2.04        
    ExtUtils::MakeMaker 7.04        
    ExtUtils::Manifest  1.70        
    ExtUtils::ParseXS   3.27        
    File::Spec          3.53        
    JSON                2.90        
    JSON::PP            2.27300     
    Module::Build       0.4211      
    Module::Signature   0.73        
    Parse::CPAN::Meta   1.4414      
    Test::Harness       3.35        
    Test::More          1.301001_098
    YAML                1.14        
    YAML::Syck          1.29        
    version             0.9909      


--

Summary of my perl5 (revision 5 version 21 subversion 10) configuration:
  Commit id: d3db15144cd5a765432a4454baa35bc2e847a1eb
  Platform:
    osname=linux, osvers=3.16.0-4-amd64, archname=x86_64-linux-thread-multi
    uname='linux k83 3.16.0-4-amd64 #1 smp debian 3.16.7-ckt2-1 (2014-12-08) x86_64 gnulinux '
    config_args='-Dprefix=/home/sand/src/perl/repoperls/installed-perls/perl/v5.21.9-27-gd3db151/9980 -Dmyhostname=k83 -Dinstallusrbinperl=n -Uversiononly -Dusedevel -des -Ui_db -Duseithreads -Uuselongdouble -DDEBUGGING=-g'
    hint=recommended, useposix=true, d_sigaction=define
    useithreads=define, usemultiplicity=define
    use64bitint=define, use64bitall=define, uselongdouble=undef
    usemymalloc=n, bincompat5005=undef
  Compiler:
    cc='cc', ccflags ='-D_REENTRANT -D_GNU_SOURCE -fwrapv -fno-strict-aliasing -pipe -fstack-protector-strong -I/usr/local/include -D_LARGEFILE_SOURCE -D_FILE_OFFSET_BITS=64 -D_FORTIFY_SOURCE=2',
    optimize='-O2 -g',
    cppflags='-D_REENTRANT -D_GNU_SOURCE -fwrapv -fno-strict-aliasing -pipe -fstack-protector-strong -I/usr/local/include'
    ccversion='', gccversion='4.9.2', gccosandvers=''
    intsize=4, longsize=8, ptrsize=8, doublesize=8, byteorder=12345678, doublekind=3
    d_longlong=define, longlongsize=8, d_longdbl=define, longdblsize=16, longdblkind=3
    ivtype='long', ivsize=8, nvtype='double', nvsize=8, Off_t='off_t', lseeksize=8
    alignbytes=8, prototype=define
  Linker and Libraries:
    ld='cc', ldflags =' -fstack-protector-strong -L/usr/local/lib'
    libpth=/usr/local/lib /usr/lib/gcc/x86_64-linux-gnu/4.9/include-fixed /usr/include/x86_64-linux-gnu /usr/lib /lib/x86_64-linux-gnu /lib/../lib /usr/lib/x86_64-linux-gnu /usr/lib/../lib /lib
    libs=-lpthread -lnsl -lgdbm -ldb -ldl -lm -lcrypt -lutil -lc -lgdbm_compat
    perllibs=-lpthread -lnsl -ldl -lm -lcrypt -lutil -lc
    libc=libc-2.19.so, so=so, useshrplib=false, libperl=libperl.a
    gnulibc_version='2.19'
  Dynamic Linking:
    dlsrc=dl_dlopen.xs, dlext=so, d_dlsymun=undef, ccdlflags='-Wl,-E'
    cccdlflags='-fPIC', lddlflags='-shared -O2 -g -L/usr/local/lib -fstack-protector-strong'


Characteristics of this binary (from libperl): 
  Compile-time options: HAS_TIMES MULTIPLICITY PERLIO_LAYERS
                        PERL_DONT_CREATE_GVSV
                        PERL_HASH_FUNC_ONE_AT_A_TIME_HARD
                        PERL_IMPLICIT_CONTEXT PERL_MALLOC_WRAP
                        PERL_NEW_COPY_ON_WRITE PERL_PRESERVE_IVUV
                        PERL_USE_DEVEL USE_64_BIT_ALL USE_64_BIT_INT
                        USE_ITHREADS USE_LARGE_FILES USE_LOCALE
                        USE_LOCALE_COLLATE USE_LOCALE_CTYPE
                        USE_LOCALE_NUMERIC USE_LOCALE_TIME USE_PERLIO
                        USE_PERL_ATOF USE_REENTRANT_API
  Built under linux
  Compiled at Feb 24 2015 15:44:01
  %ENV:
    PERL5LIB=""
    PERL5OPT=""
    PERL5_CPANPLUS_IS_RUNNING="4951"
    PERL5_CPAN_IS_RUNNING="4951"
    PERL_MM_USE_DEFAULT="1"
  @INC:
    /home/sand/src/perl/repoperls/installed-perls/perl/v5.21.9-27-gd3db151/9980/lib/site_perl/5.21.10/x86_64-linux-thread-multi
    /home/sand/src/perl/repoperls/installed-perls/perl/v5.21.9-27-gd3db151/9980/lib/site_perl/5.21.10
    /home/sand/src/perl/repoperls/installed-perls/perl/v5.21.9-27-gd3db151/9980/lib/5.21.10/x86_64-linux-thread-multi
    /home/sand/src/perl/repoperls/installed-perls/perl/v5.21.9-27-gd3db151/9980/lib/5.21.10
    .