W3C-SOAP v0.14 Perl 5 v5.24.1 x86_64-linux

Status
Fail
From
Slaven Rezić (SREZIC)
Dist
W3C-SOAP v0.14
Platform
Perl 5 v5.24.1 x86_64-linux
Date
2017-11-10 08:01:43
ID
63ed0c9c-c5ed-11e7-a8ec-94d78cf488f6
This distribution has been tested as part of the CPAN Testers
project, supporting the Perl programming language.  See
http://wiki.cpantesters.org/ for more information or email
questions to cpan-testers-discuss@perl.org


--
Dear Ivan Wills,

This is a computer-generated report for W3C-SOAP-0.14
on perl 5.24.1, created by CPAN-Reporter-1.2018.

Thank you for uploading your work to CPAN.  However, there was a problem
testing your distribution.

If you think this report is invalid, please consult the CPAN Testers Wiki
for suggestions on how to avoid getting FAIL reports for missing library
or binary dependencies, unsupported operating systems, and so on:

http://wiki.cpantesters.org/wiki/CPANAuthorNotes

Sections of this report:

    * Tester comments
    * Program output
    * Prerequisites
    * Environment and other context

------------------------------
TESTER COMMENTS
------------------------------

Additional comments from tester:

none provided

------------------------------
PROGRAM OUTPUT
------------------------------

Output from './Build test':

# Testing W3C::SOAP::XSD::VERSION, Perl 5.024001, /opt/perl-5.24.1/bin/perl
t/00-load.t ..................... ok
t/boilerplate.t ................. ok
t/critic.t ...................... skipped: Author test.  Set TEST_AUTHOR environment variable to a true value to run.

#   Failed test 'The billingId attribute has a namespace prefix'
#   at t/elementFormDefault.t line 93.
#                   '<WSX1:WSX1:reProcessRecord xmlns:WSX1="http://www.example.com/qualified"><base>TEST</base><timestamp>2013-08-26T00:00:00</timestamp><correlationId>1234</correlationId><WSX1:WSX1:billingId>4321</WSX1:WSX1:billingId></WSX1:WSX1:reProcessRecord>'
#     doesn't match '(?^:<\w+:billingId>)'
# 
# Looks like you failed 1 test of 12.
t/elementFormDefault.t .......... 
Dubious, test returned 1 (wstat 256, 0x100)
Failed 1/12 subtests 

#   Failed test 'No errors in trying to reconstruct object from XML'
#   at t/elementFormDefault_dynamic.t line 71.
# Could not get node from (WSX0:WSX0:processRecord via 'WSX0', 'WSX0:processRecord')
#  at /home/cpansand/.cpan/build/2017111006/W3C-SOAP-0.14-6/blib/lib/W3C/SOAP/XSD.pm line 71.
# 	Class::MOP::Class:::around(CODE(0x32e0e60), "Dynamic::XSD::Com::Example::Www::unqualified", XML::LibXML::Element=SCALAR(0x620ef80)) called at /opt/perl-5.24.1/lib/site_perl/5.24.1/x86_64-linux/Class/MOP/Method/Wrapped.pm line 164
# 	W3C::SOAP::XSD::_wrapped_BUILDARGS("Dynamic::XSD::Com::Example::Www::unqualified", XML::LibXML::Element=SCALAR(0x620ef80)) called at /opt/perl-5.24.1/lib/site_perl/5.24.1/x86_64-linux/Class/MOP/Method/Wrapped.pm line 95
# 	W3C::SOAP::XSD::BUILDARGS("Dynamic::XSD::Com::Example::Www::unqualified", XML::LibXML::Element=SCALAR(0x620ef80)) called at /opt/perl-5.24.1/lib/site_perl/5.24.1/x86_64-linux/Moose/Object.pm line 22
# 	Moose::Object::new("Dynamic::XSD::Com::Example::Www::unqualified", XML::LibXML::Element=SCALAR(0x620ef80)) called at t/elementFormDefault_dynamic.t line 69
# 	eval {...} called at t/elementFormDefault_dynamic.t line 69
# 	main::dynamic_modules("Dynamic::XSD::Com::Example::Www::qualified", "Dynamic::XSD::Com::Example::Www::unqualified") called at t/elementFormDefault_dynamic.t line 36

#   Failed test 'New data the same as old data'
#   at t/elementFormDefault_dynamic.t line 73.
#     Structures begin differing at:
#          $got = undef
#     $expected = HASH(0x5ea7840)

#   Failed test 'The billingId attribute has a namespace prefix'
#   at t/elementFormDefault_dynamic.t line 93.
#                   '<WSX1:WSX1:reProcessRecord xmlns:WSX1="http://www.example.com/qualified"><base>TEST</base><timestamp>2013-08-26T00:00:00</timestamp><correlationId>1234</correlationId><WSX1:WSX1:billingId>4321</WSX1:WSX1:billingId></WSX1:WSX1:reProcessRecord>'
#     doesn't match '(?^:<\w+:billingId>)'

#   Failed test 'No errors in trying to reconstruct object from XML'
#   at t/elementFormDefault_dynamic.t line 100.
# Could not get node from (WSX1:WSX1:reProcessRecord via 'WSX1', 'WSX1:reProcessRecord')
#  at /home/cpansand/.cpan/build/2017111006/W3C-SOAP-0.14-6/blib/lib/W3C/SOAP/XSD.pm line 71.
# 	Class::MOP::Class:::around(CODE(0x32e0e60), "Dynamic::XSD::Com::Example::Www::qualified", XML::LibXML::Element=SCALAR(0x6219c88)) called at /opt/perl-5.24.1/lib/site_perl/5.24.1/x86_64-linux/Class/MOP/Method/Wrapped.pm line 164
# 	W3C::SOAP::XSD::_wrapped_BUILDARGS("Dynamic::XSD::Com::Example::Www::qualified", XML::LibXML::Element=SCALAR(0x6219c88)) called at /opt/perl-5.24.1/lib/site_perl/5.24.1/x86_64-linux/Class/MOP/Method/Wrapped.pm line 95
# 	W3C::SOAP::XSD::BUILDARGS("Dynamic::XSD::Com::Example::Www::qualified", XML::LibXML::Element=SCALAR(0x6219c88)) called at /opt/perl-5.24.1/lib/site_perl/5.24.1/x86_64-linux/Moose/Object.pm line 22
# 	Moose::Object::new("Dynamic::XSD::Com::Example::Www::qualified", XML::LibXML::Element=SCALAR(0x6219c88)) called at t/elementFormDefault_dynamic.t line 98
# 	eval {...} called at t/elementFormDefault_dynamic.t line 98
# 	eval {...} called at t/elementFormDefault_dynamic.t line 75
# 	main::dynamic_modules("Dynamic::XSD::Com::Example::Www::qualified", "Dynamic::XSD::Com::Example::Www::unqualified") called at t/elementFormDefault_dynamic.t line 36

#   Failed test 'New data the same as old data'
#   at t/elementFormDefault_dynamic.t line 102.
#     Structures begin differing at:
#          $got = undef
#     $expected = HASH(0x620f658)
# 
# Looks like you failed 5 tests of 16.
t/elementFormDefault_dynamic.t .. 
Dubious, test returned 5 (wstat 1280, 0x500)
Failed 5/16 subtests 
t/kwalitee.t .................... skipped: Author test.  Set TEST_AUTHOR environment variable to a true value to run.
t/pod-coverage.t ................ skipped: Author test.  Set TEST_AUTHOR environment variable to a true value to run.
t/pod.t ......................... ok
t/sec-username.t ................ ok
t/spelling.t .................... skipped: Author test.  Set TEST_AUTHOR environment variable to a true value to run.
t/utils.t ....................... ok

#   Failed test 'got the right node name'
#   at t/wsdl_header.t line 102.
#          got: 'WSX0:AuthenticationInfo'
#     expected: 'AuthenticationInfo'

#   Failed test 'get username'
#   at t/wsdl_header.t line 105.
Can't call method "textContent" on an undefined value at t/wsdl_header.t line 106.
# Tests were run but no plan was declared and done_testing() was not seen.
# Looks like your test exited with 255 just after 34.
t/wsdl_header.t ................. 
Dubious, test returned 255 (wstat 65280, 0xff00)
Failed 2/34 subtests 
t/wsdl_parser.t ................. ok
t/wsdl_parser_dynamic.t ......... ok
t/wsdl_unusual_names.t .......... ok

Test Summary Report
-------------------
t/elementFormDefault.t        (Wstat: 256 Tests: 12 Failed: 1)
  Failed test:  11
  Non-zero exit status: 1
t/elementFormDefault_dynamic.t (Wstat: 1280 Tests: 16 Failed: 5)
  Failed tests:  6-7, 13-15
  Non-zero exit status: 5
t/wsdl_header.t               (Wstat: 65280 Tests: 34 Failed: 2)
  Failed tests:  32, 34
  Non-zero exit status: 255
  Parse errors: No plan found in TAP output
Files=15, Tests=207,  9 wallclock secs ( 0.04 usr  0.10 sys +  7.41 cusr  0.86 csys =  8.41 CPU)
Result: FAIL
Failed 3/15 test programs. 8/207 subtests failed.

------------------------------
PREREQUISITES
------------------------------

Prerequisite modules loaded:

requires:

    Module                       Need  Have    
    ---------------------------- ----- --------
    DateTime                     0     1.44    
    DateTime::Format::Strptime   0     1.73    
    File::ShareDir               1     1.104   
    File::Temp                   0.22  0.2304  
    List::MoreUtils              0     0.426   
    List::Util                   0     1.49    
    LWP::UserAgent               0     6.27    
    Module::Build                0.3   0.4224  
    Moose                        1     2.2006  
    Moose::Meta::Method          1     2.2006  
    Moose::Role                  1     2.2006  
    Moose::Util::TypeConstraints 1     2.2006  
    MooseX::Exception::Base      0     0.0.6   
    MooseX::Types                0     0.50    
    MooseX::Types::XMLSchema     0.03  0.06    
    namespace::autoclean         0     0.28    
    Path::Tiny                   0     0.104   
    perl                         5.006 5.024001
    Scalar::Util                 0     1.49    
    Template                     2.2   2.27    
    Time::HiRes                  0     1.9744  
    Try::Tiny                    0     0.28    
    URI                          0     1.71    
    WWW::Mechanize               1.6   1.86    
    XML::LibXML                  1.7   2.0131  

build_requires:

    Module                       Need  Have    
    ---------------------------- ----- --------
    parent                       0.225 0.236   
    Test::More                   0.88  1.302106
    Test::Warnings               0     0.026   
    Test::XML                    0     0.08    

configure_requires:

    Module                       Need  Have    
    ---------------------------- ----- --------
    Module::Build                0.38  0.4224  


------------------------------
ENVIRONMENT AND OTHER CONTEXT
------------------------------

Environment variables:

    LANG = en_US.UTF-8
    PATH = /usr/local/bin:/usr/bin:/bin:/usr/local/sbin:/usr/sbin:/sbin:/home/cpansand/bin/linux-gnu:/home/cpansand/bin/sh:/home/cpansand/bin:/usr/games:/home/cpansand/devel:/home/eserte/src/srezic-misc/scripts
    PERL5LIB = /home/cpansand/.cpan/build/2017111006/MooseX-Types-XMLSchema-0.06-6/blib/arch:/home/cpansand/.cpan/build/2017111006/MooseX-Types-XMLSchema-0.06-6/blib/lib:/home/cpansand/.cpan/build/2017111006/Pod-Coverage-Moose-0.07-6/blib/arch:/home/cpansand/.cpan/build/2017111006/Pod-Coverage-Moose-0.07-6/blib/lib:/home/cpansand/.cpan/build/2017111006/MooseX-Exception-Base-0.0.6-6/blib/arch:/home/cpansand/.cpan/build/2017111006/MooseX-Exception-Base-0.0.6-6/blib/lib
    PERL5OPT = 
    PERL5_CPANPLUS_IS_RUNNING = 15001
    PERL5_CPAN_IS_RUNNING = 15001
    PERL5_CPAN_IS_RUNNING_IN_RECURSION = 15896,15001
    PERLDOC = -MPod::Perldoc::ToTextOverstrike
    PERL_BATCH = yes
    PERL_CANARY_STABILITY_NOPROMPT = 1
    PERL_CPAN_REPORTER_CONFIG = /var/tmp/cpansmoker-1023/2017111006/cpanreporter_002_config.ini
    PERL_EXTUTILS_AUTOINSTALL = --defaultdeps
    SHELL = /bin/zsh
    TERM = screen
    TMPDIR = /var/tmp/cpansmoker-1023/2017111006

Perl special variables (and OS-specific diagnostics, for MSWin32):

    $^X = /opt/perl-5.24.1/bin/perl
    $UID/$EUID = 1023 / 1023
    $GID = 1023 1023
    $EGID = 1023 1023

Perl module toolchain versions installed:

    Module              Have    
    ------------------- --------
    CPAN                2.16    
    CPAN::Meta          2.150010
    Cwd                 3.63_01 
    ExtUtils::CBuilder  0.280226
    ExtUtils::Command   7.30    
    ExtUtils::Install   2.06    
    ExtUtils::MakeMaker 7.30    
    ExtUtils::Manifest  1.70    
    ExtUtils::ParseXS   3.31    
    File::Spec          3.63_01 
    JSON                2.94    
    JSON::PP            2.94    
    Module::Build       0.4224  
    Module::Signature   0.81    
    Parse::CPAN::Meta   2.150010
    Test::Harness       3.39    
    Test::More          1.302106
    YAML                1.24    
    YAML::Syck          1.30    
    version             0.9916  


--

Summary of my perl5 (revision 5 version 24 subversion 1) configuration:
   
  Platform:
    osname=linux, osvers=2.6.32-696.3.1.el6.x86_64, archname=x86_64-linux
    uname='linux centos6 2.6.32-696.3.1.el6.x86_64 #1 smp tue may 30 19:52:55 utc 2017 x86_64 x86_64 x86_64 gnulinux '
    config_args='-ds -e -Dprefix=/opt/perl-5.24.1 -Dcf_email=srezic@cpan.org'
    hint=recommended, useposix=true, d_sigaction=define
    useithreads=undef, usemultiplicity=undef
    use64bitint=define, use64bitall=define, uselongdouble=undef
    usemymalloc=n, bincompat5005=undef
  Compiler:
    cc='cc', ccflags ='-fwrapv -fno-strict-aliasing -pipe -fstack-protector -I/usr/local/include -D_LARGEFILE_SOURCE -D_FILE_OFFSET_BITS=64 -D_FORTIFY_SOURCE=2',
    optimize='-O2',
    cppflags='-fwrapv -fno-strict-aliasing -pipe -fstack-protector -I/usr/local/include'
    ccversion='', gccversion='4.4.7 20120313 (Red Hat 4.4.7-18)', gccosandvers=''
    intsize=4, longsize=8, ptrsize=8, doublesize=8, byteorder=12345678, doublekind=3
    d_longlong=define, longlongsize=8, d_longdbl=define, longdblsize=16, longdblkind=3
    ivtype='long', ivsize=8, nvtype='double', nvsize=8, Off_t='off_t', lseeksize=8
    alignbytes=8, prototype=define
  Linker and Libraries:
    ld='cc', ldflags =' -fstack-protector -L/usr/local/lib'
    libpth=/usr/local/lib /usr/lib /lib/../lib64 /usr/lib/../lib64 /lib /lib64 /usr/lib64 /usr/local/lib64
    libs=-lpthread -lnsl -lgdbm -ldb -ldl -lm -lcrypt -lutil -lc
    perllibs=-lpthread -lnsl -ldl -lm -lcrypt -lutil -lc
    libc=libc-2.12.so, so=so, useshrplib=false, libperl=libperl.a
    gnulibc_version='2.12'
  Dynamic Linking:
    dlsrc=dl_dlopen.xs, dlext=so, d_dlsymun=undef, ccdlflags='-Wl,-E'
    cccdlflags='-fPIC', lddlflags='-shared -O2 -L/usr/local/lib -fstack-protector'


Characteristics of this binary (from libperl): 
  Compile-time options: HAS_TIMES PERLIO_LAYERS PERL_COPY_ON_WRITE
                        PERL_DONT_CREATE_GVSV
                        PERL_HASH_FUNC_ONE_AT_A_TIME_HARD PERL_MALLOC_WRAP
                        PERL_PRESERVE_IVUV USE_64_BIT_ALL USE_64_BIT_INT
                        USE_LARGE_FILES USE_LOCALE USE_LOCALE_COLLATE
                        USE_LOCALE_CTYPE USE_LOCALE_NUMERIC USE_LOCALE_TIME
                        USE_PERLIO USE_PERL_ATOF
  Built under linux
  Compiled at Jun 20 2017 18:09:14
  %ENV:
    PERL5LIB="/home/cpansand/.cpan/build/2017111006/MooseX-Types-XMLSchema-0.06-6/blib/arch:/home/cpansand/.cpan/build/2017111006/MooseX-Types-XMLSchema-0.06-6/blib/lib:/home/cpansand/.cpan/build/2017111006/Pod-Coverage-Moose-0.07-6/blib/arch:/home/cpansand/.cpan/build/2017111006/Pod-Coverage-Moose-0.07-6/blib/lib:/home/cpansand/.cpan/build/2017111006/MooseX-Exception-Base-0.0.6-6/blib/arch:/home/cpansand/.cpan/build/2017111006/MooseX-Exception-Base-0.0.6-6/blib/lib"
    PERL5OPT=""
    PERL5_CPANPLUS_IS_RUNNING="15001"
    PERL5_CPAN_IS_RUNNING="15001"
    PERL5_CPAN_IS_RUNNING_IN_RECURSION="15896,15001"
    PERLDOC="-MPod::Perldoc::ToTextOverstrike"
    PERL_BATCH="yes"
    PERL_CANARY_STABILITY_NOPROMPT="1"
    PERL_CPAN_REPORTER_CONFIG="/var/tmp/cpansmoker-1023/2017111006/cpanreporter_002_config.ini"
    PERL_EXTUTILS_AUTOINSTALL="--defaultdeps"
  @INC:
    /home/cpansand/.cpan/build/2017111006/MooseX-Types-XMLSchema-0.06-6/blib/arch
    /home/cpansand/.cpan/build/2017111006/MooseX-Types-XMLSchema-0.06-6/blib/lib
    /home/cpansand/.cpan/build/2017111006/Pod-Coverage-Moose-0.07-6/blib/arch
    /home/cpansand/.cpan/build/2017111006/Pod-Coverage-Moose-0.07-6/blib/lib
    /home/cpansand/.cpan/build/2017111006/MooseX-Exception-Base-0.0.6-6/blib/arch
    /home/cpansand/.cpan/build/2017111006/MooseX-Exception-Base-0.0.6-6/blib/lib
    /opt/perl-5.24.1/lib/site_perl/5.24.1/x86_64-linux
    /opt/perl-5.24.1/lib/site_perl/5.24.1
    /opt/perl-5.24.1/lib/5.24.1/x86_64-linux
    /opt/perl-5.24.1/lib/5.24.1
    .