Data-Printer-Filter-ClassicRegex v0.01 Perl 5 v5.27.6 OpenBSD.amd64-openbsd
- Status
- Fail
- From
- Alceu Rodrigues de Freitas Junior
- Dist
-
Data-Printer-Filter-ClassicRegex v0.01
- Platform
- Perl 5 v5.27.6 OpenBSD.amd64-openbsd
- Date
- 2018-01-03 03:44:23
- ID
- 63b2ec2c-f038-11e7-b5ee-b4fde3a5e640
This distribution has been tested as part of the CPAN Testers
project, supporting the Perl programming language. See
http://wiki.cpantesters.org/ for more information or email
questions to cpan-testers-discuss@perl.org
--
Dear Breno G. de Oliveira,
This is a computer-generated report for Data-Printer-Filter-ClassicRegex-0.01
on perl 5.27.6, created by CPAN-Reporter-1.2018.
Thank you for uploading your work to CPAN. However, there was a problem
testing your distribution.
If you think this report is invalid, please consult the CPAN Testers Wiki
for suggestions on how to avoid getting FAIL reports for missing library
or binary dependencies, unsupported operating systems, and so on:
http://wiki.cpantesters.org/wiki/CPANAuthorNotes
Sections of this report:
* Tester comments
* Program output
* Prerequisites
* Environment and other context
------------------------------
TESTER COMMENTS
------------------------------
Additional comments from tester:
this report is from an automated smoke testing program
and was not reviewed by a human for accuracy
------------------------------
PROGRAM OUTPUT
------------------------------
Output from './Build test':
# Testing Data::Printer::Filter::ClassicRegex 0.01
t/00.load.t ....... ok
perl5.27.6:/home/vegeta/perl5/perlbrew/perls/perl-5.27.6/lib/site_perl/5.27.6/OpenBSD.amd64-openbsd/auto/version/vxs/vxs.so: undefined symbol 'new_numeric'
perl5.27.6:/home/vegeta/perl5/perlbrew/perls/perl-5.27.6/lib/site_perl/5.27.6/OpenBSD.amd64-openbsd/auto/version/vxs/vxs.so: undefined symbol 'new_numeric'
# Failed test 'Test::Perl::Critic for "blib/lib/Data/Printer/Filter/ClassicRegex.pm"'
# at /home/vegeta/perl5/perlbrew/perls/perl-5.27.6/lib/site_perl/5.27.6/Test/Perl/Critic.pm line 104.
#
# Modules have to return a true value ("1;") at line 1, column 1. Use "1;" as the last statement of the module. (Severity: 5)
# Variable, subroutine, and package names have to be in CamelCase at line 12, column 7. (no explanation). (Severity: 5)
# Variable, subroutine, and package names have to be in CamelCase at line 14, column 6. (no explanation). (Severity: 5)
# Variable, subroutine, and package names have to be in CamelCase at line 16, column 5. (no explanation). (Severity: 5)
# Variable, subroutine, and package names have to be in CamelCase at line 18, column 5. (no explanation). (Severity: 5)
# Variable, subroutine, and package names have to be in CamelCase at line 21, column 6. (no explanation). (Severity: 5)
# Variable, subroutine, and package names have to be in CamelCase at line 22, column 6. (no explanation). (Severity: 5)
# Variable, subroutine, and package names have to be in CamelCase at line 23, column 7. (no explanation). (Severity: 5)
# Variable, subroutine, and package names have to be in CamelCase at line 27, column 16. (no explanation). (Severity: 5)
# Variable, subroutine, and package names have to be in CamelCase at line 28, column 9. (no explanation). (Severity: 5)
# Variable, subroutine, and package names have to be in CamelCase at line 29, column 9. (no explanation). (Severity: 5)
# Variable, subroutine, and package names have to be in CamelCase at line 30, column 17. (no explanation). (Severity: 5)
t/perlcritic.t ....
Dubious, test returned 1 (wstat 256, 0x100)
Failed 1/1 subtests
t/pod-coverage.t .. ok
t/pod.t ........... ok
Test Summary Report
-------------------
t/perlcritic.t (Wstat: 256 Tests: 1 Failed: 1)
Failed test: 1
Non-zero exit status: 1
Files=4, Tests=4, 2 wallclock secs ( 0.01 usr 0.05 sys + 0.99 cusr 1.00 csys = 2.05 CPU)
Result: FAIL
Failed 1/4 test programs. 1/4 subtests failed.
------------------------------
PREREQUISITES
------------------------------
Prerequisite modules loaded:
requires:
Module Need Have
------------------- ---- --------
Test::More 0.88 1.302120
configure_requires:
Module Need Have
------------------- ---- --------
ExtUtils::MakeMaker 0 7.31_05
------------------------------
ENVIRONMENT AND OTHER CONTEXT
------------------------------
Environment variables:
AUTOMATED_TESTING = 1
DBD_MYSQL_TESTDB = test
DBD_MYSQL_TESTHOST = localhost
DBD_MYSQL_TESTPASSWORD =
DBD_MYSQL_TESTPORT = 3306
DBD_MYSQL_TESTUSER = vegeta
EXTENDED_TESTING = 1
PATH = /home/vegeta/perl5/perlbrew/bin:/home/vegeta/perl5/perlbrew/perls/perl-5.27.6/bin:/home/vegeta/bin:/usr/bin:/bin:/usr/sbin:/sbin:/usr/X11R6/bin:/usr/local/bin:/usr/local/sbin
PERL5LIB =
PERL5OPT =
PERL5_CPANPLUS_IS_RUNNING = 35588
PERL5_CPAN_IS_RUNNING = 35588
PERL5_CPAN_IS_RUNNING_IN_RECURSION = 97739,35588
PERLBREW_HOME = /home/vegeta/.perlbrew
PERLBREW_MANPATH = /home/vegeta/perl5/perlbrew/perls/perl-5.27.6/man
PERLBREW_PATH = /home/vegeta/perl5/perlbrew/bin:/home/vegeta/perl5/perlbrew/perls/perl-5.27.6/bin
PERLBREW_PERL = perl-5.27.6
PERLBREW_ROOT = /home/vegeta/perl5/perlbrew
PERLBREW_SHELLRC_VERSION = 0.82
PERLBREW_VERSION = 0.82
PERL_CR_SMOKER_CURRENT = Data-Printer-Filter-ClassicRegex-0.01
PERL_EXTUTILS_AUTOINSTALL = --defaultdeps
PERL_MM_USE_DEFAULT = 1
PERL_USE_UNSAFE_INC = 1
SHELL = /usr/local/bin/bash
TERM = xterm
Perl special variables (and OS-specific diagnostics, for MSWin32):
$^X = /home/vegeta/perl5/perlbrew/perls/perl-5.27.6/bin/perl5.27.6
$UID/$EUID = 1002 / 1002
$GID = 1002 1002 1001
$EGID = 1002 1002 1001
Perl module toolchain versions installed:
Module Have
------------------- --------
CPAN 2.20
CPAN::Meta 2.150010
Cwd 3.62
ExtUtils::CBuilder 0.280230
ExtUtils::Command 7.31_05
ExtUtils::Install 2.14
ExtUtils::MakeMaker 7.31_05
ExtUtils::Manifest 1.70
ExtUtils::ParseXS 3.35
File::Spec 3.62
JSON 2.90
JSON::PP 2.97001
Module::Build 0.4224
Module::Signature n/a
Parse::CPAN::Meta 2.150010
Test::Harness 3.39
Test::More 1.302120
YAML 1.24
YAML::Syck n/a
version 0.9918
--
Summary of my perl5 (revision 5 version 27 subversion 6) configuration:
Platform:
osname=openbsd
osvers=6.2
archname=OpenBSD.amd64-openbsd
uname='openbsd cpan-smoker-openbsd 6.2 generic.mp#134 amd64 '
config_args='-de -Dprefix=/home/vegeta/perl5/perlbrew/perls/perl-5.27.6 -Dusedevel -Aeval:scriptdir=/home/vegeta/perl5/perlbrew/perls/perl-5.27.6/bin'
hint=recommended
useposix=true
d_sigaction=define
useithreads=undef
usemultiplicity=undef
use64bitint=define
use64bitall=define
uselongdouble=undef
usemymalloc=n
default_inc_excludes_dot=define
bincompat5005=undef
Compiler:
cc='cc'
ccflags ='-fno-strict-aliasing -pipe -fstack-protector-strong -I/usr/local/include -D_FORTIFY_SOURCE=2'
optimize='-O2'
cppflags='-fno-strict-aliasing -pipe -fstack-protector-strong -I/usr/local/include'
ccversion=''
gccversion='4.2.1 Compatible OpenBSD Clang 4.0.0 (tags/RELEASE_400/final)'
gccosandvers=''
intsize=4
longsize=8
ptrsize=8
doublesize=8
byteorder=12345678
doublekind=3
d_longlong=define
longlongsize=8
d_longdbl=define
longdblsize=16
longdblkind=3
ivtype='long'
ivsize=8
nvtype='double'
nvsize=8
Off_t='off_t'
lseeksize=8
alignbytes=8
prototype=define
Linker and Libraries:
ld='cc'
ldflags ='-Wl,-E -fstack-protector-strong -L/usr/local/lib'
libpth=/usr/lib /usr/local/lib
libs=-lpthread -lm -lutil -lc
perllibs=-lpthread -lm -lutil -lc
libc=/usr/lib/libc.so.90.0
so=so
useshrplib=false
libperl=libperl.a
gnulibc_version=''
Dynamic Linking:
dlsrc=dl_dlopen.xs
dlext=so
d_dlsymun=undef
ccdlflags=' '
cccdlflags='-DPIC -fPIC '
lddlflags='-shared -fPIC -L/usr/local/lib -fstack-protector-strong'
Characteristics of this binary (from libperl):
Compile-time options:
HAS_TIMES
PERLIO_LAYERS
PERL_COPY_ON_WRITE
PERL_DONT_CREATE_GVSV
PERL_MALLOC_WRAP
PERL_OP_PARENT
PERL_PRESERVE_IVUV
PERL_USE_DEVEL
USE_64_BIT_ALL
USE_64_BIT_INT
USE_LARGE_FILES
USE_LOCALE
USE_LOCALE_COLLATE
USE_LOCALE_CTYPE
USE_LOCALE_NUMERIC
USE_LOCALE_TIME
USE_PERLIO
USE_PERL_ATOF
Locally applied patches:
Devel::PatchPerl 1.48
Built under openbsd
Compiled at Dec 20 2017 19:39:07
%ENV:
PERL5LIB=""
PERL5OPT=""
PERL5_CPANPLUS_IS_RUNNING="35588"
PERL5_CPAN_IS_RUNNING="35588"
PERL5_CPAN_IS_RUNNING_IN_RECURSION="97739,35588"
PERLBREW_HOME="/home/vegeta/.perlbrew"
PERLBREW_MANPATH="/home/vegeta/perl5/perlbrew/perls/perl-5.27.6/man"
PERLBREW_PATH="/home/vegeta/perl5/perlbrew/bin:/home/vegeta/perl5/perlbrew/perls/perl-5.27.6/bin"
PERLBREW_PERL="perl-5.27.6"
PERLBREW_ROOT="/home/vegeta/perl5/perlbrew"
PERLBREW_SHELLRC_VERSION="0.82"
PERLBREW_VERSION="0.82"
PERL_CR_SMOKER_CURRENT="Data-Printer-Filter-ClassicRegex-0.01"
PERL_EXTUTILS_AUTOINSTALL="--defaultdeps"
PERL_MM_USE_DEFAULT="1"
PERL_USE_UNSAFE_INC="1"
@INC:
/home/vegeta/perl5/perlbrew/perls/perl-5.27.6/lib/site_perl/5.27.6/OpenBSD.amd64-openbsd
/home/vegeta/perl5/perlbrew/perls/perl-5.27.6/lib/site_perl/5.27.6
/home/vegeta/perl5/perlbrew/perls/perl-5.27.6/lib/5.27.6/OpenBSD.amd64-openbsd
/home/vegeta/perl5/perlbrew/perls/perl-5.27.6/lib/5.27.6
.