Report for Statistics-ANOVA-0.09

Back
From: metabase:user:320bfe00-2aae-11df-837a-5e0a49663a4f
Subject: FAIL Statistics-ANOVA-0.09 v5.20.0 GNU/Linux
Date: 2015-02-05T07:34:16Z

This distribution has been tested as part of the CPAN Testers
project, supporting the Perl programming language.  See
http://wiki.cpantesters.org/ for more information or email
questions to cpan-testers-discuss@perl.org


--
Dear roderick garton,

This is a computer-generated report for Statistics-ANOVA-0.09
on perl 5.20.0, created by CPAN-Reporter-1.2011.

Thank you for uploading your work to CPAN.  However, there was a problem
testing your distribution.

If you think this report is invalid, please consult the CPAN Testers Wiki
for suggestions on how to avoid getting FAIL reports for missing library
or binary dependencies, unsupported operating systems, and so on:

http://wiki.cpantesters.org/wiki/CPANAuthorNotes

Sections of this report:

    * Tester comments
    * Program output
    * Prerequisites
    * Environment and other context

------------------------------
TESTER COMMENTS
------------------------------

Additional comments from tester:

this report is from an automated smoke testing program
and was not reviewed by a human for accuracy

------------------------------
PROGRAM OUTPUT
------------------------------

Output from './Build test':

# Testing Statistics::ANOVA 0.09, Perl 5.020000, /home/sand/src/perl/repoperls/installed-perls/perl/v5.20.0/165a/bin/perl
t/00-load.t .................. ok
t/01-purge.t ................. ok
t/pod-coverage.t ............. ok
t/pod.t ...................... ok
Odd number of elements in anonymous hash at /tmp/loop_over_bdir-8275-lNpall/Statistics-ANOVA-0.09-hXeObU/blib/lib/Statistics/ANOVA.pm line 1607.
Not enough groups, if any, in the data for performing ANOVA at t/ref_indep_dfree_cat.t line 32.
# Looks like you planned 5 tests but ran 3.
# Looks like your test exited with 255 just after 3.
t/ref_indep_dfree_cat.t ...... 
Dubious, test returned 255 (wstat 65280, 0xff00)
Failed 2/5 subtests 
Odd number of elements in anonymous hash at /tmp/loop_over_bdir-8275-lNpall/Statistics-ANOVA-0.09-hXeObU/blib/lib/Statistics/ANOVA.pm line 1285.

#   Failed test 'Statistics::Data Data for accessing need to be loaded at t/ref_indep_dfree_cat_cls.t line 31.
# '
#   at t/ref_indep_dfree_cat_cls.t line 32.
Use of uninitialized value in concatenation (.) or string at t/ref_indep_dfree_cat_cls.t line 34.

#   Failed test 'Non-parametric Clustering:h_value:  = 8.044'
#   at t/ref_indep_dfree_cat_cls.t line 34.
# Looks like you failed 2 tests of 5.
t/ref_indep_dfree_cat_cls.t .. 
Dubious, test returned 2 (wstat 512, 0x200)
Failed 2/5 subtests 
Odd number of elements in anonymous hash at /tmp/loop_over_bdir-8275-lNpall/Statistics-ANOVA-0.09-hXeObU/blib/lib/Statistics/ANOVA.pm line 1607.
Not enough groups, if any, in the data for performing ANOVA at t/ref_indep_dfree_cat_cmp.t line 42.
# Looks like you planned 16 tests but ran 3.
# Looks like your test exited with 255 just after 3.
t/ref_indep_dfree_cat_cmp.t .. 
Dubious, test returned 255 (wstat 65280, 0xff00)
Failed 13/16 subtests 
Odd number of elements in anonymous hash at /tmp/loop_over_bdir-8275-lNpall/Statistics-ANOVA-0.09-hXeObU/blib/lib/Statistics/ANOVA.pm line 1607.

#   Failed test 'Not enough groups, if any, in the data for performing ANOVA at t/ref_indep_dfree_ord.t line 28.
# '
#   at t/ref_indep_dfree_ord.t line 29.
Use of uninitialized value in concatenation (.) or string at t/ref_indep_dfree_ord.t line 31.

#   Failed test 'Independent Nonparametric Trend: j_value:  = 79'
#   at t/ref_indep_dfree_ord.t line 31.
Use of uninitialized value in concatenation (.) or string at t/ref_indep_dfree_ord.t line 33.

#   Failed test 'Independent Nonparametric Trend: j_exp:  = 54'
#   at t/ref_indep_dfree_ord.t line 33.
Use of uninitialized value in concatenation (.) or string at t/ref_indep_dfree_ord.t line 35.

#   Failed test 'Independent Nonparametric Trend: j_var:  = 150.29'
#   at t/ref_indep_dfree_ord.t line 35.
Use of uninitialized value in concatenation (.) or string at t/ref_indep_dfree_ord.t line 37.

#   Failed test 'Independent Nonparametric Trend: z_value:  = 2.04'
#   at t/ref_indep_dfree_ord.t line 37.
Use of uninitialized value in concatenation (.) or string at t/ref_indep_dfree_ord.t line 39.

#   Failed test 'Independent Nonparametric Trend: p_value:  = 0.0414'
#   at t/ref_indep_dfree_ord.t line 39.
# Looks like you failed 6 tests of 9.
t/ref_indep_dfree_ord.t ...... 
Dubious, test returned 6 (wstat 1536, 0x600)
Failed 6/9 subtests 
Reference found where even-sized list expected at /tmp/loop_over_bdir-8275-lNpall/Statistics-ANOVA-0.09-hXeObU/blib/lib/Statistics/ANOVA.pm line 923.

#   Failed test 'Statistics::Data Data for accessing need to be loaded at t/ref_indep_param_cat.t line 36.
# '
#   at t/ref_indep_param_cat.t line 37.
Use of uninitialized value in concatenation (.) or string at t/ref_indep_param_cat.t line 38.

#   Failed test 'Independent Parametric Categorical: f_value (Levene):  = 0.139'
#   at t/ref_indep_param_cat.t line 38.
Use of uninitialized value in concatenation (.) or string at t/ref_indep_param_cat.t line 40.

#   Failed test 'Independent Parametric Categorical: p_value (Levene):  = 0.936'
#   at t/ref_indep_param_cat.t line 40.
Odd number of elements in anonymous hash at /tmp/loop_over_bdir-8275-lNpall/Statistics-ANOVA-0.09-hXeObU/blib/lib/Statistics/ANOVA.pm line 1607.

#   Failed test 'Not enough groups, if any, in the data for performing ANOVA at t/ref_indep_param_cat.t line 42.
# '
#   at t/ref_indep_param_cat.t line 43.
Use of uninitialized value in concatenation (.) or string at t/ref_indep_param_cat.t line 45.

#   Failed test 'Independent Parametric Categorical: ss_b:  = 1038.8'
#   at t/ref_indep_param_cat.t line 45.
Use of uninitialized value in concatenation (.) or string at t/ref_indep_param_cat.t line 47.

#   Failed test 'Independent Parametric Categorical: ss_w:  = 3498.93'
#   at t/ref_indep_param_cat.t line 47.
Use of uninitialized value in concatenation (.) or string at t/ref_indep_param_cat.t line 49.

#   Failed test 'Independent Parametric Categorical: ms_b:  = 346.267'
#   at t/ref_indep_param_cat.t line 49.
Use of uninitialized value in concatenation (.) or string at t/ref_indep_param_cat.t line 51.

#   Failed test 'Independent Parametric Categorical: ms_w:  = 62.481'
#   at t/ref_indep_param_cat.t line 51.
Use of uninitialized value in concatenation (.) or string at t/ref_indep_param_cat.t line 53.

#   Failed test 'Independent Parametric Categorical: df_b:  = 3'
#   at t/ref_indep_param_cat.t line 53.
Use of uninitialized value in concatenation (.) or string at t/ref_indep_param_cat.t line 55.

#   Failed test 'Independent Parametric Categorical: df_w:  = 56'
#   at t/ref_indep_param_cat.t line 55.
Use of uninitialized value in concatenation (.) or string at t/ref_indep_param_cat.t line 57.

#   Failed test 'Independent Parametric Categorical: f_value:  = 5.542'
#   at t/ref_indep_param_cat.t line 57.
Use of uninitialized value in concatenation (.) or string at t/ref_indep_param_cat.t line 59.

#   Failed test 'Independent Parametric Categorical: p_value:  = 0.002'
#   at t/ref_indep_param_cat.t line 59.

#   Failed test 'Need to run ANOVA to obtain requested statistic at t/ref_indep_param_cat.t line 61.
# '
#   at t/ref_indep_param_cat.t line 62.
Use of uninitialized value in concatenation (.) or string at t/ref_indep_param_cat.t line 63.

#   Failed test 'Independent Parametric Categorical: eta_sq:  = 0.229'
#   at t/ref_indep_param_cat.t line 63.
Odd number of elements in anonymous hash at /tmp/loop_over_bdir-8275-lNpall/Statistics-ANOVA-0.09-hXeObU/blib/lib/Statistics/ANOVA.pm line 1607.

#   Failed test 'Not enough groups, if any, in the data for performing ANOVA at t/ref_indep_param_cat.t line 84.
# '
#   at t/ref_indep_param_cat.t line 85.
Use of uninitialized value in concatenation (.) or string at t/ref_indep_param_cat.t line 87.

#   Failed test 'Independent Parametric Categorical: ss_b:  = 46.67'
#   at t/ref_indep_param_cat.t line 87.
Use of uninitialized value in concatenation (.) or string at t/ref_indep_param_cat.t line 89.

#   Failed test 'Independent Parametric Categorical: ss_w:  = 26'
#   at t/ref_indep_param_cat.t line 89.
Use of uninitialized value in concatenation (.) or string at t/ref_indep_param_cat.t line 91.

#   Failed test 'Independent Parametric Categorical: ms_b:  = 23.33'
#   at t/ref_indep_param_cat.t line 91.
Use of uninitialized value in concatenation (.) or string at t/ref_indep_param_cat.t line 93.

#   Failed test 'Independent Parametric Categorical: ms_w:  = 0.963'
#   at t/ref_indep_param_cat.t line 93.
Use of uninitialized value in concatenation (.) or string at t/ref_indep_param_cat.t line 95.

#   Failed test 'Independent Parametric Categorical: df_b:  = 2'
#   at t/ref_indep_param_cat.t line 95.
Use of uninitialized value in concatenation (.) or string at t/ref_indep_param_cat.t line 97.

#   Failed test 'Independent Parametric Categorical: df_w:  = 27'
#   at t/ref_indep_param_cat.t line 97.
Use of uninitialized value in concatenation (.) or string at t/ref_indep_param_cat.t line 99.

#   Failed test 'Independent Parametric Categorical: f_value:  = 24.23'
#   at t/ref_indep_param_cat.t line 99.
# Looks like you failed 22 tests of 26.
t/ref_indep_param_cat.t ...... 
Dubious, test returned 22 (wstat 5632, 0x1600)
Failed 22/26 subtests 
Odd number of elements in anonymous hash at /tmp/loop_over_bdir-8275-lNpall/Statistics-ANOVA-0.09-hXeObU/blib/lib/Statistics/ANOVA.pm line 1607.

#   Failed test 'Not enough groups, if any, in the data for performing ANOVA at t/ref_indep_param_cat_cls.t line 29.
# '
#   at t/ref_indep_param_cat_cls.t line 30.
Use of uninitialized value in concatenation (.) or string at t/ref_indep_param_cat_cls.t line 32.

#   Failed test 'Parametric Clustering:f_value:  = 3.47'
#   at t/ref_indep_param_cat_cls.t line 32.
Odd number of elements in anonymous hash at /tmp/loop_over_bdir-8275-lNpall/Statistics-ANOVA-0.09-hXeObU/blib/lib/Statistics/ANOVA.pm line 1285.

#   Failed test 'Statistics::Data Data for accessing need to be loaded at t/ref_indep_param_cat_cls.t line 36.
# '
#   at t/ref_indep_param_cat_cls.t line 37.
# Looks like you failed 3 tests of 6.
t/ref_indep_param_cat_cls.t .. 
Dubious, test returned 3 (wstat 768, 0x300)
Failed 3/6 subtests 
Odd number of elements in anonymous hash at /tmp/loop_over_bdir-8275-lNpall/Statistics-ANOVA-0.09-hXeObU/blib/lib/Statistics/ANOVA.pm line 1607.

#   Failed test 'Not enough groups, if any, in the data for performing ANOVA at t/ref_indep_param_cat_cmp.t line 30.
# '
#   at t/ref_indep_param_cat_cmp.t line 32.
Use of uninitialized value in concatenation (.) or string at t/ref_indep_param_cat_cmp.t line 33.

#   Failed test 'F-test pair comparison: h1,h2:  = 67.375'
#   at t/ref_indep_param_cat_cmp.t line 33.
Odd number of elements in anonymous hash at /tmp/loop_over_bdir-8275-lNpall/Statistics-ANOVA-0.09-hXeObU/blib/lib/Statistics/ANOVA.pm line 1607.

#   Failed test 'Not enough groups, if any, in the data for performing ANOVA at t/ref_indep_param_cat_cmp.t line 36.
# '
#   at t/ref_indep_param_cat_cmp.t line 37.
Use of uninitialized value in concatenation (.) or string at t/ref_indep_param_cat_cmp.t line 39.

#   Failed test 'F-test pair comparison (variance-adjusted denom.): g1,g2:  = 0.23'
#   at t/ref_indep_param_cat_cmp.t line 39.
Odd number of elements in anonymous hash at /tmp/loop_over_bdir-8275-lNpall/Statistics-ANOVA-0.09-hXeObU/blib/lib/Statistics/ANOVA.pm line 1607.

#   Failed test 'Not enough groups, if any, in the data for performing ANOVA at t/ref_indep_param_cat_cmp.t line 41.
# '
#   at t/ref_indep_param_cat_cmp.t line 42.
Use of uninitialized value in concatenation (.) or string at t/ref_indep_param_cat_cmp.t line 44.

#   Failed test 'F-test pair comparison (unadjusted denom.): g1,g2:  = 0.32'
#   at t/ref_indep_param_cat_cmp.t line 44.
Odd number of elements in anonymous hash at /tmp/loop_over_bdir-8275-lNpall/Statistics-ANOVA-0.09-hXeObU/blib/lib/Statistics/ANOVA.pm line 1607.

#   Failed test 'Not enough groups, if any, in the data for performing ANOVA at t/ref_indep_param_cat_cmp.t line 47.
# '
#   at t/ref_indep_param_cat_cmp.t line 48.
Use of uninitialized value in concatenation (.) or string at t/ref_indep_param_cat_cmp.t line 50.

#   Failed test 't-test pair comparison: h1,h2:  = 0.448'
#   at t/ref_indep_param_cat_cmp.t line 50.
# Looks like you failed 8 tests of 11.
t/ref_indep_param_cat_cmp.t .. 
Dubious, test returned 8 (wstat 2048, 0x800)
Failed 8/11 subtests 
Odd number of elements in anonymous hash at /tmp/loop_over_bdir-8275-lNpall/Statistics-ANOVA-0.09-hXeObU/blib/lib/Statistics/ANOVA.pm line 1607.

#   Failed test 'Not enough groups, if any, in the data for performing ANOVA at t/ref_indep_param_cfi.t line 38.
# '
#   at t/ref_indep_param_cfi.t line 40.
Use of uninitialized value in concatenation (.) or string at t/ref_indep_param_cfi.t line 42.

#   Failed test 'F-test indep:  = 14054.7'
#   at t/ref_indep_param_cfi.t line 42.

#   Failed test 'Need to run ANOVA to obtain requested statistic at t/ref_indep_param_cfi.t line 47.
# '
#   at t/ref_indep_param_cfi.t line 49.
Use of uninitialized value $itv in concatenation (.) or string at t/ref_indep_param_cfi.t line 51.

#   Failed test '95% confidence interval:  = 87.166'
#   at t/ref_indep_param_cfi.t line 51.
Odd number of elements in anonymous hash at /tmp/loop_over_bdir-8275-lNpall/Statistics-ANOVA-0.09-hXeObU/blib/lib/Statistics/ANOVA.pm line 1607.

#   Failed test 'Not enough groups, if any, in the data for performing ANOVA at t/ref_indep_param_cfi.t line 56.
# '
#   at t/ref_indep_param_cfi.t line 58.

#   Failed test 'Need to run ANOVA to obtain requested statistic at t/ref_indep_param_cfi.t line 61.
# '
#   at t/ref_indep_param_cfi.t line 63.
Use of uninitialized value $itv in concatenation (.) or string at t/ref_indep_param_cfi.t line 65.

#   Failed test '95% confidence interval:  = 24.798'
#   at t/ref_indep_param_cfi.t line 65.
# Looks like you failed 7 tests of 10.
t/ref_indep_param_cfi.t ...... 
Dubious, test returned 7 (wstat 1792, 0x700)
Failed 7/10 subtests 
Odd number of elements in anonymous hash at /tmp/loop_over_bdir-8275-lNpall/Statistics-ANOVA-0.09-hXeObU/blib/lib/Statistics/ANOVA.pm line 1607.

#   Failed test 'Not enough groups, if any, in the data for performing ANOVA at t/ref_indep_param_ord.t line 42.
# '
#   at t/ref_indep_param_ord.t line 43.
Use of uninitialized value in concatenation (.) or string at t/ref_indep_param_ord.t line 51.

#   Failed test 'Independent Parametric Trend:ms_w:  = 2.9'
#   at t/ref_indep_param_ord.t line 51.
Use of uninitialized value in concatenation (.) or string at t/ref_indep_param_ord.t line 53.

#   Failed test 'Independent Parametric Trend (linear): f_value:  = 54.72'
#   at t/ref_indep_param_ord.t line 53.
Use of uninitialized value in concatenation (.) or string at t/ref_indep_param_ord.t line 55.

#   Failed test 'Independent Parametric Trend (linear): df_w:  = 20'
#   at t/ref_indep_param_ord.t line 55.
Odd number of elements in anonymous hash at /tmp/loop_over_bdir-8275-lNpall/Statistics-ANOVA-0.09-hXeObU/blib/lib/Statistics/ANOVA.pm line 1607.

#   Failed test 'Not enough groups, if any, in the data for performing ANOVA at t/ref_indep_param_ord.t line 57.
# '
#   at t/ref_indep_param_ord.t line 58.
Use of uninitialized value in concatenation (.) or string at t/ref_indep_param_ord.t line 60.

#   Failed test 'Independent Parametric Trend (nonlinear): f_value:  = 2.38'
#   at t/ref_indep_param_ord.t line 60.
Use of uninitialized value in concatenation (.) or string at t/ref_indep_param_ord.t line 62.

#   Failed test 'Independent Parametric Trend (nonlinear): df_b:  = 2'
#   at t/ref_indep_param_ord.t line 62.
Use of uninitialized value in concatenation (.) or string at t/ref_indep_param_ord.t line 64.

#   Failed test 'Independent Parametric Trend (nonlinear): p_value:  = 0.118313'
#   at t/ref_indep_param_ord.t line 64.
# Looks like you failed 8 tests of 11.
t/ref_indep_param_ord.t ...... 
Dubious, test returned 8 (wstat 2048, 0x800)
Failed 8/11 subtests 
Odd number of elements in anonymous hash at /tmp/loop_over_bdir-8275-lNpall/Statistics-ANOVA-0.09-hXeObU/blib/lib/Statistics/ANOVA.pm line 1607.

#   Failed test 'Not enough groups, if any, in the data for performing ANOVA at t/ref_rmdep_dfree_cat.t line 33.
# '
#   at t/ref_rmdep_dfree_cat.t line 34.
Use of uninitialized value in concatenation (.) or string at t/ref_rmdep_dfree_cat.t line 36.

#   Failed test 'Dependent Nonparametric Categorical:df_b:  = 3'
#   at t/ref_rmdep_dfree_cat.t line 36.
Use of uninitialized value in concatenation (.) or string at t/ref_rmdep_dfree_cat.t line 38.

#   Failed test 'Dependent Nonparametric Categorical:chi_value:  = 7.4'
#   at t/ref_rmdep_dfree_cat.t line 38.
Use of uninitialized value in concatenation (.) or string at t/ref_rmdep_dfree_cat.t line 40.

#   Failed test 'Dependent Nonparametric Categorical:p_value:  = 0.066'
#   at t/ref_rmdep_dfree_cat.t line 40.
Odd number of elements in anonymous hash at /tmp/loop_over_bdir-8275-lNpall/Statistics-ANOVA-0.09-hXeObU/blib/lib/Statistics/ANOVA.pm line 1607.

#   Failed test 'Not enough groups, if any, in the data for performing ANOVA at t/ref_rmdep_dfree_cat.t line 58.
# '
#   at t/ref_rmdep_dfree_cat.t line 59.
Use of uninitialized value in concatenation (.) or string at t/ref_rmdep_dfree_cat.t line 61.

#   Failed test 'Dependent Nonparametric Categorical:df_b:  = 2'
#   at t/ref_rmdep_dfree_cat.t line 61.
Use of uninitialized value in concatenation (.) or string at t/ref_rmdep_dfree_cat.t line 63.

#   Failed test 'Dependent Nonparametric Categorical:chi_value:  = 11.14'
#   at t/ref_rmdep_dfree_cat.t line 63.
Use of uninitialized value in concatenation (.) or string at t/ref_rmdep_dfree_cat.t line 65.

#   Failed test 'Dependent Nonparametric Categorical:p_value:  = 0.004'
#   at t/ref_rmdep_dfree_cat.t line 65.
Odd number of elements in anonymous hash at /tmp/loop_over_bdir-8275-lNpall/Statistics-ANOVA-0.09-hXeObU/blib/lib/Statistics/ANOVA.pm line 1607.

#   Failed test 'Not enough groups, if any, in the data for performing ANOVA at t/ref_rmdep_dfree_cat.t line 67.
# '
#   at t/ref_rmdep_dfree_cat.t line 68.
Use of uninitialized value in concatenation (.) or string at t/ref_rmdep_dfree_cat.t line 70.

#   Failed test 'Dependent Nonparametric Categorical:chi_value:  = 10.64'
#   at t/ref_rmdep_dfree_cat.t line 70.
# Looks like you failed 10 tests of 14.
t/ref_rmdep_dfree_cat.t ...... 
Dubious, test returned 10 (wstat 2560, 0xa00)
Failed 10/14 subtests 
Odd number of elements in anonymous hash at /tmp/loop_over_bdir-8275-lNpall/Statistics-ANOVA-0.09-hXeObU/blib/lib/Statistics/ANOVA.pm line 1607.

#   Failed test 'Not enough groups, if any, in the data for performing ANOVA at t/ref_rmdep_dfree_ord.t line 34.
# '
#   at t/ref_rmdep_dfree_ord.t line 35.
Use of uninitialized value in concatenation (.) or string at t/ref_rmdep_dfree_ord.t line 37.

#   Failed test 'Dependent Nonparametric Trend:l_value:  = 158'
#   at t/ref_rmdep_dfree_ord.t line 37.
Use of uninitialized value in concatenation (.) or string at t/ref_rmdep_dfree_ord.t line 39.

#   Failed test 'Dependent Nonparametric Trend:l_exp:  = 135'
#   at t/ref_rmdep_dfree_ord.t line 39.
Use of uninitialized value in concatenation (.) or string at t/ref_rmdep_dfree_ord.t line 41.

#   Failed test 'Dependent Nonparametric Trend:l_var:  = 75'
#   at t/ref_rmdep_dfree_ord.t line 41.
Use of uninitialized value in concatenation (.) or string at t/ref_rmdep_dfree_ord.t line 43.

#   Failed test 'Dependent Nonparametric Trend:z_value:  = 2.66'
#   at t/ref_rmdep_dfree_ord.t line 43.
Use of uninitialized value in concatenation (.) or string at t/ref_rmdep_dfree_ord.t line 45.

#   Failed test 'Dependent Nonparametric Trend:p_value:  = 0.0039'
#   at t/ref_rmdep_dfree_ord.t line 45.
# Looks like you failed 6 tests of 9.
t/ref_rmdep_dfree_ord.t ...... 
Dubious, test returned 6 (wstat 1536, 0x600)
Failed 6/9 subtests 
t/ref_rmdep_param_cat.t ...... ok
Odd number of elements in anonymous hash at /tmp/loop_over_bdir-8275-lNpall/Statistics-ANOVA-0.09-hXeObU/blib/lib/Statistics/ANOVA.pm line 1607.

#   Failed test 'Not enough groups, if any, in the data for performing ANOVA at t/ref_rmdep_param_cat_cmp.t line 28.
# '
#   at t/ref_rmdep_param_cat_cmp.t line 30.
Use of uninitialized value in concatenation (.) or string at t/ref_rmdep_param_cat_cmp.t line 32.

#   Failed test 'F-test pair comparison:  = 1.667'
#   at t/ref_rmdep_param_cat_cmp.t line 32.
Odd number of elements in anonymous hash at /tmp/loop_over_bdir-8275-lNpall/Statistics-ANOVA-0.09-hXeObU/blib/lib/Statistics/ANOVA.pm line 1607.

#   Failed test 'Not enough groups, if any, in the data for performing ANOVA at t/ref_rmdep_param_cat_cmp.t line 35.
# '
#   at t/ref_rmdep_param_cat_cmp.t line 36.
Use of uninitialized value in concatenation (.) or string at t/ref_rmdep_param_cat_cmp.t line 38.

#   Failed test 't-test pair comparison y1,y2:  = -6.11'
#   at t/ref_rmdep_param_cat_cmp.t line 38.
Use of uninitialized value in concatenation (.) or string at t/ref_rmdep_param_cat_cmp.t line 40.

#   Failed test 't-test pair comparison: y2,y3:  = -1.323'
#   at t/ref_rmdep_param_cat_cmp.t line 40.
# Looks like you failed 5 tests of 8.
t/ref_rmdep_param_cat_cmp.t .. 
Dubious, test returned 5 (wstat 1280, 0x500)
Failed 5/8 subtests 
Reference found where even-sized list expected at /tmp/loop_over_bdir-8275-lNpall/Statistics-ANOVA-0.09-hXeObU/blib/lib/Statistics/ANOVA.pm line 858.

#   Failed test 'Statistics::Data Data for accessing need to be loaded at t/synopsis.t line 85.
# '
#   at t/synopsis.t line 86.
Use of uninitialized value in concatenation (.) or string at t/synopsis.t line 87.

#   Failed test 'Obrien f-value  = 0.386222473178995'
#   at t/synopsis.t line 87.
Reference found where even-sized list expected at /tmp/loop_over_bdir-8275-lNpall/Statistics-ANOVA-0.09-hXeObU/blib/lib/Statistics/ANOVA.pm line 923.

#   Failed test 'Statistics::Data Data for accessing need to be loaded at t/synopsis.t line 89.
# '
#   at t/synopsis.t line 90.
Use of uninitialized value in concatenation (.) or string at t/synopsis.t line 91.

#   Failed test 'Levene f-value  = 0.388785046728972'
#   at t/synopsis.t line 91.
Odd number of elements in anonymous hash at /tmp/loop_over_bdir-8275-lNpall/Statistics-ANOVA-0.09-hXeObU/blib/lib/Statistics/ANOVA.pm line 1607.

#   Failed test 'Not enough groups, if any, in the data for performing ANOVA at t/synopsis.t line 93.
# '
#   at t/synopsis.t line 94.
Use of uninitialized value in concatenation (.) or string at t/synopsis.t line 95.

#   Failed test 'Indep param f-value  = 0.0777777777777777'
#   at t/synopsis.t line 95.
Odd number of elements in anonymous hash at /tmp/loop_over_bdir-8275-lNpall/Statistics-ANOVA-0.09-hXeObU/blib/lib/Statistics/ANOVA.pm line 1607.

#   Failed test 'Not enough groups, if any, in the data for performing ANOVA at t/synopsis.t line 97.
# '
#   at t/synopsis.t line 98.
Use of uninitialized value in concatenation (.) or string at t/synopsis.t line 99.

#   Failed test 'Indep non-param f-value  = 0.265209471'
#   at t/synopsis.t line 99.
Odd number of elements in anonymous hash at /tmp/loop_over_bdir-8275-lNpall/Statistics-ANOVA-0.09-hXeObU/blib/lib/Statistics/ANOVA.pm line 1607.

#   Failed test 'Not enough groups, if any, in the data for performing ANOVA at t/synopsis.t line 102.
# '
#   at t/synopsis.t line 103.
Use of uninitialized value in concatenation (.) or string at t/synopsis.t line 104.

#   Failed test 'Indep param f-value  = 0.01666666666'
#   at t/synopsis.t line 104.
Odd number of elements in anonymous hash at /tmp/loop_over_bdir-8275-lNpall/Statistics-ANOVA-0.09-hXeObU/blib/lib/Statistics/ANOVA.pm line 1607.

#   Failed test 'Not enough groups, if any, in the data for performing ANOVA at t/synopsis.t line 106.
# '
#   at t/synopsis.t line 107.
Use of uninitialized value in concatenation (.) or string at t/synopsis.t line 108.

#   Failed test 'Indep param f-value  = 0.1388888'
#   at t/synopsis.t line 108.
Odd number of elements in anonymous hash at /tmp/loop_over_bdir-8275-lNpall/Statistics-ANOVA-0.09-hXeObU/blib/lib/Statistics/ANOVA.pm line 1607.

#   Failed test 'Not enough groups, if any, in the data for performing ANOVA at t/synopsis.t line 110.
# '
#   at t/synopsis.t line 111.
Odd number of elements in anonymous hash at /tmp/loop_over_bdir-8275-lNpall/Statistics-ANOVA-0.09-hXeObU/blib/lib/Statistics/ANOVA.pm line 1607.

#   Failed test 'Not enough groups, if any, in the data for performing ANOVA at t/synopsis.t line 114.
# '
#   at t/synopsis.t line 115.
Use of uninitialized value in concatenation (.) or string at t/synopsis.t line 116.

#   Failed test 'Dep f-value  = 0.060475161987041'
#   at t/synopsis.t line 116.
Odd number of elements in anonymous hash at /tmp/loop_over_bdir-8275-lNpall/Statistics-ANOVA-0.09-hXeObU/blib/lib/Statistics/ANOVA.pm line 1607.

#   Failed test 'Not enough groups, if any, in the data for performing ANOVA at t/synopsis.t line 118.
# '
#   at t/synopsis.t line 119.
Use of uninitialized value in concatenation (.) or string at t/synopsis.t line 120.

#   Failed test 'Dep f-value  = 0.400000000000006'
#   at t/synopsis.t line 120.
Odd number of elements in anonymous hash at /tmp/loop_over_bdir-8275-lNpall/Statistics-ANOVA-0.09-hXeObU/blib/lib/Statistics/ANOVA.pm line 1607.

#   Failed test 'Not enough groups, if any, in the data for performing ANOVA at t/synopsis.t line 122.
# '
#   at t/synopsis.t line 123.
Use of uninitialized value in concatenation (.) or string at t/synopsis.t line 124.

#   Failed test 'Dep f-value  = 0.166666666666669'
#   at t/synopsis.t line 124.
Odd number of elements in anonymous hash at /tmp/loop_over_bdir-8275-lNpall/Statistics-ANOVA-0.09-hXeObU/blib/lib/Statistics/ANOVA.pm line 1607.

#   Failed test 'Not enough groups, if any, in the data for performing ANOVA at t/synopsis.t line 133.
# '
#   at t/synopsis.t line 134.
Odd number of elements in anonymous hash at /tmp/loop_over_bdir-8275-lNpall/Statistics-ANOVA-0.09-hXeObU/blib/lib/Statistics/ANOVA.pm line 1607.

#   Failed test 'Not enough groups, if any, in the data for performing ANOVA at t/synopsis.t line 133.
# '
#   at t/synopsis.t line 134.
Odd number of elements in anonymous hash at /tmp/loop_over_bdir-8275-lNpall/Statistics-ANOVA-0.09-hXeObU/blib/lib/Statistics/ANOVA.pm line 1607.

#   Failed test 'Not enough groups, if any, in the data for performing ANOVA at t/synopsis.t line 133.
# '
#   at t/synopsis.t line 134.
Odd number of elements in anonymous hash at /tmp/loop_over_bdir-8275-lNpall/Statistics-ANOVA-0.09-hXeObU/blib/lib/Statistics/ANOVA.pm line 1607.

#   Failed test 'Not enough groups, if any, in the data for performing ANOVA at t/synopsis.t line 133.
# '
#   at t/synopsis.t line 134.
Odd number of elements in anonymous hash at /tmp/loop_over_bdir-8275-lNpall/Statistics-ANOVA-0.09-hXeObU/blib/lib/Statistics/ANOVA.pm line 1607.

#   Failed test 'Not enough groups, if any, in the data for performing ANOVA at t/synopsis.t line 133.
# '
#   at t/synopsis.t line 134.
Odd number of elements in anonymous hash at /tmp/loop_over_bdir-8275-lNpall/Statistics-ANOVA-0.09-hXeObU/blib/lib/Statistics/ANOVA.pm line 1607.

#   Failed test 'Not enough groups, if any, in the data for performing ANOVA at t/synopsis.t line 133.
# '
#   at t/synopsis.t line 134.
Odd number of elements in anonymous hash at /tmp/loop_over_bdir-8275-lNpall/Statistics-ANOVA-0.09-hXeObU/blib/lib/Statistics/ANOVA.pm line 1607.

#   Failed test 'Not enough groups, if any, in the data for performing ANOVA at t/synopsis.t line 133.
# '
#   at t/synopsis.t line 134.
Odd number of elements in anonymous hash at /tmp/loop_over_bdir-8275-lNpall/Statistics-ANOVA-0.09-hXeObU/blib/lib/Statistics/ANOVA.pm line 1607.

#   Failed test 'Not enough groups, if any, in the data for performing ANOVA at t/synopsis.t line 133.
# '
#   at t/synopsis.t line 134.
# Looks like you failed 27 tests of 49.
t/synopsis.t ................. 
Dubious, test returned 27 (wstat 6912, 0x1b00)
Failed 27/49 subtests 

Test Summary Report
-------------------
t/ref_indep_dfree_cat.t    (Wstat: 65280 Tests: 3 Failed: 0)
  Non-zero exit status: 255
  Parse errors: Bad plan.  You planned 5 tests but ran 3.
t/ref_indep_dfree_cat_cls.t (Wstat: 512 Tests: 5 Failed: 2)
  Failed tests:  4-5
  Non-zero exit status: 2
t/ref_indep_dfree_cat_cmp.t (Wstat: 65280 Tests: 3 Failed: 0)
  Non-zero exit status: 255
  Parse errors: Bad plan.  You planned 16 tests but ran 3.
t/ref_indep_dfree_ord.t    (Wstat: 1536 Tests: 9 Failed: 6)
  Failed tests:  4-9
  Non-zero exit status: 6
t/ref_indep_param_cat.t    (Wstat: 5632 Tests: 26 Failed: 22)
  Failed tests:  4-17, 19-26
  Non-zero exit status: 22
t/ref_indep_param_cat_cls.t (Wstat: 768 Tests: 6 Failed: 3)
  Failed tests:  4-6
  Non-zero exit status: 3
t/ref_indep_param_cat_cmp.t (Wstat: 2048 Tests: 11 Failed: 8)
  Failed tests:  4-11
  Non-zero exit status: 8
t/ref_indep_param_cfi.t    (Wstat: 1792 Tests: 10 Failed: 7)
  Failed tests:  4-10
  Non-zero exit status: 7
t/ref_indep_param_ord.t    (Wstat: 2048 Tests: 11 Failed: 8)
  Failed tests:  4-11
  Non-zero exit status: 8
t/ref_rmdep_dfree_cat.t    (Wstat: 2560 Tests: 14 Failed: 10)
  Failed tests:  4-7, 9-14
  Non-zero exit status: 10
t/ref_rmdep_dfree_ord.t    (Wstat: 1536 Tests: 9 Failed: 6)
  Failed tests:  4-9
  Non-zero exit status: 6
t/ref_rmdep_param_cat_cmp.t (Wstat: 1280 Tests: 8 Failed: 5)
  Failed tests:  4-8
  Non-zero exit status: 5
t/synopsis.t               (Wstat: 6912 Tests: 49 Failed: 27)
  Failed tests:  21-39, 42-49
  Non-zero exit status: 27
Files=18, Tests=170,  5 wallclock secs ( 0.08 usr  0.01 sys +  1.74 cusr  0.18 csys =  2.01 CPU)
Result: FAIL
Failed 13/18 test programs. 104/170 subtests failed.

------------------------------
PREREQUISITES
------------------------------

Prerequisite modules loaded:

build_requires:

    Module                     Need Have        
    -------------------------- ---- ------------
    Algorithm::Combinatorics   0.23 0.27        
    List::AllUtils             0.09 0.09        
    Math::Cephes               0.43 0.5304      
    Scalar::Util               1.18 1.41        
    Statistics::DependantTTest 0.03 0.03        
    Statistics::Descriptive    2.6  3.0608      
    Statistics::Lite           3.2  3.2         
    Statistics::TTest          1.1  1.1         
    Test::More                 0.0  1.301001_098

configure_requires:

    Module                     Need Have        
    -------------------------- ---- ------------
    Module::Build              0.42 0.4211      


------------------------------
ENVIRONMENT AND OTHER CONTEXT
------------------------------

Environment variables:

    AUTOMATED_TESTING = 1
    LANG = en_US.UTF-8
    LANGUAGE = en_US:en
    PATH = /home/sand/bin:/usr/local/bin:/usr/bin:/bin:/usr/games:/usr/local/perl/bin:/usr/X11/bin:/sbin:/usr/sbin
    PERL5LIB = 
    PERL5OPT = 
    PERL5_CPANPLUS_IS_RUNNING = 8276
    PERL5_CPAN_IS_RUNNING = 8276
    PERL_MM_USE_DEFAULT = 1
    SHELL = /usr/bin/zsh
    TERM = screen

Perl special variables (and OS-specific diagnostics, for MSWin32):

    $^X = /home/sand/src/perl/repoperls/installed-perls/perl/v5.20.0/165a/bin/perl
    $UID/$EUID = 1005 / 1005
    $GID = 1005 1005
    $EGID = 1005 1005

Perl module toolchain versions installed:

    Module              Have        
    ------------------- ------------
    CPAN                2.09        
    CPAN::Meta          2.143240    
    Cwd                 3.47        
    ExtUtils::CBuilder  0.280220    
    ExtUtils::Command   7.05_11     
    ExtUtils::Install   1.67        
    ExtUtils::MakeMaker 7.05_11     
    ExtUtils::Manifest  1.70        
    ExtUtils::ParseXS   3.24        
    File::Spec          3.47        
    JSON                2.90        
    JSON::PP            2.27203     
    Module::Build       0.4211      
    Module::Signature   0.73        
    Parse::CPAN::Meta   1.4414      
    Test::Harness       3.35        
    Test::More          1.301001_098
    YAML                1.14        
    YAML::Syck          1.29        
    version             0.9912      


--

Summary of my perl5 (revision 5 version 20 subversion 0) configuration:
  Commit id: d7d4eceb184d8fc54797d661a6d5ff9a4a7048c3
  Platform:
    osname=linux, osvers=3.16.0-4-amd64, archname=x86_64-linux
    uname='linux k83 3.16.0-4-amd64 #1 smp debian 3.16.7-ckt2-1 (2014-12-08) x86_64 gnulinux '
    config_args='-Dprefix=/home/sand/src/perl/repoperls/installed-perls/perl/v5.20.0/165a -Dmyhostname=k83 -Dinstallusrbinperl=n -Uversiononly -Dusedevel -des -Ui_db -Uuseithreads -Uuselongdouble -DDEBUGGING=-g'
    hint=recommended, useposix=true, d_sigaction=define
    useithreads=undef, usemultiplicity=undef
    use64bitint=define, use64bitall=define, uselongdouble=undef
    usemymalloc=n, bincompat5005=undef
  Compiler:
    cc='cc', ccflags ='-fwrapv -fno-strict-aliasing -pipe -fstack-protector -I/usr/local/include -D_LARGEFILE_SOURCE -D_FILE_OFFSET_BITS=64',
    optimize='-O2 -g',
    cppflags='-fwrapv -fno-strict-aliasing -pipe -fstack-protector -I/usr/local/include'
    ccversion='', gccversion='4.9.2', gccosandvers=''
    intsize=4, longsize=8, ptrsize=8, doublesize=8, byteorder=12345678
    d_longlong=define, longlongsize=8, d_longdbl=define, longdblsize=16
    ivtype='long', ivsize=8, nvtype='double', nvsize=8, Off_t='off_t', lseeksize=8
    alignbytes=8, prototype=define
  Linker and Libraries:
    ld='cc', ldflags =' -fstack-protector -L/usr/local/lib'
    libpth=/usr/local/lib /usr/lib/gcc/x86_64-linux-gnu/4.9/include-fixed /usr/include/x86_64-linux-gnu /usr/lib /lib/x86_64-linux-gnu /lib/../lib /usr/lib/x86_64-linux-gnu /usr/lib/../lib /lib
    libs=-lnsl -lgdbm -ldb -ldl -lm -lcrypt -lutil -lc -lgdbm_compat
    perllibs=-lnsl -ldl -lm -lcrypt -lutil -lc
    libc=libc-2.19.so, so=so, useshrplib=false, libperl=libperl.a
    gnulibc_version='2.19'
  Dynamic Linking:
    dlsrc=dl_dlopen.xs, dlext=so, d_dlsymun=undef, ccdlflags='-Wl,-E'
    cccdlflags='-fPIC', lddlflags='-shared -O2 -g -L/usr/local/lib -fstack-protector'


Characteristics of this binary (from libperl): 
  Compile-time options: HAS_TIMES PERLIO_LAYERS PERL_DONT_CREATE_GVSV
                        PERL_HASH_FUNC_ONE_AT_A_TIME_HARD PERL_MALLOC_WRAP
                        PERL_NEW_COPY_ON_WRITE PERL_PRESERVE_IVUV
                        PERL_USE_DEVEL USE_64_BIT_ALL USE_64_BIT_INT
                        USE_LARGE_FILES USE_LOCALE USE_LOCALE_COLLATE
                        USE_LOCALE_CTYPE USE_LOCALE_NUMERIC USE_PERLIO
                        USE_PERL_ATOF
  Built under linux
  Compiled at Jan 10 2015 06:41:10
  %ENV:
    PERL5LIB=""
    PERL5OPT=""
    PERL5_CPANPLUS_IS_RUNNING="8276"
    PERL5_CPAN_IS_RUNNING="8276"
    PERL_MM_USE_DEFAULT="1"
  @INC:
    /home/sand/src/perl/repoperls/installed-perls/perl/v5.20.0/165a/lib/site_perl/5.20.0/x86_64-linux
    /home/sand/src/perl/repoperls/installed-perls/perl/v5.20.0/165a/lib/site_perl/5.20.0
    /home/sand/src/perl/repoperls/installed-perls/perl/v5.20.0/165a/lib/5.20.0/x86_64-linux
    /home/sand/src/perl/repoperls/installed-perls/perl/v5.20.0/165a/lib/5.20.0
    .