Report for Lorem-0.16

Back
From: metabase:user:9820532a-708b-1014-9a05-b18a96298da1
Subject: FAIL Lorem-0.16 v5.14.1 GNU/Linux
Date: 2011-11-10T08:24:20Z

This distribution has been tested as part of the CPAN Testers
project, supporting the Perl programming language.  See
http://wiki.cpantesters.org/ for more information or email
questions to cpan-testers-discuss@perl.org


--
Dear Jeffrey Ray Hallock,

This is a computer-generated report for Lorem-0.16-withoutworldwriteables
on perl 5.14.1, created by CPAN-Reporter-1.2002.

Thank you for uploading your work to CPAN.  However, there was a problem
testing your distribution.

If you think this report is invalid, please consult the CPAN Testers Wiki
for suggestions on how to avoid getting FAIL reports for missing library
or binary dependencies, unsupported operating systems, and so on:

http://wiki.cpantesters.org/wiki/CPANAuthorNotes

Sections of this report:

    * Tester comments
    * Program output
    * Prerequisites
    * Environment and other context

------------------------------
TESTER COMMENTS
------------------------------

Additional comments from tester:

this report is from an automated smoke testing program
and was not reviewed by a human for accuracy

------------------------------
PROGRAM OUTPUT
------------------------------

Output from '/usr/bin/make test':

PERL_DL_NONLAZY=1 /home/test/perl5/perlbrew/perls/perl-5.14.1-ld/bin/perl "-MExtUtils::Command::MM" "-e" "test_harness(0, 'blib/lib', 'blib/arch')" t/*.t
Can't locate Gtk2.pm in @INC (@INC contains: /home/test/.cpan/build/Lorem-0.16-4M_lI0/blib/lib /home/test/.cpan/build/Lorem-0.16-4M_lI0/blib/arch /home/test/perl5/perlbrew/perls/perl-5.14.1-ld/lib/site_perl/5.14.1/x86_64-linux-ld /home/test/perl5/perlbrew/perls/perl-5.14.1-ld/lib/site_perl/5.14.1 /home/test/perl5/perlbrew/perls/perl-5.14.1-ld/lib/5.14.1/x86_64-linux-ld /home/test/perl5/perlbrew/perls/perl-5.14.1-ld/lib/5.14.1 .) at t/001_document.t line 7.
BEGIN failed--compilation aborted at t/001_document.t line 7.
# Looks like your test exited with 2 before it could output anything.
t/001_document.t ............ 
Dubious, test returned 2 (wstat 512, 0x200)
No subtests run 
Can't locate Gtk2.pm in @INC (@INC contains: /home/test/.cpan/build/Lorem-0.16-4M_lI0/blib/lib /home/test/.cpan/build/Lorem-0.16-4M_lI0/blib/arch /home/test/perl5/perlbrew/perls/perl-5.14.1-ld/lib/site_perl/5.14.1/x86_64-linux-ld /home/test/perl5/perlbrew/perls/perl-5.14.1-ld/lib/site_perl/5.14.1 /home/test/perl5/perlbrew/perls/perl-5.14.1-ld/lib/5.14.1/x86_64-linux-ld /home/test/perl5/perlbrew/perls/perl-5.14.1-ld/lib/5.14.1 .) at t/002_pdf_surface.t line 7.
BEGIN failed--compilation aborted at t/002_pdf_surface.t line 7.
# Looks like your test exited with 2 before it could output anything.
t/002_pdf_surface.t ......... 
Dubious, test returned 2 (wstat 512, 0x200)
No subtests run 
Can't locate Gtk2.pm in @INC (@INC contains: /home/test/.cpan/build/Lorem-0.16-4M_lI0/blib/lib /home/test/.cpan/build/Lorem-0.16-4M_lI0/blib/arch /home/test/perl5/perlbrew/perls/perl-5.14.1-ld/lib/site_perl/5.14.1/x86_64-linux-ld /home/test/perl5/perlbrew/perls/perl-5.14.1-ld/lib/site_perl/5.14.1 /home/test/perl5/perlbrew/perls/perl-5.14.1-ld/lib/5.14.1/x86_64-linux-ld /home/test/perl5/perlbrew/perls/perl-5.14.1-ld/lib/5.14.1 .) at t/003_print_operation.t line 14.
BEGIN failed--compilation aborted at t/003_print_operation.t line 14.
t/003_print_operation.t ..... 
Dubious, test returned 2 (wstat 512, 0x200)
No subtests run 

#   Failed test 'use Lorem::Document;'
#   at t/011_box_element.t line 9.
#     Tried to use 'Lorem::Document'.
#     Error:  Can't locate Cairo.pm in @INC (@INC contains: /home/test/.cpan/build/Lorem-0.16-4M_lI0/blib/lib /home/test/.cpan/build/Lorem-0.16-4M_lI0/blib/arch /home/test/perl5/perlbrew/perls/perl-5.14.1-ld/lib/site_perl/5.14.1/x86_64-linux-ld /home/test/perl5/perlbrew/perls/perl-5.14.1-ld/lib/site_perl/5.14.1 /home/test/perl5/perlbrew/perls/perl-5.14.1-ld/lib/5.14.1/x86_64-linux-ld /home/test/perl5/perlbrew/perls/perl-5.14.1-ld/lib/5.14.1 .) at /home/test/.cpan/build/Lorem-0.16-4M_lI0/blib/lib/Lorem/Document.pm line 9.
# BEGIN failed--compilation aborted at /home/test/.cpan/build/Lorem-0.16-4M_lI0/blib/lib/Lorem/Document.pm line 9.
# Compilation failed in require at t/011_box_element.t line 9.

#   Failed test 'use Lorem::Surface::Pdf;'
#   at t/011_box_element.t line 10.
#     Tried to use 'Lorem::Surface::Pdf'.
#     Error:  Can't locate Gtk2.pm in @INC (@INC contains: /home/test/.cpan/build/Lorem-0.16-4M_lI0/blib/lib /home/test/.cpan/build/Lorem-0.16-4M_lI0/blib/arch /home/test/perl5/perlbrew/perls/perl-5.14.1-ld/lib/site_perl/5.14.1/x86_64-linux-ld /home/test/perl5/perlbrew/perls/perl-5.14.1-ld/lib/site_perl/5.14.1 /home/test/perl5/perlbrew/perls/perl-5.14.1-ld/lib/5.14.1/x86_64-linux-ld /home/test/perl5/perlbrew/perls/perl-5.14.1-ld/lib/5.14.1 .) at /home/test/.cpan/build/Lorem-0.16-4M_lI0/blib/lib/Lorem/Surface/Pdf.pm line 8.
# BEGIN failed--compilation aborted at /home/test/.cpan/build/Lorem-0.16-4M_lI0/blib/lib/Lorem/Surface/Pdf.pm line 8.
# Compilation failed in require at t/011_box_element.t line 10.

#   Failed test 'use Lorem::Element::Table;'
#   at t/011_box_element.t line 12.
#     Tried to use 'Lorem::Element::Table'.
#     Error:  Can't locate Cairo.pm in @INC (@INC contains: /home/test/.cpan/build/Lorem-0.16-4M_lI0/blib/lib /home/test/.cpan/build/Lorem-0.16-4M_lI0/blib/arch /home/test/perl5/perlbrew/perls/perl-5.14.1-ld/lib/site_perl/5.14.1/x86_64-linux-ld /home/test/perl5/perlbrew/perls/perl-5.14.1-ld/lib/site_perl/5.14.1 /home/test/perl5/perlbrew/perls/perl-5.14.1-ld/lib/5.14.1/x86_64-linux-ld /home/test/perl5/perlbrew/perls/perl-5.14.1-ld/lib/5.14.1 .) at /home/test/.cpan/build/Lorem-0.16-4M_lI0/blib/lib/Lorem/Element/Table.pm line 7.
# BEGIN failed--compilation aborted at /home/test/.cpan/build/Lorem-0.16-4M_lI0/blib/lib/Lorem/Element/Table.pm line 7.
# Compilation failed in require at t/011_box_element.t line 12.
Can't locate object method "set_margin_top" via package "Lorem::Document" at t/011_box_element.t line 19.
# Looks like you failed 3 tests of 5.
# Looks like your test exited with 255 just after 5.
t/011_box_element.t ......... 
Dubious, test returned 255 (wstat 65280, 0xff00)
Failed 3/5 subtests 

#   Failed test 'use Lorem::Document;'
#   at t/012_div.t line 8.
#     Tried to use 'Lorem::Document'.
#     Error:  Can't locate Cairo.pm in @INC (@INC contains: /home/test/.cpan/build/Lorem-0.16-4M_lI0/blib/lib /home/test/.cpan/build/Lorem-0.16-4M_lI0/blib/arch /home/test/perl5/perlbrew/perls/perl-5.14.1-ld/lib/site_perl/5.14.1/x86_64-linux-ld /home/test/perl5/perlbrew/perls/perl-5.14.1-ld/lib/site_perl/5.14.1 /home/test/perl5/perlbrew/perls/perl-5.14.1-ld/lib/5.14.1/x86_64-linux-ld /home/test/perl5/perlbrew/perls/perl-5.14.1-ld/lib/5.14.1 .) at /home/test/.cpan/build/Lorem-0.16-4M_lI0/blib/lib/Lorem/Document.pm line 9.
# BEGIN failed--compilation aborted at /home/test/.cpan/build/Lorem-0.16-4M_lI0/blib/lib/Lorem/Document.pm line 9.
# Compilation failed in require at t/012_div.t line 8.

#   Failed test 'use Lorem::Surface::Pdf;'
#   at t/012_div.t line 9.
#     Tried to use 'Lorem::Surface::Pdf'.
#     Error:  Can't locate Gtk2.pm in @INC (@INC contains: /home/test/.cpan/build/Lorem-0.16-4M_lI0/blib/lib /home/test/.cpan/build/Lorem-0.16-4M_lI0/blib/arch /home/test/perl5/perlbrew/perls/perl-5.14.1-ld/lib/site_perl/5.14.1/x86_64-linux-ld /home/test/perl5/perlbrew/perls/perl-5.14.1-ld/lib/site_perl/5.14.1 /home/test/perl5/perlbrew/perls/perl-5.14.1-ld/lib/5.14.1/x86_64-linux-ld /home/test/perl5/perlbrew/perls/perl-5.14.1-ld/lib/5.14.1 .) at /home/test/.cpan/build/Lorem-0.16-4M_lI0/blib/lib/Lorem/Surface/Pdf.pm line 8.
# BEGIN failed--compilation aborted at /home/test/.cpan/build/Lorem-0.16-4M_lI0/blib/lib/Lorem/Surface/Pdf.pm line 8.
# Compilation failed in require at t/012_div.t line 9.

#   Failed test 'use Lorem::Element::Div;'
#   at t/012_div.t line 11.
#     Tried to use 'Lorem::Element::Div'.
#     Error:  Can't locate Cairo.pm in @INC (@INC contains: /home/test/.cpan/build/Lorem-0.16-4M_lI0/blib/lib /home/test/.cpan/build/Lorem-0.16-4M_lI0/blib/arch /home/test/perl5/perlbrew/perls/perl-5.14.1-ld/lib/site_perl/5.14.1/x86_64-linux-ld /home/test/perl5/perlbrew/perls/perl-5.14.1-ld/lib/site_perl/5.14.1 /home/test/perl5/perlbrew/perls/perl-5.14.1-ld/lib/5.14.1/x86_64-linux-ld /home/test/perl5/perlbrew/perls/perl-5.14.1-ld/lib/5.14.1 .) at /home/test/.cpan/build/Lorem-0.16-4M_lI0/blib/lib/Lorem/Element/Div.pm line 7.
# BEGIN failed--compilation aborted at /home/test/.cpan/build/Lorem-0.16-4M_lI0/blib/lib/Lorem/Element/Div.pm line 7.
# Compilation failed in require at t/012_div.t line 11.
Can't locate object method "set_margin_top" via package "Lorem::Document" at t/012_div.t line 18.
# Looks like you failed 3 tests of 5.
# Looks like your test exited with 255 just after 5.
t/012_div.t ................. 
Dubious, test returned 255 (wstat 65280, 0xff00)
Failed 3/5 subtests 
Can't locate TryCatch.pm in @INC (@INC contains: /home/test/.cpan/build/Lorem-0.16-4M_lI0/blib/lib /home/test/.cpan/build/Lorem-0.16-4M_lI0/blib/arch /home/test/perl5/perlbrew/perls/perl-5.14.1-ld/lib/site_perl/5.14.1/x86_64-linux-ld /home/test/perl5/perlbrew/perls/perl-5.14.1-ld/lib/site_perl/5.14.1 /home/test/perl5/perlbrew/perls/perl-5.14.1-ld/lib/5.14.1/x86_64-linux-ld /home/test/perl5/perlbrew/perls/perl-5.14.1-ld/lib/5.14.1 .) at t/013_div_relative_width.t line 8.
BEGIN failed--compilation aborted at t/013_div_relative_width.t line 8.
# Looks like your test exited with 2 before it could output anything.
t/013_div_relative_width.t .. 
Dubious, test returned 2 (wstat 512, 0x200)
No subtests run 

#   Failed test 'use Lorem::Document;'
#   at t/014_table.t line 10.
#     Tried to use 'Lorem::Document'.
#     Error:  Can't locate Cairo.pm in @INC (@INC contains: ..\lib /home/test/.cpan/build/Lorem-0.16-4M_lI0/blib/lib /home/test/.cpan/build/Lorem-0.16-4M_lI0/blib/arch /home/test/perl5/perlbrew/perls/perl-5.14.1-ld/lib/site_perl/5.14.1/x86_64-linux-ld /home/test/perl5/perlbrew/perls/perl-5.14.1-ld/lib/site_perl/5.14.1 /home/test/perl5/perlbrew/perls/perl-5.14.1-ld/lib/5.14.1/x86_64-linux-ld /home/test/perl5/perlbrew/perls/perl-5.14.1-ld/lib/5.14.1 .) at /home/test/.cpan/build/Lorem-0.16-4M_lI0/blib/lib/Lorem/Document.pm line 9.
# BEGIN failed--compilation aborted at /home/test/.cpan/build/Lorem-0.16-4M_lI0/blib/lib/Lorem/Document.pm line 9.
# Compilation failed in require at t/014_table.t line 10.

#   Failed test 'use Lorem::Surface::Pdf;'
#   at t/014_table.t line 11.
#     Tried to use 'Lorem::Surface::Pdf'.
#     Error:  Can't locate Gtk2.pm in @INC (@INC contains: ..\lib /home/test/.cpan/build/Lorem-0.16-4M_lI0/blib/lib /home/test/.cpan/build/Lorem-0.16-4M_lI0/blib/arch /home/test/perl5/perlbrew/perls/perl-5.14.1-ld/lib/site_perl/5.14.1/x86_64-linux-ld /home/test/perl5/perlbrew/perls/perl-5.14.1-ld/lib/site_perl/5.14.1 /home/test/perl5/perlbrew/perls/perl-5.14.1-ld/lib/5.14.1/x86_64-linux-ld /home/test/perl5/perlbrew/perls/perl-5.14.1-ld/lib/5.14.1 .) at /home/test/.cpan/build/Lorem-0.16-4M_lI0/blib/lib/Lorem/Surface/Pdf.pm line 8.
# BEGIN failed--compilation aborted at /home/test/.cpan/build/Lorem-0.16-4M_lI0/blib/lib/Lorem/Surface/Pdf.pm line 8.
# Compilation failed in require at t/014_table.t line 11.

#   Failed test 'use Lorem::Element::Div;'
#   at t/014_table.t line 13.
#     Tried to use 'Lorem::Element::Div'.
#     Error:  Can't locate Cairo.pm in @INC (@INC contains: ..\lib /home/test/.cpan/build/Lorem-0.16-4M_lI0/blib/lib /home/test/.cpan/build/Lorem-0.16-4M_lI0/blib/arch /home/test/perl5/perlbrew/perls/perl-5.14.1-ld/lib/site_perl/5.14.1/x86_64-linux-ld /home/test/perl5/perlbrew/perls/perl-5.14.1-ld/lib/site_perl/5.14.1 /home/test/perl5/perlbrew/perls/perl-5.14.1-ld/lib/5.14.1/x86_64-linux-ld /home/test/perl5/perlbrew/perls/perl-5.14.1-ld/lib/5.14.1 .) at /home/test/.cpan/build/Lorem-0.16-4M_lI0/blib/lib/Lorem/Element/Div.pm line 7.
# BEGIN failed--compilation aborted at /home/test/.cpan/build/Lorem-0.16-4M_lI0/blib/lib/Lorem/Element/Div.pm line 7.
# Compilation failed in require at t/014_table.t line 13.
Can't locate object method "new_header" via package "Lorem::Document" at t/014_table.t line 22.
# Looks like you failed 3 tests of 5.
# Looks like your test exited with 255 just after 5.
t/014_table.t ............... 
Dubious, test returned 255 (wstat 65280, 0xff00)
Failed 3/5 subtests 
Can't locate Pango.pm in @INC (@INC contains: /home/test/.cpan/build/Lorem-0.16-4M_lI0/blib/lib /home/test/.cpan/build/Lorem-0.16-4M_lI0/blib/arch /home/test/perl5/perlbrew/perls/perl-5.14.1-ld/lib/site_perl/5.14.1/x86_64-linux-ld /home/test/perl5/perlbrew/perls/perl-5.14.1-ld/lib/site_perl/5.14.1 /home/test/perl5/perlbrew/perls/perl-5.14.1-ld/lib/5.14.1/x86_64-linux-ld /home/test/perl5/perlbrew/perls/perl-5.14.1-ld/lib/5.14.1 .) at /home/test/.cpan/build/Lorem-0.16-4M_lI0/blib/lib/Lorem/Style.pm line 16.
BEGIN failed--compilation aborted at /home/test/.cpan/build/Lorem-0.16-4M_lI0/blib/lib/Lorem/Style.pm line 16.
Compilation failed in require at t/100_style.t line 6.
BEGIN failed--compilation aborted at t/100_style.t line 6.
# Looks like your test exited with 2 before it could output anything.
t/100_style.t ............... 
Dubious, test returned 2 (wstat 512, 0x200)
No subtests run 
Can't locate Pango.pm in @INC (@INC contains: /home/test/.cpan/build/Lorem-0.16-4M_lI0/blib/lib /home/test/.cpan/build/Lorem-0.16-4M_lI0/blib/arch /home/test/perl5/perlbrew/perls/perl-5.14.1-ld/lib/site_perl/5.14.1/x86_64-linux-ld /home/test/perl5/perlbrew/perls/perl-5.14.1-ld/lib/site_perl/5.14.1 /home/test/perl5/perlbrew/perls/perl-5.14.1-ld/lib/5.14.1/x86_64-linux-ld /home/test/perl5/perlbrew/perls/perl-5.14.1-ld/lib/5.14.1 .) at /home/test/.cpan/build/Lorem-0.16-4M_lI0/blib/lib/Lorem/Style.pm line 16.
BEGIN failed--compilation aborted at /home/test/.cpan/build/Lorem-0.16-4M_lI0/blib/lib/Lorem/Style.pm line 16.
Compilation failed in require at t/101_style_dimensions.t line 6.
BEGIN failed--compilation aborted at t/101_style_dimensions.t line 6.
# Looks like your test exited with 2 before it could output anything.
t/101_style_dimensions.t .... 
Dubious, test returned 2 (wstat 512, 0x200)
Failed 6/6 subtests 
Can't locate Pango.pm in @INC (@INC contains: /home/test/.cpan/build/Lorem-0.16-4M_lI0/blib/lib /home/test/.cpan/build/Lorem-0.16-4M_lI0/blib/arch /home/test/perl5/perlbrew/perls/perl-5.14.1-ld/lib/site_perl/5.14.1/x86_64-linux-ld /home/test/perl5/perlbrew/perls/perl-5.14.1-ld/lib/site_perl/5.14.1 /home/test/perl5/perlbrew/perls/perl-5.14.1-ld/lib/5.14.1/x86_64-linux-ld /home/test/perl5/perlbrew/perls/perl-5.14.1-ld/lib/5.14.1 .) at /home/test/.cpan/build/Lorem-0.16-4M_lI0/blib/lib/Lorem/Style.pm line 16.
BEGIN failed--compilation aborted at /home/test/.cpan/build/Lorem-0.16-4M_lI0/blib/lib/Lorem/Style.pm line 16.
Compilation failed in require at t/102_style_borders.t line 7.
BEGIN failed--compilation aborted at t/102_style_borders.t line 7.
# Looks like your test exited with 2 before it could output anything.
t/102_style_borders.t ....... 
Dubious, test returned 2 (wstat 512, 0x200)
Failed 21/21 subtests 
Can't locate Pango.pm in @INC (@INC contains: /home/test/.cpan/build/Lorem-0.16-4M_lI0/blib/lib /home/test/.cpan/build/Lorem-0.16-4M_lI0/blib/arch /home/test/perl5/perlbrew/perls/perl-5.14.1-ld/lib/site_perl/5.14.1/x86_64-linux-ld /home/test/perl5/perlbrew/perls/perl-5.14.1-ld/lib/site_perl/5.14.1 /home/test/perl5/perlbrew/perls/perl-5.14.1-ld/lib/5.14.1/x86_64-linux-ld /home/test/perl5/perlbrew/perls/perl-5.14.1-ld/lib/5.14.1 .) at /home/test/.cpan/build/Lorem-0.16-4M_lI0/blib/lib/Lorem/Style.pm line 16.
BEGIN failed--compilation aborted at /home/test/.cpan/build/Lorem-0.16-4M_lI0/blib/lib/Lorem/Style.pm line 16.
Compilation failed in require at t/103_style_padding.t line 6.
BEGIN failed--compilation aborted at t/103_style_padding.t line 6.
# Looks like your test exited with 2 before it could output anything.
t/103_style_padding.t ....... 
Dubious, test returned 2 (wstat 512, 0x200)
Failed 8/8 subtests 
Can't locate Pango.pm in @INC (@INC contains: /home/test/.cpan/build/Lorem-0.16-4M_lI0/blib/lib /home/test/.cpan/build/Lorem-0.16-4M_lI0/blib/arch /home/test/perl5/perlbrew/perls/perl-5.14.1-ld/lib/site_perl/5.14.1/x86_64-linux-ld /home/test/perl5/perlbrew/perls/perl-5.14.1-ld/lib/site_perl/5.14.1 /home/test/perl5/perlbrew/perls/perl-5.14.1-ld/lib/5.14.1/x86_64-linux-ld /home/test/perl5/perlbrew/perls/perl-5.14.1-ld/lib/5.14.1 .) at /home/test/.cpan/build/Lorem-0.16-4M_lI0/blib/lib/Lorem/Style.pm line 16.
BEGIN failed--compilation aborted at /home/test/.cpan/build/Lorem-0.16-4M_lI0/blib/lib/Lorem/Style.pm line 16.
Compilation failed in require at t/104_style_margin.t line 6.
BEGIN failed--compilation aborted at t/104_style_margin.t line 6.
# Looks like your test exited with 2 before it could output anything.
t/104_style_margin.t ........ 
Dubious, test returned 2 (wstat 512, 0x200)
Failed 8/8 subtests 
Can't locate Pango.pm in @INC (@INC contains: /home/test/.cpan/build/Lorem-0.16-4M_lI0/blib/lib /home/test/.cpan/build/Lorem-0.16-4M_lI0/blib/arch /home/test/perl5/perlbrew/perls/perl-5.14.1-ld/lib/site_perl/5.14.1/x86_64-linux-ld /home/test/perl5/perlbrew/perls/perl-5.14.1-ld/lib/site_perl/5.14.1 /home/test/perl5/perlbrew/perls/perl-5.14.1-ld/lib/5.14.1/x86_64-linux-ld /home/test/perl5/perlbrew/perls/perl-5.14.1-ld/lib/5.14.1 .) at /home/test/.cpan/build/Lorem-0.16-4M_lI0/blib/lib/Lorem/Style.pm line 16.
BEGIN failed--compilation aborted at /home/test/.cpan/build/Lorem-0.16-4M_lI0/blib/lib/Lorem/Style.pm line 16.
Compilation failed in require at t/150_style_parsing.t line 6.
BEGIN failed--compilation aborted at t/150_style_parsing.t line 6.
# Looks like your test exited with 2 before it could output anything.
t/150_style_parsing.t ....... 
Dubious, test returned 2 (wstat 512, 0x200)
Failed 35/35 subtests 
Can't locate Pango.pm in @INC (@INC contains: /home/test/.cpan/build/Lorem-0.16-4M_lI0/blib/lib /home/test/.cpan/build/Lorem-0.16-4M_lI0/blib/arch /home/test/perl5/perlbrew/perls/perl-5.14.1-ld/lib/site_perl/5.14.1/x86_64-linux-ld /home/test/perl5/perlbrew/perls/perl-5.14.1-ld/lib/site_perl/5.14.1 /home/test/perl5/perlbrew/perls/perl-5.14.1-ld/lib/5.14.1/x86_64-linux-ld /home/test/perl5/perlbrew/perls/perl-5.14.1-ld/lib/5.14.1 .) at /home/test/.cpan/build/Lorem-0.16-4M_lI0/blib/lib/Lorem/Style.pm line 16.
BEGIN failed--compilation aborted at /home/test/.cpan/build/Lorem-0.16-4M_lI0/blib/lib/Lorem/Style.pm line 16.
Compilation failed in require at t/151_style_parsing.t line 6.
BEGIN failed--compilation aborted at t/151_style_parsing.t line 6.
# Looks like your test exited with 2 before it could output anything.
t/151_style_parsing.t ....... 
Dubious, test returned 2 (wstat 512, 0x200)
Failed 8/8 subtests 
Can't locate Cairo.pm in @INC (@INC contains: /home/test/.cpan/build/Lorem-0.16-4M_lI0/blib/lib /home/test/.cpan/build/Lorem-0.16-4M_lI0/blib/arch /home/test/perl5/perlbrew/perls/perl-5.14.1-ld/lib/site_perl/5.14.1/x86_64-linux-ld /home/test/perl5/perlbrew/perls/perl-5.14.1-ld/lib/site_perl/5.14.1 /home/test/perl5/perlbrew/perls/perl-5.14.1-ld/lib/5.14.1/x86_64-linux-ld /home/test/perl5/perlbrew/perls/perl-5.14.1-ld/lib/5.14.1 .) at /home/test/.cpan/build/Lorem-0.16-4M_lI0/blib/lib/Lorem/Document.pm line 9.
BEGIN failed--compilation aborted at /home/test/.cpan/build/Lorem-0.16-4M_lI0/blib/lib/Lorem/Document.pm line 9.
Compilation failed in require at /home/test/.cpan/build/Lorem-0.16-4M_lI0/blib/lib/Lorem.pm line 6.
BEGIN failed--compilation aborted at /home/test/.cpan/build/Lorem-0.16-4M_lI0/blib/lib/Lorem.pm line 6.
Compilation failed in require at t/152_style_coercion.t line 8.
BEGIN failed--compilation aborted at t/152_style_coercion.t line 8.
# Looks like your test exited with 2 before it could output anything.
t/152_style_coercion.t ...... 
Dubious, test returned 2 (wstat 512, 0x200)
Failed 10/10 subtests 
Can't locate Gtk2.pm in @INC (@INC contains: /home/test/.cpan/build/Lorem-0.16-4M_lI0/blib/lib /home/test/.cpan/build/Lorem-0.16-4M_lI0/blib/arch /home/test/perl5/perlbrew/perls/perl-5.14.1-ld/lib/site_perl/5.14.1/x86_64-linux-ld /home/test/perl5/perlbrew/perls/perl-5.14.1-ld/lib/site_perl/5.14.1 /home/test/perl5/perlbrew/perls/perl-5.14.1-ld/lib/5.14.1/x86_64-linux-ld /home/test/perl5/perlbrew/perls/perl-5.14.1-ld/lib/5.14.1 .) at t/200_lorum.t line 7.
BEGIN failed--compilation aborted at t/200_lorum.t line 7.
# Looks like your test exited with 2 before it could output anything.
t/200_lorum.t ............... 
Dubious, test returned 2 (wstat 512, 0x200)
No subtests run 

Test Summary Report
-------------------
t/001_document.t          (Wstat: 512 Tests: 0 Failed: 0)
  Non-zero exit status: 2
  Parse errors: No plan found in TAP output
t/002_pdf_surface.t       (Wstat: 512 Tests: 0 Failed: 0)
  Non-zero exit status: 2
  Parse errors: No plan found in TAP output
t/003_print_operation.t   (Wstat: 512 Tests: 0 Failed: 0)
  Non-zero exit status: 2
  Parse errors: No plan found in TAP output
t/011_box_element.t       (Wstat: 65280 Tests: 5 Failed: 3)
  Failed tests:  1-2, 4
  Non-zero exit status: 255
t/012_div.t               (Wstat: 65280 Tests: 5 Failed: 3)
  Failed tests:  1-2, 4
  Non-zero exit status: 255
t/013_div_relative_width.t (Wstat: 512 Tests: 0 Failed: 0)
  Non-zero exit status: 2
  Parse errors: No plan found in TAP output
t/014_table.t             (Wstat: 65280 Tests: 5 Failed: 3)
  Failed tests:  1-2, 4
  Non-zero exit status: 255
t/100_style.t             (Wstat: 512 Tests: 0 Failed: 0)
  Non-zero exit status: 2
  Parse errors: No plan found in TAP output
t/101_style_dimensions.t  (Wstat: 512 Tests: 0 Failed: 0)
  Non-zero exit status: 2
  Parse errors: Bad plan.  You planned 6 tests but ran 0.
t/102_style_borders.t     (Wstat: 512 Tests: 0 Failed: 0)
  Non-zero exit status: 2
  Parse errors: Bad plan.  You planned 21 tests but ran 0.
t/103_style_padding.t     (Wstat: 512 Tests: 0 Failed: 0)
  Non-zero exit status: 2
  Parse errors: Bad plan.  You planned 8 tests but ran 0.
t/104_style_margin.t      (Wstat: 512 Tests: 0 Failed: 0)
  Non-zero exit status: 2
  Parse errors: Bad plan.  You planned 8 tests but ran 0.
t/150_style_parsing.t     (Wstat: 512 Tests: 0 Failed: 0)
  Non-zero exit status: 2
  Parse errors: Bad plan.  You planned 35 tests but ran 0.
t/151_style_parsing.t     (Wstat: 512 Tests: 0 Failed: 0)
  Non-zero exit status: 2
  Parse errors: Bad plan.  You planned 8 tests but ran 0.
t/152_style_coercion.t    (Wstat: 512 Tests: 0 Failed: 0)
  Non-zero exit status: 2
  Parse errors: Bad plan.  You planned 10 tests but ran 0.
t/200_lorum.t             (Wstat: 512 Tests: 0 Failed: 0)
  Non-zero exit status: 2
  Parse errors: No plan found in TAP output
Files=16, Tests=15,  3 wallclock secs ( 0.07 usr  0.03 sys +  3.02 cusr  0.42 csys =  3.54 CPU)
Result: FAIL
Failed 16/16 test programs. 9/15 subtests failed.
make: *** [test_dynamic] Error 2

------------------------------
PREREQUISITES
------------------------------

Prerequisite modules loaded:

requires:

    Module                         Need Have   
    ------------------------------ ---- -------
    Moose                          0    2.0205 
    MooseX::SemiAffordanceAccessor 0    0.09   
    MooseX::StrictConstructor      0    0.16   
    MooseX::Types                  0    0.30   

build_requires:

    Module                         Need Have   
    ------------------------------ ---- -------
    ExtUtils::MakeMaker            0    6.63_02


------------------------------
ENVIRONMENT AND OTHER CONTEXT
------------------------------

Environment variables:

    AUTOMATED_TESTING = 1
    LANG = C
    LC_ALL = C
    PATH = /home/test/perl5/perlbrew/bin:/home/test/perl5/perlbrew/perls/perl-5.14.1-ld/bin:/home/test/bin:~/bin:/usr/bin:/bin
    PATH_WITHOUT_PERLBREW = /home/test/bin:~/bin:/usr/bin:/bin
    PERL5LIB = 
    PERL5OPT = 
    PERL5_CPANPLUS_IS_RUNNING = 20816
    PERL5_CPAN_IS_RUNNING = 20816
    PERL5_CPAN_IS_RUNNING_IN_RECURSION = 2309,20816
    PERLBREW_BASHRC_VERSION = 0.31
    PERLBREW_HOME = /home/test/.perlbrew
    PERLBREW_PATH = /home/test/perl5/perlbrew/bin:/home/test/perl5/perlbrew/perls/perl-5.14.1-ld/bin
    PERLBREW_PERL = perl-5.14.1-ld
    PERLBREW_ROOT = /home/test/perl5/perlbrew
    PERLBREW_VERSION = 0.31
    PERL_CPANM_OPT = --prompt --mirror file:///mirrors/cpan/
    PERL_CR_SMOKER_CURRENT = Lorem-0.16-withoutworldwriteables
    PERL_EXTUTILS_AUTOINSTALL = --defaultdeps
    PERL_MM_USE_DEFAULT = 1
    SHELL = /bin/bash
    TERM = linux

Perl special variables (and OS-specific diagnostics, for MSWin32):

    $^X = /home/test/perl5/perlbrew/perls/perl-5.14.1-ld/bin/perl
    $UID/$EUID = 1001 / 1001
    $GID = 1001 1001
    $EGID = 1001 1001

Perl module toolchain versions installed:

    Module              Have    
    ------------------- --------
    CPAN                1.9800  
    CPAN::Meta          2.112621
    Cwd                 3.36    
    ExtUtils::CBuilder  0.280203
    ExtUtils::Command   1.17    
    ExtUtils::Install   1.56    
    ExtUtils::MakeMaker 6.63_02 
    ExtUtils::Manifest  1.60    
    ExtUtils::ParseXS   3.05    
    File::Spec          3.33    
    JSON                2.53    
    JSON::PP            2.27200 
    Module::Build       0.3800  
    Module::Signature   n/a     
    Parse::CPAN::Meta   1.4401  
    Test::Harness       3.23    
    Test::More          0.98_01 
    YAML                0.77    
    YAML::Syck          1.19    
    version             0.94    


--

Summary of my perl5 (revision 5 version 14 subversion 1) configuration:
   
  Platform:
    osname=linux, osvers=2.6.35-28-generic, archname=x86_64-linux-ld
    uname='linux zippy 2.6.35-28-generic #50-ubuntu smp fri mar 18 18:42:20 utc 2011 x86_64 gnulinux '
    config_args='-de -Dprefix=/home/test/perl5/perlbrew/perls/perl-5.14.1-ld -Duselongdouble'
    hint=recommended, useposix=true, d_sigaction=define
    useithreads=undef, usemultiplicity=undef
    useperlio=define, d_sfio=undef, uselargefiles=define, usesocks=undef
    use64bitint=define, use64bitall=define, uselongdouble=define
    usemymalloc=n, bincompat5005=undef
  Compiler:
    cc='cc', ccflags ='-fno-strict-aliasing -pipe -fstack-protector -I/usr/local/include -D_LARGEFILE_SOURCE -D_FILE_OFFSET_BITS=64',
    optimize='-O2',
    cppflags='-fno-strict-aliasing -pipe -fstack-protector -I/usr/local/include'
    ccversion='', gccversion='4.4.5', gccosandvers=''
    intsize=4, longsize=8, ptrsize=8, doublesize=8, byteorder=12345678
    d_longlong=define, longlongsize=8, d_longdbl=define, longdblsize=16
    ivtype='long', ivsize=8, nvtype='long double', nvsize=16, Off_t='off_t', lseeksize=8
    alignbytes=16, prototype=define
  Linker and Libraries:
    ld='cc', ldflags =' -fstack-protector -L/usr/local/lib'
    libpth=/usr/local/lib /lib/../lib /usr/lib/../lib /lib /usr/lib /usr/lib/x86_64-linux-gnu /lib64 /usr/lib64
    libs=-lnsl -ldl -lm -lcrypt -lutil -lc
    perllibs=-lnsl -ldl -lm -lcrypt -lutil -lc
    libc=/lib/libc-2.12.1.so, so=so, useshrplib=false, libperl=libperl.a
    gnulibc_version='2.12.1'
  Dynamic Linking:
    dlsrc=dl_dlopen.xs, dlext=so, d_dlsymun=undef, ccdlflags='-Wl,-E'
    cccdlflags='-fPIC', lddlflags='-shared -O2 -L/usr/local/lib -fstack-protector'


Characteristics of this binary (from libperl): 
  Compile-time options: PERL_DONT_CREATE_GVSV PERL_MALLOC_WRAP
                        PERL_PRESERVE_IVUV USE_64_BIT_ALL USE_64_BIT_INT
                        USE_LARGE_FILES USE_LONG_DOUBLE USE_PERLIO
                        USE_PERL_ATOF
  Built under linux
  Compiled at Nov  8 2011 21:16:18
  %ENV:
    PERL5LIB=""
    PERL5OPT=""
    PERL5_CPANPLUS_IS_RUNNING="20816"
    PERL5_CPAN_IS_RUNNING="20816"
    PERL5_CPAN_IS_RUNNING_IN_RECURSION="2309,20816"
    PERLBREW_BASHRC_VERSION="0.31"
    PERLBREW_HOME="/home/test/.perlbrew"
    PERLBREW_PATH="/home/test/perl5/perlbrew/bin:/home/test/perl5/perlbrew/perls/perl-5.14.1-ld/bin"
    PERLBREW_PERL="perl-5.14.1-ld"
    PERLBREW_ROOT="/home/test/perl5/perlbrew"
    PERLBREW_VERSION="0.31"
    PERL_CPANM_OPT="--prompt --mirror file:///mirrors/cpan/"
    PERL_CR_SMOKER_CURRENT="Lorem-0.16-withoutworldwriteables"
    PERL_EXTUTILS_AUTOINSTALL="--defaultdeps"
    PERL_MM_USE_DEFAULT="1"
  @INC:
    /home/test/perl5/perlbrew/perls/perl-5.14.1-ld/lib/site_perl/5.14.1/x86_64-linux-ld
    /home/test/perl5/perlbrew/perls/perl-5.14.1-ld/lib/site_perl/5.14.1
    /home/test/perl5/perlbrew/perls/perl-5.14.1-ld/lib/5.14.1/x86_64-linux-ld
    /home/test/perl5/perlbrew/perls/perl-5.14.1-ld/lib/5.14.1
    .