GOBO v0.03 Perl 5 v5.37.2 x86_64-linux
- Status
- Fail
- From
- Nedzad Hrnjica (NHRNJICA)
- Dist
-
GOBO v0.03
- Platform
- Perl 5 v5.37.2 x86_64-linux
- Date
- 2022-08-03 18:52:12
- ID
- 625c1f68-135d-11ed-9b11-edbb37f29030
This distribution has been tested as part of the CPAN Testers
project, supporting the Perl programming language. See
http://wiki.cpantesters.org/ for more information or email
questions to cpan-testers-discuss@perl.org
--
Dear CMUNGALL,
This is a computer-generated report for GOBO-0.03
on perl 5.37.2, created by App::cpanminus::reporter 0.17 (1.7046).
Thank you for uploading your work to CPAN. However, there was a problem
testing your distribution.
If you think this report is invalid, please consult the CPAN Testers Wiki
for suggestions on how to avoid getting FAIL reports for missing library
or binary dependencies, unsupported operating systems, and so on:
http://wiki.cpantesters.org/wiki/CPANAuthorNotes
Sections of this report:
* Tester comments
* Program output
* Prerequisites
* Environment and other context
------------------------------
TESTER COMMENTS
------------------------------
Additional comments from tester:
none provided
------------------------------
PROGRAM OUTPUT
------------------------------
Output from '':
Building and testing GOBO-0.03
cp GOBO/DBIC/GODBModel/Schema/Association.pm blib/lib/GOBO/DBIC/GODBModel/Schema/Association.pm
cp GOBO/DB/AnnotationBulkLoader.pm blib/lib/GOBO/DB/AnnotationBulkLoader.pm
cp GOBO/Annotation.pm blib/lib/GOBO/Annotation.pm
cp GOBO/Base.pm blib/lib/GOBO/Base.pm
cp GOBO/DBIC/GODBModel/Schema.pm blib/lib/GOBO/DBIC/GODBModel/Schema.pm
cp GOBO/DBIC/GODBModel/GraphT2T.pm blib/lib/GOBO/DBIC/GODBModel/GraphT2T.pm
cp GOBO/DBIC/GODBModel/Query.pm blib/lib/GOBO/DBIC/GODBModel/Query.pm
cp GOBO/AmiGO/Indexes/AmiGOWrapper.pm blib/lib/GOBO/AmiGO/Indexes/AmiGOWrapper.pm
cp GOBO/DBIC/GODBModel/Schema/DB.pm blib/lib/GOBO/DBIC/GODBModel/Schema/DB.pm
cp GOBO/DBIC/GODBModel/Schema/DBXRef.pm blib/lib/GOBO/DBIC/GODBModel/Schema/DBXRef.pm
cp GOBO/ClassExpression/Intersection.pm blib/lib/GOBO/ClassExpression/Intersection.pm
cp GOBO/Bridges/Bio/TreeBridge.pm blib/lib/GOBO/Bridges/Bio/TreeBridge.pm
cp GOBO/ClassExpression.pm blib/lib/GOBO/ClassExpression.pm
cp GOBO/DBIC/GODBModel/Schema/GeneProductCount.pm blib/lib/GOBO/DBIC/GODBModel/Schema/GeneProductCount.pm
cp GOBO/AmiGO/Indexes/AmiGOStatementIndex.pm blib/lib/GOBO/AmiGO/Indexes/AmiGOStatementIndex.pm
cp GOBO/DBIC/GODBModel/Graph.pm blib/lib/GOBO/DBIC/GODBModel/Graph.pm
cp GOBO/Bridges/Bridge.pm blib/lib/GOBO/Bridges/Bridge.pm
cp GOBO/DBIC/GODBModel/Schema/EvidenceDBXRef.pm blib/lib/GOBO/DBIC/GODBModel/Schema/EvidenceDBXRef.pm
cp GOBO/DBIC/GODBModel/Resolver.pm blib/lib/GOBO/DBIC/GODBModel/Resolver.pm
cp GOBO/DBIC/GODBModel/Extension.pm blib/lib/GOBO/DBIC/GODBModel/Extension.pm
cp GOBO/DBIC/GODBModel/Schema/Evidence.pm blib/lib/GOBO/DBIC/GODBModel/Schema/Evidence.pm
cp GOBO/ClassExpression/BooleanExpression.pm blib/lib/GOBO/ClassExpression/BooleanExpression.pm
cp GOBO/ClassExpression/Complement.pm blib/lib/GOBO/ClassExpression/Complement.pm
cp GOBO/ClassNode.pm blib/lib/GOBO/ClassNode.pm
cp GOBO/DBIC/GODBModel/Schema/GeneProductHomolset.pm blib/lib/GOBO/DBIC/GODBModel/Schema/GeneProductHomolset.pm
cp GOBO/DBIC/GODBModel.pm blib/lib/GOBO/DBIC/GODBModel.pm
cp GOBO/ClassExpression/RelationalExpression.pm blib/lib/GOBO/ClassExpression/RelationalExpression.pm
cp GOBO/ClassExpression/Union.pm blib/lib/GOBO/ClassExpression/Union.pm
cp GOBO/Analysis/AnalysisEngine.pm blib/lib/GOBO/Analysis/AnalysisEngine.pm
cp GOBO/Attributed.pm blib/lib/GOBO/Attributed.pm
cp GOBO.pm blib/lib/GOBO.pm
cp GOBO/DBIC/GODBModel/Schema/GeneProduct.pm blib/lib/GOBO/DBIC/GODBModel/Schema/GeneProduct.pm
cp GOBO/Graph.pm blib/lib/GOBO/Graph.pm
cp GOBO/DBIC/GODBModel/Schema/Seq.pm blib/lib/GOBO/DBIC/GODBModel/Schema/Seq.pm
cp GOBO/Gene.pm blib/lib/GOBO/Gene.pm
cp GOBO/DBIC/t/godbm_query.t blib/lib/GOBO/DBIC/t/godbm_query.t
cp GOBO/Indexes/StatementIndex.pm blib/lib/GOBO/Indexes/StatementIndex.pm
cp GOBO/NegatedStatement.pm blib/lib/GOBO/NegatedStatement.pm
cp GOBO/DBIC/GODBModel/Schema/Species.pm blib/lib/GOBO/DBIC/GODBModel/Schema/Species.pm
cp GOBO/DBIC/GODBModel/Schema/InstanceData.pm blib/lib/GOBO/DBIC/GODBModel/Schema/InstanceData.pm
cp GOBO/DBIC/GODBModel/Schema/TermSynonym.pm blib/lib/GOBO/DBIC/GODBModel/Schema/TermSynonym.pm
cp GOBO/Doc/FAQ.pm blib/lib/GOBO/Doc/FAQ.pm
cp GOBO/Formula.pm blib/lib/GOBO/Formula.pm
cp GOBO/InferenceEngine.pm blib/lib/GOBO/InferenceEngine.pm
cp GOBO/Error.pm blib/lib/GOBO/Error.pm
cp GOBO/DBIC/t/godbm_graph.t blib/lib/GOBO/DBIC/t/godbm_graph.t
cp GOBO/DBIC/GODBModel/Schema/TermDBXRef.pm blib/lib/GOBO/DBIC/GODBModel/Schema/TermDBXRef.pm
cp GOBO/DBIC/GODBModel/Schema/Homolset.pm blib/lib/GOBO/DBIC/GODBModel/Schema/Homolset.pm
cp GOBO/DBIC/GODBModel/Schema/SeqDBXRef.pm blib/lib/GOBO/DBIC/GODBModel/Schema/SeqDBXRef.pm
cp GOBO/Evidence.pm blib/lib/GOBO/Evidence.pm
cp GOBO/Definable.pm blib/lib/GOBO/Definable.pm
cp GOBO/DBIC/GODBModel/Schema/Term.pm blib/lib/GOBO/DBIC/GODBModel/Schema/Term.pm
cp GOBO/Indexes/NodeIndex.pm blib/lib/GOBO/Indexes/NodeIndex.pm
cp GOBO/DBIC/GODBModel/Schema/GeneProductSeq.pm blib/lib/GOBO/DBIC/GODBModel/Schema/GeneProductSeq.pm
cp GOBO/InstanceNode.pm blib/lib/GOBO/InstanceNode.pm
cp GOBO/DBIC/GODBModel/Schema/GraphPath.pm blib/lib/GOBO/DBIC/GODBModel/Schema/GraphPath.pm
cp GOBO/DBIC/GODBModel/Schema/Term2Term.pm blib/lib/GOBO/DBIC/GODBModel/Schema/Term2Term.pm
cp GOBO/DBIC/GODBModel/Schema/GeneProductSynonym.pm blib/lib/GOBO/DBIC/GODBModel/Schema/GeneProductSynonym.pm
cp GOBO/InferenceEngine/GAFInferenceEngine.pm blib/lib/GOBO/InferenceEngine/GAFInferenceEngine.pm
cp GOBO/Parsers/GAFParser.pm blib/lib/GOBO/Parsers/GAFParser.pm
cp GOBO/Node.pm blib/lib/GOBO/Node.pm
cp GOBO/Parsers/GraphParser.pm blib/lib/GOBO/Parsers/GraphParser.pm
cp GOBO/LinkStatement.pm blib/lib/GOBO/LinkStatement.pm
cp GOBO/Parsers/OBOParser.pm blib/lib/GOBO/Parsers/OBOParser.pm
cp GOBO/Labeled.pm blib/lib/GOBO/Labeled.pm
cp GOBO/LiteralStatement.pm blib/lib/GOBO/LiteralStatement.pm
cp GOBO/Identified.pm blib/lib/GOBO/Identified.pm
cp GOBO/Writers/Writer.pm blib/lib/GOBO/Writers/Writer.pm
cp GOBO/SimpleRDF/Indexes/SimpleRDFStatementIndex.pm blib/lib/GOBO/SimpleRDF/Indexes/SimpleRDFStatementIndex.pm
cp GOBO/Subset.pm blib/lib/GOBO/Subset.pm
cp GOBO/Parsers/Parser.pm blib/lib/GOBO/Parsers/Parser.pm
cp GOBO/Writers/GAFWriter.pm blib/lib/GOBO/Writers/GAFWriter.pm
cp GOBO/SimpleRDF/Indexes/SimpleRDFWrapper.pm blib/lib/GOBO/SimpleRDF/Indexes/SimpleRDFWrapper.pm
cp GOBO/Util/GraphFunctions.pm blib/lib/GOBO/Util/GraphFunctions.pm
cp GOBO/Phylo/Branch.pm blib/lib/GOBO/Phylo/Branch.pm
cp GOBO/Phylo/PhyloTree.pm blib/lib/GOBO/Phylo/PhyloTree.pm
cp GOBO/Synonym.pm blib/lib/GOBO/Synonym.pm
cp GOBO/Writers/CustomizableWriter.pm blib/lib/GOBO/Writers/CustomizableWriter.pm
cp GOBO/Statement.pm blib/lib/GOBO/Statement.pm
cp GOBO/Writers/OBOXMLWriter.pm blib/lib/GOBO/Writers/OBOXMLWriter.pm
cp GOBO/Util/LuceneIndexer.pm blib/lib/GOBO/Util/LuceneIndexer.pm
cp GOBO/Writers/OBOWriter.pm blib/lib/GOBO/Writers/OBOWriter.pm
cp GOBO/Phylo/PhyloNode.pm blib/lib/GOBO/Phylo/PhyloNode.pm
cp GOBO/RelationNode.pm blib/lib/GOBO/RelationNode.pm
cp GOBO/TermNode.pm blib/lib/GOBO/TermNode.pm
cp GOBO/Parsers/OBOParserDispatchHash.pm blib/lib/GOBO/Parsers/OBOParserDispatchHash.pm
cp bin/go-gaf-inference.pl blib/script/go-gaf-inference.pl
"/home/liveapp/.plenv/versions/5.37.2/bin/perl5.37.2" -MExtUtils::MY -e 'MY->fixin(shift)' -- blib/script/go-gaf-inference.pl
cp bin/go-slimdown.pl blib/script/go-slimdown.pl
"/home/liveapp/.plenv/versions/5.37.2/bin/perl5.37.2" -MExtUtils::MY -e 'MY->fixin(shift)' -- blib/script/go-slimdown.pl
cp bin/gobo-make-lucene-index.pl blib/script/gobo-make-lucene-index.pl
"/home/liveapp/.plenv/versions/5.37.2/bin/perl5.37.2" -MExtUtils::MY -e 'MY->fixin(shift)' -- blib/script/gobo-make-lucene-index.pl
Manifying 2 pod documents
Manifying 30 pod documents
Manifying 30 pod documents
Manifying 14 pod documents
PERL_DL_NONLAZY=1 "/home/liveapp/.plenv/versions/5.37.2/bin/perl5.37.2" "-MExtUtils::Command::MM" "-MTest::Harness" "-e" "undef *Test::Harness::Switches; test_harness(0, 'blib/lib', 'blib/arch')" t/*.t
You cannot coerce an attribute (source) unless its type (GOBO::Node) has a coercion at /home/liveapp/.plenv/versions/5.37.2/lib/perl5/site_perl/5.37.2/x86_64-linux/Moose/Exporter.pm line 418
Moose::with('GOBO::Attributed') called at /home/liveapp/.cpanm/work/1659552721.4098204/GOBO-0.03/blib/lib/GOBO/Synonym.pm line 17
require GOBO/Synonym.pm at /home/liveapp/.cpanm/work/1659552721.4098204/GOBO-0.03/blib/lib/GOBO/Labeled.pm line 23
GOBO::Labeled::BEGIN at /home/liveapp/.cpanm/work/1659552721.4098204/GOBO-0.03/blib/lib/GOBO/Labeled.pm line 23
eval {...} at /home/liveapp/.cpanm/work/1659552721.4098204/GOBO-0.03/blib/lib/GOBO/Labeled.pm line 23
require GOBO/Labeled.pm at /home/liveapp/.plenv/versions/5.37.2/lib/perl5/site_perl/5.37.2/Module/Runtime.pm line 314
Module::Runtime::require_module('GOBO::Labeled') called at /home/liveapp/.plenv/versions/5.37.2/lib/perl5/site_perl/5.37.2/Module/Runtime.pm line 391
eval {...} at /home/liveapp/.plenv/versions/5.37.2/lib/perl5/site_perl/5.37.2/Module/Runtime.pm line 391
Module::Runtime::use_package_optimistically('GOBO::Labeled') called at /home/liveapp/.plenv/versions/5.37.2/lib/perl5/site_perl/5.37.2/x86_64-linux/Moose/Util.pm line 351
Moose::Util::_load_user_class('GOBO::Labeled', undef) called at /home/liveapp/.plenv/versions/5.37.2/lib/perl5/site_perl/5.37.2/x86_64-linux/Moose/Util.pm line 146
Moose::Util::_apply_all_roles('Moose::Meta::Class=HASH(0x5617548ef860)', undef, 'GOBO::Labeled') called at /home/liveapp/.plenv/versions/5.37.2/lib/perl5/site_perl/5.37.2/x86_64-linux/Moose/Util.pm line 113
Moose::Util::apply_all_roles('Moose::Meta::Class=HASH(0x5617548ef860)', 'GOBO::Labeled') called at /home/liveapp/.plenv/versions/5.37.2/lib/perl5/site_perl/5.37.2/x86_64-linux/Moose.pm line 57
Moose::with('Moose::Meta::Class=HASH(0x5617548ef860)', 'GOBO::Labeled') called at /home/liveapp/.plenv/versions/5.37.2/lib/perl5/site_perl/5.37.2/x86_64-linux/Moose/Exporter.pm line 418
Moose::with('GOBO::Labeled') called at /home/liveapp/.cpanm/work/1659552721.4098204/GOBO-0.03/blib/lib/GOBO/Node.pm line 6
require GOBO/Node.pm at /home/liveapp/.plenv/versions/5.37.2/lib/perl5/site_perl/5.37.2/Module/Runtime.pm line 314
Module::Runtime::require_module('GOBO::Node') called at /home/liveapp/.plenv/versions/5.37.2/lib/perl5/site_perl/5.37.2/Module/Runtime.pm line 391
eval {...} at /home/liveapp/.plenv/versions/5.37.2/lib/perl5/site_perl/5.37.2/Module/Runtime.pm line 391
Module::Runtime::use_package_optimistically('GOBO::Node') called at /home/liveapp/.plenv/versions/5.37.2/lib/perl5/site_perl/5.37.2/x86_64-linux/Moose/Util.pm line 351
Moose::Util::_load_user_class('GOBO::Node', undef) called at /home/liveapp/.plenv/versions/5.37.2/lib/perl5/site_perl/5.37.2/x86_64-linux/Moose/Meta/Class.pm line 569
Moose::Meta::Class::superclasses(undef, 'GOBO::Node') called at /home/liveapp/.plenv/versions/5.37.2/lib/perl5/site_perl/5.37.2/x86_64-linux/Moose.pm line 53
Moose::extends('Moose::Meta::Class=HASH(0x5617547741d8)', 'GOBO::Node') called at /home/liveapp/.plenv/versions/5.37.2/lib/perl5/site_perl/5.37.2/x86_64-linux/Moose/Exporter.pm line 418
Moose::extends('GOBO::Node') called at /home/liveapp/.cpanm/work/1659552721.4098204/GOBO-0.03/blib/lib/GOBO/Evidence.pm line 4
require GOBO/Evidence.pm at /home/liveapp/.cpanm/work/1659552721.4098204/GOBO-0.03/blib/lib/GOBO/Annotation.pm line 5
GOBO::Annotation::BEGIN at /home/liveapp/.cpanm/work/1659552721.4098204/GOBO-0.03/blib/lib/GOBO/Annotation.pm line 5
eval {...} at /home/liveapp/.cpanm/work/1659552721.4098204/GOBO-0.03/blib/lib/GOBO/Annotation.pm line 5
require GOBO/Annotation.pm at /home/liveapp/.cpanm/work/1659552721.4098204/GOBO-0.03/blib/lib/GOBO/Graph.pm line 55
GOBO::Graph::BEGIN at /home/liveapp/.cpanm/work/1659552721.4098204/GOBO-0.03/blib/lib/GOBO/Graph.pm line 55
eval {...} at /home/liveapp/.cpanm/work/1659552721.4098204/GOBO-0.03/blib/lib/GOBO/Graph.pm line 55
require GOBO/Graph.pm at t/analysis_test.t line 4
main::BEGIN at t/analysis_test.t line 4
eval {...} at t/analysis_test.t line 4
Compilation failed in require at /home/liveapp/.cpanm/work/1659552721.4098204/GOBO-0.03/blib/lib/GOBO/Labeled.pm line 23.
BEGIN failed--compilation aborted at /home/liveapp/.cpanm/work/1659552721.4098204/GOBO-0.03/blib/lib/GOBO/Labeled.pm line 23.
Compilation failed in require at /home/liveapp/.plenv/versions/5.37.2/lib/perl5/site_perl/5.37.2/Module/Runtime.pm line 314.
Compilation failed in require at /home/liveapp/.plenv/versions/5.37.2/lib/perl5/site_perl/5.37.2/Module/Runtime.pm line 314.
Compilation failed in require at /home/liveapp/.cpanm/work/1659552721.4098204/GOBO-0.03/blib/lib/GOBO/Annotation.pm line 5.
BEGIN failed--compilation aborted at /home/liveapp/.cpanm/work/1659552721.4098204/GOBO-0.03/blib/lib/GOBO/Annotation.pm line 5.
Compilation failed in require at /home/liveapp/.cpanm/work/1659552721.4098204/GOBO-0.03/blib/lib/GOBO/Graph.pm line 55.
BEGIN failed--compilation aborted at /home/liveapp/.cpanm/work/1659552721.4098204/GOBO-0.03/blib/lib/GOBO/Graph.pm line 55.
Compilation failed in require at t/analysis_test.t line 4.
BEGIN failed--compilation aborted at t/analysis_test.t line 4.
t/analysis_test.t ............
Dubious, test returned 255 (wstat 65280, 0xff00)
No subtests run
You cannot coerce an attribute (provenance) unless its type (GOBO::Node) has a coercion at /home/liveapp/.plenv/versions/5.37.2/lib/perl5/site_perl/5.37.2/x86_64-linux/Moose/Exporter.pm line 418
Moose::with('GOBO::Attributed') called at /home/liveapp/.cpanm/work/1659552721.4098204/GOBO-0.03/blib/lib/GOBO/Synonym.pm line 17
require GOBO/Synonym.pm at /home/liveapp/.cpanm/work/1659552721.4098204/GOBO-0.03/blib/lib/GOBO/Labeled.pm line 23
GOBO::Labeled::BEGIN at /home/liveapp/.cpanm/work/1659552721.4098204/GOBO-0.03/blib/lib/GOBO/Labeled.pm line 23
eval {...} at /home/liveapp/.cpanm/work/1659552721.4098204/GOBO-0.03/blib/lib/GOBO/Labeled.pm line 23
require GOBO/Labeled.pm at /home/liveapp/.plenv/versions/5.37.2/lib/perl5/site_perl/5.37.2/Module/Runtime.pm line 314
Module::Runtime::require_module('GOBO::Labeled') called at /home/liveapp/.plenv/versions/5.37.2/lib/perl5/site_perl/5.37.2/Module/Runtime.pm line 391
eval {...} at /home/liveapp/.plenv/versions/5.37.2/lib/perl5/site_perl/5.37.2/Module/Runtime.pm line 391
Module::Runtime::use_package_optimistically('GOBO::Labeled') called at /home/liveapp/.plenv/versions/5.37.2/lib/perl5/site_perl/5.37.2/x86_64-linux/Moose/Util.pm line 351
Moose::Util::_load_user_class('GOBO::Labeled', undef) called at /home/liveapp/.plenv/versions/5.37.2/lib/perl5/site_perl/5.37.2/x86_64-linux/Moose/Util.pm line 146
Moose::Util::_apply_all_roles('Moose::Meta::Class=HASH(0x55b43e9eabb8)', undef, 'GOBO::Labeled') called at /home/liveapp/.plenv/versions/5.37.2/lib/perl5/site_perl/5.37.2/x86_64-linux/Moose/Util.pm line 113
Moose::Util::apply_all_roles('Moose::Meta::Class=HASH(0x55b43e9eabb8)', 'GOBO::Labeled') called at /home/liveapp/.plenv/versions/5.37.2/lib/perl5/site_perl/5.37.2/x86_64-linux/Moose.pm line 57
Moose::with('Moose::Meta::Class=HASH(0x55b43e9eabb8)', 'GOBO::Labeled') called at /home/liveapp/.plenv/versions/5.37.2/lib/perl5/site_perl/5.37.2/x86_64-linux/Moose/Exporter.pm line 418
Moose::with('GOBO::Labeled') called at /home/liveapp/.cpanm/work/1659552721.4098204/GOBO-0.03/blib/lib/GOBO/Node.pm line 6
require GOBO/Node.pm at /home/liveapp/.cpanm/work/1659552721.4098204/GOBO-0.03/blib/lib/GOBO/Statement.pm line 7
GOBO::Statement::BEGIN at /home/liveapp/.cpanm/work/1659552721.4098204/GOBO-0.03/blib/lib/GOBO/Statement.pm line 7
eval {...} at /home/liveapp/.cpanm/work/1659552721.4098204/GOBO-0.03/blib/lib/GOBO/Statement.pm line 7
require GOBO/Statement.pm at /home/liveapp/.cpanm/work/1659552721.4098204/GOBO-0.03/blib/lib/GOBO/ClassExpression/RelationalExpression.pm line 5
GOBO::ClassExpression::RelationalExpression::BEGIN at /home/liveapp/.cpanm/work/1659552721.4098204/GOBO-0.03/blib/lib/GOBO/ClassExpression/RelationalExpression.pm line 5
eval {...} at /home/liveapp/.cpanm/work/1659552721.4098204/GOBO-0.03/blib/lib/GOBO/ClassExpression/RelationalExpression.pm line 5
require GOBO/ClassExpression/RelationalExpression.pm at /home/liveapp/.cpanm/work/1659552721.4098204/GOBO-0.03/blib/lib/GOBO/ClassExpression.pm line 80
GOBO::ClassExpression::BEGIN at /home/liveapp/.cpanm/work/1659552721.4098204/GOBO-0.03/blib/lib/GOBO/ClassExpression.pm line 80
eval {...} at /home/liveapp/.cpanm/work/1659552721.4098204/GOBO-0.03/blib/lib/GOBO/ClassExpression.pm line 80
require GOBO/ClassExpression.pm at t/classexpr.t line 3
main::BEGIN at t/classexpr.t line 3
eval {...} at t/classexpr.t line 3
Compilation failed in require at /home/liveapp/.cpanm/work/1659552721.4098204/GOBO-0.03/blib/lib/GOBO/Labeled.pm line 23.
BEGIN failed--compilation aborted at /home/liveapp/.cpanm/work/1659552721.4098204/GOBO-0.03/blib/lib/GOBO/Labeled.pm line 23.
Compilation failed in require at /home/liveapp/.plenv/versions/5.37.2/lib/perl5/site_perl/5.37.2/Module/Runtime.pm line 314.
Compilation failed in require at /home/liveapp/.cpanm/work/1659552721.4098204/GOBO-0.03/blib/lib/GOBO/Statement.pm line 7.
BEGIN failed--compilation aborted at /home/liveapp/.cpanm/work/1659552721.4098204/GOBO-0.03/blib/lib/GOBO/Statement.pm line 7.
Compilation failed in require at /home/liveapp/.cpanm/work/1659552721.4098204/GOBO-0.03/blib/lib/GOBO/ClassExpression/RelationalExpression.pm line 5.
BEGIN failed--compilation aborted at /home/liveapp/.cpanm/work/1659552721.4098204/GOBO-0.03/blib/lib/GOBO/ClassExpression/RelationalExpression.pm line 5.
Compilation failed in require at /home/liveapp/.cpanm/work/1659552721.4098204/GOBO-0.03/blib/lib/GOBO/ClassExpression.pm line 80.
BEGIN failed--compilation aborted at /home/liveapp/.cpanm/work/1659552721.4098204/GOBO-0.03/blib/lib/GOBO/ClassExpression.pm line 80.
Compilation failed in require at t/classexpr.t line 3.
BEGIN failed--compilation aborted at t/classexpr.t line 3.
t/classexpr.t ................
Dubious, test returned 255 (wstat 65280, 0xff00)
No subtests run
You cannot coerce an attribute (provenance) unless its type (GOBO::Node) has a coercion at /home/liveapp/.plenv/versions/5.37.2/lib/perl5/site_perl/5.37.2/x86_64-linux/Moose/Exporter.pm line 418
Moose::with('GOBO::Attributed') called at /home/liveapp/.cpanm/work/1659552721.4098204/GOBO-0.03/blib/lib/GOBO/Synonym.pm line 17
require GOBO/Synonym.pm at /home/liveapp/.cpanm/work/1659552721.4098204/GOBO-0.03/blib/lib/GOBO/Labeled.pm line 23
GOBO::Labeled::BEGIN at /home/liveapp/.cpanm/work/1659552721.4098204/GOBO-0.03/blib/lib/GOBO/Labeled.pm line 23
eval {...} at /home/liveapp/.cpanm/work/1659552721.4098204/GOBO-0.03/blib/lib/GOBO/Labeled.pm line 23
require GOBO/Labeled.pm at /home/liveapp/.plenv/versions/5.37.2/lib/perl5/site_perl/5.37.2/Module/Runtime.pm line 314
Module::Runtime::require_module('GOBO::Labeled') called at /home/liveapp/.plenv/versions/5.37.2/lib/perl5/site_perl/5.37.2/Module/Runtime.pm line 391
eval {...} at /home/liveapp/.plenv/versions/5.37.2/lib/perl5/site_perl/5.37.2/Module/Runtime.pm line 391
Module::Runtime::use_package_optimistically('GOBO::Labeled') called at /home/liveapp/.plenv/versions/5.37.2/lib/perl5/site_perl/5.37.2/x86_64-linux/Moose/Util.pm line 351
Moose::Util::_load_user_class('GOBO::Labeled', undef) called at /home/liveapp/.plenv/versions/5.37.2/lib/perl5/site_perl/5.37.2/x86_64-linux/Moose/Util.pm line 146
Moose::Util::_apply_all_roles('Moose::Meta::Class=HASH(0x55d08fc86d10)', undef, 'GOBO::Labeled') called at /home/liveapp/.plenv/versions/5.37.2/lib/perl5/site_perl/5.37.2/x86_64-linux/Moose/Util.pm line 113
Moose::Util::apply_all_roles('Moose::Meta::Class=HASH(0x55d08fc86d10)', 'GOBO::Labeled') called at /home/liveapp/.plenv/versions/5.37.2/lib/perl5/site_perl/5.37.2/x86_64-linux/Moose.pm line 57
Moose::with('Moose::Meta::Class=HASH(0x55d08fc86d10)', 'GOBO::Labeled') called at /home/liveapp/.plenv/versions/5.37.2/lib/perl5/site_perl/5.37.2/x86_64-linux/Moose/Exporter.pm line 418
Moose::with('GOBO::Labeled') called at /home/liveapp/.cpanm/work/1659552721.4098204/GOBO-0.03/blib/lib/GOBO/Node.pm line 6
require GOBO/Node.pm at /home/liveapp/.plenv/versions/5.37.2/lib/perl5/site_perl/5.37.2/Module/Runtime.pm line 314
Module::Runtime::require_module('GOBO::Node') called at /home/liveapp/.plenv/versions/5.37.2/lib/perl5/site_perl/5.37.2/Module/Runtime.pm line 391
eval {...} at /home/liveapp/.plenv/versions/5.37.2/lib/perl5/site_perl/5.37.2/Module/Runtime.pm line 391
Module::Runtime::use_package_optimistically('GOBO::Node') called at /home/liveapp/.plenv/versions/5.37.2/lib/perl5/site_perl/5.37.2/x86_64-linux/Moose/Util.pm line 351
Moose::Util::_load_user_class('GOBO::Node', undef) called at /home/liveapp/.plenv/versions/5.37.2/lib/perl5/site_perl/5.37.2/x86_64-linux/Moose/Meta/Class.pm line 569
Moose::Meta::Class::superclasses(undef, 'GOBO::Node') called at /home/liveapp/.plenv/versions/5.37.2/lib/perl5/site_perl/5.37.2/x86_64-linux/Moose.pm line 53
Moose::extends('Moose::Meta::Class=HASH(0x55d08fb0b888)', 'GOBO::Node') called at /home/liveapp/.plenv/versions/5.37.2/lib/perl5/site_perl/5.37.2/x86_64-linux/Moose/Exporter.pm line 418
Moose::extends('GOBO::Node') called at /home/liveapp/.cpanm/work/1659552721.4098204/GOBO-0.03/blib/lib/GOBO/Evidence.pm line 4
require GOBO/Evidence.pm at /home/liveapp/.cpanm/work/1659552721.4098204/GOBO-0.03/blib/lib/GOBO/Annotation.pm line 5
GOBO::Annotation::BEGIN at /home/liveapp/.cpanm/work/1659552721.4098204/GOBO-0.03/blib/lib/GOBO/Annotation.pm line 5
eval {...} at /home/liveapp/.cpanm/work/1659552721.4098204/GOBO-0.03/blib/lib/GOBO/Annotation.pm line 5
require GOBO/Annotation.pm at /home/liveapp/.cpanm/work/1659552721.4098204/GOBO-0.03/blib/lib/GOBO/Graph.pm line 55
GOBO::Graph::BEGIN at /home/liveapp/.cpanm/work/1659552721.4098204/GOBO-0.03/blib/lib/GOBO/Graph.pm line 55
eval {...} at /home/liveapp/.cpanm/work/1659552721.4098204/GOBO-0.03/blib/lib/GOBO/Graph.pm line 55
require GOBO/Graph.pm at t/dbconnect.t line 4
main::BEGIN at t/dbconnect.t line 4
eval {...} at t/dbconnect.t line 4
Compilation failed in require at /home/liveapp/.cpanm/work/1659552721.4098204/GOBO-0.03/blib/lib/GOBO/Labeled.pm line 23.
BEGIN failed--compilation aborted at /home/liveapp/.cpanm/work/1659552721.4098204/GOBO-0.03/blib/lib/GOBO/Labeled.pm line 23.
Compilation failed in require at /home/liveapp/.plenv/versions/5.37.2/lib/perl5/site_perl/5.37.2/Module/Runtime.pm line 314.
Compilation failed in require at /home/liveapp/.plenv/versions/5.37.2/lib/perl5/site_perl/5.37.2/Module/Runtime.pm line 314.
Compilation failed in require at /home/liveapp/.cpanm/work/1659552721.4098204/GOBO-0.03/blib/lib/GOBO/Annotation.pm line 5.
BEGIN failed--compilation aborted at /home/liveapp/.cpanm/work/1659552721.4098204/GOBO-0.03/blib/lib/GOBO/Annotation.pm line 5.
Compilation failed in require at /home/liveapp/.cpanm/work/1659552721.4098204/GOBO-0.03/blib/lib/GOBO/Graph.pm line 55.
BEGIN failed--compilation aborted at /home/liveapp/.cpanm/work/1659552721.4098204/GOBO-0.03/blib/lib/GOBO/Graph.pm line 55.
Compilation failed in require at t/dbconnect.t line 4.
BEGIN failed--compilation aborted at t/dbconnect.t line 4.
t/dbconnect.t ................
Dubious, test returned 255 (wstat 65280, 0xff00)
No subtests run
You cannot coerce an attribute (provenance) unless its type (GOBO::Node) has a coercion at /home/liveapp/.plenv/versions/5.37.2/lib/perl5/site_perl/5.37.2/x86_64-linux/Moose/Exporter.pm line 418
Moose::with('GOBO::Attributed') called at /home/liveapp/.cpanm/work/1659552721.4098204/GOBO-0.03/blib/lib/GOBO/Synonym.pm line 17
require GOBO/Synonym.pm at /home/liveapp/.cpanm/work/1659552721.4098204/GOBO-0.03/blib/lib/GOBO/Labeled.pm line 23
GOBO::Labeled::BEGIN at /home/liveapp/.cpanm/work/1659552721.4098204/GOBO-0.03/blib/lib/GOBO/Labeled.pm line 23
eval {...} at /home/liveapp/.cpanm/work/1659552721.4098204/GOBO-0.03/blib/lib/GOBO/Labeled.pm line 23
require GOBO/Labeled.pm at /home/liveapp/.plenv/versions/5.37.2/lib/perl5/site_perl/5.37.2/Module/Runtime.pm line 314
Module::Runtime::require_module('GOBO::Labeled') called at /home/liveapp/.plenv/versions/5.37.2/lib/perl5/site_perl/5.37.2/Module/Runtime.pm line 391
eval {...} at /home/liveapp/.plenv/versions/5.37.2/lib/perl5/site_perl/5.37.2/Module/Runtime.pm line 391
Module::Runtime::use_package_optimistically('GOBO::Labeled') called at /home/liveapp/.plenv/versions/5.37.2/lib/perl5/site_perl/5.37.2/x86_64-linux/Moose/Util.pm line 351
Moose::Util::_load_user_class('GOBO::Labeled', undef) called at /home/liveapp/.plenv/versions/5.37.2/lib/perl5/site_perl/5.37.2/x86_64-linux/Moose/Util.pm line 146
Moose::Util::_apply_all_roles('Moose::Meta::Class=HASH(0x558a9b766c80)', undef, 'GOBO::Labeled') called at /home/liveapp/.plenv/versions/5.37.2/lib/perl5/site_perl/5.37.2/x86_64-linux/Moose/Util.pm line 113
Moose::Util::apply_all_roles('Moose::Meta::Class=HASH(0x558a9b766c80)', 'GOBO::Labeled') called at /home/liveapp/.plenv/versions/5.37.2/lib/perl5/site_perl/5.37.2/x86_64-linux/Moose.pm line 57
Moose::with('Moose::Meta::Class=HASH(0x558a9b766c80)', 'GOBO::Labeled') called at /home/liveapp/.plenv/versions/5.37.2/lib/perl5/site_perl/5.37.2/x86_64-linux/Moose/Exporter.pm line 418
Moose::with('GOBO::Labeled') called at /home/liveapp/.cpanm/work/1659552721.4098204/GOBO-0.03/blib/lib/GOBO/Node.pm line 6
require GOBO/Node.pm at /home/liveapp/.plenv/versions/5.37.2/lib/perl5/site_perl/5.37.2/Module/Runtime.pm line 314
Module::Runtime::require_module('GOBO::Node') called at /home/liveapp/.plenv/versions/5.37.2/lib/perl5/site_perl/5.37.2/Module/Runtime.pm line 391
eval {...} at /home/liveapp/.plenv/versions/5.37.2/lib/perl5/site_perl/5.37.2/Module/Runtime.pm line 391
Module::Runtime::use_package_optimistically('GOBO::Node') called at /home/liveapp/.plenv/versions/5.37.2/lib/perl5/site_perl/5.37.2/x86_64-linux/Moose/Util.pm line 351
Moose::Util::_load_user_class('GOBO::Node', undef) called at /home/liveapp/.plenv/versions/5.37.2/lib/perl5/site_perl/5.37.2/x86_64-linux/Moose/Meta/Class.pm line 569
Moose::Meta::Class::superclasses(undef, 'GOBO::Node') called at /home/liveapp/.plenv/versions/5.37.2/lib/perl5/site_perl/5.37.2/x86_64-linux/Moose.pm line 53
Moose::extends('Moose::Meta::Class=HASH(0x558a9b5ea398)', 'GOBO::Node') called at /home/liveapp/.plenv/versions/5.37.2/lib/perl5/site_perl/5.37.2/x86_64-linux/Moose/Exporter.pm line 418
Moose::extends('GOBO::Node') called at /home/liveapp/.cpanm/work/1659552721.4098204/GOBO-0.03/blib/lib/GOBO/Evidence.pm line 4
require GOBO/Evidence.pm at /home/liveapp/.cpanm/work/1659552721.4098204/GOBO-0.03/blib/lib/GOBO/Annotation.pm line 5
GOBO::Annotation::BEGIN at /home/liveapp/.cpanm/work/1659552721.4098204/GOBO-0.03/blib/lib/GOBO/Annotation.pm line 5
eval {...} at /home/liveapp/.cpanm/work/1659552721.4098204/GOBO-0.03/blib/lib/GOBO/Annotation.pm line 5
require GOBO/Annotation.pm at /home/liveapp/.cpanm/work/1659552721.4098204/GOBO-0.03/blib/lib/GOBO/Graph.pm line 55
GOBO::Graph::BEGIN at /home/liveapp/.cpanm/work/1659552721.4098204/GOBO-0.03/blib/lib/GOBO/Graph.pm line 55
eval {...} at /home/liveapp/.cpanm/work/1659552721.4098204/GOBO-0.03/blib/lib/GOBO/Graph.pm line 55
require GOBO/Graph.pm at t/gaf_inference_test.t line 4
main::BEGIN at t/gaf_inference_test.t line 4
eval {...} at t/gaf_inference_test.t line 4
Compilation failed in require at /home/liveapp/.cpanm/work/1659552721.4098204/GOBO-0.03/blib/lib/GOBO/Labeled.pm line 23.
BEGIN failed--compilation aborted at /home/liveapp/.cpanm/work/1659552721.4098204/GOBO-0.03/blib/lib/GOBO/Labeled.pm line 23.
Compilation failed in require at /home/liveapp/.plenv/versions/5.37.2/lib/perl5/site_perl/5.37.2/Module/Runtime.pm line 314.
Compilation failed in require at /home/liveapp/.plenv/versions/5.37.2/lib/perl5/site_perl/5.37.2/Module/Runtime.pm line 314.
Compilation failed in require at /home/liveapp/.cpanm/work/1659552721.4098204/GOBO-0.03/blib/lib/GOBO/Annotation.pm line 5.
BEGIN failed--compilation aborted at /home/liveapp/.cpanm/work/1659552721.4098204/GOBO-0.03/blib/lib/GOBO/Annotation.pm line 5.
Compilation failed in require at /home/liveapp/.cpanm/work/1659552721.4098204/GOBO-0.03/blib/lib/GOBO/Graph.pm line 55.
BEGIN failed--compilation aborted at /home/liveapp/.cpanm/work/1659552721.4098204/GOBO-0.03/blib/lib/GOBO/Graph.pm line 55.
Compilation failed in require at t/gaf_inference_test.t line 4.
BEGIN failed--compilation aborted at t/gaf_inference_test.t line 4.
t/gaf_inference_test.t .......
Dubious, test returned 255 (wstat 65280, 0xff00)
No subtests run
You cannot coerce an attribute (provenance) unless its type (GOBO::Node) has a coercion at /home/liveapp/.plenv/versions/5.37.2/lib/perl5/site_perl/5.37.2/x86_64-linux/Moose/Exporter.pm line 418
Moose::with('GOBO::Attributed') called at /home/liveapp/.cpanm/work/1659552721.4098204/GOBO-0.03/blib/lib/GOBO/Synonym.pm line 17
require GOBO/Synonym.pm at /home/liveapp/.cpanm/work/1659552721.4098204/GOBO-0.03/blib/lib/GOBO/Labeled.pm line 23
GOBO::Labeled::BEGIN at /home/liveapp/.cpanm/work/1659552721.4098204/GOBO-0.03/blib/lib/GOBO/Labeled.pm line 23
eval {...} at /home/liveapp/.cpanm/work/1659552721.4098204/GOBO-0.03/blib/lib/GOBO/Labeled.pm line 23
require GOBO/Labeled.pm at /home/liveapp/.plenv/versions/5.37.2/lib/perl5/site_perl/5.37.2/Module/Runtime.pm line 314
Module::Runtime::require_module('GOBO::Labeled') called at /home/liveapp/.plenv/versions/5.37.2/lib/perl5/site_perl/5.37.2/Module/Runtime.pm line 391
eval {...} at /home/liveapp/.plenv/versions/5.37.2/lib/perl5/site_perl/5.37.2/Module/Runtime.pm line 391
Module::Runtime::use_package_optimistically('GOBO::Labeled') called at /home/liveapp/.plenv/versions/5.37.2/lib/perl5/site_perl/5.37.2/x86_64-linux/Moose/Util.pm line 351
Moose::Util::_load_user_class('GOBO::Labeled', undef) called at /home/liveapp/.plenv/versions/5.37.2/lib/perl5/site_perl/5.37.2/x86_64-linux/Moose/Util.pm line 146
Moose::Util::_apply_all_roles('Moose::Meta::Class=HASH(0x55fddd58f9a8)', undef, 'GOBO::Labeled') called at /home/liveapp/.plenv/versions/5.37.2/lib/perl5/site_perl/5.37.2/x86_64-linux/Moose/Util.pm line 113
Moose::Util::apply_all_roles('Moose::Meta::Class=HASH(0x55fddd58f9a8)', 'GOBO::Labeled') called at /home/liveapp/.plenv/versions/5.37.2/lib/perl5/site_perl/5.37.2/x86_64-linux/Moose.pm line 57
Moose::with('Moose::Meta::Class=HASH(0x55fddd58f9a8)', 'GOBO::Labeled') called at /home/liveapp/.plenv/versions/5.37.2/lib/perl5/site_perl/5.37.2/x86_64-linux/Moose/Exporter.pm line 418
Moose::with('GOBO::Labeled') called at /home/liveapp/.cpanm/work/1659552721.4098204/GOBO-0.03/blib/lib/GOBO/Node.pm line 6
require GOBO/Node.pm at /home/liveapp/.plenv/versions/5.37.2/lib/perl5/site_perl/5.37.2/Module/Runtime.pm line 314
Module::Runtime::require_module('GOBO::Node') called at /home/liveapp/.plenv/versions/5.37.2/lib/perl5/site_perl/5.37.2/Module/Runtime.pm line 391
eval {...} at /home/liveapp/.plenv/versions/5.37.2/lib/perl5/site_perl/5.37.2/Module/Runtime.pm line 391
Module::Runtime::use_package_optimistically('GOBO::Node') called at /home/liveapp/.plenv/versions/5.37.2/lib/perl5/site_perl/5.37.2/x86_64-linux/Moose/Util.pm line 351
Moose::Util::_load_user_class('GOBO::Node', undef) called at /home/liveapp/.plenv/versions/5.37.2/lib/perl5/site_perl/5.37.2/x86_64-linux/Moose/Meta/Class.pm line 569
Moose::Meta::Class::superclasses(undef, 'GOBO::Node') called at /home/liveapp/.plenv/versions/5.37.2/lib/perl5/site_perl/5.37.2/x86_64-linux/Moose.pm line 53
Moose::extends('Moose::Meta::Class=HASH(0x55fddd4151e8)', 'GOBO::Node') called at /home/liveapp/.plenv/versions/5.37.2/lib/perl5/site_perl/5.37.2/x86_64-linux/Moose/Exporter.pm line 418
Moose::extends('GOBO::Node') called at /home/liveapp/.cpanm/work/1659552721.4098204/GOBO-0.03/blib/lib/GOBO/Evidence.pm line 4
require GOBO/Evidence.pm at /home/liveapp/.cpanm/work/1659552721.4098204/GOBO-0.03/blib/lib/GOBO/Annotation.pm line 5
GOBO::Annotation::BEGIN at /home/liveapp/.cpanm/work/1659552721.4098204/GOBO-0.03/blib/lib/GOBO/Annotation.pm line 5
eval {...} at /home/liveapp/.cpanm/work/1659552721.4098204/GOBO-0.03/blib/lib/GOBO/Annotation.pm line 5
require GOBO/Annotation.pm at /home/liveapp/.cpanm/work/1659552721.4098204/GOBO-0.03/blib/lib/GOBO/Graph.pm line 55
GOBO::Graph::BEGIN at /home/liveapp/.cpanm/work/1659552721.4098204/GOBO-0.03/blib/lib/GOBO/Graph.pm line 55
eval {...} at /home/liveapp/.cpanm/work/1659552721.4098204/GOBO-0.03/blib/lib/GOBO/Graph.pm line 55
require GOBO/Graph.pm at t/gaftest.t line 3
main::BEGIN at t/gaftest.t line 3
eval {...} at t/gaftest.t line 3
Compilation failed in require at /home/liveapp/.cpanm/work/1659552721.4098204/GOBO-0.03/blib/lib/GOBO/Labeled.pm line 23.
BEGIN failed--compilation aborted at /home/liveapp/.cpanm/work/1659552721.4098204/GOBO-0.03/blib/lib/GOBO/Labeled.pm line 23.
Compilation failed in require at /home/liveapp/.plenv/versions/5.37.2/lib/perl5/site_perl/5.37.2/Module/Runtime.pm line 314.
Compilation failed in require at /home/liveapp/.plenv/versions/5.37.2/lib/perl5/site_perl/5.37.2/Module/Runtime.pm line 314.
Compilation failed in require at /home/liveapp/.cpanm/work/1659552721.4098204/GOBO-0.03/blib/lib/GOBO/Annotation.pm line 5.
BEGIN failed--compilation aborted at /home/liveapp/.cpanm/work/1659552721.4098204/GOBO-0.03/blib/lib/GOBO/Annotation.pm line 5.
Compilation failed in require at /home/liveapp/.cpanm/work/1659552721.4098204/GOBO-0.03/blib/lib/GOBO/Graph.pm line 55.
BEGIN failed--compilation aborted at /home/liveapp/.cpanm/work/1659552721.4098204/GOBO-0.03/blib/lib/GOBO/Graph.pm line 55.
Compilation failed in require at t/gaftest.t line 3.
BEGIN failed--compilation aborted at t/gaftest.t line 3.
t/gaftest.t ..................
Dubious, test returned 255 (wstat 65280, 0xff00)
No subtests run
You cannot coerce an attribute (source) unless its type (GOBO::Node) has a coercion at /home/liveapp/.plenv/versions/5.37.2/lib/perl5/site_perl/5.37.2/x86_64-linux/Moose/Exporter.pm line 418
Moose::with('GOBO::Attributed') called at /home/liveapp/.cpanm/work/1659552721.4098204/GOBO-0.03/blib/lib/GOBO/Synonym.pm line 17
require GOBO/Synonym.pm at /home/liveapp/.cpanm/work/1659552721.4098204/GOBO-0.03/blib/lib/GOBO/Labeled.pm line 23
GOBO::Labeled::BEGIN at /home/liveapp/.cpanm/work/1659552721.4098204/GOBO-0.03/blib/lib/GOBO/Labeled.pm line 23
eval {...} at /home/liveapp/.cpanm/work/1659552721.4098204/GOBO-0.03/blib/lib/GOBO/Labeled.pm line 23
require GOBO/Labeled.pm at /home/liveapp/.plenv/versions/5.37.2/lib/perl5/site_perl/5.37.2/Module/Runtime.pm line 314
Module::Runtime::require_module('GOBO::Labeled') called at /home/liveapp/.plenv/versions/5.37.2/lib/perl5/site_perl/5.37.2/Module/Runtime.pm line 391
eval {...} at /home/liveapp/.plenv/versions/5.37.2/lib/perl5/site_perl/5.37.2/Module/Runtime.pm line 391
Module::Runtime::use_package_optimistically('GOBO::Labeled') called at /home/liveapp/.plenv/versions/5.37.2/lib/perl5/site_perl/5.37.2/x86_64-linux/Moose/Util.pm line 351
Moose::Util::_load_user_class('GOBO::Labeled', undef) called at /home/liveapp/.plenv/versions/5.37.2/lib/perl5/site_perl/5.37.2/x86_64-linux/Moose/Util.pm line 146
Moose::Util::_apply_all_roles('Moose::Meta::Class=HASH(0x5632df2c7e58)', undef, 'GOBO::Labeled') called at /home/liveapp/.plenv/versions/5.37.2/lib/perl5/site_perl/5.37.2/x86_64-linux/Moose/Util.pm line 113
Moose::Util::apply_all_roles('Moose::Meta::Class=HASH(0x5632df2c7e58)', 'GOBO::Labeled') called at /home/liveapp/.plenv/versions/5.37.2/lib/perl5/site_perl/5.37.2/x86_64-linux/Moose.pm line 57
Moose::with('Moose::Meta::Class=HASH(0x5632df2c7e58)', 'GOBO::Labeled') called at /home/liveapp/.plenv/versions/5.37.2/lib/perl5/site_perl/5.37.2/x86_64-linux/Moose/Exporter.pm line 418
Moose::with('GOBO::Labeled') called at /home/liveapp/.cpanm/work/1659552721.4098204/GOBO-0.03/blib/lib/GOBO/Node.pm line 6
require GOBO/Node.pm at /home/liveapp/.plenv/versions/5.37.2/lib/perl5/site_perl/5.37.2/Module/Runtime.pm line 314
Module::Runtime::require_module('GOBO::Node') called at /home/liveapp/.plenv/versions/5.37.2/lib/perl5/site_perl/5.37.2/Module/Runtime.pm line 391
eval {...} at /home/liveapp/.plenv/versions/5.37.2/lib/perl5/site_perl/5.37.2/Module/Runtime.pm line 391
Module::Runtime::use_package_optimistically('GOBO::Node') called at /home/liveapp/.plenv/versions/5.37.2/lib/perl5/site_perl/5.37.2/x86_64-linux/Moose/Util.pm line 351
Moose::Util::_load_user_class('GOBO::Node', undef) called at /home/liveapp/.plenv/versions/5.37.2/lib/perl5/site_perl/5.37.2/x86_64-linux/Moose/Meta/Class.pm line 569
Moose::Meta::Class::superclasses(undef, 'GOBO::Node') called at /home/liveapp/.plenv/versions/5.37.2/lib/perl5/site_perl/5.37.2/x86_64-linux/Moose.pm line 53
Moose::extends('Moose::Meta::Class=HASH(0x5632df14d3f8)', 'GOBO::Node') called at /home/liveapp/.plenv/versions/5.37.2/lib/perl5/site_perl/5.37.2/x86_64-linux/Moose/Exporter.pm line 418
Moose::extends('GOBO::Node') called at /home/liveapp/.cpanm/work/1659552721.4098204/GOBO-0.03/blib/lib/GOBO/Evidence.pm line 4
require GOBO/Evidence.pm at /home/liveapp/.cpanm/work/1659552721.4098204/GOBO-0.03/blib/lib/GOBO/Annotation.pm line 5
GOBO::Annotation::BEGIN at /home/liveapp/.cpanm/work/1659552721.4098204/GOBO-0.03/blib/lib/GOBO/Annotation.pm line 5
eval {...} at /home/liveapp/.cpanm/work/1659552721.4098204/GOBO-0.03/blib/lib/GOBO/Annotation.pm line 5
require GOBO/Annotation.pm at /home/liveapp/.cpanm/work/1659552721.4098204/GOBO-0.03/blib/lib/GOBO/Graph.pm line 55
GOBO::Graph::BEGIN at /home/liveapp/.cpanm/work/1659552721.4098204/GOBO-0.03/blib/lib/GOBO/Graph.pm line 55
eval {...} at /home/liveapp/.cpanm/work/1659552721.4098204/GOBO-0.03/blib/lib/GOBO/Graph.pm line 55
require GOBO/Graph.pm at t/gaftest_chunked.t line 3
main::BEGIN at t/gaftest_chunked.t line 3
eval {...} at t/gaftest_chunked.t line 3
Compilation failed in require at /home/liveapp/.cpanm/work/1659552721.4098204/GOBO-0.03/blib/lib/GOBO/Labeled.pm line 23.
BEGIN failed--compilation aborted at /home/liveapp/.cpanm/work/1659552721.4098204/GOBO-0.03/blib/lib/GOBO/Labeled.pm line 23.
Compilation failed in require at /home/liveapp/.plenv/versions/5.37.2/lib/perl5/site_perl/5.37.2/Module/Runtime.pm line 314.
Compilation failed in require at /home/liveapp/.plenv/versions/5.37.2/lib/perl5/site_perl/5.37.2/Module/Runtime.pm line 314.
Compilation failed in require at /home/liveapp/.cpanm/work/1659552721.4098204/GOBO-0.03/blib/lib/GOBO/Annotation.pm line 5.
BEGIN failed--compilation aborted at /home/liveapp/.cpanm/work/1659552721.4098204/GOBO-0.03/blib/lib/GOBO/Annotation.pm line 5.
Compilation failed in require at /home/liveapp/.cpanm/work/1659552721.4098204/GOBO-0.03/blib/lib/GOBO/Graph.pm line 55.
BEGIN failed--compilation aborted at /home/liveapp/.cpanm/work/1659552721.4098204/GOBO-0.03/blib/lib/GOBO/Graph.pm line 55.
Compilation failed in require at t/gaftest_chunked.t line 3.
BEGIN failed--compilation aborted at t/gaftest_chunked.t line 3.
t/gaftest_chunked.t ..........
Dubious, test returned 255 (wstat 65280, 0xff00)
No subtests run
You cannot coerce an attribute (source) unless its type (GOBO::Node) has a coercion at /home/liveapp/.plenv/versions/5.37.2/lib/perl5/site_perl/5.37.2/x86_64-linux/Moose/Exporter.pm line 418
Moose::with('GOBO::Attributed') called at /home/liveapp/.cpanm/work/1659552721.4098204/GOBO-0.03/blib/lib/GOBO/Synonym.pm line 17
require GOBO/Synonym.pm at /home/liveapp/.cpanm/work/1659552721.4098204/GOBO-0.03/blib/lib/GOBO/Labeled.pm line 23
GOBO::Labeled::BEGIN at /home/liveapp/.cpanm/work/1659552721.4098204/GOBO-0.03/blib/lib/GOBO/Labeled.pm line 23
eval {...} at /home/liveapp/.cpanm/work/1659552721.4098204/GOBO-0.03/blib/lib/GOBO/Labeled.pm line 23
require GOBO/Labeled.pm at /home/liveapp/.plenv/versions/5.37.2/lib/perl5/site_perl/5.37.2/Module/Runtime.pm line 314
Module::Runtime::require_module('GOBO::Labeled') called at /home/liveapp/.plenv/versions/5.37.2/lib/perl5/site_perl/5.37.2/Module/Runtime.pm line 391
eval {...} at /home/liveapp/.plenv/versions/5.37.2/lib/perl5/site_perl/5.37.2/Module/Runtime.pm line 391
Module::Runtime::use_package_optimistically('GOBO::Labeled') called at /home/liveapp/.plenv/versions/5.37.2/lib/perl5/site_perl/5.37.2/x86_64-linux/Moose/Util.pm line 351
Moose::Util::_load_user_class('GOBO::Labeled', undef) called at /home/liveapp/.plenv/versions/5.37.2/lib/perl5/site_perl/5.37.2/x86_64-linux/Moose/Util.pm line 146
Moose::Util::_apply_all_roles('Moose::Meta::Class=HASH(0x5602fbcb5098)', undef, 'GOBO::Labeled') called at /home/liveapp/.plenv/versions/5.37.2/lib/perl5/site_perl/5.37.2/x86_64-linux/Moose/Util.pm line 113
Moose::Util::apply_all_roles('Moose::Meta::Class=HASH(0x5602fbcb5098)', 'GOBO::Labeled') called at /home/liveapp/.plenv/versions/5.37.2/lib/perl5/site_perl/5.37.2/x86_64-linux/Moose.pm line 57
Moose::with('Moose::Meta::Class=HASH(0x5602fbcb5098)', 'GOBO::Labeled') called at /home/liveapp/.plenv/versions/5.37.2/lib/perl5/site_perl/5.37.2/x86_64-linux/Moose/Exporter.pm line 418
Moose::with('GOBO::Labeled') called at /home/liveapp/.cpanm/work/1659552721.4098204/GOBO-0.03/blib/lib/GOBO/Node.pm line 6
require GOBO/Node.pm at /home/liveapp/.plenv/versions/5.37.2/lib/perl5/site_perl/5.37.2/Module/Runtime.pm line 314
Module::Runtime::require_module('GOBO::Node') called at /home/liveapp/.plenv/versions/5.37.2/lib/perl5/site_perl/5.37.2/Module/Runtime.pm line 391
eval {...} at /home/liveapp/.plenv/versions/5.37.2/lib/perl5/site_perl/5.37.2/Module/Runtime.pm line 391
Module::Runtime::use_package_optimistically('GOBO::Node') called at /home/liveapp/.plenv/versions/5.37.2/lib/perl5/site_perl/5.37.2/x86_64-linux/Moose/Util.pm line 351
Moose::Util::_load_user_class('GOBO::Node', undef) called at /home/liveapp/.plenv/versions/5.37.2/lib/perl5/site_perl/5.37.2/x86_64-linux/Moose/Meta/Class.pm line 569
Moose::Meta::Class::superclasses(undef, 'GOBO::Node') called at /home/liveapp/.plenv/versions/5.37.2/lib/perl5/site_perl/5.37.2/x86_64-linux/Moose.pm line 53
Moose::extends('Moose::Meta::Class=HASH(0x5602fbb39ec8)', 'GOBO::Node') called at /home/liveapp/.plenv/versions/5.37.2/lib/perl5/site_perl/5.37.2/x86_64-linux/Moose/Exporter.pm line 418
Moose::extends('GOBO::Node') called at /home/liveapp/.cpanm/work/1659552721.4098204/GOBO-0.03/blib/lib/GOBO/Evidence.pm line 4
require GOBO/Evidence.pm at /home/liveapp/.cpanm/work/1659552721.4098204/GOBO-0.03/blib/lib/GOBO/Annotation.pm line 5
GOBO::Annotation::BEGIN at /home/liveapp/.cpanm/work/1659552721.4098204/GOBO-0.03/blib/lib/GOBO/Annotation.pm line 5
eval {...} at /home/liveapp/.cpanm/work/1659552721.4098204/GOBO-0.03/blib/lib/GOBO/Annotation.pm line 5
require GOBO/Annotation.pm at /home/liveapp/.cpanm/work/1659552721.4098204/GOBO-0.03/blib/lib/GOBO/Graph.pm line 55
GOBO::Graph::BEGIN at /home/liveapp/.cpanm/work/1659552721.4098204/GOBO-0.03/blib/lib/GOBO/Graph.pm line 55
eval {...} at /home/liveapp/.cpanm/work/1659552721.4098204/GOBO-0.03/blib/lib/GOBO/Graph.pm line 55
require GOBO/Graph.pm at t/gaftest_chunked_gzipped.t line 3
main::BEGIN at t/gaftest_chunked_gzipped.t line 3
eval {...} at t/gaftest_chunked_gzipped.t line 3
Compilation failed in require at /home/liveapp/.cpanm/work/1659552721.4098204/GOBO-0.03/blib/lib/GOBO/Labeled.pm line 23.
BEGIN failed--compilation aborted at /home/liveapp/.cpanm/work/1659552721.4098204/GOBO-0.03/blib/lib/GOBO/Labeled.pm line 23.
Compilation failed in require at /home/liveapp/.plenv/versions/5.37.2/lib/perl5/site_perl/5.37.2/Module/Runtime.pm line 314.
Compilation failed in require at /home/liveapp/.plenv/versions/5.37.2/lib/perl5/site_perl/5.37.2/Module/Runtime.pm line 314.
Compilation failed in require at /home/liveapp/.cpanm/work/1659552721.4098204/GOBO-0.03/blib/lib/GOBO/Annotation.pm line 5.
BEGIN failed--compilation aborted at /home/liveapp/.cpanm/work/1659552721.4098204/GOBO-0.03/blib/lib/GOBO/Annotation.pm line 5.
Compilation failed in require at /home/liveapp/.cpanm/work/1659552721.4098204/GOBO-0.03/blib/lib/GOBO/Graph.pm line 55.
BEGIN failed--compilation aborted at /home/liveapp/.cpanm/work/1659552721.4098204/GOBO-0.03/blib/lib/GOBO/Graph.pm line 55.
Compilation failed in require at t/gaftest_chunked_gzipped.t line 3.
BEGIN failed--compilation aborted at t/gaftest_chunked_gzipped.t line 3.
t/gaftest_chunked_gzipped.t ..
Dubious, test returned 255 (wstat 65280, 0xff00)
No subtests run
You cannot coerce an attribute (source) unless its type (GOBO::Node) has a coercion at /home/liveapp/.plenv/versions/5.37.2/lib/perl5/site_perl/5.37.2/x86_64-linux/Moose/Exporter.pm line 418
Moose::with('GOBO::Attributed') called at /home/liveapp/.cpanm/work/1659552721.4098204/GOBO-0.03/blib/lib/GOBO/Synonym.pm line 17
require GOBO/Synonym.pm at /home/liveapp/.cpanm/work/1659552721.4098204/GOBO-0.03/blib/lib/GOBO/Labeled.pm line 23
GOBO::Labeled::BEGIN at /home/liveapp/.cpanm/work/1659552721.4098204/GOBO-0.03/blib/lib/GOBO/Labeled.pm line 23
eval {...} at /home/liveapp/.cpanm/work/1659552721.4098204/GOBO-0.03/blib/lib/GOBO/Labeled.pm line 23
require GOBO/Labeled.pm at /home/liveapp/.plenv/versions/5.37.2/lib/perl5/site_perl/5.37.2/Module/Runtime.pm line 314
Module::Runtime::require_module('GOBO::Labeled') called at /home/liveapp/.plenv/versions/5.37.2/lib/perl5/site_perl/5.37.2/Module/Runtime.pm line 391
eval {...} at /home/liveapp/.plenv/versions/5.37.2/lib/perl5/site_perl/5.37.2/Module/Runtime.pm line 391
Module::Runtime::use_package_optimistically('GOBO::Labeled') called at /home/liveapp/.plenv/versions/5.37.2/lib/perl5/site_perl/5.37.2/x86_64-linux/Moose/Util.pm line 351
Moose::Util::_load_user_class('GOBO::Labeled', undef) called at /home/liveapp/.plenv/versions/5.37.2/lib/perl5/site_perl/5.37.2/x86_64-linux/Moose/Util.pm line 146
Moose::Util::_apply_all_roles('Moose::Meta::Class=HASH(0x5568ba08e038)', undef, 'GOBO::Labeled') called at /home/liveapp/.plenv/versions/5.37.2/lib/perl5/site_perl/5.37.2/x86_64-linux/Moose/Util.pm line 113
Moose::Util::apply_all_roles('Moose::Meta::Class=HASH(0x5568ba08e038)', 'GOBO::Labeled') called at /home/liveapp/.plenv/versions/5.37.2/lib/perl5/site_perl/5.37.2/x86_64-linux/Moose.pm line 57
Moose::with('Moose::Meta::Class=HASH(0x5568ba08e038)', 'GOBO::Labeled') called at /home/liveapp/.plenv/versions/5.37.2/lib/perl5/site_perl/5.37.2/x86_64-linux/Moose/Exporter.pm line 418
Moose::with('GOBO::Labeled') called at /home/liveapp/.cpanm/work/1659552721.4098204/GOBO-0.03/blib/lib/GOBO/Node.pm line 6
require GOBO/Node.pm at /home/liveapp/.plenv/versions/5.37.2/lib/perl5/site_perl/5.37.2/Module/Runtime.pm line 314
Module::Runtime::require_module('GOBO::Node') called at /home/liveapp/.plenv/versions/5.37.2/lib/perl5/site_perl/5.37.2/Module/Runtime.pm line 391
eval {...} at /home/liveapp/.plenv/versions/5.37.2/lib/perl5/site_perl/5.37.2/Module/Runtime.pm line 391
Module::Runtime::use_package_optimistically('GOBO::Node') called at /home/liveapp/.plenv/versions/5.37.2/lib/perl5/site_perl/5.37.2/x86_64-linux/Moose/Util.pm line 351
Moose::Util::_load_user_class('GOBO::Node', undef) called at /home/liveapp/.plenv/versions/5.37.2/lib/perl5/site_perl/5.37.2/x86_64-linux/Moose/Meta/Class.pm line 569
Moose::Meta::Class::superclasses(undef, 'GOBO::Node') called at /home/liveapp/.plenv/versions/5.37.2/lib/perl5/site_perl/5.37.2/x86_64-linux/Moose.pm line 53
Moose::extends('Moose::Meta::Class=HASH(0x5568ba078320)', 'GOBO::Node') called at /home/liveapp/.plenv/versions/5.37.2/lib/perl5/site_perl/5.37.2/x86_64-linux/Moose/Exporter.pm line 418
Moose::extends('GOBO::Node') called at /home/liveapp/.cpanm/work/1659552721.4098204/GOBO-0.03/blib/lib/GOBO/Evidence.pm line 4
require GOBO/Evidence.pm at /home/liveapp/.cpanm/work/1659552721.4098204/GOBO-0.03/blib/lib/GOBO/Annotation.pm line 5
GOBO::Annotation::BEGIN at /home/liveapp/.cpanm/work/1659552721.4098204/GOBO-0.03/blib/lib/GOBO/Annotation.pm line 5
eval {...} at /home/liveapp/.cpanm/work/1659552721.4098204/GOBO-0.03/blib/lib/GOBO/Annotation.pm line 5
require GOBO/Annotation.pm at /home/liveapp/.cpanm/work/1659552721.4098204/GOBO-0.03/blib/lib/GOBO/Graph.pm line 55
GOBO::Graph::BEGIN at /home/liveapp/.cpanm/work/1659552721.4098204/GOBO-0.03/blib/lib/GOBO/Graph.pm line 55
eval {...} at /home/liveapp/.cpanm/work/1659552721.4098204/GOBO-0.03/blib/lib/GOBO/Graph.pm line 55
require GOBO/Graph.pm at t/graph_creation.t line 11
main::BEGIN at t/graph_creation.t line 11
eval {...} at t/graph_creation.t line 11
Compilation failed in require at /home/liveapp/.cpanm/work/1659552721.4098204/GOBO-0.03/blib/lib/GOBO/Labeled.pm line 23.
BEGIN failed--compilation aborted at /home/liveapp/.cpanm/work/1659552721.4098204/GOBO-0.03/blib/lib/GOBO/Labeled.pm line 23.
Compilation failed in require at /home/liveapp/.plenv/versions/5.37.2/lib/perl5/site_perl/5.37.2/Module/Runtime.pm line 314.
Compilation failed in require at /home/liveapp/.plenv/versions/5.37.2/lib/perl5/site_perl/5.37.2/Module/Runtime.pm line 314.
Compilation failed in require at /home/liveapp/.cpanm/work/1659552721.4098204/GOBO-0.03/blib/lib/GOBO/Annotation.pm line 5.
BEGIN failed--compilation aborted at /home/liveapp/.cpanm/work/1659552721.4098204/GOBO-0.03/blib/lib/GOBO/Annotation.pm line 5.
Compilation failed in require at /home/liveapp/.cpanm/work/1659552721.4098204/GOBO-0.03/blib/lib/GOBO/Graph.pm line 55.
BEGIN failed--compilation aborted at /home/liveapp/.cpanm/work/1659552721.4098204/GOBO-0.03/blib/lib/GOBO/Graph.pm line 55.
Compilation failed in require at t/graph_creation.t line 11.
BEGIN failed--compilation aborted at t/graph_creation.t line 11.
t/graph_creation.t ...........
Dubious, test returned 255 (wstat 65280, 0xff00)
No subtests run
You cannot coerce an attribute (source) unless its type (GOBO::Node) has a coercion at /home/liveapp/.plenv/versions/5.37.2/lib/perl5/site_perl/5.37.2/x86_64-linux/Moose/Exporter.pm line 418
Moose::with('GOBO::Attributed') called at /home/liveapp/.cpanm/work/1659552721.4098204/GOBO-0.03/blib/lib/GOBO/Synonym.pm line 17
require GOBO/Synonym.pm at /home/liveapp/.cpanm/work/1659552721.4098204/GOBO-0.03/blib/lib/GOBO/Labeled.pm line 23
GOBO::Labeled::BEGIN at /home/liveapp/.cpanm/work/1659552721.4098204/GOBO-0.03/blib/lib/GOBO/Labeled.pm line 23
eval {...} at /home/liveapp/.cpanm/work/1659552721.4098204/GOBO-0.03/blib/lib/GOBO/Labeled.pm line 23
require GOBO/Labeled.pm at /home/liveapp/.plenv/versions/5.37.2/lib/perl5/site_perl/5.37.2/Module/Runtime.pm line 314
Module::Runtime::require_module('GOBO::Labeled') called at /home/liveapp/.plenv/versions/5.37.2/lib/perl5/site_perl/5.37.2/Module/Runtime.pm line 391
eval {...} at /home/liveapp/.plenv/versions/5.37.2/lib/perl5/site_perl/5.37.2/Module/Runtime.pm line 391
Module::Runtime::use_package_optimistically('GOBO::Labeled') called at /home/liveapp/.plenv/versions/5.37.2/lib/perl5/site_perl/5.37.2/x86_64-linux/Moose/Util.pm line 351
Moose::Util::_load_user_class('GOBO::Labeled', undef) called at /home/liveapp/.plenv/versions/5.37.2/lib/perl5/site_perl/5.37.2/x86_64-linux/Moose/Util.pm line 146
Moose::Util::_apply_all_roles('Moose::Meta::Class=HASH(0x555c97489788)', undef, 'GOBO::Labeled') called at /home/liveapp/.plenv/versions/5.37.2/lib/perl5/site_perl/5.37.2/x86_64-linux/Moose/Util.pm line 113
Moose::Util::apply_all_roles('Moose::Meta::Class=HASH(0x555c97489788)', 'GOBO::Labeled') called at /home/liveapp/.plenv/versions/5.37.2/lib/perl5/site_perl/5.37.2/x86_64-linux/Moose.pm line 57
Moose::with('Moose::Meta::Class=HASH(0x555c97489788)', 'GOBO::Labeled') called at /home/liveapp/.plenv/versions/5.37.2/lib/perl5/site_perl/5.37.2/x86_64-linux/Moose/Exporter.pm line 418
Moose::with('GOBO::Labeled') called at /home/liveapp/.cpanm/work/1659552721.4098204/GOBO-0.03/blib/lib/GOBO/Node.pm line 6
require GOBO/Node.pm at /home/liveapp/.plenv/versions/5.37.2/lib/perl5/site_perl/5.37.2/Module/Runtime.pm line 314
Module::Runtime::require_module('GOBO::Node') called at /home/liveapp/.plenv/versions/5.37.2/lib/perl5/site_perl/5.37.2/Module/Runtime.pm line 391
eval {...} at /home/liveapp/.plenv/versions/5.37.2/lib/perl5/site_perl/5.37.2/Module/Runtime.pm line 391
Module::Runtime::use_package_optimistically('GOBO::Node') called at /home/liveapp/.plenv/versions/5.37.2/lib/perl5/site_perl/5.37.2/x86_64-linux/Moose/Util.pm line 351
Moose::Util::_load_user_class('GOBO::Node', undef) called at /home/liveapp/.plenv/versions/5.37.2/lib/perl5/site_perl/5.37.2/x86_64-linux/Moose/Meta/Class.pm line 569
Moose::Meta::Class::superclasses(undef, 'GOBO::Node') called at /home/liveapp/.plenv/versions/5.37.2/lib/perl5/site_perl/5.37.2/x86_64-linux/Moose.pm line 53
Moose::extends('Moose::Meta::Class=HASH(0x555c9730ea58)', 'GOBO::Node') called at /home/liveapp/.plenv/versions/5.37.2/lib/perl5/site_perl/5.37.2/x86_64-linux/Moose/Exporter.pm line 418
Moose::extends('GOBO::Node') called at /home/liveapp/.cpanm/work/1659552721.4098204/GOBO-0.03/blib/lib/GOBO/Evidence.pm line 4
require GOBO/Evidence.pm at /home/liveapp/.cpanm/work/1659552721.4098204/GOBO-0.03/blib/lib/GOBO/Annotation.pm line 5
GOBO::Annotation::BEGIN at /home/liveapp/.cpanm/work/1659552721.4098204/GOBO-0.03/blib/lib/GOBO/Annotation.pm line 5
eval {...} at /home/liveapp/.cpanm/work/1659552721.4098204/GOBO-0.03/blib/lib/GOBO/Annotation.pm line 5
require GOBO/Annotation.pm at /home/liveapp/.cpanm/work/1659552721.4098204/GOBO-0.03/blib/lib/GOBO/Graph.pm line 55
GOBO::Graph::BEGIN at /home/liveapp/.cpanm/work/1659552721.4098204/GOBO-0.03/blib/lib/GOBO/Graph.pm line 55
eval {...} at /home/liveapp/.cpanm/work/1659552721.4098204/GOBO-0.03/blib/lib/GOBO/Graph.pm line 55
require GOBO/Graph.pm at t/inference_engine_test.t line 4
main::BEGIN at t/inference_engine_test.t line 4
eval {...} at t/inference_engine_test.t line 4
Compilation failed in require at /home/liveapp/.cpanm/work/1659552721.4098204/GOBO-0.03/blib/lib/GOBO/Labeled.pm line 23.
BEGIN failed--compilation aborted at /home/liveapp/.cpanm/work/1659552721.4098204/GOBO-0.03/blib/lib/GOBO/Labeled.pm line 23.
Compilation failed in require at /home/liveapp/.plenv/versions/5.37.2/lib/perl5/site_perl/5.37.2/Module/Runtime.pm line 314.
Compilation failed in require at /home/liveapp/.plenv/versions/5.37.2/lib/perl5/site_perl/5.37.2/Module/Runtime.pm line 314.
Compilation failed in require at /home/liveapp/.cpanm/work/1659552721.4098204/GOBO-0.03/blib/lib/GOBO/Annotation.pm line 5.
BEGIN failed--compilation aborted at /home/liveapp/.cpanm/work/1659552721.4098204/GOBO-0.03/blib/lib/GOBO/Annotation.pm line 5.
Compilation failed in require at /home/liveapp/.cpanm/work/1659552721.4098204/GOBO-0.03/blib/lib/GOBO/Graph.pm line 55.
BEGIN failed--compilation aborted at /home/liveapp/.cpanm/work/1659552721.4098204/GOBO-0.03/blib/lib/GOBO/Graph.pm line 55.
Compilation failed in require at t/inference_engine_test.t line 4.
BEGIN failed--compilation aborted at t/inference_engine_test.t line 4.
t/inference_engine_test.t ....
Dubious, test returned 255 (wstat 65280, 0xff00)
No subtests run
You cannot coerce an attribute (provenance) unless its type (GOBO::Node) has a coercion at /home/liveapp/.plenv/versions/5.37.2/lib/perl5/site_perl/5.37.2/x86_64-linux/Moose/Exporter.pm line 418
Moose::with('GOBO::Attributed') called at /home/liveapp/.cpanm/work/1659552721.4098204/GOBO-0.03/blib/lib/GOBO/Synonym.pm line 17
require GOBO/Synonym.pm at /home/liveapp/.cpanm/work/1659552721.4098204/GOBO-0.03/blib/lib/GOBO/Labeled.pm line 23
GOBO::Labeled::BEGIN at /home/liveapp/.cpanm/work/1659552721.4098204/GOBO-0.03/blib/lib/GOBO/Labeled.pm line 23
eval {...} at /home/liveapp/.cpanm/work/1659552721.4098204/GOBO-0.03/blib/lib/GOBO/Labeled.pm line 23
require GOBO/Labeled.pm at /home/liveapp/.plenv/versions/5.37.2/lib/perl5/site_perl/5.37.2/Module/Runtime.pm line 314
Module::Runtime::require_module('GOBO::Labeled') called at /home/liveapp/.plenv/versions/5.37.2/lib/perl5/site_perl/5.37.2/Module/Runtime.pm line 391
eval {...} at /home/liveapp/.plenv/versions/5.37.2/lib/perl5/site_perl/5.37.2/Module/Runtime.pm line 391
Module::Runtime::use_package_optimistically('GOBO::Labeled') called at /home/liveapp/.plenv/versions/5.37.2/lib/perl5/site_perl/5.37.2/x86_64-linux/Moose/Util.pm line 351
Moose::Util::_load_user_class('GOBO::Labeled', undef) called at /home/liveapp/.plenv/versions/5.37.2/lib/perl5/site_perl/5.37.2/x86_64-linux/Moose/Util.pm line 146
Moose::Util::_apply_all_roles('Moose::Meta::Class=HASH(0x55d1746cf9e0)', undef, 'GOBO::Labeled') called at /home/liveapp/.plenv/versions/5.37.2/lib/perl5/site_perl/5.37.2/x86_64-linux/Moose/Util.pm line 113
Moose::Util::apply_all_roles('Moose::Meta::Class=HASH(0x55d1746cf9e0)', 'GOBO::Labeled') called at /home/liveapp/.plenv/versions/5.37.2/lib/perl5/site_perl/5.37.2/x86_64-linux/Moose.pm line 57
Moose::with('Moose::Meta::Class=HASH(0x55d1746cf9e0)', 'GOBO::Labeled') called at /home/liveapp/.plenv/versions/5.37.2/lib/perl5/site_perl/5.37.2/x86_64-linux/Moose/Exporter.pm line 418
Moose::with('GOBO::Labeled') called at /home/liveapp/.cpanm/work/1659552721.4098204/GOBO-0.03/blib/lib/GOBO/Node.pm line 6
require GOBO/Node.pm at /home/liveapp/.plenv/versions/5.37.2/lib/perl5/site_perl/5.37.2/Module/Runtime.pm line 314
Module::Runtime::require_module('GOBO::Node') called at /home/liveapp/.plenv/versions/5.37.2/lib/perl5/site_perl/5.37.2/Module/Runtime.pm line 391
eval {...} at /home/liveapp/.plenv/versions/5.37.2/lib/perl5/site_perl/5.37.2/Module/Runtime.pm line 391
Module::Runtime::use_package_optimistically('GOBO::Node') called at /home/liveapp/.plenv/versions/5.37.2/lib/perl5/site_perl/5.37.2/x86_64-linux/Moose/Util.pm line 351
Moose::Util::_load_user_class('GOBO::Node', undef) called at /home/liveapp/.plenv/versions/5.37.2/lib/perl5/site_perl/5.37.2/x86_64-linux/Moose/Meta/Class.pm line 569
Moose::Meta::Class::superclasses(undef, 'GOBO::Node') called at /home/liveapp/.plenv/versions/5.37.2/lib/perl5/site_perl/5.37.2/x86_64-linux/Moose.pm line 53
Moose::extends('Moose::Meta::Class=HASH(0x55d174555ae8)', 'GOBO::Node') called at /home/liveapp/.plenv/versions/5.37.2/lib/perl5/site_perl/5.37.2/x86_64-linux/Moose/Exporter.pm line 418
Moose::extends('GOBO::Node') called at /home/liveapp/.cpanm/work/1659552721.4098204/GOBO-0.03/blib/lib/GOBO/Evidence.pm line 4
require GOBO/Evidence.pm at /home/liveapp/.cpanm/work/1659552721.4098204/GOBO-0.03/blib/lib/GOBO/Annotation.pm line 5
GOBO::Annotation::BEGIN at /home/liveapp/.cpanm/work/1659552721.4098204/GOBO-0.03/blib/lib/GOBO/Annotation.pm line 5
eval {...} at /home/liveapp/.cpanm/work/1659552721.4098204/GOBO-0.03/blib/lib/GOBO/Annotation.pm line 5
require GOBO/Annotation.pm at /home/liveapp/.cpanm/work/1659552721.4098204/GOBO-0.03/blib/lib/GOBO/Graph.pm line 55
GOBO::Graph::BEGIN at /home/liveapp/.cpanm/work/1659552721.4098204/GOBO-0.03/blib/lib/GOBO/Graph.pm line 55
eval {...} at /home/liveapp/.cpanm/work/1659552721.4098204/GOBO-0.03/blib/lib/GOBO/Graph.pm line 55
require GOBO/Graph.pm at t/logical_definition_test.t line 4
main::BEGIN at t/logical_definition_test.t line 4
eval {...} at t/logical_definition_test.t line 4
Compilation failed in require at /home/liveapp/.cpanm/work/1659552721.4098204/GOBO-0.03/blib/lib/GOBO/Labeled.pm line 23.
BEGIN failed--compilation aborted at /home/liveapp/.cpanm/work/1659552721.4098204/GOBO-0.03/blib/lib/GOBO/Labeled.pm line 23.
Compilation failed in require at /home/liveapp/.plenv/versions/5.37.2/lib/perl5/site_perl/5.37.2/Module/Runtime.pm line 314.
Compilation failed in require at /home/liveapp/.plenv/versions/5.37.2/lib/perl5/site_perl/5.37.2/Module/Runtime.pm line 314.
Compilation failed in require at /home/liveapp/.cpanm/work/1659552721.4098204/GOBO-0.03/blib/lib/GOBO/Annotation.pm line 5.
BEGIN failed--compilation aborted at /home/liveapp/.cpanm/work/1659552721.4098204/GOBO-0.03/blib/lib/GOBO/Annotation.pm line 5.
Compilation failed in require at /home/liveapp/.cpanm/work/1659552721.4098204/GOBO-0.03/blib/lib/GOBO/Graph.pm line 55.
BEGIN failed--compilation aborted at /home/liveapp/.cpanm/work/1659552721.4098204/GOBO-0.03/blib/lib/GOBO/Graph.pm line 55.
Compilation failed in require at t/logical_definition_test.t line 4.
BEGIN failed--compilation aborted at t/logical_definition_test.t line 4.
t/logical_definition_test.t ..
Dubious, test returned 255 (wstat 65280, 0xff00)
No subtests run
You cannot coerce an attribute (source) unless its type (GOBO::Node) has a coercion at /home/liveapp/.plenv/versions/5.37.2/lib/perl5/site_perl/5.37.2/x86_64-linux/Moose/Exporter.pm line 418
Moose::with('GOBO::Attributed') called at /home/liveapp/.cpanm/work/1659552721.4098204/GOBO-0.03/blib/lib/GOBO/Synonym.pm line 17
require GOBO/Synonym.pm at /home/liveapp/.cpanm/work/1659552721.4098204/GOBO-0.03/blib/lib/GOBO/Labeled.pm line 23
GOBO::Labeled::BEGIN at /home/liveapp/.cpanm/work/1659552721.4098204/GOBO-0.03/blib/lib/GOBO/Labeled.pm line 23
eval {...} at /home/liveapp/.cpanm/work/1659552721.4098204/GOBO-0.03/blib/lib/GOBO/Labeled.pm line 23
require GOBO/Labeled.pm at /home/liveapp/.plenv/versions/5.37.2/lib/perl5/site_perl/5.37.2/Module/Runtime.pm line 314
Module::Runtime::require_module('GOBO::Labeled') called at /home/liveapp/.plenv/versions/5.37.2/lib/perl5/site_perl/5.37.2/Module/Runtime.pm line 391
eval {...} at /home/liveapp/.plenv/versions/5.37.2/lib/perl5/site_perl/5.37.2/Module/Runtime.pm line 391
Module::Runtime::use_package_optimistically('GOBO::Labeled') called at /home/liveapp/.plenv/versions/5.37.2/lib/perl5/site_perl/5.37.2/x86_64-linux/Moose/Util.pm line 351
Moose::Util::_load_user_class('GOBO::Labeled', undef) called at /home/liveapp/.plenv/versions/5.37.2/lib/perl5/site_perl/5.37.2/x86_64-linux/Moose/Util.pm line 146
Moose::Util::_apply_all_roles('Moose::Meta::Class=HASH(0x5564089eb0b8)', undef, 'GOBO::Labeled') called at /home/liveapp/.plenv/versions/5.37.2/lib/perl5/site_perl/5.37.2/x86_64-linux/Moose/Util.pm line 113
Moose::Util::apply_all_roles('Moose::Meta::Class=HASH(0x5564089eb0b8)', 'GOBO::Labeled') called at /home/liveapp/.plenv/versions/5.37.2/lib/perl5/site_perl/5.37.2/x86_64-linux/Moose.pm line 57
Moose::with('Moose::Meta::Class=HASH(0x5564089eb0b8)', 'GOBO::Labeled') called at /home/liveapp/.plenv/versions/5.37.2/lib/perl5/site_perl/5.37.2/x86_64-linux/Moose/Exporter.pm line 418
Moose::with('GOBO::Labeled') called at /home/liveapp/.cpanm/work/1659552721.4098204/GOBO-0.03/blib/lib/GOBO/Node.pm line 6
require GOBO/Node.pm at /home/liveapp/.plenv/versions/5.37.2/lib/perl5/site_perl/5.37.2/Module/Runtime.pm line 314
Module::Runtime::require_module('GOBO::Node') called at /home/liveapp/.plenv/versions/5.37.2/lib/perl5/site_perl/5.37.2/Module/Runtime.pm line 391
eval {...} at /home/liveapp/.plenv/versions/5.37.2/lib/perl5/site_perl/5.37.2/Module/Runtime.pm line 391
Module::Runtime::use_package_optimistically('GOBO::Node') called at /home/liveapp/.plenv/versions/5.37.2/lib/perl5/site_perl/5.37.2/x86_64-linux/Moose/Util.pm line 351
Moose::Util::_load_user_class('GOBO::Node', undef) called at /home/liveapp/.plenv/versions/5.37.2/lib/perl5/site_perl/5.37.2/x86_64-linux/Moose/Meta/Class.pm line 569
Moose::Meta::Class::superclasses(undef, 'GOBO::Node') called at /home/liveapp/.plenv/versions/5.37.2/lib/perl5/site_perl/5.37.2/x86_64-linux/Moose.pm line 53
Moose::extends('Moose::Meta::Class=HASH(0x5564089d46f0)', 'GOBO::Node') called at /home/liveapp/.plenv/versions/5.37.2/lib/perl5/site_perl/5.37.2/x86_64-linux/Moose/Exporter.pm line 418
Moose::extends('GOBO::Node') called at /home/liveapp/.cpanm/work/1659552721.4098204/GOBO-0.03/blib/lib/GOBO/Evidence.pm line 4
require GOBO/Evidence.pm at /home/liveapp/.cpanm/work/1659552721.4098204/GOBO-0.03/blib/lib/GOBO/Annotation.pm line 5
GOBO::Annotation::BEGIN at /home/liveapp/.cpanm/work/1659552721.4098204/GOBO-0.03/blib/lib/GOBO/Annotation.pm line 5
eval {...} at /home/liveapp/.cpanm/work/1659552721.4098204/GOBO-0.03/blib/lib/GOBO/Annotation.pm line 5
require GOBO/Annotation.pm at /home/liveapp/.cpanm/work/1659552721.4098204/GOBO-0.03/blib/lib/GOBO/Graph.pm line 55
GOBO::Graph::BEGIN at /home/liveapp/.cpanm/work/1659552721.4098204/GOBO-0.03/blib/lib/GOBO/Graph.pm line 55
eval {...} at /home/liveapp/.cpanm/work/1659552721.4098204/GOBO-0.03/blib/lib/GOBO/Graph.pm line 55
require GOBO/Graph.pm at t/node_removal.t line 8
main::BEGIN at t/node_removal.t line 8
eval {...} at t/node_removal.t line 8
Compilation failed in require at /home/liveapp/.cpanm/work/1659552721.4098204/GOBO-0.03/blib/lib/GOBO/Labeled.pm line 23.
BEGIN failed--compilation aborted at /home/liveapp/.cpanm/work/1659552721.4098204/GOBO-0.03/blib/lib/GOBO/Labeled.pm line 23.
Compilation failed in require at /home/liveapp/.plenv/versions/5.37.2/lib/perl5/site_perl/5.37.2/Module/Runtime.pm line 314.
Compilation failed in require at /home/liveapp/.plenv/versions/5.37.2/lib/perl5/site_perl/5.37.2/Module/Runtime.pm line 314.
Compilation failed in require at /home/liveapp/.cpanm/work/1659552721.4098204/GOBO-0.03/blib/lib/GOBO/Annotation.pm line 5.
BEGIN failed--compilation aborted at /home/liveapp/.cpanm/work/1659552721.4098204/GOBO-0.03/blib/lib/GOBO/Annotation.pm line 5.
Compilation failed in require at /home/liveapp/.cpanm/work/1659552721.4098204/GOBO-0.03/blib/lib/GOBO/Graph.pm line 55.
BEGIN failed--compilation aborted at /home/liveapp/.cpanm/work/1659552721.4098204/GOBO-0.03/blib/lib/GOBO/Graph.pm line 55.
Compilation failed in require at t/node_removal.t line 8.
BEGIN failed--compilation aborted at t/node_removal.t line 8.
t/node_removal.t .............
Dubious, test returned 255 (wstat 65280, 0xff00)
No subtests run
You cannot coerce an attribute (provenance) unless its type (GOBO::Node) has a coercion at /home/liveapp/.plenv/versions/5.37.2/lib/perl5/site_perl/5.37.2/x86_64-linux/Moose/Exporter.pm line 418
Moose::with('GOBO::Attributed') called at /home/liveapp/.cpanm/work/1659552721.4098204/GOBO-0.03/blib/lib/GOBO/Synonym.pm line 17
require GOBO/Synonym.pm at /home/liveapp/.cpanm/work/1659552721.4098204/GOBO-0.03/blib/lib/GOBO/Labeled.pm line 23
GOBO::Labeled::BEGIN at /home/liveapp/.cpanm/work/1659552721.4098204/GOBO-0.03/blib/lib/GOBO/Labeled.pm line 23
eval {...} at /home/liveapp/.cpanm/work/1659552721.4098204/GOBO-0.03/blib/lib/GOBO/Labeled.pm line 23
require GOBO/Labeled.pm at /home/liveapp/.plenv/versions/5.37.2/lib/perl5/site_perl/5.37.2/Module/Runtime.pm line 314
Module::Runtime::require_module('GOBO::Labeled') called at /home/liveapp/.plenv/versions/5.37.2/lib/perl5/site_perl/5.37.2/Module/Runtime.pm line 391
eval {...} at /home/liveapp/.plenv/versions/5.37.2/lib/perl5/site_perl/5.37.2/Module/Runtime.pm line 391
Module::Runtime::use_package_optimistically('GOBO::Labeled') called at /home/liveapp/.plenv/versions/5.37.2/lib/perl5/site_perl/5.37.2/x86_64-linux/Moose/Util.pm line 351
Moose::Util::_load_user_class('GOBO::Labeled', undef) called at /home/liveapp/.plenv/versions/5.37.2/lib/perl5/site_perl/5.37.2/x86_64-linux/Moose/Util.pm line 146
Moose::Util::_apply_all_roles('Moose::Meta::Class=HASH(0x55f86d59c818)', undef, 'GOBO::Labeled') called at /home/liveapp/.plenv/versions/5.37.2/lib/perl5/site_perl/5.37.2/x86_64-linux/Moose/Util.pm line 113
Moose::Util::apply_all_roles('Moose::Meta::Class=HASH(0x55f86d59c818)', 'GOBO::Labeled') called at /home/liveapp/.plenv/versions/5.37.2/lib/perl5/site_perl/5.37.2/x86_64-linux/Moose.pm line 57
Moose::with('Moose::Meta::Class=HASH(0x55f86d59c818)', 'GOBO::Labeled') called at /home/liveapp/.plenv/versions/5.37.2/lib/perl5/site_perl/5.37.2/x86_64-linux/Moose/Exporter.pm line 418
Moose::with('GOBO::Labeled') called at /home/liveapp/.cpanm/work/1659552721.4098204/GOBO-0.03/blib/lib/GOBO/Node.pm line 6
require GOBO/Node.pm at /home/liveapp/.plenv/versions/5.37.2/lib/perl5/site_perl/5.37.2/Module/Runtime.pm line 314
Module::Runtime::require_module('GOBO::Node') called at /home/liveapp/.plenv/versions/5.37.2/lib/perl5/site_perl/5.37.2/Module/Runtime.pm line 391
eval {...} at /home/liveapp/.plenv/versions/5.37.2/lib/perl5/site_perl/5.37.2/Module/Runtime.pm line 391
Module::Runtime::use_package_optimistically('GOBO::Node') called at /home/liveapp/.plenv/versions/5.37.2/lib/perl5/site_perl/5.37.2/x86_64-linux/Moose/Util.pm line 351
Moose::Util::_load_user_class('GOBO::Node', undef) called at /home/liveapp/.plenv/versions/5.37.2/lib/perl5/site_perl/5.37.2/x86_64-linux/Moose/Meta/Class.pm line 569
Moose::Meta::Class::superclasses(undef, 'GOBO::Node') called at /home/liveapp/.plenv/versions/5.37.2/lib/perl5/site_perl/5.37.2/x86_64-linux/Moose.pm line 53
Moose::extends('Moose::Meta::Class=HASH(0x55f86d4210c8)', 'GOBO::Node') called at /home/liveapp/.plenv/versions/5.37.2/lib/perl5/site_perl/5.37.2/x86_64-linux/Moose/Exporter.pm line 418
Moose::extends('GOBO::Node') called at /home/liveapp/.cpanm/work/1659552721.4098204/GOBO-0.03/blib/lib/GOBO/Evidence.pm line 4
require GOBO/Evidence.pm at /home/liveapp/.cpanm/work/1659552721.4098204/GOBO-0.03/blib/lib/GOBO/Annotation.pm line 5
GOBO::Annotation::BEGIN at /home/liveapp/.cpanm/work/1659552721.4098204/GOBO-0.03/blib/lib/GOBO/Annotation.pm line 5
eval {...} at /home/liveapp/.cpanm/work/1659552721.4098204/GOBO-0.03/blib/lib/GOBO/Annotation.pm line 5
require GOBO/Annotation.pm at /home/liveapp/.cpanm/work/1659552721.4098204/GOBO-0.03/blib/lib/GOBO/Graph.pm line 55
GOBO::Graph::BEGIN at /home/liveapp/.cpanm/work/1659552721.4098204/GOBO-0.03/blib/lib/GOBO/Graph.pm line 55
eval {...} at /home/liveapp/.cpanm/work/1659552721.4098204/GOBO-0.03/blib/lib/GOBO/Graph.pm line 55
require GOBO/Graph.pm at t/oboparsertest.t line 6
main::BEGIN at t/oboparsertest.t line 6
eval {...} at t/oboparsertest.t line 6
Compilation failed in require at /home/liveapp/.cpanm/work/1659552721.4098204/GOBO-0.03/blib/lib/GOBO/Labeled.pm line 23.
BEGIN failed--compilation aborted at /home/liveapp/.cpanm/work/1659552721.4098204/GOBO-0.03/blib/lib/GOBO/Labeled.pm line 23.
Compilation failed in require at /home/liveapp/.plenv/versions/5.37.2/lib/perl5/site_perl/5.37.2/Module/Runtime.pm line 314.
Compilation failed in require at /home/liveapp/.plenv/versions/5.37.2/lib/perl5/site_perl/5.37.2/Module/Runtime.pm line 314.
Compilation failed in require at /home/liveapp/.cpanm/work/1659552721.4098204/GOBO-0.03/blib/lib/GOBO/Annotation.pm line 5.
BEGIN failed--compilation aborted at /home/liveapp/.cpanm/work/1659552721.4098204/GOBO-0.03/blib/lib/GOBO/Annotation.pm line 5.
Compilation failed in require at /home/liveapp/.cpanm/work/1659552721.4098204/GOBO-0.03/blib/lib/GOBO/Graph.pm line 55.
BEGIN failed--compilation aborted at /home/liveapp/.cpanm/work/1659552721.4098204/GOBO-0.03/blib/lib/GOBO/Graph.pm line 55.
Compilation failed in require at t/oboparsertest.t line 6.
BEGIN failed--compilation aborted at t/oboparsertest.t line 6.
t/oboparsertest.t ............
Dubious, test returned 255 (wstat 65280, 0xff00)
No subtests run
Subroutine main::ok redefined at /home/liveapp/.plenv/versions/5.37.2/lib/perl5/5.37.2/Exporter.pm line 63.
at t/parsetest.t line 6.
Prototype mismatch: sub main::ok ($;$$) vs ($;$) at /home/liveapp/.plenv/versions/5.37.2/lib/perl5/5.37.2/Exporter.pm line 63.
at t/parsetest.t line 6.
Subroutine main::skip redefined at /home/liveapp/.plenv/versions/5.37.2/lib/perl5/5.37.2/Exporter.pm line 63.
at t/parsetest.t line 6.
Prototype mismatch: sub main::skip ($;$$$) vs none at /home/liveapp/.plenv/versions/5.37.2/lib/perl5/5.37.2/Exporter.pm line 63.
at t/parsetest.t line 6.
Subroutine main::plan redefined at /home/liveapp/.plenv/versions/5.37.2/lib/perl5/5.37.2/Exporter.pm line 63.
at t/parsetest.t line 6.
You cannot coerce an attribute (source) unless its type (GOBO::Node) has a coercion at /home/liveapp/.plenv/versions/5.37.2/lib/perl5/site_perl/5.37.2/x86_64-linux/Moose/Exporter.pm line 418
Moose::with('GOBO::Attributed') called at /home/liveapp/.cpanm/work/1659552721.4098204/GOBO-0.03/blib/lib/GOBO/Synonym.pm line 17
require GOBO/Synonym.pm at /home/liveapp/.cpanm/work/1659552721.4098204/GOBO-0.03/blib/lib/GOBO/Labeled.pm line 23
GOBO::Labeled::BEGIN at /home/liveapp/.cpanm/work/1659552721.4098204/GOBO-0.03/blib/lib/GOBO/Labeled.pm line 23
eval {...} at /home/liveapp/.cpanm/work/1659552721.4098204/GOBO-0.03/blib/lib/GOBO/Labeled.pm line 23
require GOBO/Labeled.pm at /home/liveapp/.plenv/versions/5.37.2/lib/perl5/site_perl/5.37.2/Module/Runtime.pm line 314
Module::Runtime::require_module('GOBO::Labeled') called at /home/liveapp/.plenv/versions/5.37.2/lib/perl5/site_perl/5.37.2/Module/Runtime.pm line 391
eval {...} at /home/liveapp/.plenv/versions/5.37.2/lib/perl5/site_perl/5.37.2/Module/Runtime.pm line 391
Module::Runtime::use_package_optimistically('GOBO::Labeled') called at /home/liveapp/.plenv/versions/5.37.2/lib/perl5/site_perl/5.37.2/x86_64-linux/Moose/Util.pm line 351
Moose::Util::_load_user_class('GOBO::Labeled', undef) called at /home/liveapp/.plenv/versions/5.37.2/lib/perl5/site_perl/5.37.2/x86_64-linux/Moose/Util.pm line 146
Moose::Util::_apply_all_roles('Moose::Meta::Class=HASH(0x5571fdf3db00)', undef, 'GOBO::Labeled') called at /home/liveapp/.plenv/versions/5.37.2/lib/perl5/site_perl/5.37.2/x86_64-linux/Moose/Util.pm line 113
Moose::Util::apply_all_roles('Moose::Meta::Class=HASH(0x5571fdf3db00)', 'GOBO::Labeled') called at /home/liveapp/.plenv/versions/5.37.2/lib/perl5/site_perl/5.37.2/x86_64-linux/Moose.pm line 57
Moose::with('Moose::Meta::Class=HASH(0x5571fdf3db00)', 'GOBO::Labeled') called at /home/liveapp/.plenv/versions/5.37.2/lib/perl5/site_perl/5.37.2/x86_64-linux/Moose/Exporter.pm line 418
Moose::with('GOBO::Labeled') called at /home/liveapp/.cpanm/work/1659552721.4098204/GOBO-0.03/blib/lib/GOBO/Node.pm line 6
require GOBO/Node.pm at /home/liveapp/.cpanm/work/1659552721.4098204/GOBO-0.03/blib/lib/GOBO/Parsers/GAFParser.pm line 7
GOBO::Parsers::GAFParser::BEGIN at /home/liveapp/.cpanm/work/1659552721.4098204/GOBO-0.03/blib/lib/GOBO/Parsers/GAFParser.pm line 7
eval {...} at /home/liveapp/.cpanm/work/1659552721.4098204/GOBO-0.03/blib/lib/GOBO/Parsers/GAFParser.pm line 7
require GOBO/Parsers/GAFParser.pm at t/parsetest.t line 10
main::BEGIN at t/parsetest.t line 10
eval {...} at t/parsetest.t line 10
Compilation failed in require at /home/liveapp/.cpanm/work/1659552721.4098204/GOBO-0.03/blib/lib/GOBO/Labeled.pm line 23.
BEGIN failed--compilation aborted at /home/liveapp/.cpanm/work/1659552721.4098204/GOBO-0.03/blib/lib/GOBO/Labeled.pm line 23.
Compilation failed in require at /home/liveapp/.plenv/versions/5.37.2/lib/perl5/site_perl/5.37.2/Module/Runtime.pm line 314.
Compilation failed in require at /home/liveapp/.cpanm/work/1659552721.4098204/GOBO-0.03/blib/lib/GOBO/Parsers/GAFParser.pm line 7.
BEGIN failed--compilation aborted at /home/liveapp/.cpanm/work/1659552721.4098204/GOBO-0.03/blib/lib/GOBO/Parsers/GAFParser.pm line 7.
Compilation failed in require at t/parsetest.t line 10.
BEGIN failed--compilation aborted at t/parsetest.t line 10.
t/parsetest.t ................ skipped: (no reason given)
You cannot coerce an attribute (provenance) unless its type (GOBO::Node) has a coercion at /home/liveapp/.plenv/versions/5.37.2/lib/perl5/site_perl/5.37.2/x86_64-linux/Moose/Exporter.pm line 418
Moose::with('GOBO::Attributed') called at /home/liveapp/.cpanm/work/1659552721.4098204/GOBO-0.03/blib/lib/GOBO/Synonym.pm line 17
require GOBO/Synonym.pm at /home/liveapp/.cpanm/work/1659552721.4098204/GOBO-0.03/blib/lib/GOBO/Labeled.pm line 23
GOBO::Labeled::BEGIN at /home/liveapp/.cpanm/work/1659552721.4098204/GOBO-0.03/blib/lib/GOBO/Labeled.pm line 23
eval {...} at /home/liveapp/.cpanm/work/1659552721.4098204/GOBO-0.03/blib/lib/GOBO/Labeled.pm line 23
require GOBO/Labeled.pm at /home/liveapp/.plenv/versions/5.37.2/lib/perl5/site_perl/5.37.2/Module/Runtime.pm line 314
Module::Runtime::require_module('GOBO::Labeled') called at /home/liveapp/.plenv/versions/5.37.2/lib/perl5/site_perl/5.37.2/Module/Runtime.pm line 391
eval {...} at /home/liveapp/.plenv/versions/5.37.2/lib/perl5/site_perl/5.37.2/Module/Runtime.pm line 391
Module::Runtime::use_package_optimistically('GOBO::Labeled') called at /home/liveapp/.plenv/versions/5.37.2/lib/perl5/site_perl/5.37.2/x86_64-linux/Moose/Util.pm line 351
Moose::Util::_load_user_class('GOBO::Labeled', undef) called at /home/liveapp/.plenv/versions/5.37.2/lib/perl5/site_perl/5.37.2/x86_64-linux/Moose/Util.pm line 146
Moose::Util::_apply_all_roles('Moose::Meta::Class=HASH(0x55f90089f700)', undef, 'GOBO::Labeled') called at /home/liveapp/.plenv/versions/5.37.2/lib/perl5/site_perl/5.37.2/x86_64-linux/Moose/Util.pm line 113
Moose::Util::apply_all_roles('Moose::Meta::Class=HASH(0x55f90089f700)', 'GOBO::Labeled') called at /home/liveapp/.plenv/versions/5.37.2/lib/perl5/site_perl/5.37.2/x86_64-linux/Moose.pm line 57
Moose::with('Moose::Meta::Class=HASH(0x55f90089f700)', 'GOBO::Labeled') called at /home/liveapp/.plenv/versions/5.37.2/lib/perl5/site_perl/5.37.2/x86_64-linux/Moose/Exporter.pm line 418
Moose::with('GOBO::Labeled') called at /home/liveapp/.cpanm/work/1659552721.4098204/GOBO-0.03/blib/lib/GOBO/Node.pm line 6
require GOBO/Node.pm at /home/liveapp/.plenv/versions/5.37.2/lib/perl5/site_perl/5.37.2/Module/Runtime.pm line 314
Module::Runtime::require_module('GOBO::Node') called at /home/liveapp/.plenv/versions/5.37.2/lib/perl5/site_perl/5.37.2/Module/Runtime.pm line 391
eval {...} at /home/liveapp/.plenv/versions/5.37.2/lib/perl5/site_perl/5.37.2/Module/Runtime.pm line 391
Module::Runtime::use_package_optimistically('GOBO::Node') called at /home/liveapp/.plenv/versions/5.37.2/lib/perl5/site_perl/5.37.2/x86_64-linux/Moose/Util.pm line 351
Moose::Util::_load_user_class('GOBO::Node', undef) called at /home/liveapp/.plenv/versions/5.37.2/lib/perl5/site_perl/5.37.2/x86_64-linux/Moose/Meta/Class.pm line 569
Moose::Meta::Class::superclasses(undef, 'GOBO::Node') called at /home/liveapp/.plenv/versions/5.37.2/lib/perl5/site_perl/5.37.2/x86_64-linux/Moose.pm line 53
Moose::extends('Moose::Meta::Class=HASH(0x55f8ffc64970)', 'GOBO::Node') called at /home/liveapp/.plenv/versions/5.37.2/lib/perl5/site_perl/5.37.2/x86_64-linux/Moose/Exporter.pm line 418
Moose::extends('GOBO::Node') called at /home/liveapp/.cpanm/work/1659552721.4098204/GOBO-0.03/blib/lib/GOBO/Evidence.pm line 4
require GOBO/Evidence.pm at /home/liveapp/.cpanm/work/1659552721.4098204/GOBO-0.03/blib/lib/GOBO/Annotation.pm line 5
GOBO::Annotation::BEGIN at /home/liveapp/.cpanm/work/1659552721.4098204/GOBO-0.03/blib/lib/GOBO/Annotation.pm line 5
eval {...} at /home/liveapp/.cpanm/work/1659552721.4098204/GOBO-0.03/blib/lib/GOBO/Annotation.pm line 5
require GOBO/Annotation.pm at /home/liveapp/.cpanm/work/1659552721.4098204/GOBO-0.03/blib/lib/GOBO/Graph.pm line 55
GOBO::Graph::BEGIN at /home/liveapp/.cpanm/work/1659552721.4098204/GOBO-0.03/blib/lib/GOBO/Graph.pm line 55
eval {...} at /home/liveapp/.cpanm/work/1659552721.4098204/GOBO-0.03/blib/lib/GOBO/Graph.pm line 55
require GOBO/Graph.pm at t/relation_test.t line 3
main::BEGIN at t/relation_test.t line 3
eval {...} at t/relation_test.t line 3
Compilation failed in require at /home/liveapp/.cpanm/work/1659552721.4098204/GOBO-0.03/blib/lib/GOBO/Labeled.pm line 23.
BEGIN failed--compilation aborted at /home/liveapp/.cpanm/work/1659552721.4098204/GOBO-0.03/blib/lib/GOBO/Labeled.pm line 23.
Compilation failed in require at /home/liveapp/.plenv/versions/5.37.2/lib/perl5/site_perl/5.37.2/Module/Runtime.pm line 314.
Compilation failed in require at /home/liveapp/.plenv/versions/5.37.2/lib/perl5/site_perl/5.37.2/Module/Runtime.pm line 314.
Compilation failed in require at /home/liveapp/.cpanm/work/1659552721.4098204/GOBO-0.03/blib/lib/GOBO/Annotation.pm line 5.
BEGIN failed--compilation aborted at /home/liveapp/.cpanm/work/1659552721.4098204/GOBO-0.03/blib/lib/GOBO/Annotation.pm line 5.
Compilation failed in require at /home/liveapp/.cpanm/work/1659552721.4098204/GOBO-0.03/blib/lib/GOBO/Graph.pm line 55.
BEGIN failed--compilation aborted at /home/liveapp/.cpanm/work/1659552721.4098204/GOBO-0.03/blib/lib/GOBO/Graph.pm line 55.
Compilation failed in require at t/relation_test.t line 3.
BEGIN failed--compilation aborted at t/relation_test.t line 3.
# Looks like your test exited with 255 before it could output anything.
t/relation_test.t ............
Dubious, test returned 255 (wstat 65280, 0xff00)
Failed 29/29 subtests
You cannot coerce an attribute (source) unless its type (GOBO::Node) has a coercion at /home/liveapp/.plenv/versions/5.37.2/lib/perl5/site_perl/5.37.2/x86_64-linux/Moose/Exporter.pm line 418
Moose::with('GOBO::Attributed') called at /home/liveapp/.cpanm/work/1659552721.4098204/GOBO-0.03/blib/lib/GOBO/Synonym.pm line 17
require GOBO/Synonym.pm at /home/liveapp/.cpanm/work/1659552721.4098204/GOBO-0.03/blib/lib/GOBO/Labeled.pm line 23
GOBO::Labeled::BEGIN at /home/liveapp/.cpanm/work/1659552721.4098204/GOBO-0.03/blib/lib/GOBO/Labeled.pm line 23
eval {...} at /home/liveapp/.cpanm/work/1659552721.4098204/GOBO-0.03/blib/lib/GOBO/Labeled.pm line 23
require GOBO/Labeled.pm at /home/liveapp/.plenv/versions/5.37.2/lib/perl5/site_perl/5.37.2/Module/Runtime.pm line 314
Module::Runtime::require_module('GOBO::Labeled') called at /home/liveapp/.plenv/versions/5.37.2/lib/perl5/site_perl/5.37.2/Module/Runtime.pm line 391
eval {...} at /home/liveapp/.plenv/versions/5.37.2/lib/perl5/site_perl/5.37.2/Module/Runtime.pm line 391
Module::Runtime::use_package_optimistically('GOBO::Labeled') called at /home/liveapp/.plenv/versions/5.37.2/lib/perl5/site_perl/5.37.2/x86_64-linux/Moose/Util.pm line 351
Moose::Util::_load_user_class('GOBO::Labeled', undef) called at /home/liveapp/.plenv/versions/5.37.2/lib/perl5/site_perl/5.37.2/x86_64-linux/Moose/Util.pm line 146
Moose::Util::_apply_all_roles('Moose::Meta::Class=HASH(0x55c47f26b110)', undef, 'GOBO::Labeled') called at /home/liveapp/.plenv/versions/5.37.2/lib/perl5/site_perl/5.37.2/x86_64-linux/Moose/Util.pm line 113
Moose::Util::apply_all_roles('Moose::Meta::Class=HASH(0x55c47f26b110)', 'GOBO::Labeled') called at /home/liveapp/.plenv/versions/5.37.2/lib/perl5/site_perl/5.37.2/x86_64-linux/Moose.pm line 57
Moose::with('Moose::Meta::Class=HASH(0x55c47f26b110)', 'GOBO::Labeled') called at /home/liveapp/.plenv/versions/5.37.2/lib/perl5/site_perl/5.37.2/x86_64-linux/Moose/Exporter.pm line 418
Moose::with('GOBO::Labeled') called at /home/liveapp/.cpanm/work/1659552721.4098204/GOBO-0.03/blib/lib/GOBO/Node.pm line 6
require GOBO/Node.pm at /home/liveapp/.plenv/versions/5.37.2/lib/perl5/site_perl/5.37.2/Module/Runtime.pm line 314
Module::Runtime::require_module('GOBO::Node') called at /home/liveapp/.plenv/versions/5.37.2/lib/perl5/site_perl/5.37.2/Module/Runtime.pm line 391
eval {...} at /home/liveapp/.plenv/versions/5.37.2/lib/perl5/site_perl/5.37.2/Module/Runtime.pm line 391
Module::Runtime::use_package_optimistically('GOBO::Node') called at /home/liveapp/.plenv/versions/5.37.2/lib/perl5/site_perl/5.37.2/x86_64-linux/Moose/Util.pm line 351
Moose::Util::_load_user_class('GOBO::Node', undef) called at /home/liveapp/.plenv/versions/5.37.2/lib/perl5/site_perl/5.37.2/x86_64-linux/Moose/Meta/Class.pm line 569
Moose::Meta::Class::superclasses(undef, 'GOBO::Node') called at /home/liveapp/.plenv/versions/5.37.2/lib/perl5/site_perl/5.37.2/x86_64-linux/Moose.pm line 53
Moose::extends('Moose::Meta::Class=HASH(0x55c47f0ef268)', 'GOBO::Node') called at /home/liveapp/.plenv/versions/5.37.2/lib/perl5/site_perl/5.37.2/x86_64-linux/Moose/Exporter.pm line 418
Moose::extends('GOBO::Node') called at /home/liveapp/.cpanm/work/1659552721.4098204/GOBO-0.03/blib/lib/GOBO/Evidence.pm line 4
require GOBO/Evidence.pm at /home/liveapp/.cpanm/work/1659552721.4098204/GOBO-0.03/blib/lib/GOBO/Annotation.pm line 5
GOBO::Annotation::BEGIN at /home/liveapp/.cpanm/work/1659552721.4098204/GOBO-0.03/blib/lib/GOBO/Annotation.pm line 5
eval {...} at /home/liveapp/.cpanm/work/1659552721.4098204/GOBO-0.03/blib/lib/GOBO/Annotation.pm line 5
require GOBO/Annotation.pm at /home/liveapp/.cpanm/work/1659552721.4098204/GOBO-0.03/blib/lib/GOBO/Graph.pm line 55
GOBO::Graph::BEGIN at /home/liveapp/.cpanm/work/1659552721.4098204/GOBO-0.03/blib/lib/GOBO/Graph.pm line 55
eval {...} at /home/liveapp/.cpanm/work/1659552721.4098204/GOBO-0.03/blib/lib/GOBO/Graph.pm line 55
require GOBO/Graph.pm at t/roundtrip.t line 6
main::BEGIN at t/roundtrip.t line 6
eval {...} at t/roundtrip.t line 6
Compilation failed in require at /home/liveapp/.cpanm/work/1659552721.4098204/GOBO-0.03/blib/lib/GOBO/Labeled.pm line 23.
BEGIN failed--compilation aborted at /home/liveapp/.cpanm/work/1659552721.4098204/GOBO-0.03/blib/lib/GOBO/Labeled.pm line 23.
Compilation failed in require at /home/liveapp/.plenv/versions/5.37.2/lib/perl5/site_perl/5.37.2/Module/Runtime.pm line 314.
Compilation failed in require at /home/liveapp/.plenv/versions/5.37.2/lib/perl5/site_perl/5.37.2/Module/Runtime.pm line 314.
Compilation failed in require at /home/liveapp/.cpanm/work/1659552721.4098204/GOBO-0.03/blib/lib/GOBO/Annotation.pm line 5.
BEGIN failed--compilation aborted at /home/liveapp/.cpanm/work/1659552721.4098204/GOBO-0.03/blib/lib/GOBO/Annotation.pm line 5.
Compilation failed in require at /home/liveapp/.cpanm/work/1659552721.4098204/GOBO-0.03/blib/lib/GOBO/Graph.pm line 55.
BEGIN failed--compilation aborted at /home/liveapp/.cpanm/work/1659552721.4098204/GOBO-0.03/blib/lib/GOBO/Graph.pm line 55.
Compilation failed in require at t/roundtrip.t line 6.
BEGIN failed--compilation aborted at t/roundtrip.t line 6.
t/roundtrip.t ................
Dubious, test returned 255 (wstat 65280, 0xff00)
No subtests run
You cannot coerce an attribute (provenance) unless its type (GOBO::Node) has a coercion at /home/liveapp/.plenv/versions/5.37.2/lib/perl5/site_perl/5.37.2/x86_64-linux/Moose/Exporter.pm line 418
Moose::with('GOBO::Attributed') called at /home/liveapp/.cpanm/work/1659552721.4098204/GOBO-0.03/blib/lib/GOBO/Synonym.pm line 17
require GOBO/Synonym.pm at /home/liveapp/.cpanm/work/1659552721.4098204/GOBO-0.03/blib/lib/GOBO/Labeled.pm line 23
GOBO::Labeled::BEGIN at /home/liveapp/.cpanm/work/1659552721.4098204/GOBO-0.03/blib/lib/GOBO/Labeled.pm line 23
eval {...} at /home/liveapp/.cpanm/work/1659552721.4098204/GOBO-0.03/blib/lib/GOBO/Labeled.pm line 23
require GOBO/Labeled.pm at /home/liveapp/.plenv/versions/5.37.2/lib/perl5/site_perl/5.37.2/Module/Runtime.pm line 314
Module::Runtime::require_module('GOBO::Labeled') called at /home/liveapp/.plenv/versions/5.37.2/lib/perl5/site_perl/5.37.2/Module/Runtime.pm line 391
eval {...} at /home/liveapp/.plenv/versions/5.37.2/lib/perl5/site_perl/5.37.2/Module/Runtime.pm line 391
Module::Runtime::use_package_optimistically('GOBO::Labeled') called at /home/liveapp/.plenv/versions/5.37.2/lib/perl5/site_perl/5.37.2/x86_64-linux/Moose/Util.pm line 351
Moose::Util::_load_user_class('GOBO::Labeled', undef) called at /home/liveapp/.plenv/versions/5.37.2/lib/perl5/site_perl/5.37.2/x86_64-linux/Moose/Util.pm line 146
Moose::Util::_apply_all_roles('Moose::Meta::Class=HASH(0x558a3d5a33b0)', undef, 'GOBO::Labeled') called at /home/liveapp/.plenv/versions/5.37.2/lib/perl5/site_perl/5.37.2/x86_64-linux/Moose/Util.pm line 113
Moose::Util::apply_all_roles('Moose::Meta::Class=HASH(0x558a3d5a33b0)', 'GOBO::Labeled') called at /home/liveapp/.plenv/versions/5.37.2/lib/perl5/site_perl/5.37.2/x86_64-linux/Moose.pm line 57
Moose::with('Moose::Meta::Class=HASH(0x558a3d5a33b0)', 'GOBO::Labeled') called at /home/liveapp/.plenv/versions/5.37.2/lib/perl5/site_perl/5.37.2/x86_64-linux/Moose/Exporter.pm line 418
Moose::with('GOBO::Labeled') called at /home/liveapp/.cpanm/work/1659552721.4098204/GOBO-0.03/blib/lib/GOBO/Node.pm line 6
require GOBO/Node.pm at /home/liveapp/.plenv/versions/5.37.2/lib/perl5/site_perl/5.37.2/Module/Runtime.pm line 314
Module::Runtime::require_module('GOBO::Node') called at /home/liveapp/.plenv/versions/5.37.2/lib/perl5/site_perl/5.37.2/Module/Runtime.pm line 391
eval {...} at /home/liveapp/.plenv/versions/5.37.2/lib/perl5/site_perl/5.37.2/Module/Runtime.pm line 391
Module::Runtime::use_package_optimistically('GOBO::Node') called at /home/liveapp/.plenv/versions/5.37.2/lib/perl5/site_perl/5.37.2/x86_64-linux/Moose/Util.pm line 351
Moose::Util::_load_user_class('GOBO::Node', undef) called at /home/liveapp/.plenv/versions/5.37.2/lib/perl5/site_perl/5.37.2/x86_64-linux/Moose/Meta/Class.pm line 569
Moose::Meta::Class::superclasses(undef, 'GOBO::Node') called at /home/liveapp/.plenv/versions/5.37.2/lib/perl5/site_perl/5.37.2/x86_64-linux/Moose.pm line 53
Moose::extends('Moose::Meta::Class=HASH(0x558a3d58de10)', 'GOBO::Node') called at /home/liveapp/.plenv/versions/5.37.2/lib/perl5/site_perl/5.37.2/x86_64-linux/Moose/Exporter.pm line 418
Moose::extends('GOBO::Node') called at /home/liveapp/.cpanm/work/1659552721.4098204/GOBO-0.03/blib/lib/GOBO/Evidence.pm line 4
require GOBO/Evidence.pm at /home/liveapp/.cpanm/work/1659552721.4098204/GOBO-0.03/blib/lib/GOBO/Annotation.pm line 5
GOBO::Annotation::BEGIN at /home/liveapp/.cpanm/work/1659552721.4098204/GOBO-0.03/blib/lib/GOBO/Annotation.pm line 5
eval {...} at /home/liveapp/.cpanm/work/1659552721.4098204/GOBO-0.03/blib/lib/GOBO/Annotation.pm line 5
require GOBO/Annotation.pm at /home/liveapp/.cpanm/work/1659552721.4098204/GOBO-0.03/blib/lib/GOBO/Graph.pm line 55
GOBO::Graph::BEGIN at /home/liveapp/.cpanm/work/1659552721.4098204/GOBO-0.03/blib/lib/GOBO/Graph.pm line 55
eval {...} at /home/liveapp/.cpanm/work/1659552721.4098204/GOBO-0.03/blib/lib/GOBO/Graph.pm line 55
require GOBO/Graph.pm at /home/liveapp/.cpanm/work/1659552721.4098204/GOBO-0.03/blib/lib/GOBO/Parsers/OBOParser.pm line 7
GOBO::Parsers::OBOParser::BEGIN at /home/liveapp/.cpanm/work/1659552721.4098204/GOBO-0.03/blib/lib/GOBO/Parsers/OBOParser.pm line 7
eval {...} at /home/liveapp/.cpanm/work/1659552721.4098204/GOBO-0.03/blib/lib/GOBO/Parsers/OBOParser.pm line 7
require GOBO/Parsers/OBOParser.pm at t/slimmer_test.t line 9
main::BEGIN at t/slimmer_test.t line 9
eval {...} at t/slimmer_test.t line 9
Compilation failed in require at /home/liveapp/.cpanm/work/1659552721.4098204/GOBO-0.03/blib/lib/GOBO/Labeled.pm line 23.
BEGIN failed--compilation aborted at /home/liveapp/.cpanm/work/1659552721.4098204/GOBO-0.03/blib/lib/GOBO/Labeled.pm line 23.
Compilation failed in require at /home/liveapp/.plenv/versions/5.37.2/lib/perl5/site_perl/5.37.2/Module/Runtime.pm line 314.
Compilation failed in require at /home/liveapp/.plenv/versions/5.37.2/lib/perl5/site_perl/5.37.2/Module/Runtime.pm line 314.
Compilation failed in require at /home/liveapp/.cpanm/work/1659552721.4098204/GOBO-0.03/blib/lib/GOBO/Annotation.pm line 5.
BEGIN failed--compilation aborted at /home/liveapp/.cpanm/work/1659552721.4098204/GOBO-0.03/blib/lib/GOBO/Annotation.pm line 5.
Compilation failed in require at /home/liveapp/.cpanm/work/1659552721.4098204/GOBO-0.03/blib/lib/GOBO/Graph.pm line 55.
BEGIN failed--compilation aborted at /home/liveapp/.cpanm/work/1659552721.4098204/GOBO-0.03/blib/lib/GOBO/Graph.pm line 55.
Compilation failed in require at /home/liveapp/.cpanm/work/1659552721.4098204/GOBO-0.03/blib/lib/GOBO/Parsers/OBOParser.pm line 7.
BEGIN failed--compilation aborted at /home/liveapp/.cpanm/work/1659552721.4098204/GOBO-0.03/blib/lib/GOBO/Parsers/OBOParser.pm line 7.
Compilation failed in require at t/slimmer_test.t line 9.
BEGIN failed--compilation aborted at t/slimmer_test.t line 9.
t/slimmer_test.t .............
Dubious, test returned 255 (wstat 65280, 0xff00)
No subtests run
You cannot coerce an attribute (source) unless its type (GOBO::Node) has a coercion at /home/liveapp/.plenv/versions/5.37.2/lib/perl5/site_perl/5.37.2/x86_64-linux/Moose/Exporter.pm line 418
Moose::with('GOBO::Attributed') called at /home/liveapp/.cpanm/work/1659552721.4098204/GOBO-0.03/blib/lib/GOBO/Synonym.pm line 17
require GOBO/Synonym.pm at /home/liveapp/.cpanm/work/1659552721.4098204/GOBO-0.03/blib/lib/GOBO/Labeled.pm line 23
GOBO::Labeled::BEGIN at /home/liveapp/.cpanm/work/1659552721.4098204/GOBO-0.03/blib/lib/GOBO/Labeled.pm line 23
eval {...} at /home/liveapp/.cpanm/work/1659552721.4098204/GOBO-0.03/blib/lib/GOBO/Labeled.pm line 23
require GOBO/Labeled.pm at /home/liveapp/.plenv/versions/5.37.2/lib/perl5/site_perl/5.37.2/Module/Runtime.pm line 314
Module::Runtime::require_module('GOBO::Labeled') called at /home/liveapp/.plenv/versions/5.37.2/lib/perl5/site_perl/5.37.2/Module/Runtime.pm line 391
eval {...} at /home/liveapp/.plenv/versions/5.37.2/lib/perl5/site_perl/5.37.2/Module/Runtime.pm line 391
Module::Runtime::use_package_optimistically('GOBO::Labeled') called at /home/liveapp/.plenv/versions/5.37.2/lib/perl5/site_perl/5.37.2/x86_64-linux/Moose/Util.pm line 351
Moose::Util::_load_user_class('GOBO::Labeled', undef) called at /home/liveapp/.plenv/versions/5.37.2/lib/perl5/site_perl/5.37.2/x86_64-linux/Moose/Util.pm line 146
Moose::Util::_apply_all_roles('Moose::Meta::Class=HASH(0x5628c191c7c8)', undef, 'GOBO::Labeled') called at /home/liveapp/.plenv/versions/5.37.2/lib/perl5/site_perl/5.37.2/x86_64-linux/Moose/Util.pm line 113
Moose::Util::apply_all_roles('Moose::Meta::Class=HASH(0x5628c191c7c8)', 'GOBO::Labeled') called at /home/liveapp/.plenv/versions/5.37.2/lib/perl5/site_perl/5.37.2/x86_64-linux/Moose.pm line 57
Moose::with('Moose::Meta::Class=HASH(0x5628c191c7c8)', 'GOBO::Labeled') called at /home/liveapp/.plenv/versions/5.37.2/lib/perl5/site_perl/5.37.2/x86_64-linux/Moose/Exporter.pm line 418
Moose::with('GOBO::Labeled') called at /home/liveapp/.cpanm/work/1659552721.4098204/GOBO-0.03/blib/lib/GOBO/Node.pm line 6
require GOBO/Node.pm at /home/liveapp/.plenv/versions/5.37.2/lib/perl5/site_perl/5.37.2/Module/Runtime.pm line 314
Module::Runtime::require_module('GOBO::Node') called at /home/liveapp/.plenv/versions/5.37.2/lib/perl5/site_perl/5.37.2/Module/Runtime.pm line 391
eval {...} at /home/liveapp/.plenv/versions/5.37.2/lib/perl5/site_perl/5.37.2/Module/Runtime.pm line 391
Module::Runtime::use_package_optimistically('GOBO::Node') called at /home/liveapp/.plenv/versions/5.37.2/lib/perl5/site_perl/5.37.2/x86_64-linux/Moose/Util.pm line 351
Moose::Util::_load_user_class('GOBO::Node', undef) called at /home/liveapp/.plenv/versions/5.37.2/lib/perl5/site_perl/5.37.2/x86_64-linux/Moose/Meta/Class.pm line 569
Moose::Meta::Class::superclasses(undef, 'GOBO::Node') called at /home/liveapp/.plenv/versions/5.37.2/lib/perl5/site_perl/5.37.2/x86_64-linux/Moose.pm line 53
Moose::extends('Moose::Meta::Class=HASH(0x5628c17a0958)', 'GOBO::Node') called at /home/liveapp/.plenv/versions/5.37.2/lib/perl5/site_perl/5.37.2/x86_64-linux/Moose/Exporter.pm line 418
Moose::extends('GOBO::Node') called at /home/liveapp/.cpanm/work/1659552721.4098204/GOBO-0.03/blib/lib/GOBO/Evidence.pm line 4
require GOBO/Evidence.pm at /home/liveapp/.cpanm/work/1659552721.4098204/GOBO-0.03/blib/lib/GOBO/Annotation.pm line 5
GOBO::Annotation::BEGIN at /home/liveapp/.cpanm/work/1659552721.4098204/GOBO-0.03/blib/lib/GOBO/Annotation.pm line 5
eval {...} at /home/liveapp/.cpanm/work/1659552721.4098204/GOBO-0.03/blib/lib/GOBO/Annotation.pm line 5
require GOBO/Annotation.pm at /home/liveapp/.cpanm/work/1659552721.4098204/GOBO-0.03/blib/lib/GOBO/Graph.pm line 55
GOBO::Graph::BEGIN at /home/liveapp/.cpanm/work/1659552721.4098204/GOBO-0.03/blib/lib/GOBO/Graph.pm line 55
eval {...} at /home/liveapp/.cpanm/work/1659552721.4098204/GOBO-0.03/blib/lib/GOBO/Graph.pm line 55
require GOBO/Graph.pm at t/union_inference_test.t line 4
main::BEGIN at t/union_inference_test.t line 4
eval {...} at t/union_inference_test.t line 4
Compilation failed in require at /home/liveapp/.cpanm/work/1659552721.4098204/GOBO-0.03/blib/lib/GOBO/Labeled.pm line 23.
BEGIN failed--compilation aborted at /home/liveapp/.cpanm/work/1659552721.4098204/GOBO-0.03/blib/lib/GOBO/Labeled.pm line 23.
Compilation failed in require at /home/liveapp/.plenv/versions/5.37.2/lib/perl5/site_perl/5.37.2/Module/Runtime.pm line 314.
Compilation failed in require at /home/liveapp/.plenv/versions/5.37.2/lib/perl5/site_perl/5.37.2/Module/Runtime.pm line 314.
Compilation failed in require at /home/liveapp/.cpanm/work/1659552721.4098204/GOBO-0.03/blib/lib/GOBO/Annotation.pm line 5.
BEGIN failed--compilation aborted at /home/liveapp/.cpanm/work/1659552721.4098204/GOBO-0.03/blib/lib/GOBO/Annotation.pm line 5.
Compilation failed in require at /home/liveapp/.cpanm/work/1659552721.4098204/GOBO-0.03/blib/lib/GOBO/Graph.pm line 55.
BEGIN failed--compilation aborted at /home/liveapp/.cpanm/work/1659552721.4098204/GOBO-0.03/blib/lib/GOBO/Graph.pm line 55.
Compilation failed in require at t/union_inference_test.t line 4.
BEGIN failed--compilation aborted at t/union_inference_test.t line 4.
t/union_inference_test.t .....
Dubious, test returned 255 (wstat 65280, 0xff00)
No subtests run
Test Summary Report
-------------------
t/analysis_test.t (Wstat: 65280 (exited 255) Tests: 0 Failed: 0)
Non-zero exit status: 255
Parse errors: No plan found in TAP output
t/classexpr.t (Wstat: 65280 (exited 255) Tests: 0 Failed: 0)
Non-zero exit status: 255
Parse errors: No plan found in TAP output
t/dbconnect.t (Wstat: 65280 (exited 255) Tests: 0 Failed: 0)
Non-zero exit status: 255
Parse errors: No plan found in TAP output
t/gaf_inference_test.t (Wstat: 65280 (exited 255) Tests: 0 Failed: 0)
Non-zero exit status: 255
Parse errors: No plan found in TAP output
t/gaftest.t (Wstat: 65280 (exited 255) Tests: 0 Failed: 0)
Non-zero exit status: 255
Parse errors: No plan found in TAP output
t/gaftest_chunked.t (Wstat: 65280 (exited 255) Tests: 0 Failed: 0)
Non-zero exit status: 255
Parse errors: No plan found in TAP output
t/gaftest_chunked_gzipped.t (Wstat: 65280 (exited 255) Tests: 0 Failed: 0)
Non-zero exit status: 255
Parse errors: No plan found in TAP output
t/graph_creation.t (Wstat: 65280 (exited 255) Tests: 0 Failed: 0)
Non-zero exit status: 255
Parse errors: No plan found in TAP output
t/inference_engine_test.t (Wstat: 65280 (exited 255) Tests: 0 Failed: 0)
Non-zero exit status: 255
Parse errors: No plan found in TAP output
t/logical_definition_test.t (Wstat: 65280 (exited 255) Tests: 0 Failed: 0)
Non-zero exit status: 255
Parse errors: No plan found in TAP output
t/node_removal.t (Wstat: 65280 (exited 255) Tests: 0 Failed: 0)
Non-zero exit status: 255
Parse errors: No plan found in TAP output
t/oboparsertest.t (Wstat: 65280 (exited 255) Tests: 0 Failed: 0)
Non-zero exit status: 255
Parse errors: No plan found in TAP output
t/parsetest.t (Wstat: 65280 (exited 255) Tests: 0 Failed: 0)
Non-zero exit status: 255
t/relation_test.t (Wstat: 65280 (exited 255) Tests: 0 Failed: 0)
Non-zero exit status: 255
Parse errors: Bad plan. You planned 29 tests but ran 0.
t/roundtrip.t (Wstat: 65280 (exited 255) Tests: 0 Failed: 0)
Non-zero exit status: 255
Parse errors: No plan found in TAP output
t/slimmer_test.t (Wstat: 65280 (exited 255) Tests: 0 Failed: 0)
Non-zero exit status: 255
Parse errors: No plan found in TAP output
t/union_inference_test.t (Wstat: 65280 (exited 255) Tests: 0 Failed: 0)
Non-zero exit status: 255
Parse errors: No plan found in TAP output
Files=17, Tests=0, 8 wallclock secs ( 0.04 usr 0.03 sys + 6.28 cusr 0.56 csys = 6.91 CPU)
Result: FAIL
------------------------------
PREREQUISITES
------------------------------
Prerequisite modules loaded:
No requirements found
------------------------------
ENVIRONMENT AND OTHER CONTEXT
------------------------------
Environment variables:
LANG = C.UTF-8
PATH = /home/liveapp/.plenv/versions/5.37.2/bin:/home/liveapp/.plenv/libexec:/home/liveapp/.plenv/plugins/perl-build/bin:/home/liveapp/cpantesters.new/5.37.2/local/bin:/home/liveapp/.plenv/shims:/home/liveapp/.plenv/bin:/usr/local/sbin:/usr/local/bin:/usr/sbin:/usr/bin:/sbin:/bin:/usr/games:/usr/local/games:/snap/bin
PERL5LIB = /home/liveapp/cpantesters.new/5.37.2/local/lib/perl5
SHELL = /bin/bash
TERM = xterm-256color
Perl special variables (and OS-specific diagnostics, for MSWin32):
EGID = 1001 27 1001
EUID = 1001
EXECUTABLE_NAME = /home/liveapp/.plenv/versions/5.37.2/bin/perl5.37.2
GID = 1001 27 1001
UID = 1001
Perl module toolchain versions installed:
Module Have
------------------- --------
CPAN 2.34
CPAN::Meta 2.150010
Cwd 3.86
ExtUtils::CBuilder 0.280237
ExtUtils::Command 7.64
ExtUtils::Install 2.20
ExtUtils::MakeMaker 7.64
ExtUtils::Manifest 1.73
ExtUtils::ParseXS 3.45
File::Spec 3.86
JSON 4.07
JSON::PP 4.10
Module::Build 0.4231
Module::Signature n/a
Parse::CPAN::Meta 2.150010
Test::Harness 3.44
Test::More 1.302191
YAML 1.30
YAML::Syck 1.34
version 0.9929
--
Summary of my perl5 (revision 5 version 37 subversion 2) configuration:
Platform:
osname=linux
osvers=5.4.0-91-generic
archname=x86_64-linux
uname='linux supremeadmin 5.4.0-91-generic #102-ubuntu smp fri nov 5 16:31:28 utc 2021 x86_64 x86_64 x86_64 gnulinux '
config_args='-Dprefix=/home/liveapp/.plenv/versions/5.37.2 -de -Dversiononly -Dusedevel -A'eval:scriptdir=/home/liveapp/.plenv/versions/5.37.2/bin''
hint=recommended
useposix=true
d_sigaction=define
useithreads=undef
usemultiplicity=undef
use64bitint=define
use64bitall=define
uselongdouble=undef
usemymalloc=n
default_inc_excludes_dot=define
Compiler:
cc='cc'
ccflags ='-fwrapv -fno-strict-aliasing -pipe -fstack-protector-strong -I/usr/local/include -D_LARGEFILE_SOURCE -D_FILE_OFFSET_BITS=64'
optimize='-O2'
cppflags='-fwrapv -fno-strict-aliasing -pipe -fstack-protector-strong -I/usr/local/include'
ccversion=''
gccversion='9.4.0'
gccosandvers=''
intsize=4
longsize=8
ptrsize=8
doublesize=8
byteorder=12345678
doublekind=3
d_longlong=define
longlongsize=8
d_longdbl=define
longdblsize=16
longdblkind=3
ivtype='long'
ivsize=8
nvtype='double'
nvsize=8
Off_t='off_t'
lseeksize=8
alignbytes=8
prototype=define
Linker and Libraries:
ld='cc'
ldflags =' -fstack-protector-strong -L/usr/local/lib'
libpth=/usr/local/lib /usr/lib/x86_64-linux-gnu /usr/lib /lib/x86_64-linux-gnu /lib
libs=-lpthread -lnsl -ldl -lm -lcrypt -lutil -lc
perllibs=-lpthread -lnsl -ldl -lm -lcrypt -lutil -lc
libc=libc-2.31.so
so=so
useshrplib=false
libperl=libperl.a
gnulibc_version='2.31'
Dynamic Linking:
dlsrc=dl_dlopen.xs
dlext=so
d_dlsymun=undef
ccdlflags='-Wl,-E'
cccdlflags='-fPIC'
lddlflags='-shared -O2 -L/usr/local/lib -fstack-protector-strong'
Characteristics of this binary (from libperl):
Compile-time options:
HAS_TIMES
PERLIO_LAYERS
PERL_COPY_ON_WRITE
PERL_DONT_CREATE_GVSV
PERL_MALLOC_WRAP
PERL_OP_PARENT
PERL_PRESERVE_IVUV
PERL_USE_DEVEL
PERL_USE_SAFE_PUTENV
USE_64_BIT_ALL
USE_64_BIT_INT
USE_LARGE_FILES
USE_LOCALE
USE_LOCALE_COLLATE
USE_LOCALE_CTYPE
USE_LOCALE_NUMERIC
USE_LOCALE_TIME
USE_PERLIO
USE_PERL_ATOF
Built under linux
Compiled at Jul 24 2022 00:52:09
%ENV:
PERL5LIB="/home/liveapp/cpantesters.new/5.37.2/local/lib/perl5"
@INC:
/home/liveapp/cpantesters.new/5.37.2/local/lib/perl5
/home/liveapp/.plenv/versions/5.37.2/lib/perl5/site_perl/5.37.2/x86_64-linux
/home/liveapp/.plenv/versions/5.37.2/lib/perl5/site_perl/5.37.2
/home/liveapp/.plenv/versions/5.37.2/lib/perl5/5.37.2/x86_64-linux
/home/liveapp/.plenv/versions/5.37.2/lib/perl5/5.37.2