POE-Component-Client-SMTP v0.22 Perl 5 v5.10.1 x86_64-linux-thread-multi

Status
Fail
From
David Cantrell (DCANTRELL)
Dist
POE-Component-Client-SMTP v0.22
Platform
Perl 5 v5.10.1 x86_64-linux-thread-multi
Date
2020-06-05 15:51:13
ID
620f81e4-a744-11ea-8ab6-ef70a1724e2f
This distribution has been tested as part of the CPAN Testers
project, supporting the Perl programming language.  See
http://wiki.cpantesters.org/ for more information or email
questions to cpan-testers-discuss@perl.org


--
Dear George Patrascan,

This is a computer-generated report for POE-Component-Client-SMTP-0.22
on perl 5.10.1, created by CPAN-Reporter-1.2018.

Thank you for uploading your work to CPAN.  However, there was a problem
testing your distribution.

If you think this report is invalid, please consult the CPAN Testers Wiki
for suggestions on how to avoid getting FAIL reports for missing library
or binary dependencies, unsupported operating systems, and so on:

http://wiki.cpantesters.org/wiki/CPANAuthorNotes

Sections of this report:

    * Tester comments
    * Program output
    * Prerequisites
    * Environment and other context

------------------------------
TESTER COMMENTS
------------------------------

Additional comments from tester:

this report is from an automated smoke testing program
and was not reviewed by a human for accuracy

------------------------------
PROGRAM OUTPUT
------------------------------

Output from './Build test':

# Testing POE::Component::Client::SMTP 0.22, Perl 5.010001, /home/david/cpantesting/perl-5.10.1/bin/perl
t/00-load.t ......................... ok
ClientFilter ignored with ClientInputFilter and ClientOutputFilter at t/010-send-simple.t line 58.
t/010-send-simple.t ................. ok
ClientFilter ignored with ClientInputFilter and ClientOutputFilter at t/015-receive-5XY-code.t line 59.
t/015-receive-5XY-code.t ............ ok
ClientFilter ignored with ClientInputFilter and ClientOutputFilter at t/015-receive-DATA-5XY-code.t line 59.
t/015-receive-DATA-5XY-code.t ....... ok
ClientFilter ignored with ClientInputFilter and ClientOutputFilter at t/017-unknown-code.t line 60.
t/017-unknown-code.t ................ ok
t/018-consolidated_error_message.t .. ok
ClientFilter ignored with ClientInputFilter and ClientOutputFilter at t/020-send-using-all-params.t line 59.
# All Params
t/020-send-using-all-params.t ....... ok
ClientFilter ignored with ClientInputFilter and ClientOutputFilter at t/025-timeout.t line 29.
SYSCALL: bind, ERRNO: 98, ERRSTR: Address already in use at t/025-timeout.t line 124.
# Looks like your test exited with 22 just after 5.
t/025-timeout.t ..................... 
Dubious, test returned 22 (wstat 5632, 0x1600)
Failed 1/6 subtests 
ClientFilter ignored with ClientInputFilter and ClientOutputFilter at t/030-auth-plain1.t line 77.
# Test PLAIN AUTH
t/030-auth-plain1.t ................. ok
Possible attempt to separate words with commas at t/040-transaction-log.t line 47.
ClientFilter ignored with ClientInputFilter and ClientOutputFilter at t/040-transaction-log.t line 71.
t/040-transaction-log.t ............. ok
ClientFilter ignored with ClientInputFilter and ClientOutputFilter at t/045-messagefile-filehandle.t line 68.
t/045-messagefile-filehandle.t ...... ok
ClientFilter ignored with ClientInputFilter and ClientOutputFilter at t/050-send-with-bcc-cc.t line 58.
# Send, To, CC, BCC
t/050-send-with-bcc-cc.t ............ ok
ClientFilter ignored with ClientInputFilter and ClientOutputFilter at t/060-send-defaults.t line 75.
Use of uninitialized value $state in exists at /home/david/cpantesting/perl-5.10.1/lib/site_perl/5.10.1/POE/Session.pm line 420.
# Defaults
t/060-send-defaults.t ............... ok
ClientFilter ignored with ClientInputFilter and ClientOutputFilter at t/070-test-error-return.t line 59.
t/070-test-error-return.t ........... ok
# Testing SMTP Transparency
# using POE::Component::Client::SMTP VERSION: 0.22
SYSCALL: bind, ERRNO: 98, ERRSTR: Address already in use at t/080-transparent.t line 98.
# Looks like your test exited with 22 before it could output anything.
t/080-transparent.t ................. 
Dubious, test returned 22 (wstat 5632, 0x1600)
Failed 2/2 subtests 
# Using POE::Component::Client::SMTP version: 0.22
t/085-transparent_file.t ............ ok
# Using POE::Component::Client::SMTP version: 0.22
t/090-server_drops_data.t ........... ok
t/pod-coverage.t .................... skipped: Test::Pod::Coverage 1.04 required for testing POD coverage
t/pod.t ............................. skipped: Test::Pod 1.14 required for testing POD

Test Summary Report
-------------------
t/025-timeout.t                   (Wstat: 5632 Tests: 5 Failed: 0)
  Non-zero exit status: 22
  Parse errors: Bad plan.  You planned 6 tests but ran 5.
t/080-transparent.t               (Wstat: 5632 Tests: 0 Failed: 0)
  Non-zero exit status: 22
  Parse errors: Bad plan.  You planned 2 tests but ran 0.
Files=19, Tests=62,  8 wallclock secs ( 0.06 usr  0.04 sys +  1.86 cusr  0.23 csys =  2.19 CPU)
Result: FAIL
Failed 2/19 test programs. 0/62 subtests failed.

------------------------------
PREREQUISITES
------------------------------

Prerequisite modules loaded:

requires:

    Module                         Need Have    
    ------------------------------ ---- --------
    Carp                           0    1.50    
    Data::Dumper                   0    2.124   
    perl                           0    5.010001
    POE                            0.26 1.368   
    POE::Filter::Line              0    1.368   
    POE::Filter::Stream            0    1.368   
    POE::Filter::Transparent::SMTP 0.2  0.2     
    POE::Wheel::ReadWrite          0    1.368   
    POE::Wheel::SocketFactory      0    1.368   
    Socket                         0    2.029   
    Symbol                         0    1.07    
    Test::More                     0    1.302162

configure_requires:

    Module                         Need Have    
    ------------------------------ ---- --------
    ExtUtils::MakeMaker            0    7.34    


------------------------------
ENVIRONMENT AND OTHER CONTEXT
------------------------------

Environment variables:

    AUTOMATED_TESTING = 1
    LANG = en_US.UTF-8
    NONINTERACTIVE_TESTING = 1
    PATH = /usr/local/bin:/usr/bin:/bin:/usr/local/games:/usr/games
    PERL = 5.10.1
    PERL5LIB = 
    PERL5OPT = 
    PERL5_CPANPLUS_IS_RUNNING = 2827
    PERL5_CPAN_IS_RUNNING = 2827
    PERLVER = 5.10.1
    PERL_INLINE_DIRECTORY = /home/david/.Inline-5.10.1
    PERL_MM_USE_DEFAULT = 1
    PERL_USE_UNSAFE_INC = 0
    SHELL = /bin/bash
    TERM = screen

Perl special variables (and OS-specific diagnostics, for MSWin32):

    $^X = /home/david/cpantesting/perl-5.10.1/bin/perl
    $UID/$EUID = 1000 / 1000
    $GID = 1000 27 1000
    $EGID = 1000 27 1000

Perl module toolchain versions installed:

    Module              Have    
    ------------------- --------
    CPAN                1.9402  
    CPAN::Meta          2.143240
    Cwd                 3.30    
    ExtUtils::CBuilder  0.2602  
    ExtUtils::Command   7.34    
    ExtUtils::Install   2.06    
    ExtUtils::MakeMaker 7.34    
    ExtUtils::Manifest  1.70    
    ExtUtils::ParseXS   2.2002  
    File::Spec          3.30    
    JSON                4.02    
    JSON::PP            4.02    
    Module::Build       0.340201
    Module::Signature   n/a     
    Parse::CPAN::Meta   1.4414  
    Test::Harness       3.17    
    Test::More          1.302162
    YAML                1.27    
    YAML::Syck          n/a     
    version             0.9924  


--

Summary of my perl5 (revision 5 version 10 subversion 1) configuration:
   
  Platform:
    osname=linux, osvers=4.9.0-8-amd64, archname=x86_64-linux-thread-multi
    uname='linux pigsty 4.9.0-8-amd64 #1 smp debian 4.9.144-3 (2019-02-02) x86_64 gnulinux '
    config_args='-de -Duse64bitall -Dusethreads -Dprefix=/home/david/cpantesting/perl-5.10.1 -A ccflags=-fwrapv'
    hint=recommended, useposix=true, d_sigaction=define
    useithreads=define, usemultiplicity=define
    useperlio=define, d_sfio=undef, uselargefiles=define, usesocks=undef
    use64bitint=define, use64bitall=define, uselongdouble=undef
    usemymalloc=n, bincompat5005=undef
  Compiler:
    cc='cc', ccflags ='-D_REENTRANT -D_GNU_SOURCE -fwrapv -fno-strict-aliasing -pipe -fstack-protector -I/usr/local/include -D_LARGEFILE_SOURCE -D_FILE_OFFSET_BITS=64',
    optimize='-O2',
    cppflags='-D_REENTRANT -D_GNU_SOURCE -fwrapv -fno-strict-aliasing -pipe -fstack-protector -I/usr/local/include'
    ccversion='', gccversion='6.3.0 20170516', gccosandvers=''
    intsize=4, longsize=8, ptrsize=8, doublesize=8, byteorder=12345678
    d_longlong=define, longlongsize=8, d_longdbl=define, longdblsize=16
    ivtype='long', ivsize=8, nvtype='double', nvsize=8, Off_t='off_t', lseeksize=8
    alignbytes=8, prototype=define
  Linker and Libraries:
    ld='cc', ldflags =' -fstack-protector -L/usr/local/lib'
    libpth=/usr/local/lib /lib/x86_64-linux-gnu /lib/../lib /usr/lib/x86_64-linux-gnu /usr/lib/../lib /lib /usr/lib
    libs=-lnsl -ldb -ldl -lm -lcrypt -lutil -lpthread -lc
    perllibs=-lnsl -ldl -lm -lcrypt -lutil -lpthread -lc
    libc=libc-2.24.so, so=so, useshrplib=false, libperl=libperl.a
    gnulibc_version='2.24'
  Dynamic Linking:
    dlsrc=dl_dlopen.xs, dlext=so, d_dlsymun=undef, ccdlflags='-Wl,-E'
    cccdlflags='-fPIC', lddlflags='-shared -O2 -L/usr/local/lib -fstack-protector'


Characteristics of this binary (from libperl): 
  Compile-time options: MULTIPLICITY PERL_DONT_CREATE_GVSV
                        PERL_IMPLICIT_CONTEXT PERL_MALLOC_WRAP USE_64_BIT_ALL
                        USE_64_BIT_INT USE_ITHREADS USE_LARGE_FILES
                        USE_PERLIO USE_REENTRANT_API
  Locally applied patches:
	Devel::PatchPerl 1.56
  Built under linux
  Compiled at Apr 25 2019 16:19:42
  %ENV:
    PERL="5.10.1"
    PERL5LIB=""
    PERL5OPT=""
    PERL5_CPANPLUS_IS_RUNNING="2827"
    PERL5_CPAN_IS_RUNNING="2827"
    PERLVER="5.10.1"
    PERL_INLINE_DIRECTORY="/home/david/.Inline-5.10.1"
    PERL_MM_USE_DEFAULT="1"
    PERL_USE_UNSAFE_INC="0"
  @INC:
    /home/david/cpantesting/perl-5.10.1/lib/5.10.1/x86_64-linux-thread-multi
    /home/david/cpantesting/perl-5.10.1/lib/5.10.1
    /home/david/cpantesting/perl-5.10.1/lib/site_perl/5.10.1/x86_64-linux-thread-multi
    /home/david/cpantesting/perl-5.10.1/lib/site_perl/5.10.1
    .