Report for Test-NewVersion-0.003

Back
From: metabase:user:30ae4450-2aae-11df-837a-5e0a49663a4f
Subject: FAIL Test-NewVersion-0.003 v5.16.2 GNU/Linux
Date: 2015-03-13T14:29:38Z

This distribution has been tested as part of the CPAN Testers
project, supporting the Perl programming language.  See
http://wiki.cpantesters.org/ for more information or email
questions to cpan-testers-discuss@perl.org


--
Dear Karen Etheridge,

This is a computer-generated report for Test-NewVersion-0.003
on perl 5.16.2, created by CPAN-Reporter-1.2009.

Thank you for uploading your work to CPAN.  However, there was a problem
testing your distribution.

If you think this report is invalid, please consult the CPAN Testers Wiki
for suggestions on how to avoid getting FAIL reports for missing library
or binary dependencies, unsupported operating systems, and so on:

http://wiki.cpantesters.org/wiki/CPANAuthorNotes

Sections of this report:

    * Tester comments
    * Program output
    * Prerequisites
    * Environment and other context

------------------------------
TESTER COMMENTS
------------------------------

Additional comments from tester:

this report is from an automated smoke testing program
and was not reviewed by a human for accuracy

------------------------------
PROGRAM OUTPUT
------------------------------

Output from './Build test':

# 
# Versions for all modules listed in MYMETA.json (including optional ones):
# 
# === Configure Requires ===
# 
#     Module               Want  Have
#     ------------------- ----- -----
#     Module::Build::Tiny 0.039 0.039
# 
# === Test Requires ===
# 
#     Module               Want     Have
#     ------------------- ----- --------
#     Data::Dumper          any 2.135_06
#     ExtUtils::MakeMaker   any  6.63_02
#     File::Spec            any     3.47
#     File::pushd           any    1.003
#     Path::Tiny            any    0.065
#     Test::Deep            any    0.110
#     Test::More            any     0.98
#     Test::Tester        0.108    0.108
#     Test::Warnings        any    0.020
#     if                    any   0.0602
#     lib                   any     0.63
# 
# === Test Recommends ===
# 
#     Module         Want     Have
#     ---------- -------- --------
#     CPAN::Meta 2.120900 2.120921
# 
# === Runtime Requires ===
# 
#     Module               Want     Have
#     ---------------- -------- --------
#     CPAN::Meta       2.120920 2.120921
#     Encode                any     2.44
#     Exporter              any     5.66
#     File::Find            any     1.20
#     File::Spec            any     3.47
#     HTTP::Headers         any     6.05
#     HTTP::Tiny            any    0.017
#     JSON::MaybeXS         any 1.003003
#     List::Util            any     1.25
#     Module::Metadata      any 1.000011
#     Test::Builder        0.88     0.98
#     parent                any    0.225
#     strict                any     1.07
#     version               any   0.9901
#     warnings              any     1.13
# 
t/00-report-prereqs.t .. ok
Not enough arguments for Test::Warnings::warnings at /home/c/perl5/perlbrew/perls/perl-5.16.2/lib/site_perl/5.16.2/File/pushd.pm line 3, near "warnings->import "
BEGIN not safe after errors--compilation aborted at /home/c/perl5/perlbrew/perls/perl-5.16.2/lib/site_perl/5.16.2/File/pushd.pm line 3.
Compilation failed in require at t/01-basic.t line 8.
BEGIN failed--compilation aborted at t/01-basic.t line 8.
t/01-basic.t ........... 
Dubious, test returned 255 (wstat 65280, 0xff00)
No subtests run 
t/03-pod.t ............. ok
t/04-blib.t ............ ok

Test Summary Report
-------------------
t/01-basic.t         (Wstat: 65280 Tests: 0 Failed: 0)
  Non-zero exit status: 255
  Parse errors: No plan found in TAP output
Files=4, Tests=5,  1 wallclock secs ( 0.03 usr  0.01 sys +  0.44 cusr  0.08 csys =  0.56 CPU)
Result: FAIL

------------------------------
PREREQUISITES
------------------------------

Prerequisite modules loaded:

requires:

    Module              Need     Have    
    ------------------- -------- --------
    CPAN::Meta          2.120920 2.120921
    Encode              0        2.44    
    Exporter            0        5.66    
    File::Find          0        1.20    
    File::Spec          0        3.47    
    HTTP::Headers       0        6.05    
    HTTP::Tiny          0        0.017   
    JSON::MaybeXS       0        1.003003
    List::Util          0        1.25    
    Module::Metadata    0        1.000011
    parent              0        0.225   
    perl                5.006    5.016002
    strict              0        1.07    
    Test::Builder       0.88     0.98    
    version             0        0.9901  
    warnings            0        1.13    

build_requires:

    Module              Need     Have    
    ------------------- -------- --------
    Data::Dumper        0        2.135_06
    ExtUtils::MakeMaker 0        6.63_02 
    File::pushd         0        1.003   
    File::Spec          0        3.47    
    if                  0        0.0602  
    lib                 0        0.63    
    Path::Tiny          0        0.065   
    perl                5.006    5.016002
    Test::Deep          0        0.110   
    Test::More          0        0.98    
    Test::Tester        0.108    0.108   
    Test::Warnings      0        0.020   

configure_requires:

    Module              Need     Have    
    ------------------- -------- --------
    Module::Build::Tiny 0.039    0.039   
    perl                5.006    5.016002


------------------------------
ENVIRONMENT AND OTHER CONTEXT
------------------------------

Environment variables:

    AUTOMATED_TESTING = 1
    LANG = ru_RU.utf8
    PATH = /home/c/perl5/perlbrew/bin:/home/c/perl5/perlbrew/perls/perl-5.16.2/bin:/usr/local/bin:/usr/bin:/bin:/usr/local/games:/usr/games
    PERL5LIB = /home/c/.cpan/build/Test-Warnings-0.020-l5e3Es/blib/arch:/home/c/.cpan/build/Test-Warnings-0.020-l5e3Es/blib/lib:/home/c/.cpan/build/JSON-MaybeXS-1.003003-4m1Wa_/blib/arch:/home/c/.cpan/build/JSON-MaybeXS-1.003003-4m1Wa_/blib/lib:/home/c/.cpan/build/JSON-PP-2.27300-DVMcFI/blib/arch:/home/c/.cpan/build/JSON-PP-2.27300-DVMcFI/blib/lib:/home/c/.cpan/build/Path-Tiny-0.065-FCEDZL/blib/arch:/home/c/.cpan/build/Path-Tiny-0.065-FCEDZL/blib/lib:/home/c/.cpan/build/PathTools-3.47-iq4d1o/blib/arch:/home/c/.cpan/build/PathTools-3.47-iq4d1o/blib/lib:/home/c/.cpan/build/Module-Build-Tiny-0.039-fhA47c/blib/arch:/home/c/.cpan/build/Module-Build-Tiny-0.039-fhA47c/blib/lib:/home/c/.cpan/build/Test-Harness-3.35-8Z9bnE/blib/arch:/home/c/.cpan/build/Test-Harness-3.35-8Z9bnE/blib/lib
    PERL5OPT = 
    PERL5_CPANPLUS_IS_RUNNING = 2494
    PERL5_CPAN_IS_RUNNING = 2494
    PERL5_CPAN_IS_RUNNING_IN_RECURSION = 17301,2494
    PERLBREW_MANPATH = /home/c/perl5/perlbrew/perls/perl-5.16.2/man
    PERLBREW_PATH = /home/c/perl5/perlbrew/bin:/home/c/perl5/perlbrew/perls/perl-5.16.2/bin
    PERLBREW_PERL = perl-5.16.2
    PERLBREW_ROOT = /home/c/perl5/perlbrew
    PERLBREW_SKIP_INIT = 1
    PERLBREW_VERSION = 0.58
    PERL_CR_SMOKER_CURRENT = Test-NewVersion-0.003
    PERL_EXTUTILS_AUTOINSTALL = --defaultdeps
    PERL_MM_USE_DEFAULT = 1
    SHELL = /bin/bash
    TERM = xterm

Perl special variables (and OS-specific diagnostics, for MSWin32):

    $^X = /home/c/perl5/perlbrew/perls/perl-5.16.2/bin/perl
    $UID/$EUID = 1000 / 1000
    $GID = 1000 24 25 27 29 30 44 46 108 109 115 1000 1001
    $EGID = 1000 24 25 27 29 30 44 46 108 109 115 1000 1001

Perl module toolchain versions installed:

    Module              Have    
    ------------------- --------
    CPAN                1.9800  
    CPAN::Meta          2.120921
    Cwd                 3.47    
    ExtUtils::CBuilder  0.280206
    ExtUtils::Command   1.17    
    ExtUtils::Install   1.58    
    ExtUtils::MakeMaker 6.63_02 
    ExtUtils::Manifest  1.61    
    ExtUtils::ParseXS   3.16    
    File::Spec          3.47    
    JSON                2.53    
    JSON::PP            2.27300 
    Module::Build       0.4004  
    Module::Signature   0.70    
    Parse::CPAN::Meta   1.4404  
    Test::Harness       3.35    
    Test::More          0.98    
    YAML                0.84    
    YAML::Syck          1.22    
    version             0.9901  


--

Summary of my perl5 (revision 5 version 16 subversion 2) configuration:
   
  Platform:
    osname=linux, osvers=2.6.32-5-686, archname=i686-linux
    uname='linux deb1 2.6.32-5-686 #1 smp sun sep 23 09:49:36 utc 2012 i686 gnulinux '
    config_args='-de -Dprefix=/home/c/perl5/perlbrew/perls/perl-5.16.2 -Aeval:scriptdir=/home/c/perl5/perlbrew/perls/perl-5.16.2/bin'
    hint=recommended, useposix=true, d_sigaction=define
    useithreads=undef, usemultiplicity=undef
    useperlio=define, d_sfio=undef, uselargefiles=define, usesocks=undef
    use64bitint=undef, use64bitall=undef, uselongdouble=undef
    usemymalloc=n, bincompat5005=undef
  Compiler:
    cc='cc', ccflags ='-fno-strict-aliasing -pipe -fstack-protector -I/usr/local/include -D_LARGEFILE_SOURCE -D_FILE_OFFSET_BITS=64',
    optimize='-O2',
    cppflags='-fno-strict-aliasing -pipe -fstack-protector -I/usr/local/include'
    ccversion='', gccversion='4.4.5', gccosandvers=''
    intsize=4, longsize=4, ptrsize=4, doublesize=8, byteorder=1234
    d_longlong=define, longlongsize=8, d_longdbl=define, longdblsize=12
    ivtype='long', ivsize=4, nvtype='double', nvsize=8, Off_t='off_t', lseeksize=8
    alignbytes=4, prototype=define
  Linker and Libraries:
    ld='cc', ldflags =' -fstack-protector -L/usr/local/lib'
    libpth=/usr/local/lib /lib/../lib /usr/lib/../lib /lib /usr/lib /usr/lib/i486-linux-gnu /usr/lib64
    libs=-lnsl -ldl -lm -lcrypt -lutil -lc
    perllibs=-lnsl -ldl -lm -lcrypt -lutil -lc
    libc=/lib/libc-2.11.3.so, so=so, useshrplib=false, libperl=libperl.a
    gnulibc_version='2.11.3'
  Dynamic Linking:
    dlsrc=dl_dlopen.xs, dlext=so, d_dlsymun=undef, ccdlflags='-Wl,-E'
    cccdlflags='-fPIC', lddlflags='-shared -O2 -L/usr/local/lib -fstack-protector'


Characteristics of this binary (from libperl): 
  Compile-time options: HAS_TIMES PERLIO_LAYERS PERL_DONT_CREATE_GVSV
                        PERL_MALLOC_WRAP PERL_PRESERVE_IVUV USE_LARGE_FILES
                        USE_LOCALE USE_LOCALE_COLLATE USE_LOCALE_CTYPE
                        USE_LOCALE_NUMERIC USE_PERLIO USE_PERL_ATOF
  Built under linux
  Compiled at Jan  4 2013 21:20:12
  %ENV:
    PERL5LIB="/home/c/.cpan/build/Test-Warnings-0.020-l5e3Es/blib/arch:/home/c/.cpan/build/Test-Warnings-0.020-l5e3Es/blib/lib:/home/c/.cpan/build/JSON-MaybeXS-1.003003-4m1Wa_/blib/arch:/home/c/.cpan/build/JSON-MaybeXS-1.003003-4m1Wa_/blib/lib:/home/c/.cpan/build/JSON-PP-2.27300-DVMcFI/blib/arch:/home/c/.cpan/build/JSON-PP-2.27300-DVMcFI/blib/lib:/home/c/.cpan/build/Path-Tiny-0.065-FCEDZL/blib/arch:/home/c/.cpan/build/Path-Tiny-0.065-FCEDZL/blib/lib:/home/c/.cpan/build/PathTools-3.47-iq4d1o/blib/arch:/home/c/.cpan/build/PathTools-3.47-iq4d1o/blib/lib:/home/c/.cpan/build/Module-Build-Tiny-0.039-fhA47c/blib/arch:/home/c/.cpan/build/Module-Build-Tiny-0.039-fhA47c/blib/lib:/home/c/.cpan/build/Test-Harness-3.35-8Z9bnE/blib/arch:/home/c/.cpan/build/Test-Harness-3.35-8Z9bnE/blib/lib"
    PERL5OPT=""
    PERL5_CPANPLUS_IS_RUNNING="2494"
    PERL5_CPAN_IS_RUNNING="2494"
    PERL5_CPAN_IS_RUNNING_IN_RECURSION="17301,2494"
    PERLBREW_MANPATH="/home/c/perl5/perlbrew/perls/perl-5.16.2/man"
    PERLBREW_PATH="/home/c/perl5/perlbrew/bin:/home/c/perl5/perlbrew/perls/perl-5.16.2/bin"
    PERLBREW_PERL="perl-5.16.2"
    PERLBREW_ROOT="/home/c/perl5/perlbrew"
    PERLBREW_SKIP_INIT="1"
    PERLBREW_VERSION="0.58"
    PERL_CR_SMOKER_CURRENT="Test-NewVersion-0.003"
    PERL_EXTUTILS_AUTOINSTALL="--defaultdeps"
    PERL_MM_USE_DEFAULT="1"
  @INC:
    /home/c/.cpan/build/Test-Warnings-0.020-l5e3Es/blib/arch
    /home/c/.cpan/build/Test-Warnings-0.020-l5e3Es/blib/lib
    /home/c/.cpan/build/JSON-MaybeXS-1.003003-4m1Wa_/blib/arch
    /home/c/.cpan/build/JSON-MaybeXS-1.003003-4m1Wa_/blib/lib
    /home/c/.cpan/build/JSON-PP-2.27300-DVMcFI/blib/arch
    /home/c/.cpan/build/JSON-PP-2.27300-DVMcFI/blib/lib
    /home/c/.cpan/build/Path-Tiny-0.065-FCEDZL/blib/arch
    /home/c/.cpan/build/Path-Tiny-0.065-FCEDZL/blib/lib
    /home/c/.cpan/build/PathTools-3.47-iq4d1o/blib/arch
    /home/c/.cpan/build/PathTools-3.47-iq4d1o/blib/lib
    /home/c/.cpan/build/Module-Build-Tiny-0.039-fhA47c/blib/arch
    /home/c/.cpan/build/Module-Build-Tiny-0.039-fhA47c/blib/lib
    /home/c/.cpan/build/Test-Harness-3.35-8Z9bnE/blib/arch
    /home/c/.cpan/build/Test-Harness-3.35-8Z9bnE/blib/lib
    /home/c/perl5/perlbrew/perls/perl-5.16.2/lib/site_perl/5.16.2/i686-linux
    /home/c/perl5/perlbrew/perls/perl-5.16.2/lib/site_perl/5.16.2
    /home/c/perl5/perlbrew/perls/perl-5.16.2/lib/5.16.2/i686-linux
    /home/c/perl5/perlbrew/perls/perl-5.16.2/lib/5.16.2
    .