Back
From: metabase:user:320bfe00-2aae-11df-837a-5e0a49663a4f
Subject: NA Module-Setup-0.09 v5.8.1 GNU/Linux
Date: 2016-02-15T19:14:47Z
This distribution has been tested as part of the CPAN Testers
project, supporting the Perl programming language. See
http://wiki.cpantesters.org/ for more information or email
questions to cpan-testers-discuss@perl.org
--
Dear Kazuhiro Osawa,
This is a computer-generated report for Module-Setup-0.09
on perl 5.8.1, created by CPAN-Reporter-1.2015.
Thank you for uploading your work to CPAN. While attempting to build or test
this distribution, the distribution signaled that support is not available
either for this operating system or this version of Perl. Nevertheless, any
diagnostic output produced is provided below for reference. If this is not
what you expect, you may wish to consult the CPAN Testers Wiki:
http://wiki.cpantesters.org/wiki/CPANAuthorNotes
Sections of this report:
* Tester comments
* Program output
* Prerequisites
* Environment and other context
------------------------------
TESTER COMMENTS
------------------------------
Additional comments from tester:
this report is from an automated smoke testing program
and was not reviewed by a human for accuracy
------------------------------
PROGRAM OUTPUT
------------------------------
Output from '/usr/bin/make test':
PERL_DL_NONLAZY=1 "/tmp/basesmoker-reloperl-G0fp/bin/perl" "-MExtUtils::Command::MM" "-MTest::Harness" "-e" "undef *Test::Harness::Switches; test_harness(0, 'inc', 'blib/lib', 'blib/arch')" t/*.t t/*/*.t
t/00_compile.t .................................... ok
# Failed test at t/010_core/detect-flavor-tests-error.t line 19.
# Failed test at t/010_core/detect-flavor-tests-error.t line 25.
# 'YAML Error: Couldn't open /tmp/Ir_7REPlNE/flavors/default/config.yaml for input:\n
# Code: YAML_LOAD_ERR_FILE_INPUT
# at /home/sand/src/perl/repoperls/installed-perls/perl/perl-5.8.1/13e0/lib/site_perl/5.8.1/YAML.pm line 70.
# '
# doesn't match '(?-xism:DUMMY file was missing)'
# Failed test at t/010_core/detect-flavor-tests-error.t line 31.
# 'YAML Error: Couldn't open /tmp/Ir_7REPlNE/flavors/default/config.yaml for input:\nNo such file or directory
# Code: YAML_LOAD_ERR_FILE_INPUT
# at /home/sand/src/perl/repoperls/installed-perls/perl/perl-5.8.1/13e0/lib/site_perl/5.8.1/YAML.pm line 70.
# '
# doesn't match '(?-xism:DUMMY directory was missing)'
# Failed test at t/010_core/detect-flavor-tests-error.t line 47.
# 'YAML Error: Couldn't open /tmp/Ir_7REPlNE/flavors/default/config.yaml for input:\nNo such file or directory
# Code: YAML_LOAD_ERR_FILE_INPUT
# at /home/sand/src/perl/repoperls/installed-perls/perl/perl-5.8.1/13e0/lib/site_perl/5.8.1/YAML.pm line 70.
# '
# doesn't match '(?-xism:missing tests for xt)'
# Failed test at t/010_core/detect-flavor-tests-error.t line 63.
# 'YAML Error: Couldn't open /tmp/Ir_7REPlNE/flavors/default/config.yaml for input:\nNo such file or directory
# Code: YAML_LOAD_ERR_FILE_INPUT
# at /home/sand/src/perl/repoperls/installed-perls/perl/perl-5.8.1/13e0/lib/site_perl/5.8.1/YAML.pm line 70.
# '
# doesn't match '(?-xism:missing tests for README)'
# Looks like you failed 5 tests of 5.
t/010_core/detect-flavor-tests-error.t ............
Dubious, test returned 5 (wstat 1280, 0x500)
Failed 5/5 subtests
t/010_core/detect_module_and_flavor_name_error.t .. ok
t/010_core/dialog.t ............................... ok
t/010_core/distribute.t ........................... ok
t/010_core/flavor.t ............................... ok
t/010_core/load_argv.t ............................ ok
t/010_core/path.t ................................. ok
Can't locate Template.pm in @INC (@INC contains: /tmp/loop_over_bdir-8540-FMgpiP/Module-Setup-0.09-0/inc /tmp/loop_over_bdir-8540-FMgpiP/Module-Setup-0.09-0/blib/lib /tmp/loop_over_bdir-8540-FMgpiP/Module-Setup-0.09-0/blib/arch /home/sand/src/perl/repoperls/installed-perls/perl/perl-5.8.1/13e0/lib/5.8.1/x86_64-linux-thread-multi /home/sand/src/perl/repoperls/installed-perls/perl/perl-5.8.1/13e0/lib/5.8.1 /home/sand/src/perl/repoperls/installed-perls/perl/perl-5.8.1/13e0/lib/site_perl/5.8.1/x86_64-linux-thread-multi /home/sand/src/perl/repoperls/installed-perls/perl/perl-5.8.1/13e0/lib/site_perl/5.8.1 /home/sand/src/perl/repoperls/installed-perls/perl/perl-5.8.1/13e0/lib/site_perl .) at /tmp/loop_over_bdir-8540-FMgpiP/Module-Setup-0.09-0/blib/lib/Module/Setup/Plugin/Template.pm line 6, <DATA> line 1.
BEGIN failed--compilation aborted at /tmp/loop_over_bdir-8540-FMgpiP/Module-Setup-0.09-0/blib/lib/Module/Setup/Plugin/Template.pm line 6, <DATA> line 1.
Compilation failed in require at (eval 80) line 3, <DATA> line 1.
at /tmp/loop_over_bdir-8540-FMgpiP/Module-Setup-0.09-0/blib/lib/Module/Setup/Test/Utils.pm line 93.
# Looks like your test exited with 2 before it could output anything.
t/010_core/select-flavor.t ........................
Dubious, test returned 2 (wstat 512, 0x200)
Failed 5/5 subtests
t/010_core/setup_base_dir.t ....................... ok
t/010_core/setup_options.t ........................ ok
# Looks like your test exited with 9 before it could output anything.
t/010_core/setup_options_code.t ...................
Dubious, test returned 9 (wstat 2304, 0x900)
Failed 5/5 subtests
t/010_core/stdout-log.t ........................... ok
t/010_core/system.t ............................... ok
t/010_core/test_util.t ............................ ok
Can't locate Template.pm in @INC (@INC contains: /tmp/loop_over_bdir-8540-FMgpiP/Module-Setup-0.09-0/inc /tmp/loop_over_bdir-8540-FMgpiP/Module-Setup-0.09-0/blib/lib /tmp/loop_over_bdir-8540-FMgpiP/Module-Setup-0.09-0/blib/arch /home/sand/src/perl/repoperls/installed-perls/perl/perl-5.8.1/13e0/lib/5.8.1/x86_64-linux-thread-multi /home/sand/src/perl/repoperls/installed-perls/perl/perl-5.8.1/13e0/lib/5.8.1 /home/sand/src/perl/repoperls/installed-perls/perl/perl-5.8.1/13e0/lib/site_perl/5.8.1/x86_64-linux-thread-multi /home/sand/src/perl/repoperls/installed-perls/perl/perl-5.8.1/13e0/lib/site_perl/5.8.1 /home/sand/src/perl/repoperls/installed-perls/perl/perl-5.8.1/13e0/lib/site_perl .) at /tmp/loop_over_bdir-8540-FMgpiP/Module-Setup-0.09-0/blib/lib/Module/Setup/Plugin/Template.pm line 6, <DATA> line 1.
BEGIN failed--compilation aborted at /tmp/loop_over_bdir-8540-FMgpiP/Module-Setup-0.09-0/blib/lib/Module/Setup/Plugin/Template.pm line 6, <DATA> line 1.
Compilation failed in require at (eval 80) line 3, <DATA> line 1.
at /tmp/loop_over_bdir-8540-FMgpiP/Module-Setup-0.09-0/blib/lib/Module/Setup/Test/Utils.pm line 93.
# Looks like your test exited with 2 before it could output anything.
t/020_run/additional.t ............................
Dubious, test returned 2 (wstat 512, 0x200)
Failed 44/44 subtests
Can't locate Template.pm in @INC (@INC contains: /tmp/loop_over_bdir-8540-FMgpiP/Module-Setup-0.09-0/inc /tmp/loop_over_bdir-8540-FMgpiP/Module-Setup-0.09-0/blib/lib /tmp/loop_over_bdir-8540-FMgpiP/Module-Setup-0.09-0/blib/arch /home/sand/src/perl/repoperls/installed-perls/perl/perl-5.8.1/13e0/lib/5.8.1/x86_64-linux-thread-multi /home/sand/src/perl/repoperls/installed-perls/perl/perl-5.8.1/13e0/lib/5.8.1 /home/sand/src/perl/repoperls/installed-perls/perl/perl-5.8.1/13e0/lib/site_perl/5.8.1/x86_64-linux-thread-multi /home/sand/src/perl/repoperls/installed-perls/perl/perl-5.8.1/13e0/lib/site_perl/5.8.1 /home/sand/src/perl/repoperls/installed-perls/perl/perl-5.8.1/13e0/lib/site_perl .) at /tmp/loop_over_bdir-8540-FMgpiP/Module-Setup-0.09-0/blib/lib/Module/Setup/Plugin/Template.pm line 6, <DATA> line 1.
BEGIN failed--compilation aborted at /tmp/loop_over_bdir-8540-FMgpiP/Module-Setup-0.09-0/blib/lib/Module/Setup/Plugin/Template.pm line 6, <DATA> line 1.
Compilation failed in require at (eval 81) line 3, <DATA> line 1.
at /tmp/loop_over_bdir-8540-FMgpiP/Module-Setup-0.09-0/blib/lib/Module/Setup/Test/Utils.pm line 93.
# Looks like your test exited with 2 before it could output anything.
t/020_run/binary.t ................................
Dubious, test returned 2 (wstat 512, 0x200)
Failed 13/13 subtests
t/020_run/direct.t ................................ ok
Can't locate Template.pm in @INC (@INC contains: /tmp/loop_over_bdir-8540-FMgpiP/Module-Setup-0.09-0/inc /tmp/loop_over_bdir-8540-FMgpiP/Module-Setup-0.09-0/blib/lib /tmp/loop_over_bdir-8540-FMgpiP/Module-Setup-0.09-0/blib/arch /home/sand/src/perl/repoperls/installed-perls/perl/perl-5.8.1/13e0/lib/5.8.1/x86_64-linux-thread-multi /home/sand/src/perl/repoperls/installed-perls/perl/perl-5.8.1/13e0/lib/5.8.1 /home/sand/src/perl/repoperls/installed-perls/perl/perl-5.8.1/13e0/lib/site_perl/5.8.1/x86_64-linux-thread-multi /home/sand/src/perl/repoperls/installed-perls/perl/perl-5.8.1/13e0/lib/site_perl/5.8.1 /home/sand/src/perl/repoperls/installed-perls/perl/perl-5.8.1/13e0/lib/site_perl .) at /tmp/loop_over_bdir-8540-FMgpiP/Module-Setup-0.09-0/blib/lib/Module/Setup/Plugin/Template.pm line 6, <DATA> line 1.
BEGIN failed--compilation aborted at /tmp/loop_over_bdir-8540-FMgpiP/Module-Setup-0.09-0/blib/lib/Module/Setup/Plugin/Template.pm line 6, <DATA> line 1.
Compilation failed in require at (eval 80) line 3, <DATA> line 1.
at /tmp/loop_over_bdir-8540-FMgpiP/Module-Setup-0.09-0/blib/lib/Module/Setup/Test/Utils.pm line 93.
# Looks like your test exited with 2 before it could output anything.
t/020_run/dupe-flavor.t ...........................
Dubious, test returned 2 (wstat 512, 0x200)
Failed 1/1 subtests
Can't locate Template.pm in @INC (@INC contains: /tmp/loop_over_bdir-8540-FMgpiP/Module-Setup-0.09-0/inc /tmp/loop_over_bdir-8540-FMgpiP/Module-Setup-0.09-0/blib/lib /tmp/loop_over_bdir-8540-FMgpiP/Module-Setup-0.09-0/blib/arch /home/sand/src/perl/repoperls/installed-perls/perl/perl-5.8.1/13e0/lib/5.8.1/x86_64-linux-thread-multi /home/sand/src/perl/repoperls/installed-perls/perl/perl-5.8.1/13e0/lib/5.8.1 /home/sand/src/perl/repoperls/installed-perls/perl/perl-5.8.1/13e0/lib/site_perl/5.8.1/x86_64-linux-thread-multi /home/sand/src/perl/repoperls/installed-perls/perl/perl-5.8.1/13e0/lib/site_perl/5.8.1 /home/sand/src/perl/repoperls/installed-perls/perl/perl-5.8.1/13e0/lib/site_perl .) at /tmp/loop_over_bdir-8540-FMgpiP/Module-Setup-0.09-0/blib/lib/Module/Setup/Plugin/Template.pm line 6, <DATA> line 1.
BEGIN failed--compilation aborted at /tmp/loop_over_bdir-8540-FMgpiP/Module-Setup-0.09-0/blib/lib/Module/Setup/Plugin/Template.pm line 6, <DATA> line 1.
Compilation failed in require at (eval 80) line 3, <DATA> line 1.
at /tmp/loop_over_bdir-8540-FMgpiP/Module-Setup-0.09-0/blib/lib/Module/Setup/Test/Utils.pm line 93.
# Looks like your test exited with 2 before it could output anything.
t/020_run/dupe.t ..................................
Dubious, test returned 2 (wstat 512, 0x200)
Failed 4/4 subtests
t/020_run/empty_dir.t ............................. ok
t/020_run/fail_flavor.t ........................... ok
t/020_run/hasnt-flavorclass.t ..................... ok
Can't locate Template.pm in @INC (@INC contains: /tmp/loop_over_bdir-8540-FMgpiP/Module-Setup-0.09-0/inc /tmp/loop_over_bdir-8540-FMgpiP/Module-Setup-0.09-0/blib/lib /tmp/loop_over_bdir-8540-FMgpiP/Module-Setup-0.09-0/blib/arch /home/sand/src/perl/repoperls/installed-perls/perl/perl-5.8.1/13e0/lib/5.8.1/x86_64-linux-thread-multi /home/sand/src/perl/repoperls/installed-perls/perl/perl-5.8.1/13e0/lib/5.8.1 /home/sand/src/perl/repoperls/installed-perls/perl/perl-5.8.1/13e0/lib/site_perl/5.8.1/x86_64-linux-thread-multi /home/sand/src/perl/repoperls/installed-perls/perl/perl-5.8.1/13e0/lib/site_perl/5.8.1 /home/sand/src/perl/repoperls/installed-perls/perl/perl-5.8.1/13e0/lib/site_perl .) at /tmp/loop_over_bdir-8540-FMgpiP/Module-Setup-0.09-0/blib/lib/Module/Setup/Plugin/Template.pm line 6, <DATA> line 1.
BEGIN failed--compilation aborted at /tmp/loop_over_bdir-8540-FMgpiP/Module-Setup-0.09-0/blib/lib/Module/Setup/Plugin/Template.pm line 6, <DATA> line 1.
Compilation failed in require at (eval 101) line 3, <DATA> line 1.
at /tmp/loop_over_bdir-8540-FMgpiP/Module-Setup-0.09-0/blib/lib/Module/Setup/Test/Utils.pm line 93.
# Looks like your test exited with 2 before it could output anything.
t/020_run/init.t ..................................
Dubious, test returned 2 (wstat 512, 0x200)
Failed 36/36 subtests
t/020_run/nullflavors.t ........................... ok
Can't locate Template.pm in @INC (@INC contains: /tmp/loop_over_bdir-8540-FMgpiP/Module-Setup-0.09-0/inc /tmp/loop_over_bdir-8540-FMgpiP/Module-Setup-0.09-0/blib/lib /tmp/loop_over_bdir-8540-FMgpiP/Module-Setup-0.09-0/blib/arch /home/sand/src/perl/repoperls/installed-perls/perl/perl-5.8.1/13e0/lib/5.8.1/x86_64-linux-thread-multi /home/sand/src/perl/repoperls/installed-perls/perl/perl-5.8.1/13e0/lib/5.8.1 /home/sand/src/perl/repoperls/installed-perls/perl/perl-5.8.1/13e0/lib/site_perl/5.8.1/x86_64-linux-thread-multi /home/sand/src/perl/repoperls/installed-perls/perl/perl-5.8.1/13e0/lib/site_perl/5.8.1 /home/sand/src/perl/repoperls/installed-perls/perl/perl-5.8.1/13e0/lib/site_perl .) at /tmp/loop_over_bdir-8540-FMgpiP/Module-Setup-0.09-0/blib/lib/Module/Setup/Plugin/Template.pm line 6, <DATA> line 1.
BEGIN failed--compilation aborted at /tmp/loop_over_bdir-8540-FMgpiP/Module-Setup-0.09-0/blib/lib/Module/Setup/Plugin/Template.pm line 6, <DATA> line 1.
Compilation failed in require at (eval 80) line 3, <DATA> line 1.
at /tmp/loop_over_bdir-8540-FMgpiP/Module-Setup-0.09-0/blib/lib/Module/Setup/Test/Utils.pm line 93.
# Looks like your test exited with 2 before it could output anything.
t/020_run/pack-additional.t .......................
Dubious, test returned 2 (wstat 512, 0x200)
Failed 19/19 subtests
Can't locate Template.pm in @INC (@INC contains: /tmp/loop_over_bdir-8540-FMgpiP/Module-Setup-0.09-0/inc /tmp/loop_over_bdir-8540-FMgpiP/Module-Setup-0.09-0/blib/lib /tmp/loop_over_bdir-8540-FMgpiP/Module-Setup-0.09-0/blib/arch /home/sand/src/perl/repoperls/installed-perls/perl/perl-5.8.1/13e0/lib/5.8.1/x86_64-linux-thread-multi /home/sand/src/perl/repoperls/installed-perls/perl/perl-5.8.1/13e0/lib/5.8.1 /home/sand/src/perl/repoperls/installed-perls/perl/perl-5.8.1/13e0/lib/site_perl/5.8.1/x86_64-linux-thread-multi /home/sand/src/perl/repoperls/installed-perls/perl/perl-5.8.1/13e0/lib/site_perl/5.8.1 /home/sand/src/perl/repoperls/installed-perls/perl/perl-5.8.1/13e0/lib/site_perl .) at /tmp/loop_over_bdir-8540-FMgpiP/Module-Setup-0.09-0/blib/lib/Module/Setup/Plugin/Template.pm line 6, <DATA> line 1.
BEGIN failed--compilation aborted at /tmp/loop_over_bdir-8540-FMgpiP/Module-Setup-0.09-0/blib/lib/Module/Setup/Plugin/Template.pm line 6, <DATA> line 1.
Compilation failed in require at (eval 102) line 3, <DATA> line 1.
at /tmp/loop_over_bdir-8540-FMgpiP/Module-Setup-0.09-0/blib/lib/Module/Setup/Test/Utils.pm line 93.
# Looks like your test exited with 2 before it could output anything.
t/020_run/pack.t ..................................
Dubious, test returned 2 (wstat 512, 0x200)
Failed 12/12 subtests
Can't locate Template.pm in @INC (@INC contains: /tmp/loop_over_bdir-8540-FMgpiP/Module-Setup-0.09-0/inc /tmp/loop_over_bdir-8540-FMgpiP/Module-Setup-0.09-0/blib/lib /tmp/loop_over_bdir-8540-FMgpiP/Module-Setup-0.09-0/blib/arch /home/sand/src/perl/repoperls/installed-perls/perl/perl-5.8.1/13e0/lib/5.8.1/x86_64-linux-thread-multi /home/sand/src/perl/repoperls/installed-perls/perl/perl-5.8.1/13e0/lib/5.8.1 /home/sand/src/perl/repoperls/installed-perls/perl/perl-5.8.1/13e0/lib/site_perl/5.8.1/x86_64-linux-thread-multi /home/sand/src/perl/repoperls/installed-perls/perl/perl-5.8.1/13e0/lib/site_perl/5.8.1 /home/sand/src/perl/repoperls/installed-perls/perl/perl-5.8.1/13e0/lib/site_perl .) at /tmp/loop_over_bdir-8540-FMgpiP/Module-Setup-0.09-0/blib/lib/Module/Setup/Plugin/Template.pm line 6, <DATA> line 1.
BEGIN failed--compilation aborted at /tmp/loop_over_bdir-8540-FMgpiP/Module-Setup-0.09-0/blib/lib/Module/Setup/Plugin/Template.pm line 6, <DATA> line 1.
Compilation failed in require at (eval 102) line 3, <DATA> line 1.
at /tmp/loop_over_bdir-8540-FMgpiP/Module-Setup-0.09-0/blib/lib/Module/Setup/Test/Utils.pm line 93.
# Looks like your test exited with 2 before it could output anything.
t/020_run/simple.t ................................
Dubious, test returned 2 (wstat 512, 0x200)
Failed 36/36 subtests
Can't locate Template.pm in @INC (@INC contains: /tmp/loop_over_bdir-8540-FMgpiP/Module-Setup-0.09-0/inc /tmp/loop_over_bdir-8540-FMgpiP/Module-Setup-0.09-0/blib/lib /tmp/loop_over_bdir-8540-FMgpiP/Module-Setup-0.09-0/blib/arch /home/sand/src/perl/repoperls/installed-perls/perl/perl-5.8.1/13e0/lib/5.8.1/x86_64-linux-thread-multi /home/sand/src/perl/repoperls/installed-perls/perl/perl-5.8.1/13e0/lib/5.8.1 /home/sand/src/perl/repoperls/installed-perls/perl/perl-5.8.1/13e0/lib/site_perl/5.8.1/x86_64-linux-thread-multi /home/sand/src/perl/repoperls/installed-perls/perl/perl-5.8.1/13e0/lib/site_perl/5.8.1 /home/sand/src/perl/repoperls/installed-perls/perl/perl-5.8.1/13e0/lib/site_perl .) at /tmp/loop_over_bdir-8540-FMgpiP/Module-Setup-0.09-0/blib/lib/Module/Setup/Plugin/Template.pm line 6, <DATA> line 1.
BEGIN failed--compilation aborted at /tmp/loop_over_bdir-8540-FMgpiP/Module-Setup-0.09-0/blib/lib/Module/Setup/Plugin/Template.pm line 6, <DATA> line 1.
Compilation failed in require at (eval 80) line 3, <DATA> line 1.
at /tmp/loop_over_bdir-8540-FMgpiP/Module-Setup-0.09-0/blib/lib/Module/Setup/Test/Utils.pm line 93.
# Looks like your test exited with 2 before it could output anything.
t/030_plugin/append_template_file.t ...............
Dubious, test returned 2 (wstat 512, 0x200)
Failed 5/5 subtests
Can't locate Template.pm in @INC (@INC contains: /tmp/loop_over_bdir-8540-FMgpiP/Module-Setup-0.09-0/inc /tmp/loop_over_bdir-8540-FMgpiP/Module-Setup-0.09-0/blib/lib /tmp/loop_over_bdir-8540-FMgpiP/Module-Setup-0.09-0/blib/arch /home/sand/src/perl/repoperls/installed-perls/perl/perl-5.8.1/13e0/lib/5.8.1/x86_64-linux-thread-multi /home/sand/src/perl/repoperls/installed-perls/perl/perl-5.8.1/13e0/lib/5.8.1 /home/sand/src/perl/repoperls/installed-perls/perl/perl-5.8.1/13e0/lib/site_perl/5.8.1/x86_64-linux-thread-multi /home/sand/src/perl/repoperls/installed-perls/perl/perl-5.8.1/13e0/lib/site_perl/5.8.1 /home/sand/src/perl/repoperls/installed-perls/perl/perl-5.8.1/13e0/lib/site_perl .) at /tmp/loop_over_bdir-8540-FMgpiP/Module-Setup-0.09-0/blib/lib/Module/Setup/Plugin/Template.pm line 6, <DATA> line 1.
BEGIN failed--compilation aborted at /tmp/loop_over_bdir-8540-FMgpiP/Module-Setup-0.09-0/blib/lib/Module/Setup/Plugin/Template.pm line 6, <DATA> line 1.
Compilation failed in require at (eval 80) line 3, <DATA> line 1.
at /tmp/loop_over_bdir-8540-FMgpiP/Module-Setup-0.09-0/blib/lib/Module/Setup/Test/Utils.pm line 93.
# Looks like your test exited with 2 before it could output anything.
t/030_plugin/append_template_file2.t ..............
Dubious, test returned 2 (wstat 512, 0x200)
Failed 4/4 subtests
t/030_plugin/illegalplugin.t ...................... ok
t/030_plugin/illegalpluginconfig.t ................ ok
t/030_plugin/localplugin.t ........................ ok
Can't locate Template.pm in @INC (@INC contains: /tmp/loop_over_bdir-8540-FMgpiP/Module-Setup-0.09-0/inc /tmp/loop_over_bdir-8540-FMgpiP/Module-Setup-0.09-0/blib/lib /tmp/loop_over_bdir-8540-FMgpiP/Module-Setup-0.09-0/blib/arch /home/sand/src/perl/repoperls/installed-perls/perl/perl-5.8.1/13e0/lib/5.8.1/x86_64-linux-thread-multi /home/sand/src/perl/repoperls/installed-perls/perl/perl-5.8.1/13e0/lib/5.8.1 /home/sand/src/perl/repoperls/installed-perls/perl/perl-5.8.1/13e0/lib/site_perl/5.8.1/x86_64-linux-thread-multi /home/sand/src/perl/repoperls/installed-perls/perl/perl-5.8.1/13e0/lib/site_perl/5.8.1 /home/sand/src/perl/repoperls/installed-perls/perl/perl-5.8.1/13e0/lib/site_perl .) at /tmp/loop_over_bdir-8540-FMgpiP/Module-Setup-0.09-0/blib/lib/Module/Setup/Plugin/Template.pm line 6, <DATA> line 1.
BEGIN failed--compilation aborted at /tmp/loop_over_bdir-8540-FMgpiP/Module-Setup-0.09-0/blib/lib/Module/Setup/Plugin/Template.pm line 6, <DATA> line 1.
Compilation failed in require at (eval 80) line 3, <DATA> line 1.
at /tmp/loop_over_bdir-8540-FMgpiP/Module-Setup-0.09-0/blib/lib/Module/Setup/Test/Utils.pm line 93.
# Looks like your test exited with 2 before it could output anything.
t/030_plugin/plain.t ..............................
Dubious, test returned 2 (wstat 512, 0x200)
Failed 1/1 subtests
Perl v5.8.5 required--this is only v5.8.1, stopped at /tmp/loop_over_bdir-8540-FMgpiP/Module-Setup-0.09-0/inc/Test/Requires.pm line 6.
BEGIN failed--compilation aborted at /tmp/loop_over_bdir-8540-FMgpiP/Module-Setup-0.09-0/inc/Test/Requires.pm line 6.
Compilation failed in require at t/030_plugin/site_github.t line 6.
BEGIN failed--compilation aborted at t/030_plugin/site_github.t line 6.
t/030_plugin/site_github.t ........................
Dubious, test returned 9 (wstat 2304, 0x900)
No subtests run
Can't locate Template.pm in @INC (@INC contains: /tmp/loop_over_bdir-8540-FMgpiP/Module-Setup-0.09-0/inc /tmp/loop_over_bdir-8540-FMgpiP/Module-Setup-0.09-0/blib/lib /tmp/loop_over_bdir-8540-FMgpiP/Module-Setup-0.09-0/blib/arch /home/sand/src/perl/repoperls/installed-perls/perl/perl-5.8.1/13e0/lib/5.8.1/x86_64-linux-thread-multi /home/sand/src/perl/repoperls/installed-perls/perl/perl-5.8.1/13e0/lib/5.8.1 /home/sand/src/perl/repoperls/installed-perls/perl/perl-5.8.1/13e0/lib/site_perl/5.8.1/x86_64-linux-thread-multi /home/sand/src/perl/repoperls/installed-perls/perl/perl-5.8.1/13e0/lib/site_perl/5.8.1 /home/sand/src/perl/repoperls/installed-perls/perl/perl-5.8.1/13e0/lib/site_perl .) at /tmp/loop_over_bdir-8540-FMgpiP/Module-Setup-0.09-0/blib/lib/Module/Setup/Plugin/Template.pm line 6, <DATA> line 1.
BEGIN failed--compilation aborted at /tmp/loop_over_bdir-8540-FMgpiP/Module-Setup-0.09-0/blib/lib/Module/Setup/Plugin/Template.pm line 6, <DATA> line 1.
Compilation failed in require at (eval 79) line 3, <DATA> line 1.
at /tmp/loop_over_bdir-8540-FMgpiP/Module-Setup-0.09-0/blib/lib/Module/Setup/Test/Utils.pm line 93.
# Looks like your test exited with 2 before it could output anything.
t/030_plugin/template.t ...........................
Dubious, test returned 2 (wstat 512, 0x200)
Failed 3/3 subtests
Can't locate Template.pm in @INC (@INC contains: /tmp/loop_over_bdir-8540-FMgpiP/Module-Setup-0.09-0/inc /tmp/loop_over_bdir-8540-FMgpiP/Module-Setup-0.09-0/blib/lib /tmp/loop_over_bdir-8540-FMgpiP/Module-Setup-0.09-0/blib/arch /home/sand/src/perl/repoperls/installed-perls/perl/perl-5.8.1/13e0/lib/5.8.1/x86_64-linux-thread-multi /home/sand/src/perl/repoperls/installed-perls/perl/perl-5.8.1/13e0/lib/5.8.1 /home/sand/src/perl/repoperls/installed-perls/perl/perl-5.8.1/13e0/lib/site_perl/5.8.1/x86_64-linux-thread-multi /home/sand/src/perl/repoperls/installed-perls/perl/perl-5.8.1/13e0/lib/site_perl/5.8.1 /home/sand/src/perl/repoperls/installed-perls/perl/perl-5.8.1/13e0/lib/site_perl .) at /tmp/loop_over_bdir-8540-FMgpiP/Module-Setup-0.09-0/blib/lib/Module/Setup/Plugin/Template.pm line 6, <DATA> line 1.
BEGIN failed--compilation aborted at /tmp/loop_over_bdir-8540-FMgpiP/Module-Setup-0.09-0/blib/lib/Module/Setup/Plugin/Template.pm line 6, <DATA> line 1.
Compilation failed in require at (eval 80) line 3, <DATA> line 1.
at /tmp/loop_over_bdir-8540-FMgpiP/Module-Setup-0.09-0/blib/lib/Module/Setup/Test/Utils.pm line 93.
# Looks like your test exited with 2 before it could output anything.
t/030_plugin/test_makefile.t ......................
Dubious, test returned 2 (wstat 512, 0x200)
Failed 21/21 subtests
Can't locate Template.pm in @INC (@INC contains: /tmp/loop_over_bdir-8540-FMgpiP/Module-Setup-0.09-0/inc /tmp/loop_over_bdir-8540-FMgpiP/Module-Setup-0.09-0/blib/lib /tmp/loop_over_bdir-8540-FMgpiP/Module-Setup-0.09-0/blib/arch /home/sand/src/perl/repoperls/installed-perls/perl/perl-5.8.1/13e0/lib/5.8.1/x86_64-linux-thread-multi /home/sand/src/perl/repoperls/installed-perls/perl/perl-5.8.1/13e0/lib/5.8.1 /home/sand/src/perl/repoperls/installed-perls/perl/perl-5.8.1/13e0/lib/site_perl/5.8.1/x86_64-linux-thread-multi /home/sand/src/perl/repoperls/installed-perls/perl/perl-5.8.1/13e0/lib/site_perl/5.8.1 /home/sand/src/perl/repoperls/installed-perls/perl/perl-5.8.1/13e0/lib/site_perl .) at /tmp/loop_over_bdir-8540-FMgpiP/Module-Setup-0.09-0/blib/lib/Module/Setup/Plugin/Template.pm line 6, <DATA> line 1.
BEGIN failed--compilation aborted at /tmp/loop_over_bdir-8540-FMgpiP/Module-Setup-0.09-0/blib/lib/Module/Setup/Plugin/Template.pm line 6, <DATA> line 1.
Compilation failed in require at (eval 80) line 3, <DATA> line 1.
at /tmp/loop_over_bdir-8540-FMgpiP/Module-Setup-0.09-0/blib/lib/Module/Setup/Test/Utils.pm line 93.
# Looks like your test exited with 2 before it could output anything.
t/030_plugin/vc_git.t .............................
Dubious, test returned 2 (wstat 512, 0x200)
Failed 26/26 subtests
Name "Module::Setup::Flavor::Default::setup_config" used only once: possible typo at t/030_plugin/vc_svk.t line 17.
Can't locate Template.pm in @INC (@INC contains: /tmp/loop_over_bdir-8540-FMgpiP/Module-Setup-0.09-0/inc /tmp/loop_over_bdir-8540-FMgpiP/Module-Setup-0.09-0/blib/lib /tmp/loop_over_bdir-8540-FMgpiP/Module-Setup-0.09-0/blib/arch /home/sand/src/perl/repoperls/installed-perls/perl/perl-5.8.1/13e0/lib/5.8.1/x86_64-linux-thread-multi /home/sand/src/perl/repoperls/installed-perls/perl/perl-5.8.1/13e0/lib/5.8.1 /home/sand/src/perl/repoperls/installed-perls/perl/perl-5.8.1/13e0/lib/site_perl/5.8.1/x86_64-linux-thread-multi /home/sand/src/perl/repoperls/installed-perls/perl/perl-5.8.1/13e0/lib/site_perl/5.8.1 /home/sand/src/perl/repoperls/installed-perls/perl/perl-5.8.1/13e0/lib/site_perl .) at /tmp/loop_over_bdir-8540-FMgpiP/Module-Setup-0.09-0/blib/lib/Module/Setup/Plugin/Template.pm line 6, <DATA> line 1.
BEGIN failed--compilation aborted at /tmp/loop_over_bdir-8540-FMgpiP/Module-Setup-0.09-0/blib/lib/Module/Setup/Plugin/Template.pm line 6, <DATA> line 1.
Compilation failed in require at (eval 80) line 3, <DATA> line 1.
at /tmp/loop_over_bdir-8540-FMgpiP/Module-Setup-0.09-0/blib/lib/Module/Setup/Test/Utils.pm line 93.
# Looks like your test exited with 2 before it could output anything.
t/030_plugin/vc_svk.t .............................
Dubious, test returned 2 (wstat 512, 0x200)
Failed 13/13 subtests
Can't locate Template.pm in @INC (@INC contains: /tmp/loop_over_bdir-8540-FMgpiP/Module-Setup-0.09-0/inc /tmp/loop_over_bdir-8540-FMgpiP/Module-Setup-0.09-0/blib/lib /tmp/loop_over_bdir-8540-FMgpiP/Module-Setup-0.09-0/blib/arch /home/sand/src/perl/repoperls/installed-perls/perl/perl-5.8.1/13e0/lib/5.8.1/x86_64-linux-thread-multi /home/sand/src/perl/repoperls/installed-perls/perl/perl-5.8.1/13e0/lib/5.8.1 /home/sand/src/perl/repoperls/installed-perls/perl/perl-5.8.1/13e0/lib/site_perl/5.8.1/x86_64-linux-thread-multi /home/sand/src/perl/repoperls/installed-perls/perl/perl-5.8.1/13e0/lib/site_perl/5.8.1 /home/sand/src/perl/repoperls/installed-perls/perl/perl-5.8.1/13e0/lib/site_perl .) at /tmp/loop_over_bdir-8540-FMgpiP/Module-Setup-0.09-0/blib/lib/Module/Setup/Plugin/Template.pm line 6, <DATA> line 1.
BEGIN failed--compilation aborted at /tmp/loop_over_bdir-8540-FMgpiP/Module-Setup-0.09-0/blib/lib/Module/Setup/Plugin/Template.pm line 6, <DATA> line 1.
Compilation failed in require at (eval 80) line 3, <DATA> line 1.
at /tmp/loop_over_bdir-8540-FMgpiP/Module-Setup-0.09-0/blib/lib/Module/Setup/Test/Utils.pm line 93.
# Looks like your test exited with 2 before it could output anything.
t/030_plugin/vc_svn.t .............................
Dubious, test returned 2 (wstat 512, 0x200)
Failed 6/6 subtests
Can't locate Template.pm in @INC (@INC contains: /tmp/loop_over_bdir-8540-FMgpiP/Module-Setup-0.09-0/inc /tmp/loop_over_bdir-8540-FMgpiP/Module-Setup-0.09-0/blib/lib /tmp/loop_over_bdir-8540-FMgpiP/Module-Setup-0.09-0/blib/arch /home/sand/src/perl/repoperls/installed-perls/perl/perl-5.8.1/13e0/lib/5.8.1/x86_64-linux-thread-multi /home/sand/src/perl/repoperls/installed-perls/perl/perl-5.8.1/13e0/lib/5.8.1 /home/sand/src/perl/repoperls/installed-perls/perl/perl-5.8.1/13e0/lib/site_perl/5.8.1/x86_64-linux-thread-multi /home/sand/src/perl/repoperls/installed-perls/perl/perl-5.8.1/13e0/lib/site_perl/5.8.1 /home/sand/src/perl/repoperls/installed-perls/perl/perl-5.8.1/13e0/lib/site_perl .) at /tmp/loop_over_bdir-8540-FMgpiP/Module-Setup-0.09-0/blib/lib/Module/Setup/Plugin/Template.pm line 6, <DATA> line 1.
BEGIN failed--compilation aborted at /tmp/loop_over_bdir-8540-FMgpiP/Module-Setup-0.09-0/blib/lib/Module/Setup/Plugin/Template.pm line 6, <DATA> line 1.
Compilation failed in require at (eval 84) line 3, <DATA> line 1.
at /tmp/loop_over_bdir-8540-FMgpiP/Module-Setup-0.09-0/blib/lib/Module/Setup/Test/Utils.pm line 93.
# Looks like your test exited with 2 before it could output anything.
t/040_flavor/coderepos.t ..........................
Dubious, test returned 2 (wstat 512, 0x200)
Failed 21/21 subtests
t/040_flavor/default-setup_config.t ............... ok
Can't locate Template.pm in @INC (@INC contains: /tmp/loop_over_bdir-8540-FMgpiP/Module-Setup-0.09-0/inc /tmp/loop_over_bdir-8540-FMgpiP/Module-Setup-0.09-0/blib/lib /tmp/loop_over_bdir-8540-FMgpiP/Module-Setup-0.09-0/blib/arch /home/sand/src/perl/repoperls/installed-perls/perl/perl-5.8.1/13e0/lib/5.8.1/x86_64-linux-thread-multi /home/sand/src/perl/repoperls/installed-perls/perl/perl-5.8.1/13e0/lib/5.8.1 /home/sand/src/perl/repoperls/installed-perls/perl/perl-5.8.1/13e0/lib/site_perl/5.8.1/x86_64-linux-thread-multi /home/sand/src/perl/repoperls/installed-perls/perl/perl-5.8.1/13e0/lib/site_perl/5.8.1 /home/sand/src/perl/repoperls/installed-perls/perl/perl-5.8.1/13e0/lib/site_perl .) at /tmp/loop_over_bdir-8540-FMgpiP/Module-Setup-0.09-0/blib/lib/Module/Setup/Plugin/Template.pm line 6, <DATA> line 1.
BEGIN failed--compilation aborted at /tmp/loop_over_bdir-8540-FMgpiP/Module-Setup-0.09-0/blib/lib/Module/Setup/Plugin/Template.pm line 6, <DATA> line 1.
Compilation failed in require at (eval 80) line 3, <DATA> line 1.
at /tmp/loop_over_bdir-8540-FMgpiP/Module-Setup-0.09-0/blib/lib/Module/Setup/Test/Utils.pm line 93.
# Looks like your test exited with 2 before it could output anything.
t/040_flavor/default.t ............................
Dubious, test returned 2 (wstat 512, 0x200)
Failed 20/20 subtests
Can't locate Template.pm in @INC (@INC contains: /tmp/loop_over_bdir-8540-FMgpiP/Module-Setup-0.09-0/inc /tmp/loop_over_bdir-8540-FMgpiP/Module-Setup-0.09-0/blib/lib /tmp/loop_over_bdir-8540-FMgpiP/Module-Setup-0.09-0/blib/arch /home/sand/src/perl/repoperls/installed-perls/perl/perl-5.8.1/13e0/lib/5.8.1/x86_64-linux-thread-multi /home/sand/src/perl/repoperls/installed-perls/perl/perl-5.8.1/13e0/lib/5.8.1 /home/sand/src/perl/repoperls/installed-perls/perl/perl-5.8.1/13e0/lib/site_perl/5.8.1/x86_64-linux-thread-multi /home/sand/src/perl/repoperls/installed-perls/perl/perl-5.8.1/13e0/lib/site_perl/5.8.1 /home/sand/src/perl/repoperls/installed-perls/perl/perl-5.8.1/13e0/lib/site_perl .) at /tmp/loop_over_bdir-8540-FMgpiP/Module-Setup-0.09-0/blib/lib/Module/Setup/Plugin/Template.pm line 6, <DATA> line 1.
BEGIN failed--compilation aborted at /tmp/loop_over_bdir-8540-FMgpiP/Module-Setup-0.09-0/blib/lib/Module/Setup/Plugin/Template.pm line 6, <DATA> line 1.
Compilation failed in require at (eval 83) line 3, <DATA> line 1.
at /tmp/loop_over_bdir-8540-FMgpiP/Module-Setup-0.09-0/blib/lib/Module/Setup/Test/Utils.pm line 93.
# Looks like your test exited with 2 before it could output anything.
t/040_flavor/github.t .............................
Dubious, test returned 2 (wstat 512, 0x200)
Failed 22/22 subtests
Can't locate Template.pm in @INC (@INC contains: /tmp/loop_over_bdir-8540-FMgpiP/Module-Setup-0.09-0/inc /tmp/loop_over_bdir-8540-FMgpiP/Module-Setup-0.09-0/blib/lib /tmp/loop_over_bdir-8540-FMgpiP/Module-Setup-0.09-0/blib/arch /home/sand/src/perl/repoperls/installed-perls/perl/perl-5.8.1/13e0/lib/5.8.1/x86_64-linux-thread-multi /home/sand/src/perl/repoperls/installed-perls/perl/perl-5.8.1/13e0/lib/5.8.1 /home/sand/src/perl/repoperls/installed-perls/perl/perl-5.8.1/13e0/lib/site_perl/5.8.1/x86_64-linux-thread-multi /home/sand/src/perl/repoperls/installed-perls/perl/perl-5.8.1/13e0/lib/site_perl/5.8.1 /home/sand/src/perl/repoperls/installed-perls/perl/perl-5.8.1/13e0/lib/site_perl .) at /tmp/loop_over_bdir-8540-FMgpiP/Module-Setup-0.09-0/blib/lib/Module/Setup/Plugin/Template.pm line 6, <DATA> line 1.
BEGIN failed--compilation aborted at /tmp/loop_over_bdir-8540-FMgpiP/Module-Setup-0.09-0/blib/lib/Module/Setup/Plugin/Template.pm line 6, <DATA> line 1.
Compilation failed in require at (eval 79) line 3, <DATA> line 1.
at /tmp/loop_over_bdir-8540-FMgpiP/Module-Setup-0.09-0/blib/lib/Module/Setup/Helper.pm line 50.
# Looks like your test exited with 2 before it could output anything.
t/050_helper/basic-callback.t .....................
Dubious, test returned 2 (wstat 512, 0x200)
Failed 3/3 subtests
Can't locate Template.pm in @INC (@INC contains: /tmp/loop_over_bdir-8540-FMgpiP/Module-Setup-0.09-0/inc /tmp/loop_over_bdir-8540-FMgpiP/Module-Setup-0.09-0/blib/lib /tmp/loop_over_bdir-8540-FMgpiP/Module-Setup-0.09-0/blib/arch /home/sand/src/perl/repoperls/installed-perls/perl/perl-5.8.1/13e0/lib/5.8.1/x86_64-linux-thread-multi /home/sand/src/perl/repoperls/installed-perls/perl/perl-5.8.1/13e0/lib/5.8.1 /home/sand/src/perl/repoperls/installed-perls/perl/perl-5.8.1/13e0/lib/site_perl/5.8.1/x86_64-linux-thread-multi /home/sand/src/perl/repoperls/installed-perls/perl/perl-5.8.1/13e0/lib/site_perl/5.8.1 /home/sand/src/perl/repoperls/installed-perls/perl/perl-5.8.1/13e0/lib/site_perl .) at /tmp/loop_over_bdir-8540-FMgpiP/Module-Setup-0.09-0/blib/lib/Module/Setup/Plugin/Template.pm line 6, <DATA> line 1.
BEGIN failed--compilation aborted at /tmp/loop_over_bdir-8540-FMgpiP/Module-Setup-0.09-0/blib/lib/Module/Setup/Plugin/Template.pm line 6, <DATA> line 1.
Compilation failed in require at (eval 79) line 3, <DATA> line 1.
at /tmp/loop_over_bdir-8540-FMgpiP/Module-Setup-0.09-0/blib/lib/Module/Setup/Helper.pm line 50.
# Looks like your test exited with 2 before it could output anything.
t/050_helper/basic-foo.t ..........................
Dubious, test returned 2 (wstat 512, 0x200)
Failed 2/2 subtests
Can't locate Template.pm in @INC (@INC contains: /tmp/loop_over_bdir-8540-FMgpiP/Module-Setup-0.09-0/inc /tmp/loop_over_bdir-8540-FMgpiP/Module-Setup-0.09-0/blib/lib /tmp/loop_over_bdir-8540-FMgpiP/Module-Setup-0.09-0/blib/arch /home/sand/src/perl/repoperls/installed-perls/perl/perl-5.8.1/13e0/lib/5.8.1/x86_64-linux-thread-multi /home/sand/src/perl/repoperls/installed-perls/perl/perl-5.8.1/13e0/lib/5.8.1 /home/sand/src/perl/repoperls/installed-perls/perl/perl-5.8.1/13e0/lib/site_perl/5.8.1/x86_64-linux-thread-multi /home/sand/src/perl/repoperls/installed-perls/perl/perl-5.8.1/13e0/lib/site_perl/5.8.1 /home/sand/src/perl/repoperls/installed-perls/perl/perl-5.8.1/13e0/lib/site_perl .) at /tmp/loop_over_bdir-8540-FMgpiP/Module-Setup-0.09-0/blib/lib/Module/Setup/Plugin/Template.pm line 6, <DATA> line 1.
BEGIN failed--compilation aborted at /tmp/loop_over_bdir-8540-FMgpiP/Module-Setup-0.09-0/blib/lib/Module/Setup/Plugin/Template.pm line 6, <DATA> line 1.
Compilation failed in require at (eval 79) line 3, <DATA> line 1.
at /tmp/loop_over_bdir-8540-FMgpiP/Module-Setup-0.09-0/blib/lib/Module/Setup/Helper.pm line 50.
# Looks like your test exited with 2 before it could output anything.
t/050_helper/basic.t ..............................
Dubious, test returned 2 (wstat 512, 0x200)
Failed 3/3 subtests
Test Summary Report
-------------------
t/010_core/detect-flavor-tests-error.t (Wstat: 1280 Tests: 5 Failed: 5)
Failed tests: 1-5
Non-zero exit status: 5
t/010_core/select-flavor.t (Wstat: 512 Tests: 0 Failed: 0)
Non-zero exit status: 2
Parse errors: Bad plan. You planned 5 tests but ran 0.
t/010_core/setup_options_code.t (Wstat: 2304 Tests: 0 Failed: 0)
Non-zero exit status: 9
Parse errors: Bad plan. You planned 5 tests but ran 0.
t/020_run/additional.t (Wstat: 512 Tests: 0 Failed: 0)
Non-zero exit status: 2
Parse errors: Bad plan. You planned 44 tests but ran 0.
t/020_run/binary.t (Wstat: 512 Tests: 0 Failed: 0)
Non-zero exit status: 2
Parse errors: Bad plan. You planned 13 tests but ran 0.
t/020_run/dupe-flavor.t (Wstat: 512 Tests: 0 Failed: 0)
Non-zero exit status: 2
Parse errors: Bad plan. You planned 1 tests but ran 0.
t/020_run/dupe.t (Wstat: 512 Tests: 0 Failed: 0)
Non-zero exit status: 2
Parse errors: Bad plan. You planned 4 tests but ran 0.
t/020_run/init.t (Wstat: 512 Tests: 0 Failed: 0)
Non-zero exit status: 2
Parse errors: Bad plan. You planned 36 tests but ran 0.
t/020_run/pack-additional.t (Wstat: 512 Tests: 0 Failed: 0)
Non-zero exit status: 2
Parse errors: Bad plan. You planned 19 tests but ran 0.
t/020_run/pack.t (Wstat: 512 Tests: 0 Failed: 0)
Non-zero exit status: 2
Parse errors: Bad plan. You planned 12 tests but ran 0.
t/020_run/simple.t (Wstat: 512 Tests: 0 Failed: 0)
Non-zero exit status: 2
Parse errors: Bad plan. You planned 36 tests but ran 0.
t/030_plugin/append_template_file.t (Wstat: 512 Tests: 0 Failed: 0)
Non-zero exit status: 2
Parse errors: Bad plan. You planned 5 tests but ran 0.
t/030_plugin/append_template_file2.t (Wstat: 512 Tests: 0 Failed: 0)
Non-zero exit status: 2
Parse errors: Bad plan. You planned 4 tests but ran 0.
t/030_plugin/plain.t (Wstat: 512 Tests: 0 Failed: 0)
Non-zero exit status: 2
Parse errors: Bad plan. You planned 1 tests but ran 0.
t/030_plugin/site_github.t (Wstat: 2304 Tests: 0 Failed: 0)
Non-zero exit status: 9
Parse errors: No plan found in TAP output
t/030_plugin/template.t (Wstat: 512 Tests: 0 Failed: 0)
Non-zero exit status: 2
Parse errors: Bad plan. You planned 3 tests but ran 0.
t/030_plugin/test_makefile.t (Wstat: 512 Tests: 0 Failed: 0)
Non-zero exit status: 2
Parse errors: Bad plan. You planned 21 tests but ran 0.
t/030_plugin/vc_git.t (Wstat: 512 Tests: 0 Failed: 0)
Non-zero exit status: 2
Parse errors: Bad plan. You planned 26 tests but ran 0.
t/030_plugin/vc_svk.t (Wstat: 512 Tests: 0 Failed: 0)
Non-zero exit status: 2
Parse errors: Bad plan. You planned 13 tests but ran 0.
t/030_plugin/vc_svn.t (Wstat: 512 Tests: 0 Failed: 0)
Non-zero exit status: 2
Parse errors: Bad plan. You planned 6 tests but ran 0.
t/040_flavor/coderepos.t (Wstat: 512 Tests: 0 Failed: 0)
Non-zero exit status: 2
Parse errors: Bad plan. You planned 21 tests but ran 0.
t/040_flavor/default.t (Wstat: 512 Tests: 0 Failed: 0)
Non-zero exit status: 2
Parse errors: Bad plan. You planned 20 tests but ran 0.
t/040_flavor/github.t (Wstat: 512 Tests: 0 Failed: 0)
Non-zero exit status: 2
Parse errors: Bad plan. You planned 22 tests but ran 0.
t/050_helper/basic-callback.t (Wstat: 512 Tests: 0 Failed: 0)
Non-zero exit status: 2
Parse errors: Bad plan. You planned 3 tests but ran 0.
t/050_helper/basic-foo.t (Wstat: 512 Tests: 0 Failed: 0)
Non-zero exit status: 2
Parse errors: Bad plan. You planned 2 tests but ran 0.
t/050_helper/basic.t (Wstat: 512 Tests: 0 Failed: 0)
Non-zero exit status: 2
Parse errors: Bad plan. You planned 3 tests but ran 0.
Files=47, Tests=131, 13 wallclock secs ( 0.17 usr 0.24 sys + 10.01 cusr 1.95 csys = 12.37 CPU)
Result: FAIL
Failed 26/47 test programs. 5/131 subtests failed.
Makefile:944: recipe for target 'test_dynamic' failed
make: *** [test_dynamic] Error 2
------------------------------
PREREQUISITES
------------------------------
Prerequisite modules loaded:
requires:
Module Need Have
---------------------------- ---- --------
Class::Trigger 0 0.14
Cwd 0 3.62
ExtUtils::MakeMaker 0 7.10
File::Basename 0 2.72
File::Find::Rule 0 0.34
File::HomeDir 0 1.00
File::Path 0 2.12
File::Temp 0.2 0.2304
Filter::Util::Call 0 1.0601
Getopt::Long 0 2.48
IO::Scalar 0 2.111
LWP::UserAgent 0 6.15
Module::Collect 0.06 0.06
! Module::Install::AuthorTests 0 n/a
! Module::Install::Repository 0 broken
Path::Class 0 0.35
Pod::Usage 0 1.16
Scalar::Util 0 1.43
Storable 0 2.51
! Template 2.2 n/a
Test::More 0 1.001014
Test::Requires 0 0.10
Text::Patch 0 1.8
YAML 0 1.15
build_requires:
Module Need Have
---------------------------- ---- --------
ExtUtils::MakeMaker 0 7.10
configure_requires:
Module Need Have
---------------------------- ---- --------
ExtUtils::MakeMaker 6.42 7.10
------------------------------
ENVIRONMENT AND OTHER CONTEXT
------------------------------
Environment variables:
AUTOMATED_TESTING = 1
LANG = en_US.UTF-8
LANGUAGE = en_US:en
PATH = /usr/lib/ccache:/home/sand/bin:/usr/local/bin:/usr/lib/ccache:/usr/bin:/bin:/usr/games:/usr/local/perl/bin:/usr/X11/bin:/sbin:/usr/sbin
PERL5LIB =
PERL5OPT =
PERL5_CPANPLUS_IS_RUNNING = 5371
PERL5_CPAN_IS_RUNNING = 5371
PERL_MM_USE_DEFAULT = 1
SHELL = /usr/bin/zsh
TERM = screen
Perl special variables (and OS-specific diagnostics, for MSWin32):
$^X = /tmp/basesmoker-reloperl-G0fp/bin/perl
$UID/$EUID = 1005 / 1005
$GID = 1005 1005
$EGID = 1005 1005
Perl module toolchain versions installed:
Module Have
------------------- --------
CPAN 2.12
CPAN::Meta 2.150005
Cwd 3.62
ExtUtils::CBuilder 0.280224
ExtUtils::Command 7.10
ExtUtils::Install 1.54
ExtUtils::MakeMaker 7.10
ExtUtils::Manifest 1.65
ExtUtils::ParseXS 3.30
File::Spec 3.62
JSON 2.90
JSON::PP 2.27300
Module::Build 0.4216
Module::Signature 0.79
Parse::CPAN::Meta 1.4417
Test::Harness 3.36
Test::More 1.001014
YAML 1.15
YAML::Syck 1.29
version 0.9912
--
Summary of my perl5 (revision 5.0 version 8 subversion 1) configuration:
Platform:
osname=linux, osvers=4.3.0-1-amd64, archname=x86_64-linux-thread-multi
uname='linux k83 4.3.0-1-amd64 #1 smp debian 4.3.3-7 (2016-01-19) x86_64 gnulinux '
config_args='-Dprefix=/home/sand/src/perl/repoperls/installed-perls/perl/perl-5.8.1/13e0 -Dmyhostname=k83 -Dinstallusrbinperl=n -Uversiononly -Dusedevel -des -Ui_db -Dlibswanted=cl pthread socket inet nsl gdbm dbm malloc dl ld sun m crypt sec util c cposix posix ucb BSD gdbm_compat -Duseithreads -Uuselongdouble'
hint=recommended, useposix=true, d_sigaction=define
usethreads=define use5005threads=undef useithreads=define usemultiplicity=define
useperlio=define d_sfio=undef uselargefiles=define usesocks=undef
use64bitint=define use64bitall=define uselongdouble=undef
usemymalloc=n, bincompat5005=undef
Compiler:
cc='cc', ccflags ='-D_REENTRANT -D_GNU_SOURCE -fno-strict-aliasing -I/usr/local/include -D_LARGEFILE_SOURCE -D_FILE_OFFSET_BITS=64',
optimize='-O2',
cppflags='-D_REENTRANT -D_GNU_SOURCE -fno-strict-aliasing -I/usr/local/include'
ccversion='', gccversion='5.3.1 20160121', gccosandvers=''
intsize=4, longsize=8, ptrsize=8, doublesize=8, byteorder=12345678
d_longlong=define, longlongsize=8, d_longdbl=define, longdblsize=16
ivtype='long', ivsize=8, nvtype='double', nvsize=8, Off_t='off_t', lseeksize=8
alignbytes=8, prototype=define
Linker and Libraries:
ld='cc', ldflags =' -L/usr/local/lib'
libpth=/usr/local/lib /lib/x86_64-linux-gnu /lib/../lib /usr/lib/x86_64-linux-gnu /usr/lib/../lib /lib /usr/lib
libs=-lpthread -lnsl -lgdbm -ldl -lm -lcrypt -lutil -lc -lgdbm_compat
perllibs=-lpthread -lnsl -ldl -lm -lcrypt -lutil -lc -lgdbm_compat
libc=libc-2.21.so, so=so, useshrplib=false, libperl=libperl.a
gnulibc_version='2.21'
Dynamic Linking:
dlsrc=dl_dlopen.xs, dlext=so, d_dlsymun=undef, ccdlflags='-rdynamic'
cccdlflags='-fpic', lddlflags='-shared -L/usr/local/lib'
Characteristics of this binary (from libperl):
Compile-time options: MULTIPLICITY USE_ITHREADS USE_64_BIT_INT USE_64_BIT_ALL USE_LARGE_FILES PERL_IMPLICIT_CONTEXT
Locally applied patches:
Devel::PatchPerl 1.40
Built under linux
Compiled at Feb 12 2016 08:07:50
%ENV:
PERL5LIB=""
PERL5OPT=""
PERL5_CPANPLUS_IS_RUNNING="5371"
PERL5_CPAN_IS_RUNNING="5371"
PERL_MM_USE_DEFAULT="1"
@INC:
/home/sand/src/perl/repoperls/installed-perls/perl/perl-5.8.1/13e0/lib/5.8.1/x86_64-linux-thread-multi
/home/sand/src/perl/repoperls/installed-perls/perl/perl-5.8.1/13e0/lib/5.8.1
/home/sand/src/perl/repoperls/installed-perls/perl/perl-5.8.1/13e0/lib/site_perl/5.8.1/x86_64-linux-thread-multi
/home/sand/src/perl/repoperls/installed-perls/perl/perl-5.8.1/13e0/lib/site_perl/5.8.1
/home/sand/src/perl/repoperls/installed-perls/perl/perl-5.8.1/13e0/lib/site_perl
.