Report for Sys-RotateBackup-0.12

Back
From: metabase:user:314402c4-2aae-11df-837a-5e0a49663a4f
Subject: FAIL Sys-RotateBackup-0.12 v5.18.2 GNU/Linux
Date: 2014-05-25T13:49:22Z

This distribution has been tested as part of the CPAN Testers
project, supporting the Perl programming language.  See
http://wiki.cpantesters.org/ for more information or email
questions to cpan-testers-discuss@perl.org


--
Dear Dominik Schulz,

This is a computer-generated report for Sys-RotateBackup-0.12
on perl 5.18.2, created by CPAN-Reporter-1.2011.

Thank you for uploading your work to CPAN.  However, there was a problem
testing your distribution.

If you think this report is invalid, please consult the CPAN Testers Wiki
for suggestions on how to avoid getting FAIL reports for missing library
or binary dependencies, unsupported operating systems, and so on:

http://wiki.cpantesters.org/wiki/CPANAuthorNotes

Sections of this report:

    * Tester comments
    * Program output
    * Prerequisites
    * Environment and other context

------------------------------
TESTER COMMENTS
------------------------------

Additional comments from tester:

none provided

------------------------------
PROGRAM OUTPUT
------------------------------

Output from '/usr/bin/make test':

PERL_DL_NONLAZY=1 /bbbike/perl-5.18.2t/bin/perl "-MExtUtils::Command::MM" "-MTest::Harness" "-e" "undef *Test::Harness::Switches; test_harness(0, 'blib/lib', 'blib/arch')" t/*.t
# Testing Sys::RotateBackup 0.12, Perl 5.018002, /bbbike/perl-5.18.2t/bin/perl
t/00-load.t ............. ok
t/manifest.t ............ skipped: Author tests not required for installation
t/pod-coverage.t ........ ok
t/pod.t ................. ok
t/release-eol.t ......... skipped: these tests are for release candidate testing
t/release-no-tabs.t ..... skipped: these tests are for release candidate testing
t/release-pod-syntax.t .. skipped: these tests are for release candidate testing

#   Failed test 'Got weekly directory'
#   at t/rotate.t line 28.

#   Failed test 'Got monthly directory'
#   at t/rotate.t line 28.

#   Failed test 'Got yearly directory'
#   at t/rotate.t line 28.

#   Failed test 'Still got weekly directory'
#   at t/rotate.t line 43.

#   Failed test 'Rotation 0 of type weekly exists'
#   at t/rotate.t line 46.

#   Failed test 'Rotation 1 of type weekly exists'
#   at t/rotate.t line 46.

#   Failed test 'Rotation 2 of type weekly exists'
#   at t/rotate.t line 46.

#   Failed test 'Rotation 3 of type weekly exists'
#   at t/rotate.t line 46.

#   Failed test 'Rotation 4 of type weekly exists'
#   at t/rotate.t line 46.

#   Failed test 'Still got monthly directory'
#   at t/rotate.t line 43.

#   Failed test 'Rotation 0 of type monthly exists'
#   at t/rotate.t line 46.

#   Failed test 'Rotation 1 of type monthly exists'
#   at t/rotate.t line 46.

#   Failed test 'Rotation 2 of type monthly exists'
#   at t/rotate.t line 46.

#   Failed test 'Rotation 3 of type monthly exists'
#   at t/rotate.t line 46.

#   Failed test 'Rotation 4 of type monthly exists'
#   at t/rotate.t line 46.

#   Failed test 'Rotation 5 of type monthly exists'
#   at t/rotate.t line 46.

#   Failed test 'Rotation 6 of type monthly exists'
#   at t/rotate.t line 46.

#   Failed test 'Rotation 7 of type monthly exists'
#   at t/rotate.t line 46.

#   Failed test 'Rotation 8 of type monthly exists'
#   at t/rotate.t line 46.

#   Failed test 'Rotation 9 of type monthly exists'
#   at t/rotate.t line 46.

#   Failed test 'Rotation 10 of type monthly exists'
#   at t/rotate.t line 46.

#   Failed test 'Rotation 11 of type monthly exists'
#   at t/rotate.t line 46.

#   Failed test 'Rotation 12 of type monthly exists'
#   at t/rotate.t line 46.

#   Failed test 'Still got yearly directory'
#   at t/rotate.t line 43.

#   Failed test 'Rotation 0 of type yearly exists'
#   at t/rotate.t line 46.

#   Failed test 'Rotation 1 of type yearly exists'
#   at t/rotate.t line 46.

#   Failed test 'Rotation 2 of type yearly exists'
#   at t/rotate.t line 46.

#   Failed test 'Rotation 3 of type yearly exists'
#   at t/rotate.t line 46.

#   Failed test 'Rotation 4 of type yearly exists'
#   at t/rotate.t line 46.

#   Failed test 'Rotation 5 of type yearly exists'
#   at t/rotate.t line 46.

#   Failed test 'Rotation 6 of type yearly exists'
#   at t/rotate.t line 46.

#   Failed test 'Rotation 7 of type yearly exists'
#   at t/rotate.t line 46.

#   Failed test 'Rotation 8 of type yearly exists'
#   at t/rotate.t line 46.

#   Failed test 'Rotation 9 of type yearly exists'
#   at t/rotate.t line 46.

#   Failed test 'Rotation 10 of type yearly exists'
#   at t/rotate.t line 46.
# Looks like you failed 35 tests of 59.
t/rotate.t .............. 
Dubious, test returned 35 (wstat 8960, 0x2300)
Failed 35/59 subtests 

Test Summary Report
-------------------
t/rotate.t            (Wstat: 8960 Tests: 59 Failed: 35)
  Failed tests:  3-5, 23-54
  Non-zero exit status: 35
Files=8, Tests=62,  1 wallclock secs ( 0.04 usr  0.03 sys +  0.75 cusr  0.35 csys =  1.17 CPU)
Result: FAIL
Failed 1/8 test programs. 35/62 subtests failed.
make: *** [test_dynamic] Fehler 35

------------------------------
PREREQUISITES
------------------------------

Prerequisite modules loaded:

requires:

    Module                      Need Have    
    --------------------------- ---- --------
    feature                     0    1.32    
    Log::Tree::RequiredLogger   0    0.15    
    Moose                       0    2.1206  
    mro                         0    1.11    
    namespace::autoclean        0    0.15    
    Sys::FS                     0    0.11    
    Sys::Run                    0    0.15    

build_requires:

    Module                      Need Have    
    --------------------------- ---- --------
    File::Blarf                 0    0.12    
    File::Temp                  0    0.2304  
    strict                      0    1.07    
    Test::MockObject::Universal 0    0.11    
    Test::MockTime              0    0.12    
    Test::More                  0    1.001003
    warnings                    0    1.18    

configure_requires:

    Module                      Need Have    
    --------------------------- ---- --------
    ExtUtils::MakeMaker         6.30 6.98    


------------------------------
ENVIRONMENT AND OTHER CONTEXT
------------------------------

Environment variables:

    DBIC_NO_WARN_BAD_PERL = 1
    LANG = C
    LC_ALL = de_DE.UTF-8
    PATH = /usr/local/bin:/usr/bin:/bin:/usr/local/sbin:/usr/sbin:/sbin:/home/eserte/bin/linux-gnu:/home/eserte/bin/sh:/home/eserte/bin:/usr/games:/home/eserte/devel:/home/eserte/src/srezic-misc/scripts
    PERL5LIB = 
    PERL5OPT = 
    PERL5_CPANPLUS_IS_RUNNING = 29437
    PERL5_CPAN_IS_RUNNING = 29437
    PERL5_CPAN_IS_RUNNING_IN_RECURSION = 6938,29437
    PERLDOC = -MPod::Perldoc::ToTextOverstrike
    PERL_BATCH = yes
    PERL_CPAN_REPORTER_CONFIG = /var/tmp/cpansmoker-1001/i6YaEhgQxi_config.ini
    PERL_EXTUTILS_AUTOINSTALL = --defaultdeps
    PERL_HTML_DISPLAY_CLASS = HTML::Display::Mozilla
    PERL_PARALLEL_SMOKER = yes
    SHELL = /bin/zsh
    TERM = screen
    TMPDIR = /var/tmp/cpansmoker-1001

Perl special variables (and OS-specific diagnostics, for MSWin32):

    $^X = /bbbike/perl-5.18.2t/bin/perl
    $UID/$EUID = 1001 / 1001
    $GID = 1001 109 1001
    $EGID = 1001 109 1001

Perl module toolchain versions installed:

    Module              Have    
    ------------------- --------
    CPAN                2.00    
    CPAN::Meta          2.141170
    Cwd                 3.47    
    ExtUtils::CBuilder  0.280210
    ExtUtils::Command   1.17    
    ExtUtils::Install   1.59    
    ExtUtils::MakeMaker 6.98    
    ExtUtils::Manifest  1.63    
    ExtUtils::ParseXS   3.24    
    File::Spec          3.47    
    JSON                2.90    
    JSON::PP            2.27203 
    Module::Build       0.4205  
    Module::Signature   0.73    
    Parse::CPAN::Meta   1.4414  
    Test::Harness       3.30    
    Test::More          1.001003
    YAML                0.90    
    YAML::Syck          1.27    
    version             0.9908  


--

Summary of my perl5 (revision 5 version 18 subversion 2) configuration:
   
  Platform:
    osname=linux, osvers=3.2.0-4-amd64, archname=x86_64-linux-thread-multi
    uname='linux eserte 3.2.0-4-amd64 #1 smp debian 3.2.57-3 x86_64 gnulinux '
    config_args='-ds -e -Dprefix=/opt/perl-5.18.2t -Dusethreads'
    hint=recommended, useposix=true, d_sigaction=define
    useithreads=define, usemultiplicity=define
    useperlio=define, d_sfio=undef, uselargefiles=define, usesocks=undef
    use64bitint=define, use64bitall=define, uselongdouble=undef
    usemymalloc=n, bincompat5005=undef
  Compiler:
    cc='cc', ccflags ='-D_REENTRANT -D_GNU_SOURCE -fno-strict-aliasing -pipe -fstack-protector -I/usr/local/include -D_LARGEFILE_SOURCE -D_FILE_OFFSET_BITS=64',
    optimize='-O2',
    cppflags='-D_REENTRANT -D_GNU_SOURCE -fno-strict-aliasing -pipe -fstack-protector -I/usr/local/include'
    ccversion='', gccversion='4.7.2', gccosandvers=''
    intsize=4, longsize=8, ptrsize=8, doublesize=8, byteorder=12345678
    d_longlong=define, longlongsize=8, d_longdbl=define, longdblsize=16
    ivtype='long', ivsize=8, nvtype='double', nvsize=8, Off_t='off_t', lseeksize=8
    alignbytes=8, prototype=define
  Linker and Libraries:
    ld='cc', ldflags =' -fstack-protector -L/usr/local/lib'
    libpth=/usr/local/lib /lib/x86_64-linux-gnu /lib/../lib /usr/lib/x86_64-linux-gnu /usr/lib/../lib /lib /usr/lib
    libs=-lnsl -ldb -ldl -lm -lcrypt -lutil -lpthread -lc
    perllibs=-lnsl -ldl -lm -lcrypt -lutil -lpthread -lc
    libc=, so=so, useshrplib=false, libperl=libperl.a
    gnulibc_version='2.13'
  Dynamic Linking:
    dlsrc=dl_dlopen.xs, dlext=so, d_dlsymun=undef, ccdlflags='-Wl,-E'
    cccdlflags='-fPIC', lddlflags='-shared -O2 -L/usr/local/lib -fstack-protector'


Characteristics of this binary (from libperl): 
  Compile-time options: HAS_TIMES MULTIPLICITY PERLIO_LAYERS
                        PERL_DONT_CREATE_GVSV
                        PERL_HASH_FUNC_ONE_AT_A_TIME_HARD
                        PERL_IMPLICIT_CONTEXT PERL_MALLOC_WRAP
                        PERL_PRESERVE_IVUV PERL_SAWAMPERSAND USE_64_BIT_ALL
                        USE_64_BIT_INT USE_ITHREADS USE_LARGE_FILES
                        USE_LOCALE USE_LOCALE_COLLATE USE_LOCALE_CTYPE
                        USE_LOCALE_NUMERIC USE_PERLIO USE_PERL_ATOF
                        USE_REENTRANT_API
  Built under linux
  Compiled at May 14 2014 07:16:29
  %ENV:
    PERL5LIB=""
    PERL5OPT=""
    PERL5_CPANPLUS_IS_RUNNING="29437"
    PERL5_CPAN_IS_RUNNING="29437"
    PERL5_CPAN_IS_RUNNING_IN_RECURSION="6938,29437"
    PERLDOC="-MPod::Perldoc::ToTextOverstrike"
    PERL_BATCH="yes"
    PERL_CPAN_REPORTER_CONFIG="/var/tmp/cpansmoker-1001/i6YaEhgQxi_config.ini"
    PERL_EXTUTILS_AUTOINSTALL="--defaultdeps"
    PERL_HTML_DISPLAY_CLASS="HTML::Display::Mozilla"
    PERL_PARALLEL_SMOKER="yes"
  @INC:
    /opt/perl-5.18.2t/lib/site_perl/5.18.2/x86_64-linux-thread-multi
    /opt/perl-5.18.2t/lib/site_perl/5.18.2
    /opt/perl-5.18.2t/lib/5.18.2/x86_64-linux-thread-multi
    /opt/perl-5.18.2t/lib/5.18.2
    .