Report for Strehler-1.6.8

Back
From: metabase:user:314402c4-2aae-11df-837a-5e0a49663a4f
Subject: FAIL Strehler-1.6.8 v5.20.1 FreeBSD
Date: 2016-10-03T08:57:13Z

This distribution has been tested as part of the CPAN Testers
project, supporting the Perl programming language.  See
http://wiki.cpantesters.org/ for more information or email
questions to cpan-testers-discuss@perl.org


--
Dear Simone Fare,

This is a computer-generated report for Strehler-1.6.8
on perl 5.20.1, created by CPAN-Reporter-1.2017.

Thank you for uploading your work to CPAN.  However, there was a problem
testing your distribution.

If you think this report is invalid, please consult the CPAN Testers Wiki
for suggestions on how to avoid getting FAIL reports for missing library
or binary dependencies, unsupported operating systems, and so on:

http://wiki.cpantesters.org/wiki/CPANAuthorNotes

Sections of this report:

    * Tester comments
    * Program output
    * Prerequisites
    * Environment and other context

------------------------------
TESTER COMMENTS
------------------------------

Additional comments from tester:

none provided

------------------------------
PROGRAM OUTPUT
------------------------------

Output from '/usr/bin/make test':

PERL_DL_NONLAZY=1 "/usr/perl5.20.1p/bin/perl5.20.1" "-MExtUtils::Command::MM" "-MTest::Harness" "-e" "undef *Test::Harness::Switches; test_harness(0, 'blib/lib', 'blib/arch')" t/*.t
Plugin DSL method 'dancer_app' is deprecated. Use '$self->app' instead'.
 at /usr/perl5.20.1p/lib/site_perl/5.20.1/Dancer2/Core/Hook.pm line 33.
Plugin DSL method 'request' is deprecated. Use '$self->app->request' instead'.
 at /usr/perl5.20.1p/lib/site_perl/5.20.1/Dancer2/Core/Hook.pm line 33.

#   Failed test 'Not logged user call is redirected'
#   at t/001_login.t line 29.
#          got: '200'
#     expected: '302'

#   Failed test 'Not logged user call is redirected on login page'
#   at t/001_login.t line 34.
#          got: undef
#     expected: 'http://localhost/admin/login'
Plugin DSL method 'dancer_app' is deprecated. Use '$self->app' instead'.
 at /usr/perl5.20.1p/lib/site_perl/5.20.1/Dancer2/Core/Hook.pm line 33.
Plugin DSL method 'request' is deprecated. Use '$self->app->request' instead'.
 at /usr/perl5.20.1p/lib/site_perl/5.20.1/Dancer2/Core/Hook.pm line 33.
Plugin DSL method 'dancer_app' is deprecated. Use '$self->app' instead'.
 at /usr/perl5.20.1p/lib/site_perl/5.20.1/Dancer2/Core/Hook.pm line 33.
Plugin DSL method 'request' is deprecated. Use '$self->app->request' instead'.
 at /usr/perl5.20.1p/lib/site_perl/5.20.1/Dancer2/Core/Hook.pm line 33.
# Looks like you failed 2 tests of 6.
t/001_login.t ........ 
Dubious, test returned 2 (wstat 512, 0x200)
Failed 2/6 subtests 
Plugin DSL method 'dancer_app' is deprecated. Use '$self->app' instead'.
 at /usr/perl5.20.1p/lib/site_perl/5.20.1/Dancer2/Core/Hook.pm line 33.
Plugin DSL method 'request' is deprecated. Use '$self->app->request' instead'.
 at /usr/perl5.20.1p/lib/site_perl/5.20.1/Dancer2/Core/Hook.pm line 33.

#   Failed test 'Login as editor'
#   at t/002_permissions.t line 27.
#                   '<!DOCTYPE html PUBLIC "-//W3C//DTD XHTML 1.0 Transitional//EN"
#         "http://www.w3.org/TR/xhtml1/DTD/xhtml1-transitional.dtd">
# <html xmlns="http://www.w3.org/1999/xhtml">
# <head>
# <meta http-equiv="Content-type" content="text/html; charset=utf-8" />
# <title>Admin</title>
# <link rel="stylesheet" href="http://localhost/strehler/bootstrap/css/bootstrap.min.css" />
# <link rel="stylesheet" href="http://localhost/strehler/bootstrap/datepicker/css/datepicker.css" />
# <link rel="stylesheet" href="http://localhost/strehler/css/admin.css" />
# <script src="http://localhost/strehler/js/jquery.js"></script>
# <script src="http://localhost/strehler/js/jquery-ui-1.10.3.custom.min.js"></script>
# <script src="http://localhost/strehler/bootstrap/js/bootstrap.min.js"></script>
# <script src="http://localhost/strehler/bootstrap/datepicker/js/bootstrap-datepicker.js"></script>
# <script src="http://localhost/strehler/js/strehler.js"></script>
# 
# 
# </head>
# <body>
# <div class="navbar">
#   <div class="navbar-inner">
#     <ul class="nav">
#       
#       <li class="dropdown user"><a href="#" class="dropdown-toggle user-toggle" data-toggle="dropdown"><b class="icon-user"></b>  admin<b class="caret"></b></a>
#         <ul class="dropdown-menu">
#             <li><a href="/">Site homepage</a></li>
#             <li><a href="/admin/user/password">Change password</a></li>
#             <li><a href="/admin/logout">Logout</a></li>
#         </ul>
#       </li>
#       
#       
#       <li class="active"><a href="/admin">Home</a></li>
#       
#       
#           
#           
#           <li class=""><a href="/admin/article">Articles</a></li>
#       
#           
#           
#           <li class=""><a href="/admin/image">Images</a></li>
#       
#           
#           
#           <li class=""><a href="/admin/dummy">Dummy</a></li>
#       
#           
#           
#           <li class=""><a href="/admin/foo">Dummy</a></li>
#       
#           
#           
#           <li class=""><a href="/admin/puppet">Puppet</a></li>
#       
#       
#       <li class=" first-admin"><a href="/admin/category">Categories</a></li>
#       
#           
#           
#           <li class=""><a href="/admin/user">Users</a></li>
#       
#           
#           
#           <li class=""><a href="/admin/log">Logs</a></li>
#       
#       
#     </ul>
#   </div>
#   
#   
#   <div class="alert alert-error">
#       <strong>Warning</strong>: there're open issues. Go to <a href="/admin/sys/warnings">system messages</a>
#   </div>
#   
#   
# </div>
# <div class="span10">
#     <h1>Home</h1>
# </div>
# <div class="content homepage">
# <p class="lead span10 text-center">
#     Select an entity from the navbar
# </p>
# </div>
# 
# <div id="footer" class="span10">
#     <p class="span5 offset8">
#     Strehler 1.6.8, powered by <a href="http://perldancer.org/">Dancer2</a> 0.203000
#     </p>
# </div>
# </body>
# </html>
# '
#     doesn't match '(?^:<b class="icon-user"></b>.*editor)'
Plugin DSL method 'dancer_app' is deprecated. Use '$self->app' instead'.
 at /usr/perl5.20.1p/lib/site_perl/5.20.1/Dancer2/Core/Hook.pm line 33.
Plugin DSL method 'request' is deprecated. Use '$self->app->request' instead'.
 at /usr/perl5.20.1p/lib/site_perl/5.20.1/Dancer2/Core/Hook.pm line 33.
# Looks like you failed 1 test of 3.
t/002_permissions.t .. 
Dubious, test returned 1 (wstat 256, 0x100)
Failed 1/3 subtests 
Plugin DSL method 'dancer_app' is deprecated. Use '$self->app' instead'.
 at /usr/perl5.20.1p/lib/site_perl/5.20.1/Dancer2/Core/Hook.pm line 33.
Plugin DSL method 'request' is deprecated. Use '$self->app->request' instead'.
 at /usr/perl5.20.1p/lib/site_perl/5.20.1/Dancer2/Core/Hook.pm line 33.
Plugin DSL method 'dancer_app' is deprecated. Use '$self->app' instead'.
 at /usr/perl5.20.1p/lib/site_perl/5.20.1/Dancer2/Core/Hook.pm line 33.
Plugin DSL method 'request' is deprecated. Use '$self->app->request' instead'.
 at /usr/perl5.20.1p/lib/site_perl/5.20.1/Dancer2/Core/Hook.pm line 33.
Plugin DSL method 'request' is deprecated. Use '$self->app->request' instead'.
 at /usr/perl5.20.1p/lib/site_perl/5.20.1/Dancer2/Core/Route.pm line 139.
Plugin DSL method 'dancer_app' is deprecated. Use '$self->app' instead'.
 at /usr/perl5.20.1p/lib/site_perl/5.20.1/Dancer2/Core/Hook.pm line 33.
Plugin DSL method 'request' is deprecated. Use '$self->app->request' instead'.
 at /usr/perl5.20.1p/lib/site_perl/5.20.1/Dancer2/Core/Hook.pm line 33.
Plugin DSL method 'dancer_app' is deprecated. Use '$self->app' instead'.
 at /usr/perl5.20.1p/lib/site_perl/5.20.1/Dancer2/Core/Hook.pm line 33.
Plugin DSL method 'request' is deprecated. Use '$self->app->request' instead'.
 at /usr/perl5.20.1p/lib/site_perl/5.20.1/Dancer2/Core/Hook.pm line 33.
Plugin DSL method 'dancer_app' is deprecated. Use '$self->app' instead'.
 at /usr/perl5.20.1p/lib/site_perl/5.20.1/Dancer2/Core/Hook.pm line 33.
Plugin DSL method 'request' is deprecated. Use '$self->app->request' instead'.
 at /usr/perl5.20.1p/lib/site_perl/5.20.1/Dancer2/Core/Hook.pm line 33.
Plugin DSL method 'dancer_app' is deprecated. Use '$self->app' instead'.
 at /usr/perl5.20.1p/lib/site_perl/5.20.1/Dancer2/Core/Hook.pm line 33.
Plugin DSL method 'request' is deprecated. Use '$self->app->request' instead'.
 at /usr/perl5.20.1p/lib/site_perl/5.20.1/Dancer2/Core/Hook.pm line 33.
t/004_categories.t ... ok
Plugin DSL method 'dancer_app' is deprecated. Use '$self->app' instead'.
 at /usr/perl5.20.1p/lib/site_perl/5.20.1/Dancer2/Core/Hook.pm line 33.
Plugin DSL method 'request' is deprecated. Use '$self->app->request' instead'.
 at /usr/perl5.20.1p/lib/site_perl/5.20.1/Dancer2/Core/Hook.pm line 33.
Plugin DSL method 'dancer_app' is deprecated. Use '$self->app' instead'.
 at /usr/perl5.20.1p/lib/site_perl/5.20.1/Dancer2/Core/Hook.pm line 33.
Plugin DSL method 'request' is deprecated. Use '$self->app->request' instead'.
 at /usr/perl5.20.1p/lib/site_perl/5.20.1/Dancer2/Core/Hook.pm line 33.
Plugin DSL method 'dancer_app' is deprecated. Use '$self->app' instead'.
 at /usr/perl5.20.1p/lib/site_perl/5.20.1/Dancer2/Core/Hook.pm line 33.
Plugin DSL method 'request' is deprecated. Use '$self->app->request' instead'.
 at /usr/perl5.20.1p/lib/site_perl/5.20.1/Dancer2/Core/Hook.pm line 33.
Plugin DSL method 'dancer_app' is deprecated. Use '$self->app' instead'.
 at /usr/perl5.20.1p/lib/site_perl/5.20.1/Dancer2/Core/Hook.pm line 33.
Plugin DSL method 'request' is deprecated. Use '$self->app->request' instead'.
 at /usr/perl5.20.1p/lib/site_perl/5.20.1/Dancer2/Core/Hook.pm line 33.
Plugin DSL method 'dancer_app' is deprecated. Use '$self->app' instead'.
 at /usr/perl5.20.1p/lib/site_perl/5.20.1/Dancer2/Core/Hook.pm line 33.
Plugin DSL method 'request' is deprecated. Use '$self->app->request' instead'.
 at /usr/perl5.20.1p/lib/site_perl/5.20.1/Dancer2/Core/Hook.pm line 33.
Plugin DSL method 'request' is deprecated. Use '$self->app->request' instead'.
 at /usr/perl5.20.1p/lib/site_perl/5.20.1/Dancer2/Core/Route.pm line 139.
Plugin DSL method 'dancer_app' is deprecated. Use '$self->app' instead'.
 at /usr/perl5.20.1p/lib/site_perl/5.20.1/Dancer2/Core/Hook.pm line 33.
Plugin DSL method 'request' is deprecated. Use '$self->app->request' instead'.
 at /usr/perl5.20.1p/lib/site_perl/5.20.1/Dancer2/Core/Hook.pm line 33.
Plugin DSL method 'dancer_app' is deprecated. Use '$self->app' instead'.
 at /usr/perl5.20.1p/lib/site_perl/5.20.1/Dancer2/Core/Hook.pm line 33.
Plugin DSL method 'request' is deprecated. Use '$self->app->request' instead'.
 at /usr/perl5.20.1p/lib/site_perl/5.20.1/Dancer2/Core/Hook.pm line 33.
Plugin DSL method 'dancer_app' is deprecated. Use '$self->app' instead'.
 at /usr/perl5.20.1p/lib/site_perl/5.20.1/Dancer2/Core/Hook.pm line 33.
Plugin DSL method 'request' is deprecated. Use '$self->app->request' instead'.
 at /usr/perl5.20.1p/lib/site_perl/5.20.1/Dancer2/Core/Hook.pm line 33.
Plugin DSL method 'dancer_app' is deprecated. Use '$self->app' instead'.
 at /usr/perl5.20.1p/lib/site_perl/5.20.1/Dancer2/Core/Hook.pm line 33.
Plugin DSL method 'request' is deprecated. Use '$self->app->request' instead'.
 at /usr/perl5.20.1p/lib/site_perl/5.20.1/Dancer2/Core/Hook.pm line 33.
Plugin DSL method 'dancer_app' is deprecated. Use '$self->app' instead'.
 at /usr/perl5.20.1p/lib/site_perl/5.20.1/Dancer2/Core/Hook.pm line 33.
Plugin DSL method 'request' is deprecated. Use '$self->app->request' instead'.
 at /usr/perl5.20.1p/lib/site_perl/5.20.1/Dancer2/Core/Hook.pm line 33.
Plugin DSL method 'dancer_app' is deprecated. Use '$self->app' instead'.
 at /usr/perl5.20.1p/lib/site_perl/5.20.1/Dancer2/Core/Hook.pm line 33.
Plugin DSL method 'request' is deprecated. Use '$self->app->request' instead'.
 at /usr/perl5.20.1p/lib/site_perl/5.20.1/Dancer2/Core/Hook.pm line 33.
t/005_articles.t ..... ok
Subroutine dancer_app redefined at (eval 1141) line 5.
Subroutine request redefined at (eval 1141) line 14.
Subroutine var redefined at (eval 1141) line 23.
Subroutine hook redefined at (eval 1141) line 32.
String found where operator expected at t/testapp/lib/Site.pm line 13, near "slug '/ex/slug/:slug'"
	(Do you need to predeclare slug?)
String found where operator expected at t/testapp/lib/Site.pm line 14, near "list '/ex/list/dummy'"
	(Do you need to predeclare list?)
String found where operator expected at t/testapp/lib/Site.pm line 15, near "latest_page '/ex/mypage'"
	(Do you need to predeclare latest_page?)
String found where operator expected at t/testapp/lib/Site.pm line 16, near "slug '/exref/slug/:slug'"
	(Do you need to predeclare slug?)
String found where operator expected at t/testapp/lib/Site.pm line 17, near "list '/exref/list/dummy'"
	(Do you need to predeclare list?)
String found where operator expected at t/testapp/lib/Site.pm line 18, near "latest_page '/exref/mypage'"
	(Do you need to predeclare latest_page?)
syntax error at t/testapp/lib/Site.pm line 13, near "slug '/ex/slug/:slug'"
Compilation failed in require at t/006_frontend.t line 17.
t/006_frontend.t ..... 
Dubious, test returned 255 (wstat 65280, 0xff00)
No subtests run 
Plugin DSL method 'dancer_app' is deprecated. Use '$self->app' instead'.
 at /usr/perl5.20.1p/lib/site_perl/5.20.1/Dancer2/Core/Hook.pm line 33.
Plugin DSL method 'request' is deprecated. Use '$self->app->request' instead'.
 at /usr/perl5.20.1p/lib/site_perl/5.20.1/Dancer2/Core/Hook.pm line 33.
Plugin DSL method 'dancer_app' is deprecated. Use '$self->app' instead'.
 at /usr/perl5.20.1p/lib/site_perl/5.20.1/Dancer2/Core/Hook.pm line 33.
Plugin DSL method 'request' is deprecated. Use '$self->app->request' instead'.
 at /usr/perl5.20.1p/lib/site_perl/5.20.1/Dancer2/Core/Hook.pm line 33.
Plugin DSL method 'dancer_app' is deprecated. Use '$self->app' instead'.
 at /usr/perl5.20.1p/lib/site_perl/5.20.1/Dancer2/Core/Hook.pm line 33.
Plugin DSL method 'request' is deprecated. Use '$self->app->request' instead'.
 at /usr/perl5.20.1p/lib/site_perl/5.20.1/Dancer2/Core/Hook.pm line 33.
Plugin DSL method 'dancer_app' is deprecated. Use '$self->app' instead'.
 at /usr/perl5.20.1p/lib/site_perl/5.20.1/Dancer2/Core/Hook.pm line 33.
Plugin DSL method 'request' is deprecated. Use '$self->app->request' instead'.
 at /usr/perl5.20.1p/lib/site_perl/5.20.1/Dancer2/Core/Hook.pm line 33.
Plugin DSL method 'dancer_app' is deprecated. Use '$self->app' instead'.
 at /usr/perl5.20.1p/lib/site_perl/5.20.1/Dancer2/Core/Hook.pm line 33.
Plugin DSL method 'request' is deprecated. Use '$self->app->request' instead'.
 at /usr/perl5.20.1p/lib/site_perl/5.20.1/Dancer2/Core/Hook.pm line 33.
Plugin DSL method 'request' is deprecated. Use '$self->app->request' instead'.
 at /usr/perl5.20.1p/lib/site_perl/5.20.1/Dancer2/Core/Route.pm line 139.
Plugin DSL method 'dancer_app' is deprecated. Use '$self->app' instead'.
 at /usr/perl5.20.1p/lib/site_perl/5.20.1/Dancer2/Core/Hook.pm line 33.
Plugin DSL method 'request' is deprecated. Use '$self->app->request' instead'.
 at /usr/perl5.20.1p/lib/site_perl/5.20.1/Dancer2/Core/Hook.pm line 33.
t/007_images.t ....... ok
Subroutine dancer_app redefined at (eval 1141) line 5.
Subroutine request redefined at (eval 1141) line 14.
Subroutine var redefined at (eval 1141) line 23.
Subroutine hook redefined at (eval 1141) line 32.
String found where operator expected at t/testapp/lib/Site.pm line 13, near "slug '/ex/slug/:slug'"
	(Do you need to predeclare slug?)
String found where operator expected at t/testapp/lib/Site.pm line 14, near "list '/ex/list/dummy'"
	(Do you need to predeclare list?)
String found where operator expected at t/testapp/lib/Site.pm line 15, near "latest_page '/ex/mypage'"
	(Do you need to predeclare latest_page?)
String found where operator expected at t/testapp/lib/Site.pm line 16, near "slug '/exref/slug/:slug'"
	(Do you need to predeclare slug?)
String found where operator expected at t/testapp/lib/Site.pm line 17, near "list '/exref/list/dummy'"
	(Do you need to predeclare list?)
String found where operator expected at t/testapp/lib/Site.pm line 18, near "latest_page '/exref/mypage'"
	(Do you need to predeclare latest_page?)
syntax error at t/testapp/lib/Site.pm line 13, near "slug '/ex/slug/:slug'"
Compilation failed in require at t/008_tags.t line 16.
t/008_tags.t ......... 
Dubious, test returned 255 (wstat 65280, 0xff00)
No subtests run 
Subroutine dancer_app redefined at (eval 1141) line 5.
Subroutine request redefined at (eval 1141) line 14.
Subroutine var redefined at (eval 1141) line 23.
Subroutine hook redefined at (eval 1141) line 32.
String found where operator expected at t/testapp/lib/Site.pm line 13, near "slug '/ex/slug/:slug'"
	(Do you need to predeclare slug?)
String found where operator expected at t/testapp/lib/Site.pm line 14, near "list '/ex/list/dummy'"
	(Do you need to predeclare list?)
String found where operator expected at t/testapp/lib/Site.pm line 15, near "latest_page '/ex/mypage'"
	(Do you need to predeclare latest_page?)
String found where operator expected at t/testapp/lib/Site.pm line 16, near "slug '/exref/slug/:slug'"
	(Do you need to predeclare slug?)
String found where operator expected at t/testapp/lib/Site.pm line 17, near "list '/exref/list/dummy'"
	(Do you need to predeclare list?)
String found where operator expected at t/testapp/lib/Site.pm line 18, near "latest_page '/exref/mypage'"
	(Do you need to predeclare latest_page?)
syntax error at t/testapp/lib/Site.pm line 13, near "slug '/ex/slug/:slug'"
Compilation failed in require at t/009_extra.t line 16.
t/009_extra.t ........ 
Dubious, test returned 255 (wstat 65280, 0xff00)
No subtests run 
t/010_api.t .......... ok
Subroutine dancer_app redefined at (eval 218) line 5.
Subroutine request redefined at (eval 218) line 14.
Subroutine var redefined at (eval 218) line 23.
Subroutine hook redefined at (eval 218) line 32.
String found where operator expected at t/testapp/lib/Site.pm line 13, near "slug '/ex/slug/:slug'"
	(Do you need to predeclare slug?)
String found where operator expected at t/testapp/lib/Site.pm line 14, near "list '/ex/list/dummy'"
	(Do you need to predeclare list?)
String found where operator expected at t/testapp/lib/Site.pm line 15, near "latest_page '/ex/mypage'"
	(Do you need to predeclare latest_page?)
String found where operator expected at t/testapp/lib/Site.pm line 16, near "slug '/exref/slug/:slug'"
	(Do you need to predeclare slug?)
String found where operator expected at t/testapp/lib/Site.pm line 17, near "list '/exref/list/dummy'"
	(Do you need to predeclare list?)
String found where operator expected at t/testapp/lib/Site.pm line 18, near "latest_page '/exref/mypage'"
	(Do you need to predeclare latest_page?)
syntax error at t/testapp/lib/Site.pm line 13, near "slug '/ex/slug/:slug'"
Compilation failed in require at t/011_ex.t line 15.
t/011_ex.t ........... 
Dubious, test returned 255 (wstat 65280, 0xff00)
No subtests run 
Plugin DSL method 'dancer_app' is deprecated. Use '$self->app' instead'.
 at /usr/perl5.20.1p/lib/site_perl/5.20.1/Dancer2/Core/Hook.pm line 33.
Plugin DSL method 'request' is deprecated. Use '$self->app->request' instead'.
 at /usr/perl5.20.1p/lib/site_perl/5.20.1/Dancer2/Core/Hook.pm line 33.
Plugin DSL method 'dancer_app' is deprecated. Use '$self->app' instead'.
 at /usr/perl5.20.1p/lib/site_perl/5.20.1/Dancer2/Core/Hook.pm line 33.
Plugin DSL method 'request' is deprecated. Use '$self->app->request' instead'.
 at /usr/perl5.20.1p/lib/site_perl/5.20.1/Dancer2/Core/Hook.pm line 33.
Plugin DSL method 'dancer_app' is deprecated. Use '$self->app' instead'.
 at /usr/perl5.20.1p/lib/site_perl/5.20.1/Dancer2/Core/Hook.pm line 33.
Plugin DSL method 'request' is deprecated. Use '$self->app->request' instead'.
 at /usr/perl5.20.1p/lib/site_perl/5.20.1/Dancer2/Core/Hook.pm line 33.
Plugin DSL method 'dancer_app' is deprecated. Use '$self->app' instead'.
 at /usr/perl5.20.1p/lib/site_perl/5.20.1/Dancer2/Core/Hook.pm line 33.
Plugin DSL method 'request' is deprecated. Use '$self->app->request' instead'.
 at /usr/perl5.20.1p/lib/site_perl/5.20.1/Dancer2/Core/Hook.pm line 33.
Plugin DSL method 'dancer_app' is deprecated. Use '$self->app' instead'.
 at /usr/perl5.20.1p/lib/site_perl/5.20.1/Dancer2/Core/Hook.pm line 33.
Plugin DSL method 'request' is deprecated. Use '$self->app->request' instead'.
 at /usr/perl5.20.1p/lib/site_perl/5.20.1/Dancer2/Core/Hook.pm line 33.

#   Failed test 'Logged as dummy'
#   at t/012_users.t line 64.
#                   '<!DOCTYPE html PUBLIC "-//W3C//DTD XHTML 1.0 Transitional//EN"
#         "http://www.w3.org/TR/xhtml1/DTD/xhtml1-transitional.dtd">
# <html xmlns="http://www.w3.org/1999/xhtml">
# <head>
# <meta http-equiv="Content-type" content="text/html; charset=utf-8" />
# <title>Admin</title>
# <link rel="stylesheet" href="http://localhost/strehler/bootstrap/css/bootstrap.min.css" />
# <link rel="stylesheet" href="http://localhost/strehler/bootstrap/datepicker/css/datepicker.css" />
# <link rel="stylesheet" href="http://localhost/strehler/css/admin.css" />
# <script src="http://localhost/strehler/js/jquery.js"></script>
# <script src="http://localhost/strehler/js/jquery-ui-1.10.3.custom.min.js"></script>
# <script src="http://localhost/strehler/bootstrap/js/bootstrap.min.js"></script>
# <script src="http://localhost/strehler/bootstrap/datepicker/js/bootstrap-datepicker.js"></script>
# <script src="http://localhost/strehler/js/strehler.js"></script>
# 
# 
# </head>
# <body>
# <div class="navbar">
#   <div class="navbar-inner">
#     <ul class="nav">
#       
#       <li class="dropdown user"><a href="#" class="dropdown-toggle user-toggle" data-toggle="dropdown"><b class="icon-user"></b>  admin<b class="caret"></b></a>
#         <ul class="dropdown-menu">
#             <li><a href="/">Site homepage</a></li>
#             <li><a href="/admin/user/password">Change password</a></li>
#             <li><a href="/admin/logout">Logout</a></li>
#         </ul>
#       </li>
#       
#       
#       <li class="active"><a href="/admin">Home</a></li>
#       
#       
#           
#           
#           <li class=""><a href="/admin/article">Articles</a></li>
#       
#           
#           
#           <li class=""><a href="/admin/image">Images</a></li>
#       
#           
#           
#           <li class=""><a href="/admin/puppet">Puppet</a></li>
#       
#           
#           
#           <li class=""><a href="/admin/dummy">Dummy</a></li>
#       
#           
#           
#           <li class=""><a href="/admin/foo">Dummy</a></li>
#       
#       
#       <li class=" first-admin"><a href="/admin/category">Categories</a></li>
#       
#           
#           
#           <li class=""><a href="/admin/user">Users</a></li>
#       
#           
#           
#           <li class=""><a href="/admin/log">Logs</a></li>
#       
#       
#     </ul>
#   </div>
#   
#   
#   <div class="alert alert-error">
#       <strong>Warning</strong>: there're open issues. Go to <a href="/admin/sys/warnings">system messages</a>
#   </div>
#   
#   
# </div>
# <div class="span10">
#     <h1>Home</h1>
# </div>
# <div class="content homepage">
# <p class="lead span10 text-center">
#     Select an entity from the navbar
# </p>
# </div>
# 
# <div id="footer" class="span10">
#     <p class="span5 offset8">
#     Strehler 1.6.8, powered by <a href="http://perldancer.org/">Dancer2</a> 0.203000
#     </p>
# </div>
# </body>
# </html>
# '
#     doesn't match '(?^:<b class="icon-user"></b>.*dummy)'
Plugin DSL method 'dancer_app' is deprecated. Use '$self->app' instead'.
 at /usr/perl5.20.1p/lib/site_perl/5.20.1/Dancer2/Core/Hook.pm line 33.
Plugin DSL method 'request' is deprecated. Use '$self->app->request' instead'.
 at /usr/perl5.20.1p/lib/site_perl/5.20.1/Dancer2/Core/Hook.pm line 33.
Plugin DSL method 'dancer_app' is deprecated. Use '$self->app' instead'.
 at /usr/perl5.20.1p/lib/site_perl/5.20.1/Dancer2/Core/Hook.pm line 33.
Plugin DSL method 'request' is deprecated. Use '$self->app->request' instead'.
 at /usr/perl5.20.1p/lib/site_perl/5.20.1/Dancer2/Core/Hook.pm line 33.

#   Failed test 'Logged as dummy with the new password'
#   at t/012_users.t line 75.
#                   '<!DOCTYPE html PUBLIC "-//W3C//DTD XHTML 1.0 Transitional//EN"
#         "http://www.w3.org/TR/xhtml1/DTD/xhtml1-transitional.dtd">
# <html xmlns="http://www.w3.org/1999/xhtml">
# <head>
# <meta http-equiv="Content-type" content="text/html; charset=utf-8" />
# <title>Admin</title>
# <link rel="stylesheet" href="http://localhost/strehler/bootstrap/css/bootstrap.min.css" />
# <link rel="stylesheet" href="http://localhost/strehler/bootstrap/datepicker/css/datepicker.css" />
# <link rel="stylesheet" href="http://localhost/strehler/css/admin.css" />
# <script src="http://localhost/strehler/js/jquery.js"></script>
# <script src="http://localhost/strehler/js/jquery-ui-1.10.3.custom.min.js"></script>
# <script src="http://localhost/strehler/bootstrap/js/bootstrap.min.js"></script>
# <script src="http://localhost/strehler/bootstrap/datepicker/js/bootstrap-datepicker.js"></script>
# <script src="http://localhost/strehler/js/strehler.js"></script>
# 
# 
# </head>
# <body>
# <div class="navbar">
#   <div class="navbar-inner">
#     <ul class="nav">
#       
#       <li class="dropdown user"><a href="#" class="dropdown-toggle user-toggle" data-toggle="dropdown"><b class="icon-user"></b>  admin<b class="caret"></b></a>
#         <ul class="dropdown-menu">
#             <li><a href="/">Site homepage</a></li>
#             <li><a href="/admin/user/password">Change password</a></li>
#             <li><a href="/admin/logout">Logout</a></li>
#         </ul>
#       </li>
#       
#       
#       <li class="active"><a href="/admin">Home</a></li>
#       
#       
#           
#           
#           <li class=""><a href="/admin/article">Articles</a></li>
#       
#           
#           
#           <li class=""><a href="/admin/image">Images</a></li>
#       
#           
#           
#           <li class=""><a href="/admin/puppet">Puppet</a></li>
#       
#           
#           
#           <li class=""><a href="/admin/dummy">Dummy</a></li>
#       
#           
#           
#           <li class=""><a href="/admin/foo">Dummy</a></li>
#       
#       
#       <li class=" first-admin"><a href="/admin/category">Categories</a></li>
#       
#           
#           
#           <li class=""><a href="/admin/user">Users</a></li>
#       
#           
#           
#           <li class=""><a href="/admin/log">Logs</a></li>
#       
#       
#     </ul>
#   </div>
#   
#   
#   <div class="alert alert-error">
#       <strong>Warning</strong>: there're open issues. Go to <a href="/admin/sys/warnings">system messages</a>
#   </div>
#   
#   
# </div>
# <div class="span10">
#     <h1>Home</h1>
# </div>
# <div class="content homepage">
# <p class="lead span10 text-center">
#     Select an entity from the navbar
# </p>
# </div>
# 
# <div id="footer" class="span10">
#     <p class="span5 offset8">
#     Strehler 1.6.8, powered by <a href="http://perldancer.org/">Dancer2</a> 0.203000
#     </p>
# </div>
# </body>
# </html>
# '
#     doesn't match '(?^:<b class="icon-user"></b>.*dummy)'
# Looks like you failed 2 tests of 7.
t/012_users.t ........ 
Dubious, test returned 2 (wstat 512, 0x200)
Failed 2/7 subtests 
Plugin DSL method 'dancer_app' is deprecated. Use '$self->app' instead'.
 at /usr/perl5.20.1p/lib/site_perl/5.20.1/Dancer2/Core/Hook.pm line 33.
Plugin DSL method 'request' is deprecated. Use '$self->app->request' instead'.
 at /usr/perl5.20.1p/lib/site_perl/5.20.1/Dancer2/Core/Hook.pm line 33.
Plugin DSL method 'dancer_app' is deprecated. Use '$self->app' instead'.
 at /usr/perl5.20.1p/lib/site_perl/5.20.1/Dancer2/Core/Hook.pm line 33.
Plugin DSL method 'request' is deprecated. Use '$self->app->request' instead'.
 at /usr/perl5.20.1p/lib/site_perl/5.20.1/Dancer2/Core/Hook.pm line 33.
t/013_dashboard.t .... ok
t/author-critic.t .... skipped: these tests are for testing by the author

Test Summary Report
-------------------
t/001_login.t      (Wstat: 512 Tests: 6 Failed: 2)
  Failed tests:  1-2
  Non-zero exit status: 2
t/002_permissions.t (Wstat: 256 Tests: 3 Failed: 1)
  Failed test:  1
  Non-zero exit status: 1
t/006_frontend.t   (Wstat: 65280 Tests: 0 Failed: 0)
  Non-zero exit status: 255
  Parse errors: No plan found in TAP output
t/008_tags.t       (Wstat: 65280 Tests: 0 Failed: 0)
  Non-zero exit status: 255
  Parse errors: No plan found in TAP output
t/009_extra.t      (Wstat: 65280 Tests: 0 Failed: 0)
  Non-zero exit status: 255
  Parse errors: No plan found in TAP output
t/011_ex.t         (Wstat: 65280 Tests: 0 Failed: 0)
  Non-zero exit status: 255
  Parse errors: No plan found in TAP output
t/012_users.t      (Wstat: 512 Tests: 7 Failed: 2)
  Failed tests:  5, 7
  Non-zero exit status: 2
Files=13, Tests=97, 43 wallclock secs ( 0.02 usr  0.12 sys + 13.41 cusr  1.77 csys = 15.33 CPU)
Result: FAIL
Failed 7/13 test programs. 5/97 subtests failed.
*** Error code 255

Stop.
make: stopped in /home/cpansand/.cpan/build/2016100309/Strehler-1.6.8-o9ftRo

------------------------------
PREREQUISITES
------------------------------

Prerequisite modules loaded:

requires:

    Module                               Need     Have    
    ------------------------------------ -------- --------
    Authen::Passphrase::BlowfishCrypt    0        0.008   
    Carp                                 0        1.38    
    Cwd                                  0        3.60    
    Dancer2                              0.166001 0.203000
    Dancer2::Core::App                   0        0.203000
    Dancer2::Core::Runner                0        0.203000
    Dancer2::Plugin                      0        0.203000
    Dancer2::Plugin::Ajax                0        0.200000
    Dancer2::Plugin::DBIC                0        0.0013  
    Dancer2::Serializer::JSON            0        0.203000
    DateTime::Format::SQLite             0        0.11    
    DateTime::Format::Strptime           0        1.68    
    DBI                                  0        1.636   
    DBIx::Class::Core                    0        0       
    DBIx::Class::Schema                  0        0       
    DBIx::Class::Schema::Loader          0        0.07045 
    DBIx::Class::TimeStamp               0        0.14    
    File::Copy                           0        2.30    
    File::Copy::Recursive                0        0.38    
    File::Path                           0        2.12    
    HTML::FormFu                         1.00     2.01    
    HTML::FormFu::Element::Block         0        2.01    
    HTML::FormFu::Element::Fieldset      0        2.01    
    HTML::FormFu::Element::Label         0        2.01    
    HTML::FormFu::Element::Select        0        2.01    
    HTML::FormFu::Element::Text          0        2.01    
    HTML::FormFu::Validator              0        2.01    
    IO::Prompt                           0        0.997003
    Lingua::EN::Inflect                  0        1.900   
    Module::Load                         0        0.32    
    Moo                                  0        2.002004
    Moo::Role                            0        2.002004
    Moose                                0        2.1806  
    SQL::Translator                      0        0.11021 
    SQL::Translator::Parser::DBIx::Class 0        1.10    
    Term::ReadKey                        0        2.33    
    Text::Unidecode                      0        1.27    
    Time::localtime                      0        1.02    
    Try::Tiny                            0        0.27    
    Unicode::Normalize                   0        1.25    
    YAML::XS                             0        0.62    

build_requires:

    Module                               Need     Have    
    ------------------------------------ -------- --------
    ExtUtils::MakeMaker                  0        7.24    
    FindBin                              0        1.51    
    HTTP::Cookies                        0        6.01    
    HTTP::Request                        0        6.11    
    HTTP::Request::Common                0        6.11    
    JSON                                 0        2.90    
    Plack::Builder                       0        0       
    Plack::Test                          0        0       
    Test::More                           0        1.302059

configure_requires:

    Module                               Need     Have    
    ------------------------------------ -------- --------
    ExtUtils::MakeMaker                  0        7.24    


------------------------------
ENVIRONMENT AND OTHER CONTEXT
------------------------------

Environment variables:

    LC_ALL = de_DE.ISO8859-1
    PATH = /usr/local/bin:/usr/bin:/bin:/usr/local/sbin:/usr/sbin:/sbin:/home/cpansand/bin/freebsd10.1:/home/cpansand/bin/sh:/home/cpansand/bin:/usr/games:/home/cpansand/devel:/home/eserte/src/srezic-misc/scripts
    PERL5LIB = 
    PERL5OPT = 
    PERL5_CPANPLUS_IS_RUNNING = 95905
    PERL5_CPAN_IS_RUNNING = 95905
    PERL5_CPAN_IS_RUNNING_IN_RECURSION = 73553,95905
    PERLDOC = -MPod::Perldoc::ToTextOverstrike
    PERL_BATCH = yes
    PERL_CANARY_STABILITY_NOPROMPT = 1
    PERL_CPAN_REPORTER_CONFIG = /var/tmp/cpansmoker-1023/2016100309/cpanreporter_000_config.ini
    PERL_EXTUTILS_AUTOINSTALL = --defaultdeps
    SHELL = /usr/local/bin/zsh
    TERM = screen
    TMPDIR = /var/tmp/cpansmoker-1023/2016100309

Perl special variables (and OS-specific diagnostics, for MSWin32):

    $^X = /usr/perl5.20.1p/bin/perl5.20.1
    $UID/$EUID = 1023 / 1023
    $GID = 1023 1023
    $EGID = 1023 1023

Perl module toolchain versions installed:

    Module              Have    
    ------------------- --------
    CPAN                2.10    
    CPAN::Meta          2.150010
    Cwd                 3.60    
    ExtUtils::CBuilder  0.280224
    ExtUtils::Command   7.24    
    ExtUtils::Install   1.67    
    ExtUtils::MakeMaker 7.24    
    ExtUtils::Manifest  1.70    
    ExtUtils::ParseXS   3.24    
    File::Spec          3.60    
    JSON                2.90    
    JSON::PP            2.27300 
    Module::Build       0.4220  
    Module::Signature   0.79    
    Parse::CPAN::Meta   2.150010
    Test::Harness       3.35    
    Test::More          1.302059
    YAML                1.15    
    YAML::Syck          1.29    
    version             0.9916  


--

Summary of my perl5 (revision 5 version 20 subversion 1) configuration:
   
  Platform:
    osname=freebsd, osvers=10.1-release, archname=amd64-freebsd
    uname='freebsd cvrsnica-freebsd-101.herceg.de 10.1-release freebsd 10.1-release #0 r274401: tue nov 11 21:02:49 utc 2014 root@releng1.nyi.freebsd.org:usrobjusrsrcsysgeneric amd64 '
    config_args='-ds -e -Dprefix=/usr/perl5.20.1p'
    hint=recommended, useposix=true, d_sigaction=define
    useithreads=undef, usemultiplicity=undef
    use64bitint=define, use64bitall=define, uselongdouble=undef
    usemymalloc=n, bincompat5005=undef
  Compiler:
    cc='cc', ccflags ='-DHAS_FPSETMASK -DHAS_FLOATINGPOINT_H -fno-strict-aliasing -pipe -fstack-protector -I/usr/local/include',
    optimize='-O',
    cppflags='-DHAS_FPSETMASK -DHAS_FLOATINGPOINT_H -fno-strict-aliasing -pipe -fstack-protector -I/usr/local/include'
    ccversion='', gccversion='4.2.1 Compatible FreeBSD Clang 3.4.1 (tags/RELEASE_34/dot1-final 208032)', gccosandvers=''
    intsize=4, longsize=8, ptrsize=8, doublesize=8, byteorder=12345678
    d_longlong=define, longlongsize=8, d_longdbl=define, longdblsize=16
    ivtype='long', ivsize=8, nvtype='double', nvsize=8, Off_t='off_t', lseeksize=8
    alignbytes=8, prototype=define
  Linker and Libraries:
    ld='cc', ldflags ='-pthread -Wl,-E  -fstack-protector -L/usr/local/lib'
    libpth=/usr/lib /usr/local/lib /usr/include/clang/3.4.1 /usr/lib
    libs=-lm -lcrypt -lutil -lc
    perllibs=-lm -lcrypt -lutil -lc
    libc=, so=so, useshrplib=false, libperl=libperl.a
    gnulibc_version=''
  Dynamic Linking:
    dlsrc=dl_dlopen.xs, dlext=so, d_dlsymun=undef, ccdlflags=' '
    cccdlflags='-DPIC -fPIC', lddlflags='-shared  -L/usr/local/lib -fstack-protector'


Characteristics of this binary (from libperl): 
  Compile-time options: HAS_TIMES PERLIO_LAYERS PERL_DONT_CREATE_GVSV
                        PERL_HASH_FUNC_ONE_AT_A_TIME_HARD PERL_MALLOC_WRAP
                        PERL_NEW_COPY_ON_WRITE PERL_PRESERVE_IVUV
                        USE_64_BIT_ALL USE_64_BIT_INT USE_LARGE_FILES
                        USE_LOCALE USE_LOCALE_COLLATE USE_LOCALE_CTYPE
                        USE_LOCALE_NUMERIC USE_PERLIO USE_PERL_ATOF
  Built under freebsd
  Compiled at Jan 29 2015 08:45:50
  %ENV:
    PERL5LIB=""
    PERL5OPT=""
    PERL5_CPANPLUS_IS_RUNNING="95905"
    PERL5_CPAN_IS_RUNNING="95905"
    PERL5_CPAN_IS_RUNNING_IN_RECURSION="73553,95905"
    PERLDOC="-MPod::Perldoc::ToTextOverstrike"
    PERL_BATCH="yes"
    PERL_CANARY_STABILITY_NOPROMPT="1"
    PERL_CPAN_REPORTER_CONFIG="/var/tmp/cpansmoker-1023/2016100309/cpanreporter_000_config.ini"
    PERL_EXTUTILS_AUTOINSTALL="--defaultdeps"
  @INC:
    /usr/perl5.20.1p/lib/site_perl/5.20.1/amd64-freebsd
    /usr/perl5.20.1p/lib/site_perl/5.20.1
    /usr/perl5.20.1p/lib/5.20.1/amd64-freebsd
    /usr/perl5.20.1p/lib/5.20.1
    .