Report for App-Sysadmin-Log-Simple-0.009

Back
From: metabase:user:314402c4-2aae-11df-837a-5e0a49663a4f
Subject: FAIL App-Sysadmin-Log-Simple-0.009 v5.22.3 GNU/Linux
Date: 2017-01-31T21:22:32Z

This distribution has been tested as part of the CPAN Testers
project, supporting the Perl programming language.  See
http://wiki.cpantesters.org/ for more information or email
questions to cpan-testers-discuss@perl.org


--
Dear Mike Doherty,

This is a computer-generated report for App-Sysadmin-Log-Simple-0.009
on perl 5.22.3, created by CPAN-Reporter-1.2018.

Thank you for uploading your work to CPAN.  However, there was a problem
testing your distribution.

If you think this report is invalid, please consult the CPAN Testers Wiki
for suggestions on how to avoid getting FAIL reports for missing library
or binary dependencies, unsupported operating systems, and so on:

http://wiki.cpantesters.org/wiki/CPANAuthorNotes

Sections of this report:

    * Tester comments
    * Program output
    * Prerequisites
    * Environment and other context

------------------------------
TESTER COMMENTS
------------------------------

Additional comments from tester:

none provided

------------------------------
PROGRAM OUTPUT
------------------------------

Output from './Build test':

t/00-compile.t .. ok
t/01-load.t ..... ok
t/02-view.t ..... ok
    # No tests run!

#   Failed test 'No tests run for subtest "log"'
#   at t/03-log.t line 27.
Can't chown('1001', '1001', '/var/tmp/cpansmoker-1002/2017013115/p5qbMQvN9T/2011/2/20.log'): Operation not permitted at /home/cpansand/.cpan/build/2017013118/App-Sysadmin-Log-Simple-0.009-0/blib/lib/App/Sysadmin/Log/Simple/File.pm line 84
# Looks like your test exited with 255 just after 2.
t/03-log.t ...... 
Dubious, test returned 255 (wstat 65280, 0xff00)
Failed 3/4 subtests 
Can't chown('1001', '1001', '/var/tmp/cpansmoker-1002/2017013115/UWGp3G22ve/2013/8/14.log'): Operation not permitted at /home/cpansand/.cpan/build/2017013118/App-Sysadmin-Log-Simple-0.009-0/blib/lib/App/Sysadmin/Log/Simple/File.pm line 84
# Looks like your test exited with 255 just after 2.
t/04-index.t .... 
Dubious, test returned 255 (wstat 65280, 0xff00)
Failed 3/5 subtests 
t/05-twitter.t .. ok
t/06-http.t ..... ok

Test Summary Report
-------------------
t/03-log.t    (Wstat: 65280 Tests: 2 Failed: 1)
  Failed test:  2
  Non-zero exit status: 255
  Parse errors: Bad plan.  You planned 4 tests but ran 2.
t/04-index.t  (Wstat: 65280 Tests: 2 Failed: 0)
  Non-zero exit status: 255
  Parse errors: Bad plan.  You planned 5 tests but ran 2.
Files=7, Tests=27,  4 wallclock secs ( 0.03 usr  0.02 sys +  2.70 cusr  0.42 csys =  3.17 CPU)
Result: FAIL
Failed 2/7 test programs. 1/27 subtests failed.

------------------------------
PREREQUISITES
------------------------------

Prerequisite modules loaded:

requires:

    Module                          Need    Have    
    ------------------------------- ------- --------
    autodie                         0       2.29    
    Carp                            0       1.38    
    Config::General                 0       2.63    
    DateTime                        0       1.42    
    DateTime::TimeZone              0       2.09    
    File::Find::Rule                0       0.34    
    File::HomeDir                   0       1.00    
    Getopt::Long                    0       2.49    
    HTTP::Tiny                      0       0.070   
    IO::Pager                       0       0.36    
    IO::Socket::INET                0       1.35    
    Module::Pluggable               0       5.2     
    Net::Twitter::Lite::WithAPIv1_1 0       0.12008 
    Path::Tiny                      0       0.100   
    perl                            v5.10.1 5.022003
    Pod::Usage                      0       1.69    
    strict                          0       1.09    
    Try::Tiny                       0       0.28    
    URI::Escape                     0       3.31    
    warnings                        0       1.34    

build_requires:

    Module                          Need    Have    
    ------------------------------- ------- --------
    File::Spec                      0       3.62    
    IO::Handle                      0       1.35    
    IO::Scalar                      0       2.111   
    IPC::Open3                      0       1.18    
    Module::Build                   0.3601  0.4220  
    Path::Tiny                      0.015   0.100   
    Test::More                      0.96    1.302075
    Test::Output                    0       1.03    
    Test::Requires                  0       0.10    
    Test::Script                    1.05    1.14    

configure_requires:

    Module                          Need    Have    
    ------------------------------- ------- --------
    Module::Build                   0.3601  0.4220  


------------------------------
ENVIRONMENT AND OTHER CONTEXT
------------------------------

Environment variables:

    LANG = en_US.UTF-8
    PATH = /usr/local/bin:/usr/bin:/bin:/usr/local/sbin:/usr/sbin:/sbin:/home/cpansand/bin/linux-gnu:/home/cpansand/bin/sh:/home/cpansand/bin:/usr/games:/home/cpansand/devel:/home/eserte/src/srezic-misc/scripts
    PERL5LIB = 
    PERL5OPT = 
    PERL5_CPANPLUS_IS_RUNNING = 27674
    PERL5_CPAN_IS_RUNNING = 27674
    PERL5_CPAN_IS_RUNNING_IN_RECURSION = 6501,27674
    PERLDOC = -MPod::Perldoc::ToTextOverstrike
    PERL_BATCH = yes
    PERL_CANARY_STABILITY_NOPROMPT = 1
    PERL_CPAN_REPORTER_CONFIG = /var/tmp/cpansmoker-1002/2017013115/cpanreporter_000_config.ini
    PERL_EXTUTILS_AUTOINSTALL = --defaultdeps
    SHELL = /bin/zsh
    TERM = screen
    TMPDIR = /var/tmp/cpansmoker-1002/2017013115

Perl special variables (and OS-specific diagnostics, for MSWin32):

    $^X = /opt/perl-5.22.3/bin/perl5.22.3
    $UID/$EUID = 1002 / 1002
    $GID = 1002 1002
    $EGID = 1002 1002

Perl module toolchain versions installed:

    Module              Have    
    ------------------- --------
    CPAN                2.14    
    CPAN::Meta          2.150010
    Cwd                 3.62    
    ExtUtils::CBuilder  0.280224
    ExtUtils::Command   7.24    
    ExtUtils::Install   2.04    
    ExtUtils::MakeMaker 7.24    
    ExtUtils::Manifest  1.70    
    ExtUtils::ParseXS   3.30    
    File::Spec          3.62    
    JSON                2.90    
    JSON::PP            2.27400 
    Module::Build       0.4220  
    Module::Signature   0.81    
    Parse::CPAN::Meta   2.150010
    Test::Harness       3.36    
    Test::More          1.302075
    YAML                1.21    
    YAML::Syck          1.29    
    version             0.9917  


--

Summary of my perl5 (revision 5 version 22 subversion 3) configuration:
   
  Platform:
    osname=linux, osvers=4.4.0-59-generic, archname=x86_64-linux
    uname='linux prod3.bbbike.org 4.4.0-59-generic #80-ubuntu smp fri jan 6 17:47:47 utc 2017 x86_64 x86_64 x86_64 gnulinux '
    config_args='-ds -e -Dprefix=/opt/perl-5.22.3 -Dcf_email=srezic@cpan.org'
    hint=recommended, useposix=true, d_sigaction=define
    useithreads=undef, usemultiplicity=undef
    use64bitint=define, use64bitall=define, uselongdouble=undef
    usemymalloc=n, bincompat5005=undef
  Compiler:
    cc='cc', ccflags ='-fwrapv -fno-strict-aliasing -pipe -fstack-protector-strong -I/usr/local/include -D_LARGEFILE_SOURCE -D_FILE_OFFSET_BITS=64',
    optimize='-O2',
    cppflags='-fwrapv -fno-strict-aliasing -pipe -fstack-protector-strong -I/usr/local/include'
    ccversion='', gccversion='5.4.0 20160609', gccosandvers=''
    intsize=4, longsize=8, ptrsize=8, doublesize=8, byteorder=12345678, doublekind=3
    d_longlong=define, longlongsize=8, d_longdbl=define, longdblsize=16, longdblkind=3
    ivtype='long', ivsize=8, nvtype='double', nvsize=8, Off_t='off_t', lseeksize=8
    alignbytes=8, prototype=define
  Linker and Libraries:
    ld='cc', ldflags =' -fstack-protector-strong -L/usr/local/lib'
    libpth=/usr/local/lib /usr/lib/gcc/x86_64-linux-gnu/5/include-fixed /usr/include/x86_64-linux-gnu /usr/lib /lib/x86_64-linux-gnu /lib/../lib /usr/lib/x86_64-linux-gnu /usr/lib/../lib /lib
    libs=-lpthread -lnsl -lgdbm -ldb -ldl -lm -lcrypt -lutil -lc -lgdbm_compat
    perllibs=-lpthread -lnsl -ldl -lm -lcrypt -lutil -lc
    libc=libc-2.23.so, so=so, useshrplib=false, libperl=libperl.a
    gnulibc_version='2.23'
  Dynamic Linking:
    dlsrc=dl_dlopen.xs, dlext=so, d_dlsymun=undef, ccdlflags='-Wl,-E'
    cccdlflags='-fPIC', lddlflags='-shared -O2 -L/usr/local/lib -fstack-protector-strong'


Characteristics of this binary (from libperl): 
  Compile-time options: HAS_TIMES PERLIO_LAYERS PERL_DONT_CREATE_GVSV
                        PERL_HASH_FUNC_ONE_AT_A_TIME_HARD PERL_MALLOC_WRAP
                        PERL_NEW_COPY_ON_WRITE PERL_PRESERVE_IVUV
                        USE_64_BIT_ALL USE_64_BIT_INT USE_LARGE_FILES
                        USE_LOCALE USE_LOCALE_COLLATE USE_LOCALE_CTYPE
                        USE_LOCALE_NUMERIC USE_LOCALE_TIME USE_PERLIO
                        USE_PERL_ATOF
  Built under linux
  Compiled at Jan 14 2017 21:01:24
  %ENV:
    PERL5LIB=""
    PERL5OPT=""
    PERL5_CPANPLUS_IS_RUNNING="27674"
    PERL5_CPAN_IS_RUNNING="27674"
    PERL5_CPAN_IS_RUNNING_IN_RECURSION="6501,27674"
    PERLDOC="-MPod::Perldoc::ToTextOverstrike"
    PERL_BATCH="yes"
    PERL_CANARY_STABILITY_NOPROMPT="1"
    PERL_CPAN_REPORTER_CONFIG="/var/tmp/cpansmoker-1002/2017013115/cpanreporter_000_config.ini"
    PERL_EXTUTILS_AUTOINSTALL="--defaultdeps"
  @INC:
    /opt/perl-5.22.3/lib/site_perl/5.22.3/x86_64-linux
    /opt/perl-5.22.3/lib/site_perl/5.22.3
    /opt/perl-5.22.3/lib/5.22.3/x86_64-linux
    /opt/perl-5.22.3/lib/5.22.3
    .