VANAMBURG-SEMPROG-SimpleGraph v0.010 Perl 5 v5.36.0 x86_64-linux
- Status
- Fail
- From
- Andreas J. König (ANDK)
- Dist
-
VANAMBURG-SEMPROG-SimpleGraph v0.010
- Platform
- Perl 5 v5.36.0 x86_64-linux
- Date
- 2022-06-04 11:49:23
- ID
- 6068eb7c-e3fc-11ec-91fa-3a25d710361c
This distribution has been tested as part of the CPAN Testers
project, supporting the Perl programming language. See
http://wiki.cpantesters.org/ for more information or email
questions to cpan-testers-discuss@perl.org
--
Dear Gordon Van Amburg,
This is a computer-generated report for VANAMBURG-SEMPROG-SimpleGraph-0.010
on perl 5.36.0, created by CPAN-Reporter-1.2018.
Thank you for uploading your work to CPAN. However, there was a problem
testing your distribution.
If you think this report is invalid, please consult the CPAN Testers Wiki
for suggestions on how to avoid getting FAIL reports for missing library
or binary dependencies, unsupported operating systems, and so on:
http://wiki.cpantesters.org/wiki/CPANAuthorNotes
Sections of this report:
* Tester comments
* Program output
* Prerequisites
* Environment and other context
------------------------------
TESTER COMMENTS
------------------------------
Additional comments from tester:
this report is from an automated smoke testing program
and was not reviewed by a human for accuracy
------------------------------
PROGRAM OUTPUT
------------------------------
Output from '/usr/bin/make test':
PERL_DL_NONLAZY=1 "/tmp/basesmoker-reloperl-F9fJ/bin/perl" "-MExtUtils::Command::MM" "-MTest::Harness" "-e" "undef *Test::Harness::Switches; test_harness(0, 'blib/lib', 'blib/arch')" t/*.t
# >>> t1 is gordon, add, triple1
# >>> gordon
# >>> gordon triples is 2
# >>> triple2 triples is 1
# >>> gordon triples is now 1
# >>> pot_belly_cost is cheap
t/00-load.t ......................... ok
t/pod-coverage.t .................... ok
#
# sub=San_Francisco_California
# pred=population obj=744042
# pred=inside obj=California
# pred=longitude obj=-122.4183
# pred=mayor obj=Gavin Newsom
# pred=latitude obj=37.775
# pred=name obj=San Francisco
# sub=Glendale_California obj=John Drayman
# sub=Hillsdale_Michigan obj=Michael Sessions
# sub=Cleveland_Ohio obj=Newton D. Baker
# sub=Aliso_Viejo_California obj=William Phillips
# sub=Half_Moon_Bay_California obj=John Muller
# sub=Fresno_California obj=Alan Autry
# sub=Adelanto_California obj=Charley B. Glasper
# sub=Alameda_California obj=Lena Tam
# sub=Detroit_Michigan obj=Frank Murphy
# sub=Aliso_Viejo_California obj=Donald Garcia
# sub=Half_Moon_Bay_California obj=Bonnie McClung
# sub=Fontana_California obj=Acquanetta Warren
# sub=San_Francisco_California obj=Gavin Newsom
# sub=Corona_California obj=Steve Nolan
# sub=Anaheim_California obj=Curt Pringle
# sub=Edmonton_Canada obj=Bill Smith
# sub=Wasilla_Alaska obj=Sarah Palin
# sub=Alameda_California obj=Beverly Johnson
# sub=Cleveland_Ohio obj=Frank G. Jackson
# sub=Philadelphia_Pennsylvania obj=John F. Street
# sub=Chicago_Illinois obj=Richard M. Daley
# sub=Garden_Grove_California obj=William Dalton
# sub=Fremont_California obj=Bill Harrison
# sub=Cleveland_Ohio obj=Dennis Kucinich
# sub=Adelanto_California obj=Steven R. Baisden
# sub=Corona_California obj=Jeff Miller
# sub=Garden_Grove_California obj=Mark Rosen
# sub=Portsmouth_New_Hampshire obj=John Blalock
# sub=Athens_Greece obj=Dora Bakoyannis
# sub=Portsmouth_New_Hampshire obj=Thomas G. Ferrini
# sub=Cincinnati_Ohio obj=Jerry Springer
# sub=Stuttgart_Germany obj=Manfred Rommel
# sub=Fremont_California obj=Bob Wasserman
# sub=Bakersfield_California obj=Harvey Hall
# sub=Banning_California obj=Brenda Salas
# sub=Fontana_California obj=Mark Nuaimi
# sub=Chula_Vista_California obj=Cheryl Cox
# sub=New_York_New_York obj=Michael Bloomberg
# sub=Banning_California obj=Debbie Franklin
# sub=San_Jose_California obj=Norman Mineta
# there are 30 cal cities
# mayor of Garden_Grove_California is William Dalton
# mayor of Garden_Grove_California is Mark Rosen
# mayor of Aliso_Viejo_California is Donald Garcia
# mayor of Aliso_Viejo_California is William Phillips
# mayor of Glendale_California is John Drayman
# mayor of San_Francisco_California is Gavin Newsom
# mayor of Alameda_California is Lena Tam
# mayor of Alameda_California is Beverly Johnson
# mayor of Chula_Vista_California is Cheryl Cox
# mayor of Fontana_California is Mark Nuaimi
# mayor of Fontana_California is Acquanetta Warren
# mayor of Corona_California is Jeff Miller
# mayor of Corona_California is Steve Nolan
# mayor of Half_Moon_Bay_California is Bonnie McClung
# mayor of Half_Moon_Bay_California is John Muller
# mayor of Fremont_California is Bill Harrison
# mayor of Fremont_California is Bob Wasserman
# mayor of San_Jose_California is Norman Mineta
# mayor of Fresno_California is Alan Autry
# mayor of Anaheim_California is Curt Pringle
# mayor of Bakersfield_California is Harvey Hall
# mayor of Adelanto_California is Steven R. Baisden
# mayor of Adelanto_California is Charley B. Glasper
# mayor of Banning_California is Debbie Franklin
# mayor of Banning_California is Brenda Salas
t/semprog_ch02_03_places.t .......... ok
# jt's partners
# Britney Spears + Justin Timberlake
# Jessica Biel + Justin Timberlake
# Alyssa Milano + Justin Timberlake
# Alyssa Milano + Justin Timberlake
# Justin Timberlake + Britney Spears
# Jenna Dewan + Justin Timberlake
# Justin Timberlake + Cameron Diaz
# Jenna Dewan + Justin Timberlake
# Cameron Diaz + Justin Timberlake
# Jessica Biel + Justin Timberlake
t/semprog_ch02_04_celebs.t .......... ok
# $VAR1 = 'PNSN';
# $VAR2 = 'DHIL';
# $VAR3 = 'COWN';
# $VAR4 = 'ITG';
# $VAR5 = 'MKTX';
# $VAR6 = 'GS';
# $VAR7 = 'MS';
# $VAR8 = 'LM';
# $VAR9 = 'JEF';
# $VAR10 = 'NITE';
# $VAR11 = 'TRAD';
# $VAR12 = 'CLMS';
# $VAR13 = 'LAB';
# $VAR14 = 'WDR';
# $VAR15 = 'GBL';
# $VAR16 = 'SCHW';
# $VAR17 = 'BSC';
# $VAR18 = 'LEH';
# $VAR19 = 'MER';
# $VAR20 = 'SF';
# $VAR21 = 'OXPS';
# $VAR22 = 'TWPG';
# $VAR23 = 'BLK';
t/semprog_ch02_05_business.t ........ ok
t/semprog_ch02_moviegraph.t ......... ok
# $VAR1 = {
# 'cont' => 'contrib285',
# 'company' => 'BSC',
# 'dollars' => '30700.0'
# };
t/semprog_ch03_01_queries.t ......... ok
# triples before:
# $VAR1 = [
# 'White House',
# 'address',
# '1600 Pennsylvania Avenue, Washington DC'
# ];
Use of uninitialized value $geo_result in split at /home/sand/.cpan/privbuild/k93msid/VANAMBURG-SEMPROG-SimpleGraph-0.010-2/blib/lib/VANAMBURG/SEMPROG/GeocodeRule.pm line 24.
# triples after:
# $VAR1 = [
# 'White House',
# 'address',
# '1600 Pennsylvania Avenue, Washington DC'
# ];
# Failed test 'there are three triples after inference'
# at t/semprog_ch03_02_inference.t line 30.
# Looks like you failed 1 test of 2.
t/semprog_ch03_02_inference.t .......
Dubious, test returned 1 (wstat 256, 0x100)
Failed 1/2 subtests
# getting geo code data from internet -- could take a while...
Use of uninitialized value $geo_result in split at /home/sand/.cpan/privbuild/k93msid/VANAMBURG-SEMPROG-SimpleGraph-0.010-2/blib/lib/VANAMBURG/SEMPROG/GeocodeRule.pm line 24.
Use of uninitialized value $geo_result in split at /home/sand/.cpan/privbuild/k93msid/VANAMBURG-SEMPROG-SimpleGraph-0.010-2/blib/lib/VANAMBURG/SEMPROG/GeocodeRule.pm line 24.
Use of uninitialized value $geo_result in split at /home/sand/.cpan/privbuild/k93msid/VANAMBURG-SEMPROG-SimpleGraph-0.010-2/blib/lib/VANAMBURG/SEMPROG/GeocodeRule.pm line 24.
Use of uninitialized value $geo_result in split at /home/sand/.cpan/privbuild/k93msid/VANAMBURG-SEMPROG-SimpleGraph-0.010-2/blib/lib/VANAMBURG/SEMPROG/GeocodeRule.pm line 24.
Use of uninitialized value $geo_result in split at /home/sand/.cpan/privbuild/k93msid/VANAMBURG-SEMPROG-SimpleGraph-0.010-2/blib/lib/VANAMBURG/SEMPROG/GeocodeRule.pm line 24.
# Failed test '24 triples after first inference.'
# at t/semprog_ch03_03_chain_of_rules.t line 22.
Attribute (latitude) does not pass the type constraint because: Validation failed for 'Num' with value "" at accessor VANAMBURG::SEMPROG::CloseToRule::latitude (defined at /home/sand/.cpan/privbuild/k93msid/VANAMBURG-SEMPROG-SimpleGraph-0.010-2/blib/lib/VANAMBURG/SEMPROG/CloseToRule.pm line 54) line 9
VANAMBURG::SEMPROG::CloseToRule::latitude('VANAMBURG::SEMPROG::CloseToRule=HASH(0x55d7a4e8ea30)', '') called at /home/sand/.cpan/privbuild/k93msid/VANAMBURG-SEMPROG-SimpleGraph-0.010-2/blib/lib/VANAMBURG/SEMPROG/CloseToRule.pm line 40
VANAMBURG::SEMPROG::CloseToRule::BUILD('VANAMBURG::SEMPROG::CloseToRule=HASH(0x55d7a4e8ea30)', 'HASH(0x55d7a4efd488)') called at constructor VANAMBURG::SEMPROG::CloseToRule::new (defined at /home/sand/.cpan/privbuild/k93msid/VANAMBURG-SEMPROG-SimpleGraph-0.010-2/blib/lib/VANAMBURG/SEMPROG/CloseToRule.pm line 60) line 79
VANAMBURG::SEMPROG::CloseToRule::new('VANAMBURG::SEMPROG::CloseToRule', 'place', 'White House', 'graph', 'VANAMBURG::SEMPROG::SimpleGraph=HASH(0x55d7a306eeb0)') called at t/semprog_ch03_03_chain_of_rules.t line 25
# Looks like your test exited with 255 just after 2.
t/semprog_ch03_03_chain_of_rules.t ..
Dubious, test returned 255 (wstat 65280, 0xff00)
Failed 3/4 subtests
# loading movie data...
# load done. finding path
# path=Kevin Bacon, Wild Things, Neve Campbell, Blind Horizon, Val Kilmer
# path=Kevin Bacon, She's Having a Baby, Lili Taylor, Casa de los Babys, Rita Moreno, Marlowe, Bruce Lee
# path=Kevin Bacon, Starting Over, Candice Bergen, Getting Straight, Harrison Ford
t/semprog_ch03_04_shortest_path.t ... ok
t/semprog_ch03_05_join_graph.t ...... ok
Test Summary Report
-------------------
t/semprog_ch03_02_inference.t (Wstat: 256 (exited 1) Tests: 2 Failed: 1)
Failed test: 2
Non-zero exit status: 1
t/semprog_ch03_03_chain_of_rules.t (Wstat: 65280 (exited 255) Tests: 2 Failed: 1)
Failed test: 2
Non-zero exit status: 255
Parse errors: Bad plan. You planned 4 tests but ran 2.
Files=11, Tests=40, 40 wallclock secs ( 0.04 usr 0.03 sys + 22.19 cusr 1.40 csys = 23.66 CPU)
Result: FAIL
Failed 2/11 test programs. 2/40 subtests failed.
make: *** [Makefile:888: test_dynamic] Error 255
------------------------------
PREREQUISITES
------------------------------
Prerequisite modules loaded:
requires:
Module Need Have
------------------- ---- ----------
File::Slurp 0 9999.32
JSON 0 4.06
List::MoreUtils 0 0.430
LWP::Simple 0 6.66
Modern::Perl 1.03 1.20220515
Moose 0.93 2.2201
Moose::Role 0 2.2201
Set::Scalar 0 1.29
Test::More 0 1.302190
Text::CSV_XS 0 1.48
URI::Escape 0 5.10
build_requires:
Module Need Have
------------------- ---- ----------
ExtUtils::MakeMaker 0 7.64
configure_requires:
Module Need Have
------------------- ---- ----------
ExtUtils::MakeMaker 0 7.64
------------------------------
ENVIRONMENT AND OTHER CONTEXT
------------------------------
Environment variables:
AUTOMATED_TESTING = 1
LANG = en_US.UTF-8
LANGUAGE = en_US:en
PATH = /home/sand/bin:/usr/local/bin:/usr/bin:/bin:/usr/games:/usr/local/perl/bin:/usr/X11/bin:/sbin:/usr/sbin
PERL5LIB =
PERL5OPT =
PERL5_CPANPLUS_IS_RUNNING = 3346254
PERL5_CPAN_IS_RUNNING = 3346254
PERL_CANARY_STABILITY_NOPROMPT = 1
PERL_MM_USE_DEFAULT = 1
PERL_USE_UNSAFE_INC = 1
SHELL = /usr/bin/zsh
TERM = screen
Perl special variables (and OS-specific diagnostics, for MSWin32):
$^X = /tmp/basesmoker-reloperl-F9fJ/bin/perl
$UID/$EUID = 1005 / 1005
$GID = 1005 1005
$EGID = 1005 1005
Perl module toolchain versions installed:
Module Have
------------------- --------
CPAN 2.34
CPAN::Meta 2.150010
Cwd 3.84
ExtUtils::CBuilder 0.280236
ExtUtils::Command 7.64
ExtUtils::Install 2.20
ExtUtils::MakeMaker 7.64
ExtUtils::Manifest 1.73
ExtUtils::ParseXS 3.45
File::Spec 3.84
JSON 4.06
JSON::PP 4.09
Module::Build 0.4231
Module::Signature 0.88
Parse::CPAN::Meta 2.150010
Test::Harness 3.44
Test::More 1.302190
YAML 1.30
YAML::Syck 1.34
version 0.9929
--
Summary of my perl5 (revision 5 version 36 subversion 0) configuration:
Commit id: b3c502b607191da0e743a4fa34501a05442305b3
Platform:
osname=linux
osvers=5.10.0-14-amd64
archname=x86_64-linux
uname='linux k93msid 5.10.0-14-amd64 #1 smp debian 5.10.113-1 (2022-04-29) x86_64 gnulinux '
config_args='-Dprefix=/home/sand/src/perl/repoperls/installed-perls/host/k93msid/v5.36.0/bb7f -Dmyhostname=k93msid -Dinstallusrbinperl=n -Uversiononly -Dusedevel -des -Ui_db -Dlibswanted=cl pthread socket inet nsl gdbm dbm malloc dl ld sun m crypt sec util c cposix posix ucb BSD gdbm_compat -Uuseithreads -Uuselongdouble -DEBUGGING=both'
hint=recommended
useposix=true
d_sigaction=define
useithreads=undef
usemultiplicity=undef
use64bitint=define
use64bitall=define
uselongdouble=undef
usemymalloc=n
default_inc_excludes_dot=define
Compiler:
cc='cc'
ccflags ='-fwrapv -DDEBUGGING -fno-strict-aliasing -pipe -fstack-protector-strong -I/usr/local/include -D_LARGEFILE_SOURCE -D_FILE_OFFSET_BITS=64 -D_FORTIFY_SOURCE=2'
optimize='-O2 -g'
cppflags='-fwrapv -DDEBUGGING -fno-strict-aliasing -pipe -fstack-protector-strong -I/usr/local/include'
ccversion=''
gccversion='11.3.0'
gccosandvers=''
intsize=4
longsize=8
ptrsize=8
doublesize=8
byteorder=12345678
doublekind=3
d_longlong=define
longlongsize=8
d_longdbl=define
longdblsize=16
longdblkind=3
ivtype='long'
ivsize=8
nvtype='double'
nvsize=8
Off_t='off_t'
lseeksize=8
alignbytes=8
prototype=define
Linker and Libraries:
ld='cc'
ldflags =' -fstack-protector-strong -L/usr/local/lib'
libpth=/usr/local/lib /usr/lib/x86_64-linux-gnu /usr/lib /usr/lib64
libs=-lpthread -lnsl -ldl -lm -lcrypt -lutil -lc
perllibs=-lpthread -lnsl -ldl -lm -lcrypt -lutil -lc
libc=libc-2.33.so
so=so
useshrplib=false
libperl=libperl.a
gnulibc_version='2.33'
Dynamic Linking:
dlsrc=dl_dlopen.xs
dlext=so
d_dlsymun=undef
ccdlflags='-Wl,-E'
cccdlflags='-fPIC'
lddlflags='-shared -O2 -g -L/usr/local/lib -fstack-protector-strong'
Characteristics of this binary (from libperl):
Compile-time options:
DEBUGGING
HAS_TIMES
PERLIO_LAYERS
PERL_COPY_ON_WRITE
PERL_DONT_CREATE_GVSV
PERL_MALLOC_WRAP
PERL_OP_PARENT
PERL_PRESERVE_IVUV
PERL_USE_DEVEL
USE_64_BIT_ALL
USE_64_BIT_INT
USE_LARGE_FILES
USE_LOCALE
USE_LOCALE_COLLATE
USE_LOCALE_CTYPE
USE_LOCALE_NUMERIC
USE_LOCALE_TIME
USE_PERLIO
USE_PERL_ATOF
Built under linux
Compiled at May 30 2022 02:33:18
%ENV:
PERL5LIB=""
PERL5OPT=""
PERL5_CPANPLUS_IS_RUNNING="3346254"
PERL5_CPAN_IS_RUNNING="3346254"
PERL_CANARY_STABILITY_NOPROMPT="1"
PERL_MM_USE_DEFAULT="1"
PERL_USE_UNSAFE_INC="1"
@INC:
/home/sand/src/perl/repoperls/installed-perls/host/k93msid/v5.36.0/bb7f/lib/site_perl/5.36.0/x86_64-linux
/home/sand/src/perl/repoperls/installed-perls/host/k93msid/v5.36.0/bb7f/lib/site_perl/5.36.0
/home/sand/src/perl/repoperls/installed-perls/host/k93msid/v5.36.0/bb7f/lib/5.36.0/x86_64-linux
/home/sand/src/perl/repoperls/installed-perls/host/k93msid/v5.36.0/bb7f/lib/5.36.0
.