Back
From: metabase:user:320bfe00-2aae-11df-837a-5e0a49663a4f
Subject: FAIL POE-Component-SSLify-1.012 v5.27.2 GNU/Linux
Date: 2017-07-26T02:44:41Z
This distribution has been tested as part of the CPAN Testers
project, supporting the Perl programming language. See
http://wiki.cpantesters.org/ for more information or email
questions to cpan-testers-discuss@perl.org
--
Dear Apocalypse,
This is a computer-generated report for POE-Component-SSLify-1.012
on perl 5.27.2, created by CPAN-Reporter-1.2018.
Thank you for uploading your work to CPAN. However, there was a problem
testing your distribution.
If you think this report is invalid, please consult the CPAN Testers Wiki
for suggestions on how to avoid getting FAIL reports for missing library
or binary dependencies, unsupported operating systems, and so on:
http://wiki.cpantesters.org/wiki/CPANAuthorNotes
Sections of this report:
* Tester comments
* Program output
* Prerequisites
* Environment and other context
------------------------------
TESTER COMMENTS
------------------------------
Additional comments from tester:
this report is from an automated smoke testing program
and was not reviewed by a human for accuracy
------------------------------
PROGRAM OUTPUT
------------------------------
Output from './Build test':
t/00-compile.t ................ ok
#
# Versions for all modules listed in MYMETA.json (including optional ones):
#
# === Configure Requires ===
#
# Module Want Have
# ------------------- ----- -----
# ExtUtils::MakeMaker any 7.30
# Module::Build::Tiny 0.039 0.039
#
# === Test Requires ===
#
# Module Want Have
# --------------------------- -------- --------
# ExtUtils::MakeMaker any 7.30
# File::Spec any 3.68
# File::Temp any 0.2304
# IO::Handle 1.28 1.36
# IPC::Open3 any 1.20
# POE 1.267 1.367
# POE::Component::Client::TCP any 1.367
# POE::Component::Server::TCP any 1.367
# POE::Filter::Stream any 1.367
# Socket any 2.020_03
# Test::FailWarnings any 0.008
# Test::More 1.001002 1.302086
#
# === Test Recommends ===
#
# Module Want Have
# ---------- -------- --------
# CPAN::Meta 2.120900 2.150010
#
# === Runtime Requires ===
#
# Module Want Have
# ------------ ----- -----
# Exporter any 5.72
# IO::Handle 1.28 1.36
# Net::SSLeay 1.36 1.81
# POE 1.267 1.367
# Scalar::Util any 1.48
# Symbol any 1.08
# Task::Weaken 1.03 1.04
# parent any 0.236
# strict any 1.11
# warnings any 1.37
#
t/00-report-prereqs.t ......... ok
#
# Net::SSLeay::ver_number is 0x1010006f
# OpenSSL 1.1.0f 25 May 2017
# built on: reproducible build, date unspecified
# platform: debian-amd64
# OPENSSLDIR: "/usr/lib/ssl"
# pogomips: 56758833
t/00-ssleay-info.t ............ ok
t/99_mire_test.t .............. skipped: AUTHOR TEST
t/apocalypse.t ................ skipped: Test::Apocalypse required for validating the distribution
t/connect_hook.t .............. ok
t/connect_hook_nodata.t ....... ok
t/connfail_client.t ........... ok
t/connfail_server.t ........... ok
# Failed test 'SERVER: SSLify_Options Can't locate auto/Net/SSLeay/CTX_v3_new.al in @INC (@INC contains: /tmp/loop_over_bdir-6612-IsG7rQ/POE-Component-SSLify-1.012-0/blib/arch /tmp/loop_over_bdir-6612-IsG7rQ/POE-Component-SSLify-1.012-0/blib/lib /tmp/loop_over_bdir-6612-IsG7rQ/Net-DNS-1.11-0/blib/arch /tmp/loop_over_bdir-6612-IsG7rQ/Net-DNS-1.11-0/blib/lib /home/sand/src/perl/repoperls/installed-perls/host/k93stretch/v5.27.2/9a27/lib/site_perl/5.27.2/x86_64-linux-ld /home/sand/src/perl/repoperls/installed-perls/host/k93stretch/v5.27.2/9a27/lib/site_perl/5.27.2 /home/sand/src/perl/repoperls/installed-perls/host/k93stretch/v5.27.2/9a27/lib/5.27.2/x86_64-linux-ld /home/sand/src/perl/repoperls/installed-perls/host/k93stretch/v5.27.2/9a27/lib/5.27.2 .) at /tmp/loop_over_bdir-6612-IsG7rQ/POE-Component-SSLify-1.012-0/blib/lib/POE/Component/SSLify.pm line 362.
# '
# at t/renegotiate_client.t line 55.
# Failed test 'SERVER: Server_SSLify Please do SSLify_Options() first ( or pass in a $ctx object ) at /tmp/loop_over_bdir-6612-IsG7rQ/POE-Component-SSLify-1.012-0/blib/lib/POE/Component/SSLify.pm line 247.
# '
# at t/renegotiate_client.t line 58.
# Failed test 'CLIENT: SSLify_ContextCreate Can't locate auto/Net/SSLeay/CTX_v3_new.al in @INC (@INC contains: /tmp/loop_over_bdir-6612-IsG7rQ/POE-Component-SSLify-1.012-0/blib/arch /tmp/loop_over_bdir-6612-IsG7rQ/POE-Component-SSLify-1.012-0/blib/lib /tmp/loop_over_bdir-6612-IsG7rQ/Net-DNS-1.11-0/blib/arch /tmp/loop_over_bdir-6612-IsG7rQ/Net-DNS-1.11-0/blib/lib /home/sand/src/perl/repoperls/installed-perls/host/k93stretch/v5.27.2/9a27/lib/site_perl/5.27.2/x86_64-linux-ld /home/sand/src/perl/repoperls/installed-perls/host/k93stretch/v5.27.2/9a27/lib/site_perl/5.27.2 /home/sand/src/perl/repoperls/installed-perls/host/k93stretch/v5.27.2/9a27/lib/5.27.2/x86_64-linux-ld /home/sand/src/perl/repoperls/installed-perls/host/k93stretch/v5.27.2/9a27/lib/5.27.2 .) at /tmp/loop_over_bdir-6612-IsG7rQ/POE-Component-SSLify-1.012-0/blib/lib/POE/Component/SSLify.pm line 362.
# '
# at t/renegotiate_client.t line 117.
Can't use an undefined value as a symbol reference at /tmp/loop_over_bdir-6612-IsG7rQ/POE-Component-SSLify-1.012-0/blib/lib/POE/Component/SSLify.pm line 446.
# Tests were run but no plan was declared and done_testing() was not seen.
# Looks like your test exited with 22 just after 7.
t/renegotiate_client.t ........
Dubious, test returned 22 (wstat 5632, 0x1600)
Failed 3/7 subtests
# Failed test 'SERVER: SSLify_Options Can't locate auto/Net/SSLeay/CTX_v3_new.al in @INC (@INC contains: /tmp/loop_over_bdir-6612-IsG7rQ/POE-Component-SSLify-1.012-0/blib/arch /tmp/loop_over_bdir-6612-IsG7rQ/POE-Component-SSLify-1.012-0/blib/lib /tmp/loop_over_bdir-6612-IsG7rQ/Net-DNS-1.11-0/blib/arch /tmp/loop_over_bdir-6612-IsG7rQ/Net-DNS-1.11-0/blib/lib /home/sand/src/perl/repoperls/installed-perls/host/k93stretch/v5.27.2/9a27/lib/site_perl/5.27.2/x86_64-linux-ld /home/sand/src/perl/repoperls/installed-perls/host/k93stretch/v5.27.2/9a27/lib/site_perl/5.27.2 /home/sand/src/perl/repoperls/installed-perls/host/k93stretch/v5.27.2/9a27/lib/5.27.2/x86_64-linux-ld /home/sand/src/perl/repoperls/installed-perls/host/k93stretch/v5.27.2/9a27/lib/5.27.2 .) at /tmp/loop_over_bdir-6612-IsG7rQ/POE-Component-SSLify-1.012-0/blib/lib/POE/Component/SSLify.pm line 362.
# '
# at t/renegotiate_client_pings.t line 57.
# Failed test 'SERVER: Server_SSLify Please do SSLify_Options() first ( or pass in a $ctx object ) at /tmp/loop_over_bdir-6612-IsG7rQ/POE-Component-SSLify-1.012-0/blib/lib/POE/Component/SSLify.pm line 247.
# '
# at t/renegotiate_client_pings.t line 60.
# Failed test 'CLIENT: SSLify_ContextCreate Can't locate auto/Net/SSLeay/CTX_v3_new.al in @INC (@INC contains: /tmp/loop_over_bdir-6612-IsG7rQ/POE-Component-SSLify-1.012-0/blib/arch /tmp/loop_over_bdir-6612-IsG7rQ/POE-Component-SSLify-1.012-0/blib/lib /tmp/loop_over_bdir-6612-IsG7rQ/Net-DNS-1.11-0/blib/arch /tmp/loop_over_bdir-6612-IsG7rQ/Net-DNS-1.11-0/blib/lib /home/sand/src/perl/repoperls/installed-perls/host/k93stretch/v5.27.2/9a27/lib/site_perl/5.27.2/x86_64-linux-ld /home/sand/src/perl/repoperls/installed-perls/host/k93stretch/v5.27.2/9a27/lib/site_perl/5.27.2 /home/sand/src/perl/repoperls/installed-perls/host/k93stretch/v5.27.2/9a27/lib/5.27.2/x86_64-linux-ld /home/sand/src/perl/repoperls/installed-perls/host/k93stretch/v5.27.2/9a27/lib/5.27.2 .) at /tmp/loop_over_bdir-6612-IsG7rQ/POE-Component-SSLify-1.012-0/blib/lib/POE/Component/SSLify.pm line 362.
# '
# at t/renegotiate_client_pings.t line 120.
Can't use an undefined value as a symbol reference at /tmp/loop_over_bdir-6612-IsG7rQ/POE-Component-SSLify-1.012-0/blib/lib/POE/Component/SSLify.pm line 446.
# Tests were run but no plan was declared and done_testing() was not seen.
# Looks like your test exited with 22 just after 7.
t/renegotiate_client_pings.t ..
Dubious, test returned 22 (wstat 5632, 0x1600)
Failed 3/7 subtests
# Failed test 'SERVER: SSLify_Options Can't locate auto/Net/SSLeay/CTX_v3_new.al in @INC (@INC contains: /tmp/loop_over_bdir-6612-IsG7rQ/POE-Component-SSLify-1.012-0/blib/arch /tmp/loop_over_bdir-6612-IsG7rQ/POE-Component-SSLify-1.012-0/blib/lib /tmp/loop_over_bdir-6612-IsG7rQ/Net-DNS-1.11-0/blib/arch /tmp/loop_over_bdir-6612-IsG7rQ/Net-DNS-1.11-0/blib/lib /home/sand/src/perl/repoperls/installed-perls/host/k93stretch/v5.27.2/9a27/lib/site_perl/5.27.2/x86_64-linux-ld /home/sand/src/perl/repoperls/installed-perls/host/k93stretch/v5.27.2/9a27/lib/site_perl/5.27.2 /home/sand/src/perl/repoperls/installed-perls/host/k93stretch/v5.27.2/9a27/lib/5.27.2/x86_64-linux-ld /home/sand/src/perl/repoperls/installed-perls/host/k93stretch/v5.27.2/9a27/lib/5.27.2 .) at /tmp/loop_over_bdir-6612-IsG7rQ/POE-Component-SSLify-1.012-0/blib/lib/POE/Component/SSLify.pm line 362.
# '
# at t/renegotiate_server.t line 55.
# Failed test 'SERVER: Server_SSLify Please do SSLify_Options() first ( or pass in a $ctx object ) at /tmp/loop_over_bdir-6612-IsG7rQ/POE-Component-SSLify-1.012-0/blib/lib/POE/Component/SSLify.pm line 247.
# '
# at t/renegotiate_server.t line 58.
# Failed test 'CLIENT: SSLify_ContextCreate Can't locate auto/Net/SSLeay/CTX_v3_new.al in @INC (@INC contains: /tmp/loop_over_bdir-6612-IsG7rQ/POE-Component-SSLify-1.012-0/blib/arch /tmp/loop_over_bdir-6612-IsG7rQ/POE-Component-SSLify-1.012-0/blib/lib /tmp/loop_over_bdir-6612-IsG7rQ/Net-DNS-1.11-0/blib/arch /tmp/loop_over_bdir-6612-IsG7rQ/Net-DNS-1.11-0/blib/lib /home/sand/src/perl/repoperls/installed-perls/host/k93stretch/v5.27.2/9a27/lib/site_perl/5.27.2/x86_64-linux-ld /home/sand/src/perl/repoperls/installed-perls/host/k93stretch/v5.27.2/9a27/lib/site_perl/5.27.2 /home/sand/src/perl/repoperls/installed-perls/host/k93stretch/v5.27.2/9a27/lib/5.27.2/x86_64-linux-ld /home/sand/src/perl/repoperls/installed-perls/host/k93stretch/v5.27.2/9a27/lib/5.27.2 .) at /tmp/loop_over_bdir-6612-IsG7rQ/POE-Component-SSLify-1.012-0/blib/lib/POE/Component/SSLify.pm line 362.
# '
# at t/renegotiate_server.t line 117.
Can't use an undefined value as a symbol reference at /tmp/loop_over_bdir-6612-IsG7rQ/POE-Component-SSLify-1.012-0/blib/lib/POE/Component/SSLify.pm line 446.
# Tests were run but no plan was declared and done_testing() was not seen.
# Looks like your test exited with 22 just after 7.
t/renegotiate_server.t ........
Dubious, test returned 22 (wstat 5632, 0x1600)
Failed 3/7 subtests
# Failed test 'SERVER: SSLify_Options Can't locate auto/Net/SSLeay/CTX_v3_new.al in @INC (@INC contains: /tmp/loop_over_bdir-6612-IsG7rQ/POE-Component-SSLify-1.012-0/blib/arch /tmp/loop_over_bdir-6612-IsG7rQ/POE-Component-SSLify-1.012-0/blib/lib /tmp/loop_over_bdir-6612-IsG7rQ/Net-DNS-1.11-0/blib/arch /tmp/loop_over_bdir-6612-IsG7rQ/Net-DNS-1.11-0/blib/lib /home/sand/src/perl/repoperls/installed-perls/host/k93stretch/v5.27.2/9a27/lib/site_perl/5.27.2/x86_64-linux-ld /home/sand/src/perl/repoperls/installed-perls/host/k93stretch/v5.27.2/9a27/lib/site_perl/5.27.2 /home/sand/src/perl/repoperls/installed-perls/host/k93stretch/v5.27.2/9a27/lib/5.27.2/x86_64-linux-ld /home/sand/src/perl/repoperls/installed-perls/host/k93stretch/v5.27.2/9a27/lib/5.27.2 .) at /tmp/loop_over_bdir-6612-IsG7rQ/POE-Component-SSLify-1.012-0/blib/lib/POE/Component/SSLify.pm line 362.
# '
# at t/simple.t line 52.
# Failed test 'SERVER: Server_SSLify Please do SSLify_Options() first ( or pass in a $ctx object ) at /tmp/loop_over_bdir-6612-IsG7rQ/POE-Component-SSLify-1.012-0/blib/lib/POE/Component/SSLify.pm line 247.
# '
# at t/simple.t line 55.
# Failed test 'CLIENT: SSLify_ContextCreate Can't locate auto/Net/SSLeay/CTX_v3_new.al in @INC (@INC contains: /tmp/loop_over_bdir-6612-IsG7rQ/POE-Component-SSLify-1.012-0/blib/arch /tmp/loop_over_bdir-6612-IsG7rQ/POE-Component-SSLify-1.012-0/blib/lib /tmp/loop_over_bdir-6612-IsG7rQ/Net-DNS-1.11-0/blib/arch /tmp/loop_over_bdir-6612-IsG7rQ/Net-DNS-1.11-0/blib/lib /home/sand/src/perl/repoperls/installed-perls/host/k93stretch/v5.27.2/9a27/lib/site_perl/5.27.2/x86_64-linux-ld /home/sand/src/perl/repoperls/installed-perls/host/k93stretch/v5.27.2/9a27/lib/site_perl/5.27.2 /home/sand/src/perl/repoperls/installed-perls/host/k93stretch/v5.27.2/9a27/lib/5.27.2/x86_64-linux-ld /home/sand/src/perl/repoperls/installed-perls/host/k93stretch/v5.27.2/9a27/lib/5.27.2 .) at /tmp/loop_over_bdir-6612-IsG7rQ/POE-Component-SSLify-1.012-0/blib/lib/POE/Component/SSLify.pm line 362.
# '
# at t/simple.t line 111.
Can't use an undefined value as a symbol reference at /tmp/loop_over_bdir-6612-IsG7rQ/POE-Component-SSLify-1.012-0/blib/lib/POE/Component/SSLify.pm line 446.
# Tests were run but no plan was declared and done_testing() was not seen.
# Looks like your test exited with 22 just after 7.
t/simple.t ....................
Dubious, test returned 22 (wstat 5632, 0x1600)
Failed 3/7 subtests
# Failed test 'SERVER: SSLify_Options Can't locate auto/Net/SSLeay/CTX_v3_new.al in @INC (@INC contains: /tmp/loop_over_bdir-6612-IsG7rQ/POE-Component-SSLify-1.012-0/blib/arch /tmp/loop_over_bdir-6612-IsG7rQ/POE-Component-SSLify-1.012-0/blib/lib /tmp/loop_over_bdir-6612-IsG7rQ/Net-DNS-1.11-0/blib/arch /tmp/loop_over_bdir-6612-IsG7rQ/Net-DNS-1.11-0/blib/lib /home/sand/src/perl/repoperls/installed-perls/host/k93stretch/v5.27.2/9a27/lib/site_perl/5.27.2/x86_64-linux-ld /home/sand/src/perl/repoperls/installed-perls/host/k93stretch/v5.27.2/9a27/lib/site_perl/5.27.2 /home/sand/src/perl/repoperls/installed-perls/host/k93stretch/v5.27.2/9a27/lib/5.27.2/x86_64-linux-ld /home/sand/src/perl/repoperls/installed-perls/host/k93stretch/v5.27.2/9a27/lib/5.27.2 .) at /tmp/loop_over_bdir-6612-IsG7rQ/POE-Component-SSLify-1.012-0/blib/lib/POE/Component/SSLify.pm line 362.
# '
# at t/simple_large.t line 54.
# Failed test 'SERVER: Server_SSLify Please do SSLify_Options() first ( or pass in a $ctx object ) at /tmp/loop_over_bdir-6612-IsG7rQ/POE-Component-SSLify-1.012-0/blib/lib/POE/Component/SSLify.pm line 247.
# '
# at t/simple_large.t line 57.
# Failed test 'CLIENT: SSLify_ContextCreate Can't locate auto/Net/SSLeay/CTX_v3_new.al in @INC (@INC contains: /tmp/loop_over_bdir-6612-IsG7rQ/POE-Component-SSLify-1.012-0/blib/arch /tmp/loop_over_bdir-6612-IsG7rQ/POE-Component-SSLify-1.012-0/blib/lib /tmp/loop_over_bdir-6612-IsG7rQ/Net-DNS-1.11-0/blib/arch /tmp/loop_over_bdir-6612-IsG7rQ/Net-DNS-1.11-0/blib/lib /home/sand/src/perl/repoperls/installed-perls/host/k93stretch/v5.27.2/9a27/lib/site_perl/5.27.2/x86_64-linux-ld /home/sand/src/perl/repoperls/installed-perls/host/k93stretch/v5.27.2/9a27/lib/site_perl/5.27.2 /home/sand/src/perl/repoperls/installed-perls/host/k93stretch/v5.27.2/9a27/lib/5.27.2/x86_64-linux-ld /home/sand/src/perl/repoperls/installed-perls/host/k93stretch/v5.27.2/9a27/lib/5.27.2 .) at /tmp/loop_over_bdir-6612-IsG7rQ/POE-Component-SSLify-1.012-0/blib/lib/POE/Component/SSLify.pm line 362.
# '
# at t/simple_large.t line 113.
Can't use an undefined value as a symbol reference at /tmp/loop_over_bdir-6612-IsG7rQ/POE-Component-SSLify-1.012-0/blib/lib/POE/Component/SSLify.pm line 446.
# Tests were run but no plan was declared and done_testing() was not seen.
# Looks like your test exited with 22 just after 6.
t/simple_large.t ..............
Dubious, test returned 22 (wstat 5632, 0x1600)
Failed 3/6 subtests
# Failed test 'SERVER: SSLify_Options Can't locate auto/Net/SSLeay/CTX_v3_new.al in @INC (@INC contains: /tmp/loop_over_bdir-6612-IsG7rQ/POE-Component-SSLify-1.012-0/blib/arch /tmp/loop_over_bdir-6612-IsG7rQ/POE-Component-SSLify-1.012-0/blib/lib /tmp/loop_over_bdir-6612-IsG7rQ/Net-DNS-1.11-0/blib/arch /tmp/loop_over_bdir-6612-IsG7rQ/Net-DNS-1.11-0/blib/lib /home/sand/src/perl/repoperls/installed-perls/host/k93stretch/v5.27.2/9a27/lib/site_perl/5.27.2/x86_64-linux-ld /home/sand/src/perl/repoperls/installed-perls/host/k93stretch/v5.27.2/9a27/lib/site_perl/5.27.2 /home/sand/src/perl/repoperls/installed-perls/host/k93stretch/v5.27.2/9a27/lib/5.27.2/x86_64-linux-ld /home/sand/src/perl/repoperls/installed-perls/host/k93stretch/v5.27.2/9a27/lib/5.27.2 .) at /tmp/loop_over_bdir-6612-IsG7rQ/POE-Component-SSLify-1.012-0/blib/lib/POE/Component/SSLify.pm line 362.
# '
# at t/simple_parallel.t line 52.
# Failed test 'SERVER: Server_SSLify Please do SSLify_Options() first ( or pass in a $ctx object ) at /tmp/loop_over_bdir-6612-IsG7rQ/POE-Component-SSLify-1.012-0/blib/lib/POE/Component/SSLify.pm line 247.
# '
# at t/simple_parallel.t line 55.
# Failed test 'CLIENT: SSLify_ContextCreate Can't locate auto/Net/SSLeay/CTX_v3_new.al in @INC (@INC contains: /tmp/loop_over_bdir-6612-IsG7rQ/POE-Component-SSLify-1.012-0/blib/arch /tmp/loop_over_bdir-6612-IsG7rQ/POE-Component-SSLify-1.012-0/blib/lib /tmp/loop_over_bdir-6612-IsG7rQ/Net-DNS-1.11-0/blib/arch /tmp/loop_over_bdir-6612-IsG7rQ/Net-DNS-1.11-0/blib/lib /home/sand/src/perl/repoperls/installed-perls/host/k93stretch/v5.27.2/9a27/lib/site_perl/5.27.2/x86_64-linux-ld /home/sand/src/perl/repoperls/installed-perls/host/k93stretch/v5.27.2/9a27/lib/site_perl/5.27.2 /home/sand/src/perl/repoperls/installed-perls/host/k93stretch/v5.27.2/9a27/lib/5.27.2/x86_64-linux-ld /home/sand/src/perl/repoperls/installed-perls/host/k93stretch/v5.27.2/9a27/lib/5.27.2 .) at /tmp/loop_over_bdir-6612-IsG7rQ/POE-Component-SSLify-1.012-0/blib/lib/POE/Component/SSLify.pm line 362.
# '
# at t/simple_parallel.t line 111.
# Failed test 'CLIENT: SSLify_ContextCreate Can't locate auto/Net/SSLeay/CTX_v3_new.al in @INC (@INC contains: /tmp/loop_over_bdir-6612-IsG7rQ/POE-Component-SSLify-1.012-0/blib/arch /tmp/loop_over_bdir-6612-IsG7rQ/POE-Component-SSLify-1.012-0/blib/lib /tmp/loop_over_bdir-6612-IsG7rQ/Net-DNS-1.11-0/blib/arch /tmp/loop_over_bdir-6612-IsG7rQ/Net-DNS-1.11-0/blib/lib /home/sand/src/perl/repoperls/installed-perls/host/k93stretch/v5.27.2/9a27/lib/site_perl/5.27.2/x86_64-linux-ld /home/sand/src/perl/repoperls/installed-perls/host/k93stretch/v5.27.2/9a27/lib/site_perl/5.27.2 /home/sand/src/perl/repoperls/installed-perls/host/k93stretch/v5.27.2/9a27/lib/5.27.2/x86_64-linux-ld /home/sand/src/perl/repoperls/installed-perls/host/k93stretch/v5.27.2/9a27/lib/5.27.2 .) at /tmp/loop_over_bdir-6612-IsG7rQ/POE-Component-SSLify-1.012-0/blib/lib/POE/Component/SSLify.pm line 362.
# '
# at t/simple_parallel.t line 111.
# Failed test 'CLIENT: SSLify_ContextCreate Can't locate auto/Net/SSLeay/CTX_v3_new.al in @INC (@INC contains: /tmp/loop_over_bdir-6612-IsG7rQ/POE-Component-SSLify-1.012-0/blib/arch /tmp/loop_over_bdir-6612-IsG7rQ/POE-Component-SSLify-1.012-0/blib/lib /tmp/loop_over_bdir-6612-IsG7rQ/Net-DNS-1.11-0/blib/arch /tmp/loop_over_bdir-6612-IsG7rQ/Net-DNS-1.11-0/blib/lib /home/sand/src/perl/repoperls/installed-perls/host/k93stretch/v5.27.2/9a27/lib/site_perl/5.27.2/x86_64-linux-ld /home/sand/src/perl/repoperls/installed-perls/host/k93stretch/v5.27.2/9a27/lib/site_perl/5.27.2 /home/sand/src/perl/repoperls/installed-perls/host/k93stretch/v5.27.2/9a27/lib/5.27.2/x86_64-linux-ld /home/sand/src/perl/repoperls/installed-perls/host/k93stretch/v5.27.2/9a27/lib/5.27.2 .) at /tmp/loop_over_bdir-6612-IsG7rQ/POE-Component-SSLify-1.012-0/blib/lib/POE/Component/SSLify.pm line 362.
# '
# at t/simple_parallel.t line 111.
# Failed test 'CLIENT: SSLify_ContextCreate Can't locate auto/Net/SSLeay/CTX_v3_new.al in @INC (@INC contains: /tmp/loop_over_bdir-6612-IsG7rQ/POE-Component-SSLify-1.012-0/blib/arch /tmp/loop_over_bdir-6612-IsG7rQ/POE-Component-SSLify-1.012-0/blib/lib /tmp/loop_over_bdir-6612-IsG7rQ/Net-DNS-1.11-0/blib/arch /tmp/loop_over_bdir-6612-IsG7rQ/Net-DNS-1.11-0/blib/lib /home/sand/src/perl/repoperls/installed-perls/host/k93stretch/v5.27.2/9a27/lib/site_perl/5.27.2/x86_64-linux-ld /home/sand/src/perl/repoperls/installed-perls/host/k93stretch/v5.27.2/9a27/lib/site_perl/5.27.2 /home/sand/src/perl/repoperls/installed-perls/host/k93stretch/v5.27.2/9a27/lib/5.27.2/x86_64-linux-ld /home/sand/src/perl/repoperls/installed-perls/host/k93stretch/v5.27.2/9a27/lib/5.27.2 .) at /tmp/loop_over_bdir-6612-IsG7rQ/POE-Component-SSLify-1.012-0/blib/lib/POE/Component/SSLify.pm line 362.
# '
# at t/simple_parallel.t line 111.
# Failed test 'CLIENT: SSLify_ContextCreate Can't locate auto/Net/SSLeay/CTX_v3_new.al in @INC (@INC contains: /tmp/loop_over_bdir-6612-IsG7rQ/POE-Component-SSLify-1.012-0/blib/arch /tmp/loop_over_bdir-6612-IsG7rQ/POE-Component-SSLify-1.012-0/blib/lib /tmp/loop_over_bdir-6612-IsG7rQ/Net-DNS-1.11-0/blib/arch /tmp/loop_over_bdir-6612-IsG7rQ/Net-DNS-1.11-0/blib/lib /home/sand/src/perl/repoperls/installed-perls/host/k93stretch/v5.27.2/9a27/lib/site_perl/5.27.2/x86_64-linux-ld /home/sand/src/perl/repoperls/installed-perls/host/k93stretch/v5.27.2/9a27/lib/site_perl/5.27.2 /home/sand/src/perl/repoperls/installed-perls/host/k93stretch/v5.27.2/9a27/lib/5.27.2/x86_64-linux-ld /home/sand/src/perl/repoperls/installed-perls/host/k93stretch/v5.27.2/9a27/lib/5.27.2 .) at /tmp/loop_over_bdir-6612-IsG7rQ/POE-Component-SSLify-1.012-0/blib/lib/POE/Component/SSLify.pm line 362.
# '
# at t/simple_parallel.t line 111.
# Failed test 'CLIENT: SSLify_ContextCreate Can't locate auto/Net/SSLeay/CTX_v3_new.al in @INC (@INC contains: /tmp/loop_over_bdir-6612-IsG7rQ/POE-Component-SSLify-1.012-0/blib/arch /tmp/loop_over_bdir-6612-IsG7rQ/POE-Component-SSLify-1.012-0/blib/lib /tmp/loop_over_bdir-6612-IsG7rQ/Net-DNS-1.11-0/blib/arch /tmp/loop_over_bdir-6612-IsG7rQ/Net-DNS-1.11-0/blib/lib /home/sand/src/perl/repoperls/installed-perls/host/k93stretch/v5.27.2/9a27/lib/site_perl/5.27.2/x86_64-linux-ld /home/sand/src/perl/repoperls/installed-perls/host/k93stretch/v5.27.2/9a27/lib/site_perl/5.27.2 /home/sand/src/perl/repoperls/installed-perls/host/k93stretch/v5.27.2/9a27/lib/5.27.2/x86_64-linux-ld /home/sand/src/perl/repoperls/installed-perls/host/k93stretch/v5.27.2/9a27/lib/5.27.2 .) at /tmp/loop_over_bdir-6612-IsG7rQ/POE-Component-SSLify-1.012-0/blib/lib/POE/Component/SSLify.pm line 362.
# '
# at t/simple_parallel.t line 111.
# Failed test 'CLIENT: SSLify_ContextCreate Can't locate auto/Net/SSLeay/CTX_v3_new.al in @INC (@INC contains: /tmp/loop_over_bdir-6612-IsG7rQ/POE-Component-SSLify-1.012-0/blib/arch /tmp/loop_over_bdir-6612-IsG7rQ/POE-Component-SSLify-1.012-0/blib/lib /tmp/loop_over_bdir-6612-IsG7rQ/Net-DNS-1.11-0/blib/arch /tmp/loop_over_bdir-6612-IsG7rQ/Net-DNS-1.11-0/blib/lib /home/sand/src/perl/repoperls/installed-perls/host/k93stretch/v5.27.2/9a27/lib/site_perl/5.27.2/x86_64-linux-ld /home/sand/src/perl/repoperls/installed-perls/host/k93stretch/v5.27.2/9a27/lib/site_perl/5.27.2 /home/sand/src/perl/repoperls/installed-perls/host/k93stretch/v5.27.2/9a27/lib/5.27.2/x86_64-linux-ld /home/sand/src/perl/repoperls/installed-perls/host/k93stretch/v5.27.2/9a27/lib/5.27.2 .) at /tmp/loop_over_bdir-6612-IsG7rQ/POE-Component-SSLify-1.012-0/blib/lib/POE/Component/SSLify.pm line 362.
# '
# at t/simple_parallel.t line 111.
# Failed test 'CLIENT: SSLify_ContextCreate Can't locate auto/Net/SSLeay/CTX_v3_new.al in @INC (@INC contains: /tmp/loop_over_bdir-6612-IsG7rQ/POE-Component-SSLify-1.012-0/blib/arch /tmp/loop_over_bdir-6612-IsG7rQ/POE-Component-SSLify-1.012-0/blib/lib /tmp/loop_over_bdir-6612-IsG7rQ/Net-DNS-1.11-0/blib/arch /tmp/loop_over_bdir-6612-IsG7rQ/Net-DNS-1.11-0/blib/lib /home/sand/src/perl/repoperls/installed-perls/host/k93stretch/v5.27.2/9a27/lib/site_perl/5.27.2/x86_64-linux-ld /home/sand/src/perl/repoperls/installed-perls/host/k93stretch/v5.27.2/9a27/lib/site_perl/5.27.2 /home/sand/src/perl/repoperls/installed-perls/host/k93stretch/v5.27.2/9a27/lib/5.27.2/x86_64-linux-ld /home/sand/src/perl/repoperls/installed-perls/host/k93stretch/v5.27.2/9a27/lib/5.27.2 .) at /tmp/loop_over_bdir-6612-IsG7rQ/POE-Component-SSLify-1.012-0/blib/lib/POE/Component/SSLify.pm line 362.
# '
# at t/simple_parallel.t line 111.
# Failed test 'CLIENT: SSLify_ContextCreate Can't locate auto/Net/SSLeay/CTX_v3_new.al in @INC (@INC contains: /tmp/loop_over_bdir-6612-IsG7rQ/POE-Component-SSLify-1.012-0/blib/arch /tmp/loop_over_bdir-6612-IsG7rQ/POE-Component-SSLify-1.012-0/blib/lib /tmp/loop_over_bdir-6612-IsG7rQ/Net-DNS-1.11-0/blib/arch /tmp/loop_over_bdir-6612-IsG7rQ/Net-DNS-1.11-0/blib/lib /home/sand/src/perl/repoperls/installed-perls/host/k93stretch/v5.27.2/9a27/lib/site_perl/5.27.2/x86_64-linux-ld /home/sand/src/perl/repoperls/installed-perls/host/k93stretch/v5.27.2/9a27/lib/site_perl/5.27.2 /home/sand/src/perl/repoperls/installed-perls/host/k93stretch/v5.27.2/9a27/lib/5.27.2/x86_64-linux-ld /home/sand/src/perl/repoperls/installed-perls/host/k93stretch/v5.27.2/9a27/lib/5.27.2 .) at /tmp/loop_over_bdir-6612-IsG7rQ/POE-Component-SSLify-1.012-0/blib/lib/POE/Component/SSLify.pm line 362.
# '
# at t/simple_parallel.t line 111.
# Failed test 'CLIENT: SSLify_ContextCreate Can't locate auto/Net/SSLeay/CTX_v3_new.al in @INC (@INC contains: /tmp/loop_over_bdir-6612-IsG7rQ/POE-Component-SSLify-1.012-0/blib/arch /tmp/loop_over_bdir-6612-IsG7rQ/POE-Component-SSLify-1.012-0/blib/lib /tmp/loop_over_bdir-6612-IsG7rQ/Net-DNS-1.11-0/blib/arch /tmp/loop_over_bdir-6612-IsG7rQ/Net-DNS-1.11-0/blib/lib /home/sand/src/perl/repoperls/installed-perls/host/k93stretch/v5.27.2/9a27/lib/site_perl/5.27.2/x86_64-linux-ld /home/sand/src/perl/repoperls/installed-perls/host/k93stretch/v5.27.2/9a27/lib/site_perl/5.27.2 /home/sand/src/perl/repoperls/installed-perls/host/k93stretch/v5.27.2/9a27/lib/5.27.2/x86_64-linux-ld /home/sand/src/perl/repoperls/installed-perls/host/k93stretch/v5.27.2/9a27/lib/5.27.2 .) at /tmp/loop_over_bdir-6612-IsG7rQ/POE-Component-SSLify-1.012-0/blib/lib/POE/Component/SSLify.pm line 362.
# '
# at t/simple_parallel.t line 111.
Can't use an undefined value as a symbol reference at /tmp/loop_over_bdir-6612-IsG7rQ/POE-Component-SSLify-1.012-0/blib/lib/POE/Component/SSLify.pm line 446.
# Tests were run but no plan was declared and done_testing() was not seen.
# Looks like your test exited with 22 just after 52.
t/simple_parallel.t ...........
Dubious, test returned 22 (wstat 5632, 0x1600)
Failed 12/52 subtests
# Failed test 'SERVER: SSLify_Options Can't locate auto/Net/SSLeay/CTX_v3_new.al in @INC (@INC contains: /tmp/loop_over_bdir-6612-IsG7rQ/POE-Component-SSLify-1.012-0/blib/arch /tmp/loop_over_bdir-6612-IsG7rQ/POE-Component-SSLify-1.012-0/blib/lib /tmp/loop_over_bdir-6612-IsG7rQ/Net-DNS-1.11-0/blib/arch /tmp/loop_over_bdir-6612-IsG7rQ/Net-DNS-1.11-0/blib/lib /home/sand/src/perl/repoperls/installed-perls/host/k93stretch/v5.27.2/9a27/lib/site_perl/5.27.2/x86_64-linux-ld /home/sand/src/perl/repoperls/installed-perls/host/k93stretch/v5.27.2/9a27/lib/site_perl/5.27.2 /home/sand/src/perl/repoperls/installed-perls/host/k93stretch/v5.27.2/9a27/lib/5.27.2/x86_64-linux-ld /home/sand/src/perl/repoperls/installed-perls/host/k93stretch/v5.27.2/9a27/lib/5.27.2 .) at /tmp/loop_over_bdir-6612-IsG7rQ/POE-Component-SSLify-1.012-0/blib/lib/POE/Component/SSLify.pm line 362.
# '
# at t/simple_parallel_large.t line 54.
# Failed test 'SERVER: Server_SSLify Please do SSLify_Options() first ( or pass in a $ctx object ) at /tmp/loop_over_bdir-6612-IsG7rQ/POE-Component-SSLify-1.012-0/blib/lib/POE/Component/SSLify.pm line 247.
# '
# at t/simple_parallel_large.t line 57.
# Failed test 'CLIENT: SSLify_ContextCreate Can't locate auto/Net/SSLeay/CTX_v3_new.al in @INC (@INC contains: /tmp/loop_over_bdir-6612-IsG7rQ/POE-Component-SSLify-1.012-0/blib/arch /tmp/loop_over_bdir-6612-IsG7rQ/POE-Component-SSLify-1.012-0/blib/lib /tmp/loop_over_bdir-6612-IsG7rQ/Net-DNS-1.11-0/blib/arch /tmp/loop_over_bdir-6612-IsG7rQ/Net-DNS-1.11-0/blib/lib /home/sand/src/perl/repoperls/installed-perls/host/k93stretch/v5.27.2/9a27/lib/site_perl/5.27.2/x86_64-linux-ld /home/sand/src/perl/repoperls/installed-perls/host/k93stretch/v5.27.2/9a27/lib/site_perl/5.27.2 /home/sand/src/perl/repoperls/installed-perls/host/k93stretch/v5.27.2/9a27/lib/5.27.2/x86_64-linux-ld /home/sand/src/perl/repoperls/installed-perls/host/k93stretch/v5.27.2/9a27/lib/5.27.2 .) at /tmp/loop_over_bdir-6612-IsG7rQ/POE-Component-SSLify-1.012-0/blib/lib/POE/Component/SSLify.pm line 362.
# '
# at t/simple_parallel_large.t line 111.
# Failed test 'CLIENT: SSLify_ContextCreate Can't locate auto/Net/SSLeay/CTX_v3_new.al in @INC (@INC contains: /tmp/loop_over_bdir-6612-IsG7rQ/POE-Component-SSLify-1.012-0/blib/arch /tmp/loop_over_bdir-6612-IsG7rQ/POE-Component-SSLify-1.012-0/blib/lib /tmp/loop_over_bdir-6612-IsG7rQ/Net-DNS-1.11-0/blib/arch /tmp/loop_over_bdir-6612-IsG7rQ/Net-DNS-1.11-0/blib/lib /home/sand/src/perl/repoperls/installed-perls/host/k93stretch/v5.27.2/9a27/lib/site_perl/5.27.2/x86_64-linux-ld /home/sand/src/perl/repoperls/installed-perls/host/k93stretch/v5.27.2/9a27/lib/site_perl/5.27.2 /home/sand/src/perl/repoperls/installed-perls/host/k93stretch/v5.27.2/9a27/lib/5.27.2/x86_64-linux-ld /home/sand/src/perl/repoperls/installed-perls/host/k93stretch/v5.27.2/9a27/lib/5.27.2 .) at /tmp/loop_over_bdir-6612-IsG7rQ/POE-Component-SSLify-1.012-0/blib/lib/POE/Component/SSLify.pm line 362.
# '
# at t/simple_parallel_large.t line 111.
# Failed test 'CLIENT: SSLify_ContextCreate Can't locate auto/Net/SSLeay/CTX_v3_new.al in @INC (@INC contains: /tmp/loop_over_bdir-6612-IsG7rQ/POE-Component-SSLify-1.012-0/blib/arch /tmp/loop_over_bdir-6612-IsG7rQ/POE-Component-SSLify-1.012-0/blib/lib /tmp/loop_over_bdir-6612-IsG7rQ/Net-DNS-1.11-0/blib/arch /tmp/loop_over_bdir-6612-IsG7rQ/Net-DNS-1.11-0/blib/lib /home/sand/src/perl/repoperls/installed-perls/host/k93stretch/v5.27.2/9a27/lib/site_perl/5.27.2/x86_64-linux-ld /home/sand/src/perl/repoperls/installed-perls/host/k93stretch/v5.27.2/9a27/lib/site_perl/5.27.2 /home/sand/src/perl/repoperls/installed-perls/host/k93stretch/v5.27.2/9a27/lib/5.27.2/x86_64-linux-ld /home/sand/src/perl/repoperls/installed-perls/host/k93stretch/v5.27.2/9a27/lib/5.27.2 .) at /tmp/loop_over_bdir-6612-IsG7rQ/POE-Component-SSLify-1.012-0/blib/lib/POE/Component/SSLify.pm line 362.
# '
# at t/simple_parallel_large.t line 111.
# Failed test 'CLIENT: SSLify_ContextCreate Can't locate auto/Net/SSLeay/CTX_v3_new.al in @INC (@INC contains: /tmp/loop_over_bdir-6612-IsG7rQ/POE-Component-SSLify-1.012-0/blib/arch /tmp/loop_over_bdir-6612-IsG7rQ/POE-Component-SSLify-1.012-0/blib/lib /tmp/loop_over_bdir-6612-IsG7rQ/Net-DNS-1.11-0/blib/arch /tmp/loop_over_bdir-6612-IsG7rQ/Net-DNS-1.11-0/blib/lib /home/sand/src/perl/repoperls/installed-perls/host/k93stretch/v5.27.2/9a27/lib/site_perl/5.27.2/x86_64-linux-ld /home/sand/src/perl/repoperls/installed-perls/host/k93stretch/v5.27.2/9a27/lib/site_perl/5.27.2 /home/sand/src/perl/repoperls/installed-perls/host/k93stretch/v5.27.2/9a27/lib/5.27.2/x86_64-linux-ld /home/sand/src/perl/repoperls/installed-perls/host/k93stretch/v5.27.2/9a27/lib/5.27.2 .) at /tmp/loop_over_bdir-6612-IsG7rQ/POE-Component-SSLify-1.012-0/blib/lib/POE/Component/SSLify.pm line 362.
# '
# at t/simple_parallel_large.t line 111.
# Failed test 'CLIENT: SSLify_ContextCreate Can't locate auto/Net/SSLeay/CTX_v3_new.al in @INC (@INC contains: /tmp/loop_over_bdir-6612-IsG7rQ/POE-Component-SSLify-1.012-0/blib/arch /tmp/loop_over_bdir-6612-IsG7rQ/POE-Component-SSLify-1.012-0/blib/lib /tmp/loop_over_bdir-6612-IsG7rQ/Net-DNS-1.11-0/blib/arch /tmp/loop_over_bdir-6612-IsG7rQ/Net-DNS-1.11-0/blib/lib /home/sand/src/perl/repoperls/installed-perls/host/k93stretch/v5.27.2/9a27/lib/site_perl/5.27.2/x86_64-linux-ld /home/sand/src/perl/repoperls/installed-perls/host/k93stretch/v5.27.2/9a27/lib/site_perl/5.27.2 /home/sand/src/perl/repoperls/installed-perls/host/k93stretch/v5.27.2/9a27/lib/5.27.2/x86_64-linux-ld /home/sand/src/perl/repoperls/installed-perls/host/k93stretch/v5.27.2/9a27/lib/5.27.2 .) at /tmp/loop_over_bdir-6612-IsG7rQ/POE-Component-SSLify-1.012-0/blib/lib/POE/Component/SSLify.pm line 362.
# '
# at t/simple_parallel_large.t line 111.
# Failed test 'CLIENT: SSLify_ContextCreate Can't locate auto/Net/SSLeay/CTX_v3_new.al in @INC (@INC contains: /tmp/loop_over_bdir-6612-IsG7rQ/POE-Component-SSLify-1.012-0/blib/arch /tmp/loop_over_bdir-6612-IsG7rQ/POE-Component-SSLify-1.012-0/blib/lib /tmp/loop_over_bdir-6612-IsG7rQ/Net-DNS-1.11-0/blib/arch /tmp/loop_over_bdir-6612-IsG7rQ/Net-DNS-1.11-0/blib/lib /home/sand/src/perl/repoperls/installed-perls/host/k93stretch/v5.27.2/9a27/lib/site_perl/5.27.2/x86_64-linux-ld /home/sand/src/perl/repoperls/installed-perls/host/k93stretch/v5.27.2/9a27/lib/site_perl/5.27.2 /home/sand/src/perl/repoperls/installed-perls/host/k93stretch/v5.27.2/9a27/lib/5.27.2/x86_64-linux-ld /home/sand/src/perl/repoperls/installed-perls/host/k93stretch/v5.27.2/9a27/lib/5.27.2 .) at /tmp/loop_over_bdir-6612-IsG7rQ/POE-Component-SSLify-1.012-0/blib/lib/POE/Component/SSLify.pm line 362.
# '
# at t/simple_parallel_large.t line 111.
# Failed test 'CLIENT: SSLify_ContextCreate Can't locate auto/Net/SSLeay/CTX_v3_new.al in @INC (@INC contains: /tmp/loop_over_bdir-6612-IsG7rQ/POE-Component-SSLify-1.012-0/blib/arch /tmp/loop_over_bdir-6612-IsG7rQ/POE-Component-SSLify-1.012-0/blib/lib /tmp/loop_over_bdir-6612-IsG7rQ/Net-DNS-1.11-0/blib/arch /tmp/loop_over_bdir-6612-IsG7rQ/Net-DNS-1.11-0/blib/lib /home/sand/src/perl/repoperls/installed-perls/host/k93stretch/v5.27.2/9a27/lib/site_perl/5.27.2/x86_64-linux-ld /home/sand/src/perl/repoperls/installed-perls/host/k93stretch/v5.27.2/9a27/lib/site_perl/5.27.2 /home/sand/src/perl/repoperls/installed-perls/host/k93stretch/v5.27.2/9a27/lib/5.27.2/x86_64-linux-ld /home/sand/src/perl/repoperls/installed-perls/host/k93stretch/v5.27.2/9a27/lib/5.27.2 .) at /tmp/loop_over_bdir-6612-IsG7rQ/POE-Component-SSLify-1.012-0/blib/lib/POE/Component/SSLify.pm line 362.
# '
# at t/simple_parallel_large.t line 111.
# Failed test 'CLIENT: SSLify_ContextCreate Can't locate auto/Net/SSLeay/CTX_v3_new.al in @INC (@INC contains: /tmp/loop_over_bdir-6612-IsG7rQ/POE-Component-SSLify-1.012-0/blib/arch /tmp/loop_over_bdir-6612-IsG7rQ/POE-Component-SSLify-1.012-0/blib/lib /tmp/loop_over_bdir-6612-IsG7rQ/Net-DNS-1.11-0/blib/arch /tmp/loop_over_bdir-6612-IsG7rQ/Net-DNS-1.11-0/blib/lib /home/sand/src/perl/repoperls/installed-perls/host/k93stretch/v5.27.2/9a27/lib/site_perl/5.27.2/x86_64-linux-ld /home/sand/src/perl/repoperls/installed-perls/host/k93stretch/v5.27.2/9a27/lib/site_perl/5.27.2 /home/sand/src/perl/repoperls/installed-perls/host/k93stretch/v5.27.2/9a27/lib/5.27.2/x86_64-linux-ld /home/sand/src/perl/repoperls/installed-perls/host/k93stretch/v5.27.2/9a27/lib/5.27.2 .) at /tmp/loop_over_bdir-6612-IsG7rQ/POE-Component-SSLify-1.012-0/blib/lib/POE/Component/SSLify.pm line 362.
# '
# at t/simple_parallel_large.t line 111.
# Failed test 'CLIENT: SSLify_ContextCreate Can't locate auto/Net/SSLeay/CTX_v3_new.al in @INC (@INC contains: /tmp/loop_over_bdir-6612-IsG7rQ/POE-Component-SSLify-1.012-0/blib/arch /tmp/loop_over_bdir-6612-IsG7rQ/POE-Component-SSLify-1.012-0/blib/lib /tmp/loop_over_bdir-6612-IsG7rQ/Net-DNS-1.11-0/blib/arch /tmp/loop_over_bdir-6612-IsG7rQ/Net-DNS-1.11-0/blib/lib /home/sand/src/perl/repoperls/installed-perls/host/k93stretch/v5.27.2/9a27/lib/site_perl/5.27.2/x86_64-linux-ld /home/sand/src/perl/repoperls/installed-perls/host/k93stretch/v5.27.2/9a27/lib/site_perl/5.27.2 /home/sand/src/perl/repoperls/installed-perls/host/k93stretch/v5.27.2/9a27/lib/5.27.2/x86_64-linux-ld /home/sand/src/perl/repoperls/installed-perls/host/k93stretch/v5.27.2/9a27/lib/5.27.2 .) at /tmp/loop_over_bdir-6612-IsG7rQ/POE-Component-SSLify-1.012-0/blib/lib/POE/Component/SSLify.pm line 362.
# '
# at t/simple_parallel_large.t line 111.
# Failed test 'CLIENT: SSLify_ContextCreate Can't locate auto/Net/SSLeay/CTX_v3_new.al in @INC (@INC contains: /tmp/loop_over_bdir-6612-IsG7rQ/POE-Component-SSLify-1.012-0/blib/arch /tmp/loop_over_bdir-6612-IsG7rQ/POE-Component-SSLify-1.012-0/blib/lib /tmp/loop_over_bdir-6612-IsG7rQ/Net-DNS-1.11-0/blib/arch /tmp/loop_over_bdir-6612-IsG7rQ/Net-DNS-1.11-0/blib/lib /home/sand/src/perl/repoperls/installed-perls/host/k93stretch/v5.27.2/9a27/lib/site_perl/5.27.2/x86_64-linux-ld /home/sand/src/perl/repoperls/installed-perls/host/k93stretch/v5.27.2/9a27/lib/site_perl/5.27.2 /home/sand/src/perl/repoperls/installed-perls/host/k93stretch/v5.27.2/9a27/lib/5.27.2/x86_64-linux-ld /home/sand/src/perl/repoperls/installed-perls/host/k93stretch/v5.27.2/9a27/lib/5.27.2 .) at /tmp/loop_over_bdir-6612-IsG7rQ/POE-Component-SSLify-1.012-0/blib/lib/POE/Component/SSLify.pm line 362.
# '
# at t/simple_parallel_large.t line 111.
Can't use an undefined value as a symbol reference at /tmp/loop_over_bdir-6612-IsG7rQ/POE-Component-SSLify-1.012-0/blib/lib/POE/Component/SSLify.pm line 446.
# Tests were run but no plan was declared and done_testing() was not seen.
# Looks like your test exited with 22 just after 42.
t/simple_parallel_large.t .....
Dubious, test returned 22 (wstat 5632, 0x1600)
Failed 12/42 subtests
# Failed test 'SERVER: SSLify_Options Can't locate auto/Net/SSLeay/CTX_v3_new.al in @INC (@INC contains: /tmp/loop_over_bdir-6612-IsG7rQ/POE-Component-SSLify-1.012-0/blib/arch /tmp/loop_over_bdir-6612-IsG7rQ/POE-Component-SSLify-1.012-0/blib/lib /tmp/loop_over_bdir-6612-IsG7rQ/Net-DNS-1.11-0/blib/arch /tmp/loop_over_bdir-6612-IsG7rQ/Net-DNS-1.11-0/blib/lib /home/sand/src/perl/repoperls/installed-perls/host/k93stretch/v5.27.2/9a27/lib/site_perl/5.27.2/x86_64-linux-ld /home/sand/src/perl/repoperls/installed-perls/host/k93stretch/v5.27.2/9a27/lib/site_perl/5.27.2 /home/sand/src/perl/repoperls/installed-perls/host/k93stretch/v5.27.2/9a27/lib/5.27.2/x86_64-linux-ld /home/sand/src/perl/repoperls/installed-perls/host/k93stretch/v5.27.2/9a27/lib/5.27.2 .) at /tmp/loop_over_bdir-6612-IsG7rQ/POE-Component-SSLify-1.012-0/blib/lib/POE/Component/SSLify.pm line 362.
# '
# at t/simple_parallel_superbig.t line 63.
# Failed test 'SERVER: Server_SSLify Please do SSLify_Options() first ( or pass in a $ctx object ) at /tmp/loop_over_bdir-6612-IsG7rQ/POE-Component-SSLify-1.012-0/blib/lib/POE/Component/SSLify.pm line 247.
# '
# at t/simple_parallel_superbig.t line 66.
# Failed test 'CLIENT: SSLify_ContextCreate Can't locate auto/Net/SSLeay/CTX_v3_new.al in @INC (@INC contains: /tmp/loop_over_bdir-6612-IsG7rQ/POE-Component-SSLify-1.012-0/blib/arch /tmp/loop_over_bdir-6612-IsG7rQ/POE-Component-SSLify-1.012-0/blib/lib /tmp/loop_over_bdir-6612-IsG7rQ/Net-DNS-1.11-0/blib/arch /tmp/loop_over_bdir-6612-IsG7rQ/Net-DNS-1.11-0/blib/lib /home/sand/src/perl/repoperls/installed-perls/host/k93stretch/v5.27.2/9a27/lib/site_perl/5.27.2/x86_64-linux-ld /home/sand/src/perl/repoperls/installed-perls/host/k93stretch/v5.27.2/9a27/lib/site_perl/5.27.2 /home/sand/src/perl/repoperls/installed-perls/host/k93stretch/v5.27.2/9a27/lib/5.27.2/x86_64-linux-ld /home/sand/src/perl/repoperls/installed-perls/host/k93stretch/v5.27.2/9a27/lib/5.27.2 .) at /tmp/loop_over_bdir-6612-IsG7rQ/POE-Component-SSLify-1.012-0/blib/lib/POE/Component/SSLify.pm line 362.
# '
# at t/simple_parallel_superbig.t line 120.
# Failed test 'CLIENT: SSLify_ContextCreate Can't locate auto/Net/SSLeay/CTX_v3_new.al in @INC (@INC contains: /tmp/loop_over_bdir-6612-IsG7rQ/POE-Component-SSLify-1.012-0/blib/arch /tmp/loop_over_bdir-6612-IsG7rQ/POE-Component-SSLify-1.012-0/blib/lib /tmp/loop_over_bdir-6612-IsG7rQ/Net-DNS-1.11-0/blib/arch /tmp/loop_over_bdir-6612-IsG7rQ/Net-DNS-1.11-0/blib/lib /home/sand/src/perl/repoperls/installed-perls/host/k93stretch/v5.27.2/9a27/lib/site_perl/5.27.2/x86_64-linux-ld /home/sand/src/perl/repoperls/installed-perls/host/k93stretch/v5.27.2/9a27/lib/site_perl/5.27.2 /home/sand/src/perl/repoperls/installed-perls/host/k93stretch/v5.27.2/9a27/lib/5.27.2/x86_64-linux-ld /home/sand/src/perl/repoperls/installed-perls/host/k93stretch/v5.27.2/9a27/lib/5.27.2 .) at /tmp/loop_over_bdir-6612-IsG7rQ/POE-Component-SSLify-1.012-0/blib/lib/POE/Component/SSLify.pm line 362.
# '
# at t/simple_parallel_superbig.t line 120.
# Failed test 'CLIENT: SSLify_ContextCreate Can't locate auto/Net/SSLeay/CTX_v3_new.al in @INC (@INC contains: /tmp/loop_over_bdir-6612-IsG7rQ/POE-Component-SSLify-1.012-0/blib/arch /tmp/loop_over_bdir-6612-IsG7rQ/POE-Component-SSLify-1.012-0/blib/lib /tmp/loop_over_bdir-6612-IsG7rQ/Net-DNS-1.11-0/blib/arch /tmp/loop_over_bdir-6612-IsG7rQ/Net-DNS-1.11-0/blib/lib /home/sand/src/perl/repoperls/installed-perls/host/k93stretch/v5.27.2/9a27/lib/site_perl/5.27.2/x86_64-linux-ld /home/sand/src/perl/repoperls/installed-perls/host/k93stretch/v5.27.2/9a27/lib/site_perl/5.27.2 /home/sand/src/perl/repoperls/installed-perls/host/k93stretch/v5.27.2/9a27/lib/5.27.2/x86_64-linux-ld /home/sand/src/perl/repoperls/installed-perls/host/k93stretch/v5.27.2/9a27/lib/5.27.2 .) at /tmp/loop_over_bdir-6612-IsG7rQ/POE-Component-SSLify-1.012-0/blib/lib/POE/Component/SSLify.pm line 362.
# '
# at t/simple_parallel_superbig.t line 120.
# Failed test 'CLIENT: SSLify_ContextCreate Can't locate auto/Net/SSLeay/CTX_v3_new.al in @INC (@INC contains: /tmp/loop_over_bdir-6612-IsG7rQ/POE-Component-SSLify-1.012-0/blib/arch /tmp/loop_over_bdir-6612-IsG7rQ/POE-Component-SSLify-1.012-0/blib/lib /tmp/loop_over_bdir-6612-IsG7rQ/Net-DNS-1.11-0/blib/arch /tmp/loop_over_bdir-6612-IsG7rQ/Net-DNS-1.11-0/blib/lib /home/sand/src/perl/repoperls/installed-perls/host/k93stretch/v5.27.2/9a27/lib/site_perl/5.27.2/x86_64-linux-ld /home/sand/src/perl/repoperls/installed-perls/host/k93stretch/v5.27.2/9a27/lib/site_perl/5.27.2 /home/sand/src/perl/repoperls/installed-perls/host/k93stretch/v5.27.2/9a27/lib/5.27.2/x86_64-linux-ld /home/sand/src/perl/repoperls/installed-perls/host/k93stretch/v5.27.2/9a27/lib/5.27.2 .) at /tmp/loop_over_bdir-6612-IsG7rQ/POE-Component-SSLify-1.012-0/blib/lib/POE/Component/SSLify.pm line 362.
# '
# at t/simple_parallel_superbig.t line 120.
# Failed test 'CLIENT: SSLify_ContextCreate Can't locate auto/Net/SSLeay/CTX_v3_new.al in @INC (@INC contains: /tmp/loop_over_bdir-6612-IsG7rQ/POE-Component-SSLify-1.012-0/blib/arch /tmp/loop_over_bdir-6612-IsG7rQ/POE-Component-SSLify-1.012-0/blib/lib /tmp/loop_over_bdir-6612-IsG7rQ/Net-DNS-1.11-0/blib/arch /tmp/loop_over_bdir-6612-IsG7rQ/Net-DNS-1.11-0/blib/lib /home/sand/src/perl/repoperls/installed-perls/host/k93stretch/v5.27.2/9a27/lib/site_perl/5.27.2/x86_64-linux-ld /home/sand/src/perl/repoperls/installed-perls/host/k93stretch/v5.27.2/9a27/lib/site_perl/5.27.2 /home/sand/src/perl/repoperls/installed-perls/host/k93stretch/v5.27.2/9a27/lib/5.27.2/x86_64-linux-ld /home/sand/src/perl/repoperls/installed-perls/host/k93stretch/v5.27.2/9a27/lib/5.27.2 .) at /tmp/loop_over_bdir-6612-IsG7rQ/POE-Component-SSLify-1.012-0/blib/lib/POE/Component/SSLify.pm line 362.
# '
# at t/simple_parallel_superbig.t line 120.
# Failed test 'CLIENT: SSLify_ContextCreate Can't locate auto/Net/SSLeay/CTX_v3_new.al in @INC (@INC contains: /tmp/loop_over_bdir-6612-IsG7rQ/POE-Component-SSLify-1.012-0/blib/arch /tmp/loop_over_bdir-6612-IsG7rQ/POE-Component-SSLify-1.012-0/blib/lib /tmp/loop_over_bdir-6612-IsG7rQ/Net-DNS-1.11-0/blib/arch /tmp/loop_over_bdir-6612-IsG7rQ/Net-DNS-1.11-0/blib/lib /home/sand/src/perl/repoperls/installed-perls/host/k93stretch/v5.27.2/9a27/lib/site_perl/5.27.2/x86_64-linux-ld /home/sand/src/perl/repoperls/installed-perls/host/k93stretch/v5.27.2/9a27/lib/site_perl/5.27.2 /home/sand/src/perl/repoperls/installed-perls/host/k93stretch/v5.27.2/9a27/lib/5.27.2/x86_64-linux-ld /home/sand/src/perl/repoperls/installed-perls/host/k93stretch/v5.27.2/9a27/lib/5.27.2 .) at /tmp/loop_over_bdir-6612-IsG7rQ/POE-Component-SSLify-1.012-0/blib/lib/POE/Component/SSLify.pm line 362.
# '
# at t/simple_parallel_superbig.t line 120.
# Failed test 'CLIENT: SSLify_ContextCreate Can't locate auto/Net/SSLeay/CTX_v3_new.al in @INC (@INC contains: /tmp/loop_over_bdir-6612-IsG7rQ/POE-Component-SSLify-1.012-0/blib/arch /tmp/loop_over_bdir-6612-IsG7rQ/POE-Component-SSLify-1.012-0/blib/lib /tmp/loop_over_bdir-6612-IsG7rQ/Net-DNS-1.11-0/blib/arch /tmp/loop_over_bdir-6612-IsG7rQ/Net-DNS-1.11-0/blib/lib /home/sand/src/perl/repoperls/installed-perls/host/k93stretch/v5.27.2/9a27/lib/site_perl/5.27.2/x86_64-linux-ld /home/sand/src/perl/repoperls/installed-perls/host/k93stretch/v5.27.2/9a27/lib/site_perl/5.27.2 /home/sand/src/perl/repoperls/installed-perls/host/k93stretch/v5.27.2/9a27/lib/5.27.2/x86_64-linux-ld /home/sand/src/perl/repoperls/installed-perls/host/k93stretch/v5.27.2/9a27/lib/5.27.2 .) at /tmp/loop_over_bdir-6612-IsG7rQ/POE-Component-SSLify-1.012-0/blib/lib/POE/Component/SSLify.pm line 362.
# '
# at t/simple_parallel_superbig.t line 120.
# Failed test 'CLIENT: SSLify_ContextCreate Can't locate auto/Net/SSLeay/CTX_v3_new.al in @INC (@INC contains: /tmp/loop_over_bdir-6612-IsG7rQ/POE-Component-SSLify-1.012-0/blib/arch /tmp/loop_over_bdir-6612-IsG7rQ/POE-Component-SSLify-1.012-0/blib/lib /tmp/loop_over_bdir-6612-IsG7rQ/Net-DNS-1.11-0/blib/arch /tmp/loop_over_bdir-6612-IsG7rQ/Net-DNS-1.11-0/blib/lib /home/sand/src/perl/repoperls/installed-perls/host/k93stretch/v5.27.2/9a27/lib/site_perl/5.27.2/x86_64-linux-ld /home/sand/src/perl/repoperls/installed-perls/host/k93stretch/v5.27.2/9a27/lib/site_perl/5.27.2 /home/sand/src/perl/repoperls/installed-perls/host/k93stretch/v5.27.2/9a27/lib/5.27.2/x86_64-linux-ld /home/sand/src/perl/repoperls/installed-perls/host/k93stretch/v5.27.2/9a27/lib/5.27.2 .) at /tmp/loop_over_bdir-6612-IsG7rQ/POE-Component-SSLify-1.012-0/blib/lib/POE/Component/SSLify.pm line 362.
# '
# at t/simple_parallel_superbig.t line 120.
# Failed test 'CLIENT: SSLify_ContextCreate Can't locate auto/Net/SSLeay/CTX_v3_new.al in @INC (@INC contains: /tmp/loop_over_bdir-6612-IsG7rQ/POE-Component-SSLify-1.012-0/blib/arch /tmp/loop_over_bdir-6612-IsG7rQ/POE-Component-SSLify-1.012-0/blib/lib /tmp/loop_over_bdir-6612-IsG7rQ/Net-DNS-1.11-0/blib/arch /tmp/loop_over_bdir-6612-IsG7rQ/Net-DNS-1.11-0/blib/lib /home/sand/src/perl/repoperls/installed-perls/host/k93stretch/v5.27.2/9a27/lib/site_perl/5.27.2/x86_64-linux-ld /home/sand/src/perl/repoperls/installed-perls/host/k93stretch/v5.27.2/9a27/lib/site_perl/5.27.2 /home/sand/src/perl/repoperls/installed-perls/host/k93stretch/v5.27.2/9a27/lib/5.27.2/x86_64-linux-ld /home/sand/src/perl/repoperls/installed-perls/host/k93stretch/v5.27.2/9a27/lib/5.27.2 .) at /tmp/loop_over_bdir-6612-IsG7rQ/POE-Component-SSLify-1.012-0/blib/lib/POE/Component/SSLify.pm line 362.
# '
# at t/simple_parallel_superbig.t line 120.
# Failed test 'CLIENT: SSLify_ContextCreate Can't locate auto/Net/SSLeay/CTX_v3_new.al in @INC (@INC contains: /tmp/loop_over_bdir-6612-IsG7rQ/POE-Component-SSLify-1.012-0/blib/arch /tmp/loop_over_bdir-6612-IsG7rQ/POE-Component-SSLify-1.012-0/blib/lib /tmp/loop_over_bdir-6612-IsG7rQ/Net-DNS-1.11-0/blib/arch /tmp/loop_over_bdir-6612-IsG7rQ/Net-DNS-1.11-0/blib/lib /home/sand/src/perl/repoperls/installed-perls/host/k93stretch/v5.27.2/9a27/lib/site_perl/5.27.2/x86_64-linux-ld /home/sand/src/perl/repoperls/installed-perls/host/k93stretch/v5.27.2/9a27/lib/site_perl/5.27.2 /home/sand/src/perl/repoperls/installed-perls/host/k93stretch/v5.27.2/9a27/lib/5.27.2/x86_64-linux-ld /home/sand/src/perl/repoperls/installed-perls/host/k93stretch/v5.27.2/9a27/lib/5.27.2 .) at /tmp/loop_over_bdir-6612-IsG7rQ/POE-Component-SSLify-1.012-0/blib/lib/POE/Component/SSLify.pm line 362.
# '
# at t/simple_parallel_superbig.t line 120.
Can't use an undefined value as a symbol reference at /tmp/loop_over_bdir-6612-IsG7rQ/POE-Component-SSLify-1.012-0/blib/lib/POE/Component/SSLify.pm line 446.
# Tests were run but no plan was declared and done_testing() was not seen.
# Looks like your test exited with 22 just after 42.
t/simple_parallel_superbig.t ..
Dubious, test returned 22 (wstat 5632, 0x1600)
Failed 12/42 subtests
# Failed test 'SERVER: SSLify_Options Can't locate auto/Net/SSLeay/CTX_v3_new.al in @INC (@INC contains: /tmp/loop_over_bdir-6612-IsG7rQ/POE-Component-SSLify-1.012-0/blib/arch /tmp/loop_over_bdir-6612-IsG7rQ/POE-Component-SSLify-1.012-0/blib/lib /tmp/loop_over_bdir-6612-IsG7rQ/Net-DNS-1.11-0/blib/arch /tmp/loop_over_bdir-6612-IsG7rQ/Net-DNS-1.11-0/blib/lib /home/sand/src/perl/repoperls/installed-perls/host/k93stretch/v5.27.2/9a27/lib/site_perl/5.27.2/x86_64-linux-ld /home/sand/src/perl/repoperls/installed-perls/host/k93stretch/v5.27.2/9a27/lib/site_perl/5.27.2 /home/sand/src/perl/repoperls/installed-perls/host/k93stretch/v5.27.2/9a27/lib/5.27.2/x86_64-linux-ld /home/sand/src/perl/repoperls/installed-perls/host/k93stretch/v5.27.2/9a27/lib/5.27.2 .) at /tmp/loop_over_bdir-6612-IsG7rQ/POE-Component-SSLify-1.012-0/blib/lib/POE/Component/SSLify.pm line 362.
# '
# at t/simple_superbig.t line 62.
# Failed test 'SERVER: Server_SSLify Please do SSLify_Options() first ( or pass in a $ctx object ) at /tmp/loop_over_bdir-6612-IsG7rQ/POE-Component-SSLify-1.012-0/blib/lib/POE/Component/SSLify.pm line 247.
# '
# at t/simple_superbig.t line 65.
# Failed test 'CLIENT: SSLify_ContextCreate Can't locate auto/Net/SSLeay/CTX_v3_new.al in @INC (@INC contains: /tmp/loop_over_bdir-6612-IsG7rQ/POE-Component-SSLify-1.012-0/blib/arch /tmp/loop_over_bdir-6612-IsG7rQ/POE-Component-SSLify-1.012-0/blib/lib /tmp/loop_over_bdir-6612-IsG7rQ/Net-DNS-1.11-0/blib/arch /tmp/loop_over_bdir-6612-IsG7rQ/Net-DNS-1.11-0/blib/lib /home/sand/src/perl/repoperls/installed-perls/host/k93stretch/v5.27.2/9a27/lib/site_perl/5.27.2/x86_64-linux-ld /home/sand/src/perl/repoperls/installed-perls/host/k93stretch/v5.27.2/9a27/lib/site_perl/5.27.2 /home/sand/src/perl/repoperls/installed-perls/host/k93stretch/v5.27.2/9a27/lib/5.27.2/x86_64-linux-ld /home/sand/src/perl/repoperls/installed-perls/host/k93stretch/v5.27.2/9a27/lib/5.27.2 .) at /tmp/loop_over_bdir-6612-IsG7rQ/POE-Component-SSLify-1.012-0/blib/lib/POE/Component/SSLify.pm line 362.
# '
# at t/simple_superbig.t line 123.
Can't use an undefined value as a symbol reference at /tmp/loop_over_bdir-6612-IsG7rQ/POE-Component-SSLify-1.012-0/blib/lib/POE/Component/SSLify.pm line 446.
# Tests were run but no plan was declared and done_testing() was not seen.
# Looks like your test exited with 22 just after 6.
t/simple_superbig.t ...........
Dubious, test returned 22 (wstat 5632, 0x1600)
Failed 3/6 subtests
# Failed test 'SERVER: SSLify_Options Can't locate auto/Net/SSLeay/CTX_v3_new.al in @INC (@INC contains: /tmp/loop_over_bdir-6612-IsG7rQ/POE-Component-SSLify-1.012-0/blib/arch /tmp/loop_over_bdir-6612-IsG7rQ/POE-Component-SSLify-1.012-0/blib/lib /tmp/loop_over_bdir-6612-IsG7rQ/Net-DNS-1.11-0/blib/arch /tmp/loop_over_bdir-6612-IsG7rQ/Net-DNS-1.11-0/blib/lib /home/sand/src/perl/repoperls/installed-perls/host/k93stretch/v5.27.2/9a27/lib/site_perl/5.27.2/x86_64-linux-ld /home/sand/src/perl/repoperls/installed-perls/host/k93stretch/v5.27.2/9a27/lib/site_perl/5.27.2 /home/sand/src/perl/repoperls/installed-perls/host/k93stretch/v5.27.2/9a27/lib/5.27.2/x86_64-linux-ld /home/sand/src/perl/repoperls/installed-perls/host/k93stretch/v5.27.2/9a27/lib/5.27.2 .) at /tmp/loop_over_bdir-6612-IsG7rQ/POE-Component-SSLify-1.012-0/blib/lib/POE/Component/SSLify.pm line 362.
# '
# at t/upgrade.t line 59.
# Failed test 'SERVER: Server_SSLify Please do SSLify_Options() first ( or pass in a $ctx object ) at /tmp/loop_over_bdir-6612-IsG7rQ/POE-Component-SSLify-1.012-0/blib/lib/POE/Component/SSLify.pm line 247.
# '
# at t/upgrade.t line 61.
Can't use an undefined value as a symbol reference at /tmp/loop_over_bdir-6612-IsG7rQ/POE-Component-SSLify-1.012-0/blib/lib/POE/Component/SSLify.pm line 446.
# Tests were run but no plan was declared and done_testing() was not seen.
# Looks like your test exited with 22 just after 5.
t/upgrade.t ...................
Dubious, test returned 22 (wstat 5632, 0x1600)
Failed 2/5 subtests
Test Summary Report
-------------------
t/renegotiate_client.t (Wstat: 5632 Tests: 7 Failed: 3)
Failed tests: 1-3
Non-zero exit status: 22
Parse errors: No plan found in TAP output
t/renegotiate_client_pings.t (Wstat: 5632 Tests: 7 Failed: 3)
Failed tests: 1-3
Non-zero exit status: 22
Parse errors: No plan found in TAP output
t/renegotiate_server.t (Wstat: 5632 Tests: 7 Failed: 3)
Failed tests: 1-3
Non-zero exit status: 22
Parse errors: No plan found in TAP output
t/simple.t (Wstat: 5632 Tests: 7 Failed: 3)
Failed tests: 1-3
Non-zero exit status: 22
Parse errors: No plan found in TAP output
t/simple_large.t (Wstat: 5632 Tests: 6 Failed: 3)
Failed tests: 1-3
Non-zero exit status: 22
Parse errors: No plan found in TAP output
t/simple_parallel.t (Wstat: 5632 Tests: 52 Failed: 12)
Failed tests: 1-3, 8, 13, 18, 23, 28, 33, 38, 43, 48
Non-zero exit status: 22
Parse errors: No plan found in TAP output
t/simple_parallel_large.t (Wstat: 5632 Tests: 42 Failed: 12)
Failed tests: 1-3, 7, 11, 15, 19, 23, 27, 31, 35, 39
Non-zero exit status: 22
Parse errors: No plan found in TAP output
t/simple_parallel_superbig.t (Wstat: 5632 Tests: 42 Failed: 12)
Failed tests: 1-3, 7, 11, 15, 19, 23, 27, 31, 35, 39
Non-zero exit status: 22
Parse errors: No plan found in TAP output
t/simple_superbig.t (Wstat: 5632 Tests: 6 Failed: 3)
Failed tests: 1-3
Non-zero exit status: 22
Parse errors: No plan found in TAP output
t/upgrade.t (Wstat: 5632 Tests: 5 Failed: 2)
Failed tests: 4-5
Non-zero exit status: 22
Parse errors: No plan found in TAP output
Files=19, Tests=235, 4 wallclock secs ( 0.07 usr 0.11 sys + 2.73 cusr 0.38 csys = 3.29 CPU)
Result: FAIL
------------------------------
PREREQUISITES
------------------------------
Prerequisite modules loaded:
requires:
Module Need Have
--------------------------- -------- --------
Exporter 0 5.72
IO::Handle 1.28 1.36
Net::SSLeay 1.36 1.81
parent 0 0.236
perl 5.006 5.027002
POE 1.267 1.367
Scalar::Util 0 1.48
strict 0 1.11
Symbol 0 1.08
Task::Weaken 1.03 1.04
warnings 0 1.37
build_requires:
Module Need Have
--------------------------- -------- --------
ExtUtils::MakeMaker 0 7.30
File::Spec 0 3.68
File::Temp 0 0.2304
IO::Handle 1.28 1.36
IPC::Open3 0 1.20
perl 5.006 5.027002
POE 1.267 1.367
POE::Component::Client::TCP 0 1.367
POE::Component::Server::TCP 0 1.367
POE::Filter::Stream 0 1.367
Socket 0 2.020_03
Test::FailWarnings 0 0.008
Test::More 1.001002 1.302086
configure_requires:
Module Need Have
--------------------------- -------- --------
ExtUtils::MakeMaker 0 7.30
Module::Build::Tiny 0.039 0.039
perl 5.006 5.027002
------------------------------
ENVIRONMENT AND OTHER CONTEXT
------------------------------
Environment variables:
AUTOMATED_TESTING = 1
LANG = C
PATH = /home/sand/bin:/usr/local/bin:/usr/bin:/bin:/usr/games:/usr/local/perl/bin:/usr/X11/bin:/sbin:/usr/sbin
PERL5LIB = /tmp/loop_over_bdir-6612-IsG7rQ/Net-DNS-1.11-0/blib/arch:/tmp/loop_over_bdir-6612-IsG7rQ/Net-DNS-1.11-0/blib/lib
PERL5OPT =
PERL5_CPANPLUS_IS_RUNNING = 31475
PERL5_CPAN_IS_RUNNING = 31475
PERL_CANARY_STABILITY_NOPROMPT = 1
PERL_MM_USE_DEFAULT = 1
PERL_USE_UNSAFE_INC = 1
SHELL = /usr/bin/zsh
TERM = screen
Perl special variables (and OS-specific diagnostics, for MSWin32):
$^X = /tmp/basesmoker-reloperl-NY_Y/bin/perl
$UID/$EUID = 1005 / 1005
$GID = 1005 1005
$EGID = 1005 1005
Perl module toolchain versions installed:
Module Have
------------------- --------
CPAN 2.18
CPAN::Meta 2.150010
Cwd 3.68
ExtUtils::CBuilder 0.280228
ExtUtils::Command 7.30
ExtUtils::Install 2.14
ExtUtils::MakeMaker 7.30
ExtUtils::Manifest 1.70
ExtUtils::ParseXS 3.34
File::Spec 3.68
JSON 2.94
JSON::PP 2.94
Module::Build 0.4224
Module::Signature 0.81
Parse::CPAN::Meta 2.150010
Test::Harness 3.39
Test::More 1.302086
YAML 1.23
YAML::Syck 1.30
version 0.9918
--
Summary of my perl5 (revision 5 version 27 subversion 2) configuration:
Commit id: cf07591c56a81be8313edfa55671e8e741db95b3
Platform:
osname=linux
osvers=4.9.0-3-amd64
archname=x86_64-linux-ld
uname='linux k93stretch 4.9.0-3-amd64 #1 smp debian 4.9.30-2+deb9u2 (2017-06-26) x86_64 gnulinux '
config_args='-Dprefix=/home/sand/src/perl/repoperls/installed-perls/host/k93stretch/v5.27.2/9a27 -Dmyhostname=k93stretch -Dinstallusrbinperl=n -Uversiononly -Dusedevel -des -Ui_db -Dlibswanted=cl pthread socket inet nsl gdbm dbm malloc dl ld sun m crypt sec util c cposix posix ucb BSD gdbm_compat -Uuseithreads -Duselongdouble -DDEBUGGING=-g'
hint=recommended
useposix=true
d_sigaction=define
useithreads=undef
usemultiplicity=undef
use64bitint=define
use64bitall=define
uselongdouble=define
usemymalloc=n
default_inc_excludes_dot=define
bincompat5005=undef
Compiler:
cc='cc'
ccflags ='-fwrapv -fno-strict-aliasing -pipe -fstack-protector-strong -I/usr/local/include -D_LARGEFILE_SOURCE -D_FILE_OFFSET_BITS=64'
optimize='-O2 -g'
cppflags='-fwrapv -fno-strict-aliasing -pipe -fstack-protector-strong -I/usr/local/include'
ccversion=''
gccversion='6.3.0 20170516'
gccosandvers=''
intsize=4
longsize=8
ptrsize=8
doublesize=8
byteorder=12345678
doublekind=3
d_longlong=define
longlongsize=8
d_longdbl=define
longdblsize=16
longdblkind=3
ivtype='long'
ivsize=8
nvtype='long double'
nvsize=16
Off_t='off_t'
lseeksize=8
alignbytes=16
prototype=define
Linker and Libraries:
ld='cc'
ldflags =' -fstack-protector-strong -L/usr/local/lib'
libpth=/usr/local/lib /usr/lib/gcc/x86_64-linux-gnu/6/include-fixed /usr/include/x86_64-linux-gnu /usr/lib /lib/x86_64-linux-gnu /lib/../lib /usr/lib/x86_64-linux-gnu /usr/lib/../lib /lib
libs=-lpthread -lnsl -ldl -lm -lcrypt -lutil -lc
perllibs=-lpthread -lnsl -ldl -lm -lcrypt -lutil -lc
libc=libc-2.24.so
so=so
useshrplib=false
libperl=libperl.a
gnulibc_version='2.24'
Dynamic Linking:
dlsrc=dl_dlopen.xs
dlext=so
d_dlsymun=undef
ccdlflags='-Wl,-E'
cccdlflags='-fPIC'
lddlflags='-shared -O2 -g -L/usr/local/lib -fstack-protector-strong'
Characteristics of this binary (from libperl):
Compile-time options:
HAS_TIMES
PERLIO_LAYERS
PERL_COPY_ON_WRITE
PERL_DONT_CREATE_GVSV
PERL_MALLOC_WRAP
PERL_OP_PARENT
PERL_PRESERVE_IVUV
PERL_USE_DEVEL
USE_64_BIT_ALL
USE_64_BIT_INT
USE_LARGE_FILES
USE_LOCALE
USE_LOCALE_COLLATE
USE_LOCALE_CTYPE
USE_LOCALE_NUMERIC
USE_LOCALE_TIME
USE_LONG_DOUBLE
USE_PERLIO
USE_PERL_ATOF
Built under linux
Compiled at Jul 25 2017 04:18:49
%ENV:
PERL5LIB="/tmp/loop_over_bdir-6612-IsG7rQ/Net-DNS-1.11-0/blib/arch:/tmp/loop_over_bdir-6612-IsG7rQ/Net-DNS-1.11-0/blib/lib"
PERL5OPT=""
PERL5_CPANPLUS_IS_RUNNING="31475"
PERL5_CPAN_IS_RUNNING="31475"
PERL_CANARY_STABILITY_NOPROMPT="1"
PERL_MM_USE_DEFAULT="1"
PERL_USE_UNSAFE_INC="1"
@INC:
/tmp/loop_over_bdir-6612-IsG7rQ/Net-DNS-1.11-0/blib/arch
/tmp/loop_over_bdir-6612-IsG7rQ/Net-DNS-1.11-0/blib/lib
/home/sand/src/perl/repoperls/installed-perls/host/k93stretch/v5.27.2/9a27/lib/site_perl/5.27.2/x86_64-linux-ld
/home/sand/src/perl/repoperls/installed-perls/host/k93stretch/v5.27.2/9a27/lib/site_perl/5.27.2
/home/sand/src/perl/repoperls/installed-perls/host/k93stretch/v5.27.2/9a27/lib/5.27.2/x86_64-linux-ld
/home/sand/src/perl/repoperls/installed-perls/host/k93stretch/v5.27.2/9a27/lib/5.27.2
.